This is the mail archive of the
gcc-testresults@gcc.gnu.org
mailing list for the GCC project.
Results for 6.0.0 20151206 (experimental) [trunk revision 231343] (GCC) testsuite on hppa2.0w-hp-hpux11.11
- From: John David Anglin <dave at hiauly3 dot hia dot nrc dot ca>
- To: dave at hiauly3 dot hia dot nrc dot ca, gcc-testresults at gcc dot gnu dot org
- Date: Wed, 9 Dec 2015 08:42:52 -0500 (EST)
- Subject: Results for 6.0.0 20151206 (experimental) [trunk revision 231343] (GCC) testsuite on hppa2.0w-hp-hpux11.11
- Authentication-results: sourceware.org; auth=none
=== acats tests ===
FAIL: c974013
FAIL: c9a011b
=== acats Summary ===
# of expected passes 2318
# of unexpected failures 2
Native configuration is hppa2.0w-hp-hpux11.11
=== g++ tests ===
Running target unix
FAIL: g++.dg/cpp0x/constexpr-reinterpret1.C -std=c++11 (test for errors, line 21)
FAIL: g++.dg/cpp0x/constexpr-reinterpret1.C -std=c++11 (test for excess errors)
FAIL: g++.dg/cpp0x/constexpr-reinterpret1.C -std=c++14 (test for errors, line 21)
FAIL: g++.dg/cpp0x/constexpr-reinterpret1.C -std=c++14 (test for excess errors)
FAIL: g++.dg/parse/parens3.C -std=gnu++98 (internal compiler error)
FAIL: g++.dg/parse/parens3.C -std=gnu++98 (test for excess errors)
FAIL: g++.dg/parse/parens3.C -std=gnu++11 (internal compiler error)
FAIL: g++.dg/parse/parens3.C -std=gnu++11 (test for excess errors)
FAIL: g++.dg/parse/parens3.C -std=gnu++14 (internal compiler error)
FAIL: g++.dg/parse/parens3.C -std=gnu++14 (test for excess errors)
FAIL: c-c++-common/gomp/clauses-2.c -std=c++98 (internal compiler error)
FAIL: c-c++-common/gomp/clauses-2.c -std=c++98 (test for errors, line 25)
FAIL: c-c++-common/gomp/clauses-2.c -std=c++98 (test for errors, line 39)
FAIL: c-c++-common/gomp/clauses-2.c -std=c++98 (test for errors, line 41)
FAIL: c-c++-common/gomp/clauses-2.c -std=c++98 (test for errors, line 43)
FAIL: c-c++-common/gomp/clauses-2.c -std=c++98 (test for excess errors)
FAIL: c-c++-common/gomp/clauses-2.c -std=c++11 (internal compiler error)
FAIL: c-c++-common/gomp/clauses-2.c -std=c++11 (test for errors, line 25)
FAIL: c-c++-common/gomp/clauses-2.c -std=c++11 (test for errors, line 39)
FAIL: c-c++-common/gomp/clauses-2.c -std=c++11 (test for errors, line 41)
FAIL: c-c++-common/gomp/clauses-2.c -std=c++11 (test for errors, line 43)
FAIL: c-c++-common/gomp/clauses-2.c -std=c++11 (test for excess errors)
FAIL: c-c++-common/gomp/clauses-2.c -std=c++14 (internal compiler error)
FAIL: c-c++-common/gomp/clauses-2.c -std=c++14 (test for errors, line 25)
FAIL: c-c++-common/gomp/clauses-2.c -std=c++14 (test for errors, line 39)
FAIL: c-c++-common/gomp/clauses-2.c -std=c++14 (test for errors, line 41)
FAIL: c-c++-common/gomp/clauses-2.c -std=c++14 (test for errors, line 43)
FAIL: c-c++-common/gomp/clauses-2.c -std=c++14 (test for excess errors)
WARNING: program timed out.
=== g++ Summary ===
# of expected passes 82229
# of unexpected failures 28
# of expected failures 255
# of unsupported tests 4069
/test/gnu/gcc/objdir/gcc/testsuite/g++/../../xg++ version 6.0.0 20151206 (experimental) [trunk revision 231343] (GCC)
=== gcc tests ===
Running target unix
FAIL: gcc.c-torture/compile/limits-exprparen.c -O0 (internal compiler error)
FAIL: gcc.c-torture/compile/limits-exprparen.c -O0 (test for excess errors)
FAIL: gcc.c-torture/compile/limits-exprparen.c -O1 (internal compiler error)
FAIL: gcc.c-torture/compile/limits-exprparen.c -O1 (test for excess errors)
FAIL: gcc.c-torture/compile/limits-exprparen.c -O2 (internal compiler error)
FAIL: gcc.c-torture/compile/limits-exprparen.c -O2 (test for excess errors)
FAIL: gcc.c-torture/compile/limits-exprparen.c -O3 -g (internal compiler error)
FAIL: gcc.c-torture/compile/limits-exprparen.c -O3 -g (test for excess errors)
FAIL: gcc.c-torture/compile/limits-exprparen.c -Os (internal compiler error)
FAIL: gcc.c-torture/compile/limits-exprparen.c -Os (test for excess errors)
FAIL: gcc.dg/atomic/c11-atomic-exec-5.c -O0 execution test
FAIL: gcc.dg/atomic/c11-atomic-exec-5.c -O1 execution test
FAIL: gcc.dg/atomic/c11-atomic-exec-5.c -O2 execution test
FAIL: gcc.dg/atomic/c11-atomic-exec-5.c -O3 -fomit-frame-pointer -funroll-loops -fpeel-loops -ftracer -finline-functions execution test
FAIL: gcc.dg/atomic/c11-atomic-exec-5.c -O3 -g execution test
FAIL: gcc.dg/atomic/c11-atomic-exec-5.c -Os execution test
FAIL: gcc.dg/loop-8.c scan-rtl-dump-times loop2_invariant "Decided" 1
FAIL: gcc.dg/loop-8.c scan-rtl-dump-not loop2_invariant "without introducing a new temporary register"
FAIL: gcc.dg/pr64434.c scan-rtl-dump-times expand "Swap operands" 1
FAIL: gcc.dg/pr67964.c (test for excess errors)
FAIL: c-c++-common/gomp/clauses-2.c (internal compiler error)
FAIL: c-c++-common/gomp/clauses-2.c (test for errors, line 25)
FAIL: c-c++-common/gomp/clauses-2.c (test for errors, line 39)
FAIL: c-c++-common/gomp/clauses-2.c (test for errors, line 41)
FAIL: c-c++-common/gomp/clauses-2.c (test for errors, line 43)
FAIL: c-c++-common/gomp/clauses-2.c (test for excess errors)
WARNING: program timed out.
FAIL: gcc.dg/torture/pr68264.c -O0 execution test
FAIL: gcc.dg/torture/pr68264.c -O1 execution test
FAIL: gcc.dg/torture/pr68264.c -O2 execution test
FAIL: gcc.dg/torture/pr68264.c -O3 -g execution test
FAIL: gcc.dg/torture/pr68264.c -Os execution test
FAIL: gcc.dg/tree-ssa/ivopts-lt-2.c scan-tree-dump-times ivopts "PHI <p_" 1
FAIL: gcc.dg/tree-ssa/ivopts-lt-2.c scan-tree-dump-times ivopts "p_[0-9]* <" 1
FAIL: gcc.dg/tree-ssa/pr65447.c scan-tree-dump-not ivopts "\\\\nuse 5\\\\n"
FAIL: gcc.dg/tree-ssa/vector-5.c (test for excess errors)
=== gcc Summary ===
# of expected passes 65244
# of unexpected failures 35
# of expected failures 140
# of unsupported tests 1743
/test/gnu/gcc/objdir/gcc/xgcc version 6.0.0 20151206 (experimental) [trunk revision 231343] (GCC)
=== gfortran tests ===
Running target unix
FAIL: gfortran.dg/coarray/event_2.f90 -fcoarray=lib -O2 -lcaf_single -latomic execution test
FAIL: gfortran.dg/aint_anint_1.f90 -O0 execution test
FAIL: gfortran.dg/intrinsic_modulo_1.f90 -O0 execution test
FAIL: gfortran.dg/nint_2.f90 -O0 execution test
FAIL: gfortran.dg/read_dir.f90 -O0 execution test
FAIL: gfortran.dg/read_dir.f90 -O1 execution test
FAIL: gfortran.dg/read_dir.f90 -O2 execution test
FAIL: gfortran.dg/read_dir.f90 -O3 -fomit-frame-pointer -funroll-loops -fpeel-loops -ftracer -finline-functions execution test
FAIL: gfortran.dg/read_dir.f90 -O3 -g execution test
FAIL: gfortran.dg/read_dir.f90 -Os execution test
FAIL: gfortran.dg/specifics_1.f90 -O0 execution test
FAIL: gfortran.dg/specifics_1.f90 -O1 execution test
FAIL: gfortran.dg/specifics_1.f90 -O2 execution test
FAIL: gfortran.dg/specifics_1.f90 -O3 -fomit-frame-pointer -funroll-loops -fpeel-loops -ftracer -finline-functions execution test
FAIL: gfortran.dg/specifics_1.f90 -O3 -g execution test
FAIL: gfortran.dg/specifics_1.f90 -Os execution test
FAIL: gfortran.dg/g77/20010430.f -O0 execution test
FAIL: gfortran.dg/g77/20010430.f -O1 execution test
FAIL: gfortran.dg/g77/20010430.f -O2 execution test
FAIL: gfortran.dg/g77/20010430.f -Os execution test
FAIL: gfortran.fortran-torture/execute/intrinsic_aint_anint.f90 execution, -O0
FAIL: gfortran.fortran-torture/execute/intrinsic_aint_anint.f90 execution, -O1
FAIL: gfortran.fortran-torture/execute/intrinsic_aint_anint.f90 execution, -O2
FAIL: gfortran.fortran-torture/execute/intrinsic_aint_anint.f90 execution, -O2 -fomit-frame-pointer -finline-functions
FAIL: gfortran.fortran-torture/execute/intrinsic_aint_anint.f90 execution, -O2 -fomit-frame-pointer -finline-functions -funroll-loops
FAIL: gfortran.fortran-torture/execute/intrinsic_aint_anint.f90 execution, -O2 -fbounds-check
FAIL: gfortran.fortran-torture/execute/intrinsic_aint_anint.f90 execution, -O3 -g
FAIL: gfortran.fortran-torture/execute/intrinsic_aint_anint.f90 execution, -Os
FAIL: gfortran.fortran-torture/execute/intrinsic_integer.f90 execution, -O0
FAIL: gfortran.fortran-torture/execute/intrinsic_integer.f90 execution, -O1
FAIL: gfortran.fortran-torture/execute/intrinsic_integer.f90 execution, -O2
FAIL: gfortran.fortran-torture/execute/intrinsic_integer.f90 execution, -O2 -fomit-frame-pointer -finline-functions
FAIL: gfortran.fortran-torture/execute/intrinsic_integer.f90 execution, -O2 -fomit-frame-pointer -finline-functions -funroll-loops
FAIL: gfortran.fortran-torture/execute/intrinsic_integer.f90 execution, -O2 -fbounds-check
FAIL: gfortran.fortran-torture/execute/intrinsic_integer.f90 execution, -O3 -g
FAIL: gfortran.fortran-torture/execute/intrinsic_integer.f90 execution, -Os
FAIL: gfortran.fortran-torture/execute/iolength_1.f90 execution, -O0
FAIL: gfortran.fortran-torture/execute/iolength_1.f90 execution, -O1
FAIL: gfortran.fortran-torture/execute/iolength_1.f90 execution, -O2
FAIL: gfortran.fortran-torture/execute/iolength_1.f90 execution, -O2 -fomit-frame-pointer -finline-functions
FAIL: gfortran.fortran-torture/execute/iolength_1.f90 execution, -O2 -fomit-frame-pointer -finline-functions -funroll-loops
FAIL: gfortran.fortran-torture/execute/iolength_1.f90 execution, -O2 -fbounds-check
FAIL: gfortran.fortran-torture/execute/iolength_1.f90 execution, -O3 -g
FAIL: gfortran.fortran-torture/execute/iolength_1.f90 execution, -Os
FAIL: gfortran.fortran-torture/execute/specifics.f90 execution, -O0
FAIL: gfortran.fortran-torture/execute/specifics.f90 execution, -O1
FAIL: gfortran.fortran-torture/execute/specifics.f90 execution, -O2
FAIL: gfortran.fortran-torture/execute/specifics.f90 execution, -O2 -fomit-frame-pointer -finline-functions
FAIL: gfortran.fortran-torture/execute/specifics.f90 execution, -O2 -fomit-frame-pointer -finline-functions -funroll-loops
FAIL: gfortran.fortran-torture/execute/specifics.f90 execution, -O2 -fbounds-check
FAIL: gfortran.fortran-torture/execute/specifics.f90 execution, -O3 -g
FAIL: gfortran.fortran-torture/execute/specifics.f90 execution, -Os
=== gfortran Summary ===
# of expected passes 39402
# of unexpected failures 52
# of expected failures 64
# of unsupported tests 414
/test/gnu/gcc/objdir/gcc/testsuite/gfortran/../../gfortran version 6.0.0 20151206 (experimental) [trunk revision 231343] (GCC)
=== gnat tests ===
Running target unix
=== gnat Summary ===
# of expected passes 2440
# of expected failures 21
# of unsupported tests 25
/test/gnu/gcc/objdir/gcc/gnatmake version 6.0.0 20151206 (experimental) [trunk revision 231343]
=== obj-c++ tests ===
Running target unix
FAIL: obj-c++.dg/property/dotsyntax-11.mm -fgnu-runtime (test for errors, line 51)
FAIL: obj-c++.dg/property/dotsyntax-11.mm -fgnu-runtime (test for errors, line 56)
FAIL: obj-c++.dg/property/dotsyntax-11.mm -fgnu-runtime (test for errors, line 59)
=== obj-c++ Summary ===
# of expected passes 1394
# of unexpected failures 3
# of expected failures 2
# of unsupported tests 60
/test/gnu/gcc/objdir/gcc/testsuite/obj-c++/../../xg++ version 6.0.0 20151206 (experimental) [trunk revision 231343] (GCC)
=== objc tests ===
Running target unix
=== objc Summary ===
# of expected passes 2690
# of unsupported tests 61
/test/gnu/gcc/objdir/gcc/xgcc version 6.0.0 20151206 (experimental) [trunk revision 231343] (GCC)
=== boehm-gc tests ===
Running target unix
=== boehm-gc Summary ===
# of expected passes 12
# of unsupported tests 1
=== libatomic tests ===
Running target unix
=== libatomic Summary ===
# of expected passes 44
# of unsupported tests 5
=== libffi tests ===
Running target unix
=== libffi Summary ===
# of expected passes 1904
# of unsupported tests 35
=== libgomp tests ===
Running target unix
FAIL: libgomp.c/target-29.c (internal compiler error)
FAIL: libgomp.c/target-29.c (test for excess errors)
UNRESOLVED: libgomp.c/target-29.c compilation failed to produce executable
FAIL: libgomp.c++/member-5.C execution test
FAIL: libgomp.c++/target-15.C (internal compiler error)
FAIL: libgomp.c++/target-15.C (test for excess errors)
UNRESOLVED: libgomp.c++/target-15.C compilation failed to produce executable
FAIL: libgomp.c++/target-16.C (internal compiler error)
FAIL: libgomp.c++/target-16.C (test for excess errors)
UNRESOLVED: libgomp.c++/target-16.C compilation failed to produce executable
FAIL: libgomp.c++/target-17.C (internal compiler error)
FAIL: libgomp.c++/target-17.C (test for excess errors)
UNRESOLVED: libgomp.c++/target-17.C compilation failed to produce executable
FAIL: libgomp.c++/target-19.C (internal compiler error)
FAIL: libgomp.c++/target-19.C (test for excess errors)
UNRESOLVED: libgomp.c++/target-19.C compilation failed to produce executable
FAIL: libgomp.oacc-c/../libgomp.oacc-c-c++-common/atomic_update-1.c -DACC_DEVICE_TYPE_host=1 -DACC_MEM_SHARED=1 execution test
FAIL: libgomp.oacc-c++/../libgomp.oacc-c-c++-common/atomic_update-1.c -DACC_DEVICE_TYPE_host=1 -DACC_MEM_SHARED=1 execution test
=== libgomp Summary ===
# of expected passes 4503
# of unexpected failures 13
# of unresolved testcases 5
# of unsupported tests 317
=== libjava tests ===
Running target unix
FAIL: LargeFile execution - source compiled test
FAIL: LargeFile -findirect-dispatch execution - source compiled test
FAIL: LargeFile -O3 execution - source compiled test
FAIL: LargeFile -O3 -findirect-dispatch execution - source compiled test
XPASS: sourcelocation output - source compiled test
XPASS: sourcelocation -findirect-dispatch output - source compiled test
XPASS: sourcelocation -O3 output - source compiled test
XPASS: sourcelocation -O3 -findirect-dispatch output - source compiled test
=== libjava Summary ===
# of expected passes 2574
# of unexpected failures 4
# of unexpected successes 4
# of untested testcases 4
=== libstdc++ tests ===
Running target unix
FAIL: 17_intro/headers/c++1998/operator_names.cc (test for excess errors)
FAIL: 17_intro/headers/c++2011/operator_names.cc (test for excess errors)
FAIL: 17_intro/headers/c++2014/operator_names.cc (test for excess errors)
FAIL: 22_locale/num_put/put/char/14220.cc execution test
FAIL: 22_locale/num_put/put/wchar_t/14220.cc execution test
FAIL: 27_io/basic_ostream/inserters_arithmetic/char/4402.cc execution test
FAIL: 27_io/basic_ostream/inserters_arithmetic/wchar_t/4402.cc execution test
FAIL: 30_threads/call_once/constexpr.cc (test for excess errors)
FAIL: 30_threads/mutex/cons/constexpr.cc (test for excess errors)
FAIL: 30_threads/once_flag/cons/constexpr.cc (test for excess errors)
UNRESOLVED: experimental/memory/shared_ptr/cons/copy_ctor_neg.cc compilation failed to produce executable
FAIL: experimental/type_erased_allocator/1.cc (test for excess errors)
FAIL: experimental/type_erased_allocator/1.cc execution test
FAIL: tr1/5_numerical_facilities/headers/random/synopsis.cc (test for excess errors)
FAIL: tr1/5_numerical_facilities/headers/random/types_std_tr1.cc (test for excess errors)
FAIL: tr1/5_numerical_facilities/random/bernoulli_distribution/requirements/typedefs.cc (test for excess errors)
FAIL: tr1/5_numerical_facilities/random/binomial_distribution/requirements/typedefs.cc (test for excess errors)
FAIL: tr1/5_numerical_facilities/random/discard_block/operators/equal.cc (test for excess errors)
UNRESOLVED: tr1/5_numerical_facilities/random/discard_block/operators/equal.cc compilation failed to produce executable
FAIL: tr1/5_numerical_facilities/random/discard_block/operators/not_equal.cc (test for excess errors)
UNRESOLVED: tr1/5_numerical_facilities/random/discard_block/operators/not_equal.cc compilation failed to produce executable
FAIL: tr1/5_numerical_facilities/random/discard_block/operators/serialize.cc (test for excess errors)
UNRESOLVED: tr1/5_numerical_facilities/random/discard_block/operators/serialize.cc compilation failed to produce executable
FAIL: tr1/5_numerical_facilities/random/discard_block/requirements/constants.cc (test for excess errors)
FAIL: tr1/5_numerical_facilities/random/discard_block/requirements/typedefs.cc (test for excess errors)
FAIL: tr1/5_numerical_facilities/random/exponential_distribution/requirements/typedefs.cc (test for excess errors)
FAIL: tr1/5_numerical_facilities/random/gamma_distribution/requirements/typedefs.cc (test for excess errors)
FAIL: tr1/5_numerical_facilities/random/geometric_distribution/requirements/typedefs.cc (test for excess errors)
FAIL: tr1/5_numerical_facilities/random/linear_congruential/cons/default.cc (test for excess errors)
UNRESOLVED: tr1/5_numerical_facilities/random/linear_congruential/cons/default.cc compilation failed to produce executable
FAIL: tr1/5_numerical_facilities/random/linear_congruential/cons/seed1.cc (test for excess errors)
UNRESOLVED: tr1/5_numerical_facilities/random/linear_congruential/cons/seed1.cc compilation failed to produce executable
FAIL: tr1/5_numerical_facilities/random/linear_congruential/cons/seed2.cc (test for excess errors)
UNRESOLVED: tr1/5_numerical_facilities/random/linear_congruential/cons/seed2.cc compilation failed to produce executable
FAIL: tr1/5_numerical_facilities/random/linear_congruential/operators/equal.cc (test for excess errors)
UNRESOLVED: tr1/5_numerical_facilities/random/linear_congruential/operators/equal.cc compilation failed to produce executable
FAIL: tr1/5_numerical_facilities/random/linear_congruential/operators/not_equal.cc (test for excess errors)
UNRESOLVED: tr1/5_numerical_facilities/random/linear_congruential/operators/not_equal.cc compilation failed to produce executable
FAIL: tr1/5_numerical_facilities/random/linear_congruential/operators/serialize.cc (test for excess errors)
UNRESOLVED: tr1/5_numerical_facilities/random/linear_congruential/operators/serialize.cc compilation failed to produce executable
FAIL: tr1/5_numerical_facilities/random/linear_congruential/requirements/constants.cc (test for excess errors)
FAIL: tr1/5_numerical_facilities/random/linear_congruential/requirements/non_uint_neg.cc (test for excess errors)
FAIL: tr1/5_numerical_facilities/random/linear_congruential/requirements/typedefs.cc (test for excess errors)
FAIL: tr1/5_numerical_facilities/random/mersenne_twister/cons/default.cc (test for excess errors)
UNRESOLVED: tr1/5_numerical_facilities/random/mersenne_twister/cons/default.cc compilation failed to produce executable
FAIL: tr1/5_numerical_facilities/random/mersenne_twister/cons/seed1.cc (test for excess errors)
UNRESOLVED: tr1/5_numerical_facilities/random/mersenne_twister/cons/seed1.cc compilation failed to produce executable
FAIL: tr1/5_numerical_facilities/random/mersenne_twister/cons/seed2.cc (test for excess errors)
UNRESOLVED: tr1/5_numerical_facilities/random/mersenne_twister/cons/seed2.cc compilation failed to produce executable
FAIL: tr1/5_numerical_facilities/random/mersenne_twister/operators/equal.cc (test for excess errors)
UNRESOLVED: tr1/5_numerical_facilities/random/mersenne_twister/operators/equal.cc compilation failed to produce executable
FAIL: tr1/5_numerical_facilities/random/mersenne_twister/operators/not_equal.cc (test for excess errors)
UNRESOLVED: tr1/5_numerical_facilities/random/mersenne_twister/operators/not_equal.cc compilation failed to produce executable
FAIL: tr1/5_numerical_facilities/random/mersenne_twister/operators/serialize.cc (test for excess errors)
UNRESOLVED: tr1/5_numerical_facilities/random/mersenne_twister/operators/serialize.cc compilation failed to produce executable
FAIL: tr1/5_numerical_facilities/random/mersenne_twister/requirements/constants.cc (test for excess errors)
FAIL: tr1/5_numerical_facilities/random/mersenne_twister/requirements/typedefs.cc (test for excess errors)
FAIL: tr1/5_numerical_facilities/random/minstd_rand.cc (test for excess errors)
UNRESOLVED: tr1/5_numerical_facilities/random/minstd_rand.cc compilation failed to produce executable
FAIL: tr1/5_numerical_facilities/random/minstd_rand0.cc (test for excess errors)
UNRESOLVED: tr1/5_numerical_facilities/random/minstd_rand0.cc compilation failed to produce executable
FAIL: tr1/5_numerical_facilities/random/mt19937.cc (test for excess errors)
UNRESOLVED: tr1/5_numerical_facilities/random/mt19937.cc compilation failed to produce executable
FAIL: tr1/5_numerical_facilities/random/normal_distribution/requirements/typedefs.cc (test for excess errors)
FAIL: tr1/5_numerical_facilities/random/poisson_distribution/requirements/typedefs.cc (test for excess errors)
FAIL: tr1/5_numerical_facilities/random/random_device/cons/default.cc (test for excess errors)
UNRESOLVED: tr1/5_numerical_facilities/random/random_device/cons/default.cc compilation failed to produce executable
FAIL: tr1/5_numerical_facilities/random/random_device/cons/token.cc (test for excess errors)
UNRESOLVED: tr1/5_numerical_facilities/random/random_device/cons/token.cc compilation failed to produce executable
FAIL: tr1/5_numerical_facilities/random/random_device/requirements/typedefs.cc (test for excess errors)
FAIL: tr1/5_numerical_facilities/random/ranlux3.cc (test for excess errors)
UNRESOLVED: tr1/5_numerical_facilities/random/ranlux3.cc compilation failed to produce executable
FAIL: tr1/5_numerical_facilities/random/ranlux3_01.cc (test for excess errors)
UNRESOLVED: tr1/5_numerical_facilities/random/ranlux3_01.cc compilation failed to produce executable
FAIL: tr1/5_numerical_facilities/random/ranlux4.cc (test for excess errors)
UNRESOLVED: tr1/5_numerical_facilities/random/ranlux4.cc compilation failed to produce executable
FAIL: tr1/5_numerical_facilities/random/ranlux4_01.cc (test for excess errors)
UNRESOLVED: tr1/5_numerical_facilities/random/ranlux4_01.cc compilation failed to produce executable
FAIL: tr1/5_numerical_facilities/random/subtract_with_carry/cons/default.cc (test for excess errors)
UNRESOLVED: tr1/5_numerical_facilities/random/subtract_with_carry/cons/default.cc compilation failed to produce executable
FAIL: tr1/5_numerical_facilities/random/subtract_with_carry/cons/seed1.cc (test for excess errors)
UNRESOLVED: tr1/5_numerical_facilities/random/subtract_with_carry/cons/seed1.cc compilation failed to produce executable
FAIL: tr1/5_numerical_facilities/random/subtract_with_carry/cons/seed2.cc (test for excess errors)
UNRESOLVED: tr1/5_numerical_facilities/random/subtract_with_carry/cons/seed2.cc compilation failed to produce executable
FAIL: tr1/5_numerical_facilities/random/subtract_with_carry/operators/equal.cc (test for excess errors)
UNRESOLVED: tr1/5_numerical_facilities/random/subtract_with_carry/operators/equal.cc compilation failed to produce executable
FAIL: tr1/5_numerical_facilities/random/subtract_with_carry/operators/not_equal.cc (test for excess errors)
UNRESOLVED: tr1/5_numerical_facilities/random/subtract_with_carry/operators/not_equal.cc compilation failed to produce executable
FAIL: tr1/5_numerical_facilities/random/subtract_with_carry/operators/serialize.cc (test for excess errors)
UNRESOLVED: tr1/5_numerical_facilities/random/subtract_with_carry/operators/serialize.cc compilation failed to produce executable
FAIL: tr1/5_numerical_facilities/random/subtract_with_carry/requirements/constants.cc (test for excess errors)
FAIL: tr1/5_numerical_facilities/random/subtract_with_carry/requirements/typedefs.cc (test for excess errors)
FAIL: tr1/5_numerical_facilities/random/subtract_with_carry_01/cons/default.cc (test for excess errors)
UNRESOLVED: tr1/5_numerical_facilities/random/subtract_with_carry_01/cons/default.cc compilation failed to produce executable
FAIL: tr1/5_numerical_facilities/random/subtract_with_carry_01/cons/seed1.cc (test for excess errors)
UNRESOLVED: tr1/5_numerical_facilities/random/subtract_with_carry_01/cons/seed1.cc compilation failed to produce executable
FAIL: tr1/5_numerical_facilities/random/subtract_with_carry_01/cons/seed2.cc (test for excess errors)
UNRESOLVED: tr1/5_numerical_facilities/random/subtract_with_carry_01/cons/seed2.cc compilation failed to produce executable
FAIL: tr1/5_numerical_facilities/random/subtract_with_carry_01/operators/equal.cc (test for excess errors)
UNRESOLVED: tr1/5_numerical_facilities/random/subtract_with_carry_01/operators/equal.cc compilation failed to produce executable
FAIL: tr1/5_numerical_facilities/random/subtract_with_carry_01/operators/not_equal.cc (test for excess errors)
UNRESOLVED: tr1/5_numerical_facilities/random/subtract_with_carry_01/operators/not_equal.cc compilation failed to produce executable
FAIL: tr1/5_numerical_facilities/random/subtract_with_carry_01/operators/serialize.cc (test for excess errors)
UNRESOLVED: tr1/5_numerical_facilities/random/subtract_with_carry_01/operators/serialize.cc compilation failed to produce executable
FAIL: tr1/5_numerical_facilities/random/subtract_with_carry_01/requirements/constants.cc (test for excess errors)
FAIL: tr1/5_numerical_facilities/random/subtract_with_carry_01/requirements/typedefs.cc (test for excess errors)
FAIL: tr1/5_numerical_facilities/random/uniform_int/33128.cc (test for excess errors)
UNRESOLVED: tr1/5_numerical_facilities/random/uniform_int/33128.cc compilation failed to produce executable
FAIL: tr1/5_numerical_facilities/random/uniform_int/cons/default.cc (test for excess errors)
UNRESOLVED: tr1/5_numerical_facilities/random/uniform_int/cons/default.cc compilation failed to produce executable
FAIL: tr1/5_numerical_facilities/random/uniform_int/cons/range.cc (test for excess errors)
UNRESOLVED: tr1/5_numerical_facilities/random/uniform_int/cons/range.cc compilation failed to produce executable
FAIL: tr1/5_numerical_facilities/random/uniform_int/requirements/typedefs.cc (test for excess errors)
FAIL: tr1/5_numerical_facilities/random/uniform_real/requirements/typedefs.cc (test for excess errors)
FAIL: tr1/5_numerical_facilities/random/variate_generator/37986.cc (test for excess errors)
FAIL: tr1/5_numerical_facilities/random/variate_generator/requirements/typedefs.cc (test for excess errors)
FAIL: tr1/5_numerical_facilities/random/xor_combine/cons/default.cc (test for excess errors)
UNRESOLVED: tr1/5_numerical_facilities/random/xor_combine/cons/default.cc compilation failed to produce executable
FAIL: tr1/5_numerical_facilities/random/xor_combine/operators/equal.cc (test for excess errors)
UNRESOLVED: tr1/5_numerical_facilities/random/xor_combine/operators/equal.cc compilation failed to produce executable
FAIL: tr1/5_numerical_facilities/random/xor_combine/operators/not_equal.cc (test for excess errors)
UNRESOLVED: tr1/5_numerical_facilities/random/xor_combine/operators/not_equal.cc compilation failed to produce executable
FAIL: tr1/5_numerical_facilities/random/xor_combine/operators/serialize.cc (test for excess errors)
UNRESOLVED: tr1/5_numerical_facilities/random/xor_combine/operators/serialize.cc compilation failed to produce executable
FAIL: tr1/5_numerical_facilities/random/xor_combine/requirements/constants.cc (test for excess errors)
FAIL: tr1/5_numerical_facilities/random/xor_combine/requirements/typedefs.cc (test for excess errors)
FAIL: tr1/5_numerical_facilities/special_functions/01_assoc_laguerre/check_value.cc (test for excess errors)
UNRESOLVED: tr1/5_numerical_facilities/special_functions/01_assoc_laguerre/check_value.cc compilation failed to produce executable
FAIL: tr1/5_numerical_facilities/special_functions/01_assoc_laguerre/compile.cc (test for excess errors)
FAIL: tr1/5_numerical_facilities/special_functions/01_assoc_laguerre/compile_2.cc (test for excess errors)
FAIL: tr1/5_numerical_facilities/special_functions/02_assoc_legendre/check_value.cc (test for excess errors)
UNRESOLVED: tr1/5_numerical_facilities/special_functions/02_assoc_legendre/check_value.cc compilation failed to produce executable
FAIL: tr1/5_numerical_facilities/special_functions/02_assoc_legendre/compile.cc (test for excess errors)
FAIL: tr1/5_numerical_facilities/special_functions/02_assoc_legendre/compile_2.cc (test for excess errors)
FAIL: tr1/5_numerical_facilities/special_functions/03_beta/check_value.cc (test for excess errors)
UNRESOLVED: tr1/5_numerical_facilities/special_functions/03_beta/check_value.cc compilation failed to produce executable
FAIL: tr1/5_numerical_facilities/special_functions/03_beta/compile.cc (test for excess errors)
FAIL: tr1/5_numerical_facilities/special_functions/03_beta/compile_2.cc (test for excess errors)
FAIL: tr1/5_numerical_facilities/special_functions/04_comp_ellint_1/check_value.cc (test for excess errors)
UNRESOLVED: tr1/5_numerical_facilities/special_functions/04_comp_ellint_1/check_value.cc compilation failed to produce executable
FAIL: tr1/5_numerical_facilities/special_functions/04_comp_ellint_1/compile.cc (test for excess errors)
FAIL: tr1/5_numerical_facilities/special_functions/04_comp_ellint_1/compile_2.cc (test for excess errors)
FAIL: tr1/5_numerical_facilities/special_functions/05_comp_ellint_2/check_value.cc (test for excess errors)
UNRESOLVED: tr1/5_numerical_facilities/special_functions/05_comp_ellint_2/check_value.cc compilation failed to produce executable
FAIL: tr1/5_numerical_facilities/special_functions/05_comp_ellint_2/compile.cc (test for excess errors)
FAIL: tr1/5_numerical_facilities/special_functions/05_comp_ellint_2/compile_2.cc (test for excess errors)
FAIL: tr1/5_numerical_facilities/special_functions/06_comp_ellint_3/check_value.cc (test for excess errors)
UNRESOLVED: tr1/5_numerical_facilities/special_functions/06_comp_ellint_3/check_value.cc compilation failed to produce executable
FAIL: tr1/5_numerical_facilities/special_functions/06_comp_ellint_3/compile.cc (test for excess errors)
FAIL: tr1/5_numerical_facilities/special_functions/06_comp_ellint_3/compile_2.cc (test for excess errors)
FAIL: tr1/5_numerical_facilities/special_functions/07_conf_hyperg/check_value.cc (test for excess errors)
UNRESOLVED: tr1/5_numerical_facilities/special_functions/07_conf_hyperg/check_value.cc compilation failed to produce executable
FAIL: tr1/5_numerical_facilities/special_functions/07_conf_hyperg/compile.cc (test for excess errors)
FAIL: tr1/5_numerical_facilities/special_functions/07_conf_hyperg/compile_2.cc (test for excess errors)
FAIL: tr1/5_numerical_facilities/special_functions/08_cyl_bessel_i/check_value.cc (test for excess errors)
UNRESOLVED: tr1/5_numerical_facilities/special_functions/08_cyl_bessel_i/check_value.cc compilation failed to produce executable
FAIL: tr1/5_numerical_facilities/special_functions/08_cyl_bessel_i/compile.cc (test for excess errors)
FAIL: tr1/5_numerical_facilities/special_functions/08_cyl_bessel_i/compile_2.cc (test for excess errors)
FAIL: tr1/5_numerical_facilities/special_functions/08_cyl_bessel_i/pr56216.cc (test for excess errors)
UNRESOLVED: tr1/5_numerical_facilities/special_functions/08_cyl_bessel_i/pr56216.cc compilation failed to produce executable
FAIL: tr1/5_numerical_facilities/special_functions/09_cyl_bessel_j/check_value.cc (test for excess errors)
UNRESOLVED: tr1/5_numerical_facilities/special_functions/09_cyl_bessel_j/check_value.cc compilation failed to produce executable
FAIL: tr1/5_numerical_facilities/special_functions/09_cyl_bessel_j/compile.cc (test for excess errors)
FAIL: tr1/5_numerical_facilities/special_functions/09_cyl_bessel_j/compile_2.cc (test for excess errors)
FAIL: tr1/5_numerical_facilities/special_functions/10_cyl_bessel_k/airy.cc (test for excess errors)
FAIL: tr1/5_numerical_facilities/special_functions/10_cyl_bessel_k/check_value.cc (test for excess errors)
UNRESOLVED: tr1/5_numerical_facilities/special_functions/10_cyl_bessel_k/check_value.cc compilation failed to produce executable
FAIL: tr1/5_numerical_facilities/special_functions/10_cyl_bessel_k/compile.cc (test for excess errors)
FAIL: tr1/5_numerical_facilities/special_functions/10_cyl_bessel_k/compile_2.cc (test for excess errors)
FAIL: tr1/5_numerical_facilities/special_functions/11_cyl_neumann/check_value.cc (test for excess errors)
UNRESOLVED: tr1/5_numerical_facilities/special_functions/11_cyl_neumann/check_value.cc compilation failed to produce executable
FAIL: tr1/5_numerical_facilities/special_functions/11_cyl_neumann/compile.cc (test for excess errors)
FAIL: tr1/5_numerical_facilities/special_functions/11_cyl_neumann/compile_2.cc (test for excess errors)
FAIL: tr1/5_numerical_facilities/special_functions/12_ellint_1/check_value.cc (test for excess errors)
UNRESOLVED: tr1/5_numerical_facilities/special_functions/12_ellint_1/check_value.cc compilation failed to produce executable
FAIL: tr1/5_numerical_facilities/special_functions/12_ellint_1/compile.cc (test for excess errors)
FAIL: tr1/5_numerical_facilities/special_functions/12_ellint_1/compile_2.cc (test for excess errors)
FAIL: tr1/5_numerical_facilities/special_functions/13_ellint_2/check_value.cc (test for excess errors)
UNRESOLVED: tr1/5_numerical_facilities/special_functions/13_ellint_2/check_value.cc compilation failed to produce executable
FAIL: tr1/5_numerical_facilities/special_functions/13_ellint_2/compile.cc (test for excess errors)
FAIL: tr1/5_numerical_facilities/special_functions/13_ellint_2/compile_2.cc (test for excess errors)
FAIL: tr1/5_numerical_facilities/special_functions/14_ellint_3/check_value.cc (test for excess errors)
UNRESOLVED: tr1/5_numerical_facilities/special_functions/14_ellint_3/check_value.cc compilation failed to produce executable
FAIL: tr1/5_numerical_facilities/special_functions/14_ellint_3/compile.cc (test for excess errors)
FAIL: tr1/5_numerical_facilities/special_functions/14_ellint_3/compile_2.cc (test for excess errors)
FAIL: tr1/5_numerical_facilities/special_functions/15_expint/check_value_neg.cc (test for excess errors)
UNRESOLVED: tr1/5_numerical_facilities/special_functions/15_expint/check_value_neg.cc compilation failed to produce executable
FAIL: tr1/5_numerical_facilities/special_functions/15_expint/check_value_pos.cc (test for excess errors)
UNRESOLVED: tr1/5_numerical_facilities/special_functions/15_expint/check_value_pos.cc compilation failed to produce executable
FAIL: tr1/5_numerical_facilities/special_functions/15_expint/compile.cc (test for excess errors)
FAIL: tr1/5_numerical_facilities/special_functions/15_expint/compile_2.cc (test for excess errors)
FAIL: tr1/5_numerical_facilities/special_functions/16_hermite/compile.cc (test for excess errors)
FAIL: tr1/5_numerical_facilities/special_functions/16_hermite/compile_2.cc (test for excess errors)
FAIL: tr1/5_numerical_facilities/special_functions/17_hyperg/check_value.cc (test for excess errors)
UNRESOLVED: tr1/5_numerical_facilities/special_functions/17_hyperg/check_value.cc compilation failed to produce executable
FAIL: tr1/5_numerical_facilities/special_functions/17_hyperg/compile.cc (test for excess errors)
FAIL: tr1/5_numerical_facilities/special_functions/17_hyperg/compile_2.cc (test for excess errors)
FAIL: tr1/5_numerical_facilities/special_functions/18_laguerre/check_value.cc (test for excess errors)
UNRESOLVED: tr1/5_numerical_facilities/special_functions/18_laguerre/check_value.cc compilation failed to produce executable
FAIL: tr1/5_numerical_facilities/special_functions/18_laguerre/compile.cc (test for excess errors)
FAIL: tr1/5_numerical_facilities/special_functions/18_laguerre/compile_2.cc (test for excess errors)
FAIL: tr1/5_numerical_facilities/special_functions/19_legendre/check_value.cc (test for excess errors)
UNRESOLVED: tr1/5_numerical_facilities/special_functions/19_legendre/check_value.cc compilation failed to produce executable
FAIL: tr1/5_numerical_facilities/special_functions/19_legendre/compile.cc (test for excess errors)
FAIL: tr1/5_numerical_facilities/special_functions/19_legendre/compile_2.cc (test for excess errors)
FAIL: tr1/5_numerical_facilities/special_functions/20_riemann_zeta/check_value_neg.cc (test for excess errors)
UNRESOLVED: tr1/5_numerical_facilities/special_functions/20_riemann_zeta/check_value_neg.cc compilation failed to produce executable
FAIL: tr1/5_numerical_facilities/special_functions/20_riemann_zeta/check_value_pos.cc (test for excess errors)
UNRESOLVED: tr1/5_numerical_facilities/special_functions/20_riemann_zeta/check_value_pos.cc compilation failed to produce executable
FAIL: tr1/5_numerical_facilities/special_functions/20_riemann_zeta/compile.cc (test for excess errors)
FAIL: tr1/5_numerical_facilities/special_functions/20_riemann_zeta/compile_2.cc (test for excess errors)
FAIL: tr1/5_numerical_facilities/special_functions/21_sph_bessel/check_value.cc (test for excess errors)
UNRESOLVED: tr1/5_numerical_facilities/special_functions/21_sph_bessel/check_value.cc compilation failed to produce executable
FAIL: tr1/5_numerical_facilities/special_functions/21_sph_bessel/compile.cc (test for excess errors)
FAIL: tr1/5_numerical_facilities/special_functions/21_sph_bessel/compile_2.cc (test for excess errors)
FAIL: tr1/5_numerical_facilities/special_functions/22_sph_legendre/check_value.cc (test for excess errors)
UNRESOLVED: tr1/5_numerical_facilities/special_functions/22_sph_legendre/check_value.cc compilation failed to produce executable
FAIL: tr1/5_numerical_facilities/special_functions/22_sph_legendre/compile.cc (test for excess errors)
FAIL: tr1/5_numerical_facilities/special_functions/22_sph_legendre/compile_2.cc (test for excess errors)
FAIL: tr1/5_numerical_facilities/special_functions/23_sph_neumann/check_value.cc (test for excess errors)
UNRESOLVED: tr1/5_numerical_facilities/special_functions/23_sph_neumann/check_value.cc compilation failed to produce executable
FAIL: tr1/5_numerical_facilities/special_functions/23_sph_neumann/compile.cc (test for excess errors)
FAIL: tr1/5_numerical_facilities/special_functions/23_sph_neumann/compile_2.cc (test for excess errors)
FAIL: tr1/8_c_compatibility/cmath/51083.cc (test for excess errors)
UNRESOLVED: tr1/8_c_compatibility/cmath/51083.cc compilation failed to produce executable
FAIL: tr1/8_c_compatibility/cmath/functions.cc (test for excess errors)
FAIL: tr1/8_c_compatibility/cmath/overloads.cc (test for excess errors)
FAIL: tr1/8_c_compatibility/cmath/templates.cc (test for excess errors)
FAIL: tr1/8_c_compatibility/cmath/types_std_tr1.cc (test for excess errors)
FAIL: tr1/8_c_compatibility/complex/50880.cc (test for excess errors)
UNRESOLVED: tr1/8_c_compatibility/complex/50880.cc compilation failed to produce executable
FAIL: tr1/8_c_compatibility/complex/functions.cc (test for excess errors)
FAIL: tr1/8_c_compatibility/cstdio/functions.cc (test for excess errors)
FAIL: tr1/headers/all.cc (test for excess errors)
FAIL: tr1/headers/c++200x/complex.cc (test for excess errors)
=== libstdc++ Summary ===
# of expected passes 8715
# of unexpected failures 164
# of expected failures 68
# of unresolved testcases 71
# of unsupported tests 1085
Compiler version: 6.0.0 20151206 (experimental) [trunk revision 231343] (GCC)
Platform: hppa2.0w-hp-hpux11.11
configure flags:Test Run By dave on Mon Dec 7 11:53:44 EST 2015