This is the mail archive of the
gcc-testresults@gcc.gnu.org
mailing list for the GCC project.
Results for 6.0.0 20151204 (experimental) [trunk revision 231259] (GCC) testsuite on sparc-sun-solaris2.12
- From: Rainer Orth <ro at CeBiTec dot Uni-Bielefeld dot DE>
- To: gcc-testresults at gcc dot gnu dot org
- Date: Sun, 6 Dec 2015 11:00:39 +0100 (CET)
- Subject: Results for 6.0.0 20151204 (experimental) [trunk revision 231259] (GCC) testsuite on sparc-sun-solaris2.12
- Authentication-results: sourceware.org; auth=none
LAST_UPDATED: Fri Dec 4 12:04:20 UTC 2015 (revision 231259)
=== acats tests ===
FAIL: c954a01
=== acats Summary ===
# of expected passes 2319
# of unexpected failures 1
Native configuration is sparc-sun-solaris2.12
=== g++ tests ===
Running target unix
FAIL: c-c++-common/attr-simd-3.c -std=gnu++11 (test for excess errors)
FAIL: c-c++-common/attr-simd-3.c -std=gnu++14 (test for excess errors)
FAIL: c-c++-common/attr-simd-3.c -std=gnu++98 (test for excess errors)
FAIL: c-c++-common/opaque-vector.c -std=c++11 (internal compiler error)
FAIL: c-c++-common/opaque-vector.c -std=c++11 (test for excess errors)
FAIL: c-c++-common/opaque-vector.c -std=c++14 (internal compiler error)
FAIL: c-c++-common/opaque-vector.c -std=c++14 (test for excess errors)
FAIL: c-c++-common/opaque-vector.c -std=c++98 (internal compiler error)
FAIL: c-c++-common/opaque-vector.c -std=c++98 (test for excess errors)
=== g++ Summary for unix ===
# of expected passes 88620
# of unexpected failures 9
# of expected failures 268
# of unsupported tests 3675
Running target unix/-m64
FAIL: c-c++-common/attr-simd-3.c -std=gnu++11 (test for excess errors)
FAIL: c-c++-common/attr-simd-3.c -std=gnu++14 (test for excess errors)
FAIL: c-c++-common/attr-simd-3.c -std=gnu++98 (test for excess errors)
=== g++ Summary for unix/-m64 ===
# of expected passes 90495
# of unexpected failures 3
# of expected failures 268
# of unsupported tests 3652
=== g++ Summary ===
# of expected passes 179115
# of unexpected failures 12
# of expected failures 536
# of unsupported tests 7327
/var/gcc/regression/trunk/12-gcc-gas-gld/build/gcc/testsuite/g++/../../xg++ version 6.0.0 20151204 (experimental) [trunk revision 231259] (GCC)
=== gcc tests ===
Running target unix
FAIL: gcc.dg/atomic/c11-atomic-exec-3.c -O3 -g (test for excess errors)
WARNING: gcc.dg/atomic/c11-atomic-exec-3.c -O3 -g compilation failed to produce executable
WARNING: program timed out.
FAIL: gcc.dg/debug/dwarf2/stacked-qualified-types-3.c scan-assembler-times DIE \\\\([^\\n]*\\\\) DW_TAG_(?:const|volatile|atomic|restrict)_type 8
FAIL: gcc.dg/graphite/fuse-1.c scan-tree-dump-times forwprop4 "gimple_simplified to[^\\\\n]*\\\\^ 12" 1
FAIL: gcc.dg/graphite/fuse-1.c scan-tree-dump-times graphite "ISL AST generated by ISL:.*for \\\\(int c0 = 0; c0 <= 99; c0 \\\\+= 1\\\\) {.*S_.*\\\\(c0\\\\);.*S_.*\\\\(c0\\\\);.*S_.*\\\\(c0\\\\);.*}" 1
FAIL: gcc.dg/graphite/fuse-2.c scan-tree-dump-times graphite "ISL AST generated by ISL:.*for \\\\(int c0 = 0; c0 <= 99; c0 \\\\+= 1\\\\) {.*S_.*\\\\(c0\\\\);.*S_.*\\\\(c0\\\\);.*S_.*\\\\(c0\\\\);.*}" 1
FAIL: gcc.dg/simulate-thread/atomic-other-int.c -O2 -g thread simulation test
FAIL: gcc.dg/simulate-thread/atomic-other-int.c -O3 -g thread simulation test
FAIL: gcc.dg/simulate-thread/speculative-store-4.c -O0 -g thread simulation test
FAIL: gcc.dg/simulate-thread/speculative-store-4.c -O2 -g thread simulation test
FAIL: gcc.dg/simulate-thread/speculative-store-4.c -O3 -g thread simulation test
FAIL: gcc.dg/simulate-thread/speculative-store.c -O0 -g thread simulation test
FAIL: gcc.dg/torture/pr68264.c -O0 execution test
FAIL: gcc.dg/torture/pr68264.c -O1 execution test
FAIL: gcc.dg/torture/pr68264.c -O2 execution test
FAIL: gcc.dg/torture/pr68264.c -O2 -flto -fno-use-linker-plugin -flto-partition=none execution test
FAIL: gcc.dg/torture/pr68264.c -O2 -flto -fuse-linker-plugin -fno-fat-lto-objects execution test
FAIL: gcc.dg/torture/pr68264.c -O3 -g execution test
FAIL: gcc.dg/torture/pr68264.c -Os execution test
FAIL: gcc.dg/torture/tls/run-le.c -O0 -pie -fPIE (test for excess errors)
WARNING: gcc.dg/torture/tls/run-le.c -O0 -pie -fPIE compilation failed to produce executable
FAIL: gcc.dg/torture/tls/run-le.c -O0 -pie -fpie (test for excess errors)
WARNING: gcc.dg/torture/tls/run-le.c -O0 -pie -fpie compilation failed to produce executable
FAIL: gcc.dg/torture/tls/run-le.c -O1 -pie -fPIE (test for excess errors)
WARNING: gcc.dg/torture/tls/run-le.c -O1 -pie -fPIE compilation failed to produce executable
FAIL: gcc.dg/torture/tls/run-le.c -O1 -pie -fpie (test for excess errors)
WARNING: gcc.dg/torture/tls/run-le.c -O1 -pie -fpie compilation failed to produce executable
FAIL: gcc.dg/torture/tls/run-le.c -O2 -pie -fPIE (test for excess errors)
WARNING: gcc.dg/torture/tls/run-le.c -O2 -pie -fPIE compilation failed to produce executable
FAIL: gcc.dg/torture/tls/run-le.c -O2 -pie -fpie (test for excess errors)
WARNING: gcc.dg/torture/tls/run-le.c -O2 -pie -fpie compilation failed to produce executable
FAIL: gcc.dg/torture/tls/run-le.c -O3 -g -pie -fPIE (test for excess errors)
WARNING: gcc.dg/torture/tls/run-le.c -O3 -g -pie -fPIE compilation failed to produce executable
FAIL: gcc.dg/torture/tls/run-le.c -O3 -g -pie -fpie (test for excess errors)
WARNING: gcc.dg/torture/tls/run-le.c -O3 -g -pie -fpie compilation failed to produce executable
FAIL: gcc.dg/torture/tls/run-le.c -Os -pie -fPIE (test for excess errors)
WARNING: gcc.dg/torture/tls/run-le.c -Os -pie -fPIE compilation failed to produce executable
FAIL: gcc.dg/torture/tls/run-le.c -Os -pie -fpie (test for excess errors)
WARNING: gcc.dg/torture/tls/run-le.c -Os -pie -fpie compilation failed to produce executable
FAIL: gcc.dg/torture/tls/thr-init-1.c -O0 -pie -fPIE (test for excess errors)
WARNING: gcc.dg/torture/tls/thr-init-1.c -O0 -pie -fPIE compilation failed to produce executable
FAIL: gcc.dg/torture/tls/thr-init-1.c -O0 -pie -fpie (test for excess errors)
WARNING: gcc.dg/torture/tls/thr-init-1.c -O0 -pie -fpie compilation failed to produce executable
FAIL: gcc.dg/torture/tls/thr-init-1.c -O1 -pie -fPIE (test for excess errors)
WARNING: gcc.dg/torture/tls/thr-init-1.c -O1 -pie -fPIE compilation failed to produce executable
FAIL: gcc.dg/torture/tls/thr-init-1.c -O1 -pie -fpie (test for excess errors)
WARNING: gcc.dg/torture/tls/thr-init-1.c -O1 -pie -fpie compilation failed to produce executable
FAIL: gcc.dg/torture/tls/thr-init-1.c -O2 -pie -fPIE (test for excess errors)
WARNING: gcc.dg/torture/tls/thr-init-1.c -O2 -pie -fPIE compilation failed to produce executable
FAIL: gcc.dg/torture/tls/thr-init-1.c -O2 -pie -fpie (test for excess errors)
WARNING: gcc.dg/torture/tls/thr-init-1.c -O2 -pie -fpie compilation failed to produce executable
FAIL: gcc.dg/torture/tls/thr-init-1.c -O3 -g -pie -fPIE (test for excess errors)
WARNING: gcc.dg/torture/tls/thr-init-1.c -O3 -g -pie -fPIE compilation failed to produce executable
FAIL: gcc.dg/torture/tls/thr-init-1.c -O3 -g -pie -fpie (test for excess errors)
WARNING: gcc.dg/torture/tls/thr-init-1.c -O3 -g -pie -fpie compilation failed to produce executable
FAIL: gcc.dg/torture/tls/thr-init-1.c -Os -pie -fPIE (test for excess errors)
WARNING: gcc.dg/torture/tls/thr-init-1.c -Os -pie -fPIE compilation failed to produce executable
FAIL: gcc.dg/torture/tls/thr-init-1.c -Os -pie -fpie (test for excess errors)
WARNING: gcc.dg/torture/tls/thr-init-1.c -Os -pie -fpie compilation failed to produce executable
FAIL: gcc.dg/torture/tls/thr-init-2.c -O0 -pie -fPIE (test for excess errors)
WARNING: gcc.dg/torture/tls/thr-init-2.c -O0 -pie -fPIE compilation failed to produce executable
FAIL: gcc.dg/torture/tls/thr-init-2.c -O0 -pie -fpie (test for excess errors)
WARNING: gcc.dg/torture/tls/thr-init-2.c -O0 -pie -fpie compilation failed to produce executable
FAIL: gcc.dg/torture/tls/thr-init-2.c -O1 -pie -fPIE (test for excess errors)
WARNING: gcc.dg/torture/tls/thr-init-2.c -O1 -pie -fPIE compilation failed to produce executable
FAIL: gcc.dg/torture/tls/thr-init-2.c -O1 -pie -fpie (test for excess errors)
WARNING: gcc.dg/torture/tls/thr-init-2.c -O1 -pie -fpie compilation failed to produce executable
FAIL: gcc.dg/torture/tls/thr-init-2.c -O2 -pie -fPIE (test for excess errors)
WARNING: gcc.dg/torture/tls/thr-init-2.c -O2 -pie -fPIE compilation failed to produce executable
FAIL: gcc.dg/torture/tls/thr-init-2.c -O2 -pie -fpie (test for excess errors)
WARNING: gcc.dg/torture/tls/thr-init-2.c -O2 -pie -fpie compilation failed to produce executable
FAIL: gcc.dg/torture/tls/thr-init-2.c -O3 -g -pie -fPIE (test for excess errors)
WARNING: gcc.dg/torture/tls/thr-init-2.c -O3 -g -pie -fPIE compilation failed to produce executable
FAIL: gcc.dg/torture/tls/thr-init-2.c -O3 -g -pie -fpie (test for excess errors)
WARNING: gcc.dg/torture/tls/thr-init-2.c -O3 -g -pie -fpie compilation failed to produce executable
FAIL: gcc.dg/torture/tls/thr-init-2.c -Os -pie -fPIE (test for excess errors)
WARNING: gcc.dg/torture/tls/thr-init-2.c -Os -pie -fPIE compilation failed to produce executable
FAIL: gcc.dg/torture/tls/thr-init-2.c -Os -pie -fpie (test for excess errors)
WARNING: gcc.dg/torture/tls/thr-init-2.c -Os -pie -fpie compilation failed to produce executable
FAIL: gcc.dg/torture/tls/tls-reload-1.c -O0 -pie -fPIE (test for excess errors)
WARNING: gcc.dg/torture/tls/tls-reload-1.c -O0 -pie -fPIE compilation failed to produce executable
FAIL: gcc.dg/torture/tls/tls-reload-1.c -O0 -pie -fpie (test for excess errors)
WARNING: gcc.dg/torture/tls/tls-reload-1.c -O0 -pie -fpie compilation failed to produce executable
FAIL: gcc.dg/torture/tls/tls-reload-1.c -O1 -pie -fPIE (test for excess errors)
WARNING: gcc.dg/torture/tls/tls-reload-1.c -O1 -pie -fPIE compilation failed to produce executable
FAIL: gcc.dg/torture/tls/tls-reload-1.c -O1 -pie -fpie (test for excess errors)
WARNING: gcc.dg/torture/tls/tls-reload-1.c -O1 -pie -fpie compilation failed to produce executable
FAIL: gcc.dg/torture/tls/tls-reload-1.c -O2 -pie -fPIE (test for excess errors)
WARNING: gcc.dg/torture/tls/tls-reload-1.c -O2 -pie -fPIE compilation failed to produce executable
FAIL: gcc.dg/torture/tls/tls-reload-1.c -O2 -pie -fpie (test for excess errors)
WARNING: gcc.dg/torture/tls/tls-reload-1.c -O2 -pie -fpie compilation failed to produce executable
FAIL: gcc.dg/torture/tls/tls-reload-1.c -O3 -g -pie -fPIE (test for excess errors)
WARNING: gcc.dg/torture/tls/tls-reload-1.c -O3 -g -pie -fPIE compilation failed to produce executable
FAIL: gcc.dg/torture/tls/tls-reload-1.c -O3 -g -pie -fpie (test for excess errors)
WARNING: gcc.dg/torture/tls/tls-reload-1.c -O3 -g -pie -fpie compilation failed to produce executable
FAIL: gcc.dg/torture/tls/tls-reload-1.c -Os -pie -fPIE (test for excess errors)
WARNING: gcc.dg/torture/tls/tls-reload-1.c -Os -pie -fPIE compilation failed to produce executable
FAIL: gcc.dg/torture/tls/tls-reload-1.c -Os -pie -fpie (test for excess errors)
WARNING: gcc.dg/torture/tls/tls-reload-1.c -Os -pie -fpie compilation failed to produce executable
FAIL: gcc.dg/torture/tls/tls-test.c -O0 -pie -fPIE (test for excess errors)
WARNING: gcc.dg/torture/tls/tls-test.c -O0 -pie -fPIE compilation failed to produce executable
FAIL: gcc.dg/torture/tls/tls-test.c -O0 -pie -fpie (test for excess errors)
WARNING: gcc.dg/torture/tls/tls-test.c -O0 -pie -fpie compilation failed to produce executable
FAIL: gcc.dg/torture/tls/tls-test.c -O1 -pie -fPIE (test for excess errors)
WARNING: gcc.dg/torture/tls/tls-test.c -O1 -pie -fPIE compilation failed to produce executable
FAIL: gcc.dg/torture/tls/tls-test.c -O1 -pie -fpie (test for excess errors)
WARNING: gcc.dg/torture/tls/tls-test.c -O1 -pie -fpie compilation failed to produce executable
FAIL: gcc.dg/torture/tls/tls-test.c -O2 -pie -fPIE (test for excess errors)
WARNING: gcc.dg/torture/tls/tls-test.c -O2 -pie -fPIE compilation failed to produce executable
FAIL: gcc.dg/torture/tls/tls-test.c -O2 -pie -fpie (test for excess errors)
WARNING: gcc.dg/torture/tls/tls-test.c -O2 -pie -fpie compilation failed to produce executable
FAIL: gcc.dg/torture/tls/tls-test.c -O3 -g -pie -fPIE (test for excess errors)
WARNING: gcc.dg/torture/tls/tls-test.c -O3 -g -pie -fPIE compilation failed to produce executable
FAIL: gcc.dg/torture/tls/tls-test.c -O3 -g -pie -fpie (test for excess errors)
WARNING: gcc.dg/torture/tls/tls-test.c -O3 -g -pie -fpie compilation failed to produce executable
FAIL: gcc.dg/torture/tls/tls-test.c -Os -pie -fPIE (test for excess errors)
WARNING: gcc.dg/torture/tls/tls-test.c -Os -pie -fPIE compilation failed to produce executable
FAIL: gcc.dg/torture/tls/tls-test.c -Os -pie -fpie (test for excess errors)
WARNING: gcc.dg/torture/tls/tls-test.c -Os -pie -fpie compilation failed to produce executable
FAIL: gcc.dg/vect/pr45752.c -flto -ffat-lto-objects scan-tree-dump-times vect "gaps requires scalar epilogue loop" 0
FAIL: gcc.dg/vect/pr45752.c -flto -ffat-lto-objects scan-tree-dump-times vect "vectorized 1 loops" 1
FAIL: gcc.dg/vect/pr45752.c scan-tree-dump-times vect "gaps requires scalar epilogue loop" 0
FAIL: gcc.dg/vect/pr45752.c scan-tree-dump-times vect "vectorized 1 loops" 1
FAIL: gcc.dg/vect/pr46032.c -flto -ffat-lto-objects scan-tree-dump-times vect "note: vectorized 1 loop" 1
FAIL: gcc.dg/vect/pr46032.c scan-tree-dump-times vect "note: vectorized 1 loop" 1
FAIL: gcc.dg/vect/slp-perm-4.c -flto -ffat-lto-objects scan-tree-dump-times vect "gaps requires scalar epilogue loop" 0
FAIL: gcc.dg/vect/slp-perm-4.c -flto -ffat-lto-objects scan-tree-dump-times vect "vectorized 1 loops" 1
FAIL: gcc.dg/vect/slp-perm-4.c scan-tree-dump-times vect "gaps requires scalar epilogue loop" 0
FAIL: gcc.dg/vect/slp-perm-4.c scan-tree-dump-times vect "vectorized 1 loops" 1
=== gcc Summary for unix ===
# of expected passes 85350
# of unexpected failures 78
# of expected failures 338
# of unsupported tests 2051
Running target unix/-m64
FAIL: gcc.c-torture/compile/pr39928-1.c -O2 (internal compiler error)
FAIL: gcc.c-torture/compile/pr39928-1.c -O2 (test for excess errors)
FAIL: gcc.c-torture/compile/pr39928-1.c -O2 -flto -fno-use-linker-plugin -flto-partition=none (internal compiler error)
FAIL: gcc.c-torture/compile/pr39928-1.c -O2 -flto -fno-use-linker-plugin -flto-partition=none (test for excess errors)
FAIL: gcc.c-torture/compile/pr39928-1.c -O3 -g (internal compiler error)
FAIL: gcc.c-torture/compile/pr39928-1.c -O3 -g (test for excess errors)
FAIL: gcc.c-torture/compile/pr39928-1.c -Os (internal compiler error)
FAIL: gcc.c-torture/compile/pr39928-1.c -Os (test for excess errors)
FAIL: gcc.dg/debug/dwarf2/stacked-qualified-types-3.c scan-assembler-times DIE \\\\([^\\n]*\\\\) DW_TAG_(?:const|volatile|atomic|restrict)_type 8
FAIL: gcc.dg/ifcvt-4.c scan-rtl-dump ce1 "2 true changes made"
FAIL: gcc.dg/pr63594-1.c (internal compiler error)
FAIL: gcc.dg/pr63594-1.c (test for excess errors)
FAIL: gcc.dg/pr63594-2.c (internal compiler error)
FAIL: gcc.dg/pr63594-2.c (test for excess errors)
WARNING: gcc.dg/pr63594-2.c compilation failed to produce executable
FAIL: gcc.dg/visibility-22.c execution test
FAIL: gcc.dg/graphite/fuse-1.c scan-tree-dump-times forwprop4 "gimple_simplified to[^\\\\n]*\\\\^ 12" 1
FAIL: gcc.dg/graphite/fuse-1.c scan-tree-dump-times graphite "ISL AST generated by ISL:.*for \\\\(int c0 = 0; c0 <= 99; c0 \\\\+= 1\\\\) {.*S_.*\\\\(c0\\\\);.*S_.*\\\\(c0\\\\);.*S_.*\\\\(c0\\\\);.*}" 1
FAIL: gcc.dg/graphite/fuse-2.c scan-tree-dump-times graphite "ISL AST generated by ISL:.*for \\\\(int c0 = 0; c0 <= 99; c0 \\\\+= 1\\\\) {.*S_.*\\\\(c0\\\\);.*S_.*\\\\(c0\\\\);.*S_.*\\\\(c0\\\\);.*}" 1
FAIL: gcc.dg/torture/pr68264.c -O0 execution test
FAIL: gcc.dg/torture/pr68264.c -O1 execution test
FAIL: gcc.dg/torture/pr68264.c -O2 execution test
FAIL: gcc.dg/torture/pr68264.c -O2 -flto -fno-use-linker-plugin -flto-partition=none execution test
FAIL: gcc.dg/torture/pr68264.c -O2 -flto -fuse-linker-plugin -fno-fat-lto-objects execution test
FAIL: gcc.dg/torture/pr68264.c -O3 -g execution test
FAIL: gcc.dg/torture/pr68264.c -Os execution test
FAIL: gcc.dg/torture/tls/run-le.c -O0 -pie -fPIE (test for excess errors)
WARNING: gcc.dg/torture/tls/run-le.c -O0 -pie -fPIE compilation failed to produce executable
FAIL: gcc.dg/torture/tls/run-le.c -O0 -pie -fpie (test for excess errors)
WARNING: gcc.dg/torture/tls/run-le.c -O0 -pie -fpie compilation failed to produce executable
FAIL: gcc.dg/torture/tls/run-le.c -O1 -pie -fPIE (test for excess errors)
WARNING: gcc.dg/torture/tls/run-le.c -O1 -pie -fPIE compilation failed to produce executable
FAIL: gcc.dg/torture/tls/run-le.c -O1 -pie -fpie (test for excess errors)
WARNING: gcc.dg/torture/tls/run-le.c -O1 -pie -fpie compilation failed to produce executable
FAIL: gcc.dg/torture/tls/run-le.c -O2 -pie -fPIE (test for excess errors)
WARNING: gcc.dg/torture/tls/run-le.c -O2 -pie -fPIE compilation failed to produce executable
FAIL: gcc.dg/torture/tls/run-le.c -O2 -pie -fpie (test for excess errors)
WARNING: gcc.dg/torture/tls/run-le.c -O2 -pie -fpie compilation failed to produce executable
FAIL: gcc.dg/torture/tls/run-le.c -O3 -g -pie -fPIE (test for excess errors)
WARNING: gcc.dg/torture/tls/run-le.c -O3 -g -pie -fPIE compilation failed to produce executable
FAIL: gcc.dg/torture/tls/run-le.c -O3 -g -pie -fpie (test for excess errors)
WARNING: gcc.dg/torture/tls/run-le.c -O3 -g -pie -fpie compilation failed to produce executable
FAIL: gcc.dg/torture/tls/run-le.c -Os -pie -fPIE (test for excess errors)
WARNING: gcc.dg/torture/tls/run-le.c -Os -pie -fPIE compilation failed to produce executable
FAIL: gcc.dg/torture/tls/run-le.c -Os -pie -fpie (test for excess errors)
WARNING: gcc.dg/torture/tls/run-le.c -Os -pie -fpie compilation failed to produce executable
FAIL: gcc.dg/torture/tls/thr-init-1.c -O0 -pie -fPIE (test for excess errors)
WARNING: gcc.dg/torture/tls/thr-init-1.c -O0 -pie -fPIE compilation failed to produce executable
FAIL: gcc.dg/torture/tls/thr-init-1.c -O0 -pie -fpie (test for excess errors)
WARNING: gcc.dg/torture/tls/thr-init-1.c -O0 -pie -fpie compilation failed to produce executable
FAIL: gcc.dg/torture/tls/thr-init-1.c -O1 -pie -fPIE (test for excess errors)
WARNING: gcc.dg/torture/tls/thr-init-1.c -O1 -pie -fPIE compilation failed to produce executable
FAIL: gcc.dg/torture/tls/thr-init-1.c -O1 -pie -fpie (test for excess errors)
WARNING: gcc.dg/torture/tls/thr-init-1.c -O1 -pie -fpie compilation failed to produce executable
FAIL: gcc.dg/torture/tls/thr-init-1.c -O2 -pie -fPIE (test for excess errors)
WARNING: gcc.dg/torture/tls/thr-init-1.c -O2 -pie -fPIE compilation failed to produce executable
FAIL: gcc.dg/torture/tls/thr-init-1.c -O2 -pie -fpie (test for excess errors)
WARNING: gcc.dg/torture/tls/thr-init-1.c -O2 -pie -fpie compilation failed to produce executable
FAIL: gcc.dg/torture/tls/thr-init-1.c -O3 -g -pie -fPIE (test for excess errors)
WARNING: gcc.dg/torture/tls/thr-init-1.c -O3 -g -pie -fPIE compilation failed to produce executable
FAIL: gcc.dg/torture/tls/thr-init-1.c -O3 -g -pie -fpie (test for excess errors)
WARNING: gcc.dg/torture/tls/thr-init-1.c -O3 -g -pie -fpie compilation failed to produce executable
FAIL: gcc.dg/torture/tls/thr-init-1.c -Os -pie -fPIE (test for excess errors)
WARNING: gcc.dg/torture/tls/thr-init-1.c -Os -pie -fPIE compilation failed to produce executable
FAIL: gcc.dg/torture/tls/thr-init-1.c -Os -pie -fpie (test for excess errors)
WARNING: gcc.dg/torture/tls/thr-init-1.c -Os -pie -fpie compilation failed to produce executable
FAIL: gcc.dg/torture/tls/thr-init-2.c -O0 -pie -fPIE (test for excess errors)
WARNING: gcc.dg/torture/tls/thr-init-2.c -O0 -pie -fPIE compilation failed to produce executable
FAIL: gcc.dg/torture/tls/thr-init-2.c -O0 -pie -fpie (test for excess errors)
WARNING: gcc.dg/torture/tls/thr-init-2.c -O0 -pie -fpie compilation failed to produce executable
FAIL: gcc.dg/torture/tls/thr-init-2.c -O1 -pie -fPIE (test for excess errors)
WARNING: gcc.dg/torture/tls/thr-init-2.c -O1 -pie -fPIE compilation failed to produce executable
FAIL: gcc.dg/torture/tls/thr-init-2.c -O1 -pie -fpie (test for excess errors)
WARNING: gcc.dg/torture/tls/thr-init-2.c -O1 -pie -fpie compilation failed to produce executable
FAIL: gcc.dg/torture/tls/thr-init-2.c -O2 -pie -fPIE (test for excess errors)
WARNING: gcc.dg/torture/tls/thr-init-2.c -O2 -pie -fPIE compilation failed to produce executable
FAIL: gcc.dg/torture/tls/thr-init-2.c -O2 -pie -fpie (test for excess errors)
WARNING: gcc.dg/torture/tls/thr-init-2.c -O2 -pie -fpie compilation failed to produce executable
FAIL: gcc.dg/torture/tls/thr-init-2.c -O3 -g -pie -fPIE (test for excess errors)
WARNING: gcc.dg/torture/tls/thr-init-2.c -O3 -g -pie -fPIE compilation failed to produce executable
FAIL: gcc.dg/torture/tls/thr-init-2.c -O3 -g -pie -fpie (test for excess errors)
WARNING: gcc.dg/torture/tls/thr-init-2.c -O3 -g -pie -fpie compilation failed to produce executable
FAIL: gcc.dg/torture/tls/thr-init-2.c -Os -pie -fPIE (test for excess errors)
WARNING: gcc.dg/torture/tls/thr-init-2.c -Os -pie -fPIE compilation failed to produce executable
FAIL: gcc.dg/torture/tls/thr-init-2.c -Os -pie -fpie (test for excess errors)
WARNING: gcc.dg/torture/tls/thr-init-2.c -Os -pie -fpie compilation failed to produce executable
FAIL: gcc.dg/torture/tls/tls-reload-1.c -O0 -pie -fPIE (test for excess errors)
WARNING: gcc.dg/torture/tls/tls-reload-1.c -O0 -pie -fPIE compilation failed to produce executable
FAIL: gcc.dg/torture/tls/tls-reload-1.c -O0 -pie -fpie (test for excess errors)
WARNING: gcc.dg/torture/tls/tls-reload-1.c -O0 -pie -fpie compilation failed to produce executable
FAIL: gcc.dg/torture/tls/tls-reload-1.c -O1 -pie -fPIE (test for excess errors)
WARNING: gcc.dg/torture/tls/tls-reload-1.c -O1 -pie -fPIE compilation failed to produce executable
FAIL: gcc.dg/torture/tls/tls-reload-1.c -O1 -pie -fpie (test for excess errors)
WARNING: gcc.dg/torture/tls/tls-reload-1.c -O1 -pie -fpie compilation failed to produce executable
FAIL: gcc.dg/torture/tls/tls-reload-1.c -O2 -pie -fPIE (test for excess errors)
WARNING: gcc.dg/torture/tls/tls-reload-1.c -O2 -pie -fPIE compilation failed to produce executable
FAIL: gcc.dg/torture/tls/tls-reload-1.c -O2 -pie -fpie (test for excess errors)
WARNING: gcc.dg/torture/tls/tls-reload-1.c -O2 -pie -fpie compilation failed to produce executable
FAIL: gcc.dg/torture/tls/tls-reload-1.c -O3 -g -pie -fPIE (test for excess errors)
WARNING: gcc.dg/torture/tls/tls-reload-1.c -O3 -g -pie -fPIE compilation failed to produce executable
FAIL: gcc.dg/torture/tls/tls-reload-1.c -O3 -g -pie -fpie (test for excess errors)
WARNING: gcc.dg/torture/tls/tls-reload-1.c -O3 -g -pie -fpie compilation failed to produce executable
FAIL: gcc.dg/torture/tls/tls-reload-1.c -Os -pie -fPIE (test for excess errors)
WARNING: gcc.dg/torture/tls/tls-reload-1.c -Os -pie -fPIE compilation failed to produce executable
FAIL: gcc.dg/torture/tls/tls-reload-1.c -Os -pie -fpie (test for excess errors)
WARNING: gcc.dg/torture/tls/tls-reload-1.c -Os -pie -fpie compilation failed to produce executable
FAIL: gcc.dg/torture/tls/tls-test.c -O0 -pie -fPIE (test for excess errors)
WARNING: gcc.dg/torture/tls/tls-test.c -O0 -pie -fPIE compilation failed to produce executable
FAIL: gcc.dg/torture/tls/tls-test.c -O0 -pie -fpie (test for excess errors)
WARNING: gcc.dg/torture/tls/tls-test.c -O0 -pie -fpie compilation failed to produce executable
FAIL: gcc.dg/torture/tls/tls-test.c -O1 -pie -fPIE (test for excess errors)
WARNING: gcc.dg/torture/tls/tls-test.c -O1 -pie -fPIE compilation failed to produce executable
FAIL: gcc.dg/torture/tls/tls-test.c -O1 -pie -fpie (test for excess errors)
WARNING: gcc.dg/torture/tls/tls-test.c -O1 -pie -fpie compilation failed to produce executable
FAIL: gcc.dg/torture/tls/tls-test.c -O2 -pie -fPIE (test for excess errors)
WARNING: gcc.dg/torture/tls/tls-test.c -O2 -pie -fPIE compilation failed to produce executable
FAIL: gcc.dg/torture/tls/tls-test.c -O2 -pie -fpie (test for excess errors)
WARNING: gcc.dg/torture/tls/tls-test.c -O2 -pie -fpie compilation failed to produce executable
FAIL: gcc.dg/torture/tls/tls-test.c -O3 -g -pie -fPIE (test for excess errors)
WARNING: gcc.dg/torture/tls/tls-test.c -O3 -g -pie -fPIE compilation failed to produce executable
FAIL: gcc.dg/torture/tls/tls-test.c -O3 -g -pie -fpie (test for excess errors)
WARNING: gcc.dg/torture/tls/tls-test.c -O3 -g -pie -fpie compilation failed to produce executable
FAIL: gcc.dg/torture/tls/tls-test.c -Os -pie -fPIE (test for excess errors)
WARNING: gcc.dg/torture/tls/tls-test.c -Os -pie -fPIE compilation failed to produce executable
FAIL: gcc.dg/torture/tls/tls-test.c -Os -pie -fpie (test for excess errors)
WARNING: gcc.dg/torture/tls/tls-test.c -Os -pie -fpie compilation failed to produce executable
FAIL: gcc.dg/vect/pr45752.c -flto -ffat-lto-objects scan-tree-dump-times vect "gaps requires scalar epilogue loop" 0
FAIL: gcc.dg/vect/pr45752.c -flto -ffat-lto-objects scan-tree-dump-times vect "vectorized 1 loops" 1
FAIL: gcc.dg/vect/pr45752.c scan-tree-dump-times vect "gaps requires scalar epilogue loop" 0
FAIL: gcc.dg/vect/pr45752.c scan-tree-dump-times vect "vectorized 1 loops" 1
FAIL: gcc.dg/vect/pr46032.c -flto -ffat-lto-objects scan-tree-dump-times vect "note: vectorized 1 loop" 1
FAIL: gcc.dg/vect/pr46032.c scan-tree-dump-times vect "note: vectorized 1 loop" 1
FAIL: gcc.dg/vect/slp-perm-4.c -flto -ffat-lto-objects scan-tree-dump-times vect "gaps requires scalar epilogue loop" 0
FAIL: gcc.dg/vect/slp-perm-4.c -flto -ffat-lto-objects scan-tree-dump-times vect "vectorized 1 loops" 1
FAIL: gcc.dg/vect/slp-perm-4.c scan-tree-dump-times vect "gaps requires scalar epilogue loop" 0
FAIL: gcc.dg/vect/slp-perm-4.c scan-tree-dump-times vect "vectorized 1 loops" 1
=== gcc Summary for unix/-m64 ===
# of expected passes 86148
# of unexpected failures 85
# of expected failures 325
# of unsupported tests 1977
=== gcc Summary ===
# of expected passes 171498
# of unexpected failures 163
# of expected failures 663
# of unsupported tests 4028
/var/gcc/regression/trunk/12-gcc-gas-gld/build/gcc/xgcc version 6.0.0 20151204 (experimental) [trunk revision 231259] (GCC)
=== gfortran tests ===
Running target unix
FAIL: gfortran.dg/coarray/event_1.f90 -fcoarray=lib -O2 -lcaf_single -latomic execution test
FAIL: gfortran.dg/coarray/event_2.f90 -fcoarray=lib -O2 -lcaf_single -latomic execution test
FAIL: gfortran.dg/submodule_13.f08 -O (test for errors, line 29)
=== gfortran Summary for unix ===
# of expected passes 41085
# of unexpected failures 3
# of expected failures 72
# of unsupported tests 226
Running target unix/-m64
FAIL: gfortran.dg/coarray/event_1.f90 -fcoarray=lib -O2 -lcaf_single -latomic execution test
FAIL: gfortran.dg/coarray/event_2.f90 -fcoarray=lib -O2 -lcaf_single -latomic execution test
FAIL: gfortran.dg/large_real_kind_2.F90 -O0 execution test
FAIL: gfortran.dg/norm2_3.f90 -O0 execution test
FAIL: gfortran.dg/norm2_3.f90 -O1 execution test
FAIL: gfortran.dg/norm2_3.f90 -O2 execution test
FAIL: gfortran.dg/norm2_3.f90 -O3 -fomit-frame-pointer -funroll-loops -fpeel-loops -ftracer -finline-functions execution test
FAIL: gfortran.dg/norm2_3.f90 -O3 -g execution test
FAIL: gfortran.dg/norm2_3.f90 -Os execution test
FAIL: gfortran.dg/submodule_13.f08 -O (test for errors, line 29)
=== gfortran Summary for unix/-m64 ===
# of expected passes 41325
# of unexpected failures 10
# of expected failures 72
# of unsupported tests 105
=== gfortran Summary ===
# of expected passes 82410
# of unexpected failures 13
# of expected failures 144
# of unsupported tests 331
/var/gcc/regression/trunk/12-gcc-gas-gld/build/gcc/testsuite/gfortran/../../gfortran version 6.0.0 20151204 (experimental) [trunk revision 231259] (GCC)
=== gnat tests ===
Running target unix
=== gnat Summary for unix ===
# of expected passes 2444
# of expected failures 21
# of unsupported tests 22
Running target unix/-m64
=== gnat Summary for unix/-m64 ===
# of expected passes 2444
# of expected failures 21
# of unsupported tests 22
=== gnat Summary ===
# of expected passes 4888
# of expected failures 42
# of unsupported tests 44
/var/gcc/regression/trunk/12-gcc-gas-gld/build/gcc/gnatmake version 6.0.0 20151204 (experimental) [trunk revision 231259]
=== go tests ===
Running target unix
=== go Summary for unix ===
# of expected passes 7363
# of expected failures 1
# of untested testcases 11
# of unsupported tests 3
Running target unix/-m64
=== go Summary for unix/-m64 ===
# of expected passes 7243
# of expected failures 1
# of untested testcases 11
# of unsupported tests 3
=== go Summary ===
# of expected passes 14606
# of expected failures 2
# of untested testcases 22
# of unsupported tests 6
/var/gcc/regression/trunk/12-gcc-gas-gld/build/gcc/testsuite/go/../../gccgo version 6.0.0 20151204 (experimental) [trunk revision 231259] (GCC)
=== obj-c++ tests ===
Running target unix
FAIL: obj-c++.dg/property/dotsyntax-11.mm -fgnu-runtime (test for errors, line 51)
FAIL: obj-c++.dg/property/dotsyntax-11.mm -fgnu-runtime (test for errors, line 56)
FAIL: obj-c++.dg/property/dotsyntax-11.mm -fgnu-runtime (test for errors, line 59)
=== obj-c++ Summary for unix ===
# of expected passes 1436
# of unexpected failures 3
# of expected failures 2
# of unsupported tests 77
Running target unix/-m64
FAIL: obj-c++.dg/property/dotsyntax-11.mm -fgnu-runtime (test for errors, line 51)
FAIL: obj-c++.dg/property/dotsyntax-11.mm -fgnu-runtime (test for errors, line 56)
FAIL: obj-c++.dg/property/dotsyntax-11.mm -fgnu-runtime (test for errors, line 59)
=== obj-c++ Summary for unix/-m64 ===
# of expected passes 1428
# of unexpected failures 3
# of expected failures 10
# of unsupported tests 77
=== obj-c++ Summary ===
# of expected passes 2864
# of unexpected failures 6
# of expected failures 12
# of unsupported tests 154
/var/gcc/regression/trunk/12-gcc-gas-gld/build/gcc/testsuite/obj-c++/../../xg++ version 6.0.0 20151204 (experimental) [trunk revision 231259] (GCC)
=== objc tests ===
Running target unix
=== objc Summary for unix ===
# of expected passes 2788
# of unsupported tests 68
Running target unix/-m64
=== objc Summary for unix/-m64 ===
# of expected passes 2788
# of unsupported tests 68
=== objc Summary ===
# of expected passes 5576
# of unsupported tests 136
/var/gcc/regression/trunk/12-gcc-gas-gld/build/gcc/xgcc version 6.0.0 20151204 (experimental) [trunk revision 231259] (GCC)
=== boehm-gc tests ===
Running target unix
=== boehm-gc Summary for unix ===
# of expected passes 12
# of unsupported tests 1
Running target unix/-m64
=== boehm-gc Summary for unix/-m64 ===
# of expected passes 12
# of unsupported tests 1
=== boehm-gc Summary ===
# of expected passes 24
# of unsupported tests 2
=== libatomic tests ===
Running target unix
=== libatomic Summary for unix ===
# of expected passes 44
# of unsupported tests 5
Running target unix/-m64
=== libatomic Summary for unix/-m64 ===
# of expected passes 54
=== libatomic Summary ===
# of expected passes 98
# of unsupported tests 5
=== libffi tests ===
Running target unix
=== libffi Summary for unix ===
# of expected passes 1914
# of unsupported tests 30
Running target unix/-m64
=== libffi Summary for unix/-m64 ===
# of expected passes 1914
# of unsupported tests 30
=== libffi Summary ===
# of expected passes 3828
# of unsupported tests 60
=== libgo tests ===
Running target unix
FAIL: reflect
FAIL: go/build
FAIL: net/http
FAIL: runtime/pprof
=== libgo Summary for unix ===
# of expected passes 129
# of unexpected failures 4
Running target unix/-m64
FAIL: go/build
FAIL: runtime/pprof
=== libgo Summary for unix/-m64 ===
# of expected passes 131
# of unexpected failures 2
=== libgo Summary ===
# of expected passes 260
# of unexpected failures 6
/var/gcc/regression/trunk/12-gcc-gas-gld/build/./gcc/gccgo version 6.0.0 20151204 (experimental) [trunk revision 231259] (GCC)
=== libgomp tests ===
Running target unix
=== libgomp Summary for unix ===
# of expected passes 4588
# of unsupported tests 304
Running target unix/-m64
=== libgomp Summary for unix/-m64 ===
# of expected passes 4588
# of unsupported tests 304
=== libgomp Summary ===
# of expected passes 9176
# of unsupported tests 608
=== libitm tests ===
Running target unix
=== libitm Summary for unix ===
# of expected passes 38
# of expected failures 3
# of unsupported tests 1
Running target unix/-m64
=== libitm Summary for unix/-m64 ===
# of expected passes 38
# of expected failures 3
# of unsupported tests 1
=== libitm Summary ===
# of expected passes 76
# of expected failures 6
# of unsupported tests 2
=== libjava tests ===
Running target unix
=== libjava Summary for unix ===
# of expected passes 2582
# of expected failures 4
Running target unix/-m64
=== libjava Summary for unix/-m64 ===
# of expected passes 2582
# of expected failures 4
=== libjava Summary ===
# of expected passes 5164
# of expected failures 8
=== libstdc++ tests ===
Running target unix
FAIL: libstdc++-abi/abi_check
WARNING: experimental/memory/shared_ptr/cons/copy_ctor_neg.cc compilation failed to produce executable
=== libstdc++ Summary for unix ===
# of expected passes 9882
# of unexpected failures 1
# of expected failures 68
# of unsupported tests 614
Running target unix/-m64
FAIL: libstdc++-abi/abi_check
WARNING: experimental/memory/shared_ptr/cons/copy_ctor_neg.cc compilation failed to produce executable
FAIL: ext/pb_ds/regression/tree_set_rand.cc (test for excess errors)
WARNING: ext/pb_ds/regression/tree_set_rand.cc compilation failed to produce executable
WARNING: program timed out.
=== libstdc++ Summary for unix/-m64 ===
# of expected passes 9880
# of unexpected failures 2
# of expected failures 68
# of unsupported tests 614
=== libstdc++ Summary ===
# of expected passes 19762
# of unexpected failures 3
# of expected failures 136
# of unsupported tests 1228
Compiler version: 6.0.0 20151204 (experimental) [trunk revision 231259] (GCC)
Platform: sparc-sun-solaris2.12
configure flags: --prefix=/vol/gcc --target=sparc-sun-solaris2.12 --enable-objc-gc --with-as=/vol/gcc/bin/gas-2.25 --with-gnu-as --with-ld=/vol/gcc/bin/gld-2.26.20150923 --with-gnu-ld --with-gmp-include=/vol/gcc/include --with-gmp-lib=/vol/gcc/lib --with-mpfr-include=/vol/gcc/include --with-mpfr-lib=/vol/gcc/lib --with-mpc-include=/vol/gcc/include --with-mpc-lib=/vol/gcc/lib --enable-languages=all,ada,obj-c++,go --with-isl-include=/vol/gcc/include --with-isl-lib=/vol/gcc/lib --with-cloog-include=/vol/gcc/include --with-cloog-lib=/vol/gcc/lib --enable-cloog-backend=isl
BOOT_CFLAGS=-g -O2