This is the mail archive of the
gcc-testresults@gcc.gnu.org
mailing list for the GCC project.
Results for 6.0.0 20151107 (experimental) [trunk revision 229910] (GCC) testsuite on sparc-sun-solaris2.12
- From: Rainer Orth <ro at CeBiTec dot Uni-Bielefeld dot DE>
- To: gcc-testresults at gcc dot gnu dot org
- Date: Mon, 9 Nov 2015 08:03:45 +0100 (CET)
- Subject: Results for 6.0.0 20151107 (experimental) [trunk revision 229910] (GCC) testsuite on sparc-sun-solaris2.12
- Authentication-results: sourceware.org; auth=none
LAST_UPDATED: Sat Nov 7 02:02:50 UTC 2015 (revision 229910)
=== acats tests ===
=== acats Summary ===
# of expected passes 2320
# of unexpected failures 0
Native configuration is sparc-sun-solaris2.12
=== g++ tests ===
Running target unix
FAIL: c-c++-common/opaque-vector.c -std=c++11 (internal compiler error)
FAIL: c-c++-common/opaque-vector.c -std=c++11 (test for excess errors)
FAIL: c-c++-common/opaque-vector.c -std=c++14 (internal compiler error)
FAIL: c-c++-common/opaque-vector.c -std=c++14 (test for excess errors)
FAIL: c-c++-common/opaque-vector.c -std=c++98 (internal compiler error)
FAIL: c-c++-common/opaque-vector.c -std=c++98 (test for excess errors)
FAIL: g++.dg/tree-ssa/pr61034.C -std=gnu++11 scan-tree-dump-times fre2 "free" 10
FAIL: g++.dg/tree-ssa/pr61034.C -std=gnu++14 scan-tree-dump-times fre2 "free" 10
FAIL: g++.dg/tree-ssa/pr61034.C -std=gnu++98 scan-tree-dump-times fre2 "free" 10
FAIL: g++.dg/warn/Wplacement-new-size.C -std=gnu++11 (test for excess errors)
FAIL: g++.dg/warn/Wplacement-new-size.C -std=gnu++14 (test for excess errors)
FAIL: g++.dg/warn/Wplacement-new-size.C -std=gnu++98 (test for excess errors)
FAIL: g++.dg/lto/pr68057 cp_lto_pr68057_0.o-cp_lto_pr68057_1.o execute -O0 -flto
FAIL: g++.dg/lto/pr68057 cp_lto_pr68057_0.o-cp_lto_pr68057_1.o execute -O0 -flto -flto-partition=1to1
FAIL: g++.dg/lto/pr68057 cp_lto_pr68057_0.o-cp_lto_pr68057_1.o execute -O0 -flto -flto-partition=none
FAIL: g++.dg/lto/pr68057 cp_lto_pr68057_0.o-cp_lto_pr68057_1.o execute -O2 -flto
FAIL: g++.dg/lto/pr68057 cp_lto_pr68057_0.o-cp_lto_pr68057_1.o execute -O2 -flto -flto-partition=1to1
FAIL: g++.dg/lto/pr68057 cp_lto_pr68057_0.o-cp_lto_pr68057_1.o execute -O2 -flto -flto-partition=none
WARNING: lto.exp does not support dg-lto-do compile
=== g++ Summary for unix ===
# of expected passes 86318
# of unexpected failures 18
# of expected failures 282
# of unsupported tests 3651
Running target unix/-m64
FAIL: g++.dg/concepts/auto1.C (test for errors, line 16)
FAIL: g++.dg/concepts/auto1.C (test for errors, line 27)
FAIL: g++.dg/concepts/auto1.C (internal compiler error)
FAIL: g++.dg/concepts/auto1.C (test for excess errors)
FAIL: g++.dg/tree-ssa/pr61034.C -std=gnu++11 scan-tree-dump-times fre2 "free" 10
FAIL: g++.dg/tree-ssa/pr61034.C -std=gnu++14 scan-tree-dump-times fre2 "free" 10
FAIL: g++.dg/tree-ssa/pr61034.C -std=gnu++98 scan-tree-dump-times fre2 "free" 10
FAIL: g++.dg/lto/pr68057 cp_lto_pr68057_0.o-cp_lto_pr68057_1.o execute -O0 -flto
FAIL: g++.dg/lto/pr68057 cp_lto_pr68057_0.o-cp_lto_pr68057_1.o execute -O0 -flto -flto-partition=1to1
FAIL: g++.dg/lto/pr68057 cp_lto_pr68057_0.o-cp_lto_pr68057_1.o execute -O0 -flto -flto-partition=none
FAIL: g++.dg/lto/pr68057 cp_lto_pr68057_0.o-cp_lto_pr68057_1.o execute -O2 -flto
FAIL: g++.dg/lto/pr68057 cp_lto_pr68057_0.o-cp_lto_pr68057_1.o execute -O2 -flto -flto-partition=1to1
FAIL: g++.dg/lto/pr68057 cp_lto_pr68057_0.o-cp_lto_pr68057_1.o execute -O2 -flto -flto-partition=none
WARNING: lto.exp does not support dg-lto-do compile
=== g++ Summary for unix/-m64 ===
# of expected passes 88193
# of unexpected failures 13
# of expected failures 282
# of unsupported tests 3628
=== g++ Summary ===
# of expected passes 174511
# of unexpected failures 31
# of expected failures 564
# of unsupported tests 7279
/var/gcc/regression/trunk/12-gcc/build/gcc/testsuite/g++/../../xg++ version 6.0.0 20151107 (experimental) [trunk revision 229910] (GCC)
=== gcc tests ===
Running target unix
FAIL: gcc.dg/atomic/c11-atomic-exec-3.c -O3 -g (test for excess errors)
WARNING: gcc.dg/atomic/c11-atomic-exec-3.c -O3 -g compilation failed to produce executable
WARNING: program timed out.
FAIL: gcc.dg/debug/dwarf2/stacked-qualified-types-3.c scan-assembler-times DIE \\\\([^\\n]*\\\\) DW_TAG_(?:const|volatile|atomic|restrict)_type 8
FAIL: gcc.dg/graphite/fuse-1.c scan-tree-dump-times forwprop4 "gimple_simplified to[^\\\\n]*\\\\^ 12" 1
UNRESOLVED: gcc.dg/graphite/fuse-1.c scan-tree-dump-times graphite "ISL AST generated by ISL:.*for (int c0 = 0; c0 <= 99; c0 += 1) {.*S_.*(c0);.*S_.*(c0);.*S_.*(c0);.*}" 1
UNRESOLVED: gcc.dg/graphite/fuse-2.c scan-tree-dump-times graphite "ISL AST generated by ISL:.*for (int c0 = 0; c0 <= 99; c0 += 1) {.*S_.*(c0);.*S_.*(c0);.*S_.*(c0);.*}" 1
FAIL: gcc.dg/simulate-thread/atomic-other-int.c -O2 -g thread simulation test
FAIL: gcc.dg/simulate-thread/atomic-other-int.c -O3 -g thread simulation test
FAIL: gcc.dg/simulate-thread/speculative-store-4.c -O0 -g thread simulation test
FAIL: gcc.dg/simulate-thread/speculative-store-4.c -O2 -g thread simulation test
FAIL: gcc.dg/simulate-thread/speculative-store-4.c -O3 -g thread simulation test
FAIL: gcc.dg/simulate-thread/speculative-store.c -O0 -g thread simulation test
FAIL: gcc.dg/vect/pr20122.c -flto -ffat-lto-objects scan-tree-dump-times vect "Alignment of access forced using versioning" 2
FAIL: gcc.dg/vect/pr20122.c scan-tree-dump-times vect "Alignment of access forced using versioning" 2
FAIL: compiler driver --help=c++ option(s): "^ +-.*[^:.]\$" absent from output: " -Wplacement-new Warn for placement new expressions with undefined behavior"
FAIL: compiler driver --help=target option(s): "^ +-.*[^:.]\$" absent from output: " -mfix-at697f Enable workaround for single erratum of AT697F processor (corresponding to erratum #13 of AT697E processor)"
FAIL: compiler driver --help=warnings option(s): "^ +-.*[^:.]\$" absent from output: " -Wplacement-new Warn for placement new expressions with undefined behavior"
=== gcc Summary for unix ===
# of expected passes 83653
# of unexpected failures 14
# of expected failures 338
# of unresolved testcases 2
# of unsupported tests 2023
Running target unix/-m64
FAIL: gcc.c-torture/compile/pr39928-1.c -O2 (internal compiler error)
FAIL: gcc.c-torture/compile/pr39928-1.c -O2 (test for excess errors)
FAIL: gcc.c-torture/compile/pr39928-1.c -O2 -flto (internal compiler error)
FAIL: gcc.c-torture/compile/pr39928-1.c -O2 -flto (test for excess errors)
FAIL: gcc.c-torture/compile/pr39928-1.c -O2 -flto -flto-partition=none (internal compiler error)
FAIL: gcc.c-torture/compile/pr39928-1.c -O2 -flto -flto-partition=none (test for excess errors)
FAIL: gcc.c-torture/compile/pr39928-1.c -O3 -g (internal compiler error)
FAIL: gcc.c-torture/compile/pr39928-1.c -O3 -g (test for excess errors)
FAIL: gcc.c-torture/compile/pr39928-1.c -Os (internal compiler error)
FAIL: gcc.c-torture/compile/pr39928-1.c -Os (test for excess errors)
FAIL: gcc.dg/debug/dwarf2/stacked-qualified-types-3.c scan-assembler-times DIE \\\\([^\\n]*\\\\) DW_TAG_(?:const|volatile|atomic|restrict)_type 8
FAIL: gcc.dg/ifcvt-4.c scan-rtl-dump ce1 "2 true changes made"
FAIL: gcc.dg/pr63594-1.c (internal compiler error)
FAIL: gcc.dg/pr63594-1.c (test for excess errors)
FAIL: gcc.dg/pr63594-2.c (internal compiler error)
FAIL: gcc.dg/pr63594-2.c (test for excess errors)
WARNING: gcc.dg/pr63594-2.c compilation failed to produce executable
FAIL: gcc.dg/graphite/fuse-1.c scan-tree-dump-times forwprop4 "gimple_simplified to[^\\\\n]*\\\\^ 12" 1
UNRESOLVED: gcc.dg/graphite/fuse-1.c scan-tree-dump-times graphite "ISL AST generated by ISL:.*for (int c0 = 0; c0 <= 99; c0 += 1) {.*S_.*(c0);.*S_.*(c0);.*S_.*(c0);.*}" 1
UNRESOLVED: gcc.dg/graphite/fuse-2.c scan-tree-dump-times graphite "ISL AST generated by ISL:.*for (int c0 = 0; c0 <= 99; c0 += 1) {.*S_.*(c0);.*S_.*(c0);.*S_.*(c0);.*}" 1
FAIL: gcc.dg/tree-ssa/vector-5.c scan-tree-dump-times optimized " * 3;" 1
FAIL: gcc.dg/vect/pr20122.c -flto -ffat-lto-objects scan-tree-dump-times vect "Alignment of access forced using versioning" 2
FAIL: gcc.dg/vect/pr20122.c scan-tree-dump-times vect "Alignment of access forced using versioning" 2
FAIL: compiler driver --help=c++ option(s): "^ +-.*[^:.]\$" absent from output: " -Wplacement-new Warn for placement new expressions with undefined behavior"
FAIL: compiler driver --help=target option(s): "^ +-.*[^:.]\$" absent from output: " -mfix-at697f Enable workaround for single erratum of AT697F processor (corresponding to erratum #13 of AT697E processor)"
FAIL: compiler driver --help=warnings option(s): "^ +-.*[^:.]\$" absent from output: " -Wplacement-new Warn for placement new expressions with undefined behavior"
=== gcc Summary for unix/-m64 ===
# of expected passes 84446
# of unexpected failures 23
# of expected failures 325
# of unresolved testcases 2
# of unsupported tests 1950
=== gcc Summary ===
# of expected passes 168099
# of unexpected failures 37
# of expected failures 663
# of unresolved testcases 4
# of unsupported tests 3973
/var/gcc/regression/trunk/12-gcc/build/gcc/xgcc version 6.0.0 20151107 (experimental) [trunk revision 229910] (GCC)
=== gfortran tests ===
Running target unix
FAIL: gfortran.dg/large_real_kind_2.F90 -O0 execution test
FAIL: gfortran.dg/norm2_3.f90 -O0 execution test
FAIL: gfortran.dg/norm2_3.f90 -O1 execution test
FAIL: gfortran.dg/norm2_3.f90 -O2 execution test
FAIL: gfortran.dg/norm2_3.f90 -O3 -fomit-frame-pointer -funroll-loops -fpeel-loops -ftracer -finline-functions execution test
FAIL: gfortran.dg/norm2_3.f90 -O3 -g execution test
FAIL: gfortran.dg/norm2_3.f90 -Os execution test
=== gfortran Summary for unix ===
# of expected passes 40705
# of unexpected failures 7
# of expected failures 77
# of unsupported tests 225
Running target unix/-m64
FAIL: gfortran.dg/large_real_kind_2.F90 -O0 execution test
FAIL: gfortran.dg/norm2_3.f90 -O0 execution test
FAIL: gfortran.dg/norm2_3.f90 -O1 execution test
FAIL: gfortran.dg/norm2_3.f90 -O2 execution test
FAIL: gfortran.dg/norm2_3.f90 -O3 -fomit-frame-pointer -funroll-loops -fpeel-loops -ftracer -finline-functions execution test
FAIL: gfortran.dg/norm2_3.f90 -O3 -g execution test
FAIL: gfortran.dg/norm2_3.f90 -Os execution test
=== gfortran Summary for unix/-m64 ===
# of expected passes 40952
# of unexpected failures 7
# of expected failures 77
# of unsupported tests 104
=== gfortran Summary ===
# of expected passes 81657
# of unexpected failures 14
# of expected failures 154
# of unsupported tests 329
/var/gcc/regression/trunk/12-gcc/build/gcc/testsuite/gfortran/../../gfortran version 6.0.0 20151107 (experimental) [trunk revision 229910] (GCC)
=== gnat tests ===
Running target unix
=== gnat Summary for unix ===
# of expected passes 1382
# of expected failures 21
# of unsupported tests 22
Running target unix/-m64
=== gnat Summary for unix/-m64 ===
# of expected passes 1382
# of expected failures 21
# of unsupported tests 22
=== gnat Summary ===
# of expected passes 2764
# of expected failures 42
# of unsupported tests 44
/var/gcc/regression/trunk/12-gcc/build/gcc/gnatmake version 6.0.0 20151107 (experimental) [trunk revision 229910]
=== go tests ===
Running target unix
FAIL: ./bug449-out.go compilation, -O0 -g -fno-var-tracking-assignments
WARNING: program timed out.
=== go Summary for unix ===
# of expected passes 7361
# of unexpected failures 1
# of expected failures 1
# of untested testcases 12
# of unsupported tests 3
Running target unix/-m64
FAIL: ./bug449-out.go compilation, -O0 -g -fno-var-tracking-assignments
WARNING: program timed out.
=== go Summary for unix/-m64 ===
# of expected passes 7241
# of unexpected failures 1
# of expected failures 1
# of untested testcases 12
# of unsupported tests 3
=== go Summary ===
# of expected passes 14602
# of unexpected failures 2
# of expected failures 2
# of untested testcases 24
# of unsupported tests 6
=== obj-c++ tests ===
Running target unix
=== obj-c++ Summary for unix ===
# of expected passes 1439
# of expected failures 2
# of unsupported tests 77
Running target unix/-m64
=== obj-c++ Summary for unix/-m64 ===
# of expected passes 1431
# of expected failures 10
# of unsupported tests 77
=== obj-c++ Summary ===
# of expected passes 2870
# of expected failures 12
# of unsupported tests 154
/var/gcc/regression/trunk/12-gcc/build/gcc/testsuite/obj-c++/../../xg++ version 6.0.0 20151107 (experimental) [trunk revision 229910] (GCC)
=== objc tests ===
Running target unix
=== objc Summary for unix ===
# of expected passes 2772
# of unsupported tests 68
Running target unix/-m64
=== objc Summary for unix/-m64 ===
# of expected passes 2772
# of unsupported tests 68
=== objc Summary ===
# of expected passes 5544
# of unsupported tests 136
/var/gcc/regression/trunk/12-gcc/build/gcc/xgcc version 6.0.0 20151107 (experimental) [trunk revision 229910] (GCC)
=== boehm-gc tests ===
Running target unix
=== boehm-gc Summary for unix ===
# of expected passes 12
# of unsupported tests 1
Running target unix/-m64
=== boehm-gc Summary for unix/-m64 ===
# of expected passes 12
# of unsupported tests 1
=== boehm-gc Summary ===
# of expected passes 24
# of unsupported tests 2
=== libatomic tests ===
Running target unix
=== libatomic Summary for unix ===
# of expected passes 44
# of unsupported tests 5
Running target unix/-m64
=== libatomic Summary for unix/-m64 ===
# of expected passes 54
=== libatomic Summary ===
# of expected passes 98
# of unsupported tests 5
=== libffi tests ===
Running target unix
=== libffi Summary for unix ===
# of expected passes 1914
# of unsupported tests 30
Running target unix/-m64
=== libffi Summary for unix/-m64 ===
# of expected passes 1914
# of unsupported tests 30
=== libffi Summary ===
# of expected passes 3828
# of unsupported tests 60
=== libgo tests ===
Running target unix
FAIL: reflect
FAIL: go/build
FAIL: net/http
FAIL: runtime/pprof
=== libgo Summary for unix ===
# of expected passes 129
# of unexpected failures 4
Running target unix/-m64
FAIL: runtime
FAIL: go/build
FAIL: net/http
=== libgo Summary for unix/-m64 ===
# of expected passes 130
# of unexpected failures 3
=== libgo Summary ===
# of expected passes 259
# of unexpected failures 7
/var/gcc/regression/trunk/12-gcc/build/./gcc/gccgo version 6.0.0 20151107 (experimental) [trunk revision 229910] (GCC)
=== libgomp tests ===
Running target unix
WARNING: program timed out.
FAIL: libgomp.c/for-5.c (test for excess errors)
WARNING: libgomp.c/for-5.c compilation failed to produce executable
WARNING: libgomp.oacc-c/../libgomp.oacc-c-c++-common/loop-red-v-2.c -DACC_DEVICE_TYPE_host=1 -DACC_MEM_SHARED=1 compilation failed to produce executable
WARNING: libgomp.oacc-c/../libgomp.oacc-c-c++-common/loop-red-w-2.c -DACC_DEVICE_TYPE_host=1 -DACC_MEM_SHARED=1 compilation failed to produce executable
WARNING: libgomp.oacc-c++/../libgomp.oacc-c-c++-common/loop-red-v-2.c -DACC_DEVICE_TYPE_host=1 -DACC_MEM_SHARED=1 compilation failed to produce executable
WARNING: libgomp.oacc-c++/../libgomp.oacc-c-c++-common/loop-red-w-2.c -DACC_DEVICE_TYPE_host=1 -DACC_MEM_SHARED=1 compilation failed to produce executable
=== libgomp Summary for unix ===
# of expected passes 4456
# of unexpected failures 1
# of expected failures 8
# of unsupported tests 257
Running target unix/-m64
XPASS: libgomp.c/reduction-11.c execution test
XPASS: libgomp.c/reduction-12.c execution test
XPASS: libgomp.c++/reduction-11.C execution test
XPASS: libgomp.c++/reduction-12.C execution test
WARNING: libgomp.oacc-c/../libgomp.oacc-c-c++-common/loop-red-v-2.c -DACC_DEVICE_TYPE_host=1 -DACC_MEM_SHARED=1 compilation failed to produce executable
WARNING: libgomp.oacc-c/../libgomp.oacc-c-c++-common/loop-red-w-2.c -DACC_DEVICE_TYPE_host=1 -DACC_MEM_SHARED=1 compilation failed to produce executable
WARNING: libgomp.oacc-c++/../libgomp.oacc-c-c++-common/loop-red-v-2.c -DACC_DEVICE_TYPE_host=1 -DACC_MEM_SHARED=1 compilation failed to produce executable
WARNING: libgomp.oacc-c++/../libgomp.oacc-c-c++-common/loop-red-w-2.c -DACC_DEVICE_TYPE_host=1 -DACC_MEM_SHARED=1 compilation failed to produce executable
=== libgomp Summary for unix/-m64 ===
# of expected passes 4458
# of unexpected successes 4
# of expected failures 4
# of unsupported tests 257
=== libgomp Summary ===
# of expected passes 8914
# of unexpected failures 1
# of unexpected successes 4
# of expected failures 12
# of unsupported tests 514
=== libitm tests ===
Running target unix
=== libitm Summary for unix ===
# of expected passes 32
# of expected failures 3
# of unsupported tests 1
Running target unix/-m64
=== libitm Summary for unix/-m64 ===
# of expected passes 32
# of expected failures 3
# of unsupported tests 1
=== libitm Summary ===
# of expected passes 64
# of expected failures 6
# of unsupported tests 2
=== libjava tests ===
Running target unix
=== libjava Summary for unix ===
# of expected passes 2582
# of expected failures 4
Running target unix/-m64
=== libjava Summary for unix/-m64 ===
# of expected passes 2582
# of expected failures 4
=== libjava Summary ===
# of expected passes 5164
# of expected failures 8
=== libstdc++ tests ===
Running target unix
FAIL: libstdc++-abi/abi_check
XPASS: 26_numerics/headers/cmath/c99_classification_macros_c.cc (test for excess errors)
FAIL: 28_regex/algorithms/regex_match/ecma/wchar_t/63199.cc (test for excess errors)
FAIL: 28_regex/algorithms/regex_match/ecma/wchar_t/cjk_match.cc (test for excess errors)
WARNING: 28_regex/algorithms/regex_match/ecma/wchar_t/cjk_match.cc compilation failed to produce executable
FAIL: 28_regex/algorithms/regex_match/ecma/wchar_t/hex.cc (test for excess errors)
WARNING: 28_regex/algorithms/regex_match/ecma/wchar_t/hex.cc compilation failed to produce executable
FAIL: ext/pb_ds/regression/tree_set_rand.cc (test for excess errors)
WARNING: ext/pb_ds/regression/tree_set_rand.cc compilation failed to produce executable
WARNING: program timed out.
WARNING: program timed out.
WARNING: program timed out.
WARNING: program timed out.
=== libstdc++ Summary for unix ===
# of expected passes 9812
# of unexpected failures 5
# of unexpected successes 1
# of expected failures 66
# of unsupported tests 614
Running target unix/-m64
FAIL: libstdc++-abi/abi_check
XPASS: 26_numerics/headers/cmath/c99_classification_macros_c.cc (test for excess errors)
FAIL: 28_regex/algorithms/regex_match/ecma/wchar_t/hex.cc (test for excess errors)
FAIL: 28_regex/traits/char/lookup_classname.cc (test for excess errors)
WARNING: 28_regex/traits/char/lookup_classname.cc compilation failed to produce executable
FAIL: ext/pb_ds/regression/tree_map_rand.cc (test for excess errors)
WARNING: ext/pb_ds/regression/tree_map_rand.cc compilation failed to produce executable
WARNING: program timed out.
WARNING: program timed out.
WARNING: program timed out.
=== libstdc++ Summary for unix/-m64 ===
# of expected passes 9814
# of unexpected failures 4
# of unexpected successes 1
# of expected failures 66
# of unsupported tests 614
=== libstdc++ Summary ===
# of expected passes 19626
# of unexpected failures 9
# of unexpected successes 2
# of expected failures 132
# of unsupported tests 1228
Compiler version: 6.0.0 20151107 (experimental) [trunk revision 229910] (GCC)
Platform: sparc-sun-solaris2.12
configure flags: --prefix=/vol/gcc --target=sparc-sun-solaris2.12 --enable-objc-gc --with-as=/usr/ccs/bin/as --without-gnu-as --with-gmp-include=/vol/gcc/include --with-gmp-lib=/vol/gcc/lib --with-mpfr-include=/vol/gcc/include --with-mpfr-lib=/vol/gcc/lib --with-mpc-include=/vol/gcc/include --with-mpc-lib=/vol/gcc/lib --enable-languages=all,ada,obj-c++,go --with-isl-include=/vol/gcc/include --with-isl-lib=/vol/gcc/lib --with-cloog-include=/vol/gcc/include --with-cloog-lib=/vol/gcc/lib --enable-cloog-backend=isl
BOOT_CFLAGS=-g -O2