This is the mail archive of the
gcc-testresults@gcc.gnu.org
mailing list for the GCC project.
Results for 6.0.0 20151102 (experimental) [trunk revision 229676] (GCC) testsuite on powerpc64-suse-linux-gnu
- From: Andreas Schwab <schwab at linux-m68k dot org>
- To: gcc-testresults at gcc dot gnu dot org
- Date: Tue, 03 Nov 2015 22:27:45 +0100
- Subject: Results for 6.0.0 20151102 (experimental) [trunk revision 229676] (GCC) testsuite on powerpc64-suse-linux-gnu
- Authentication-results: sourceware.org; auth=none
LAST_UPDATED: Mon Nov 2 21:09:23 UTC 2015 (revision 229676)
=== acats tests ===
=== acats Summary ===
# of expected passes 2320
# of unexpected failures 0
Native configuration is powerpc64-suse-linux-gnu
=== g++ tests ===
Running target unix/-m32
FAIL: c-c++-common/asan/heap-overflow-1.c -O1 output pattern test, is =================================================================
FAIL: c-c++-common/asan/heap-overflow-1.c -O2 output pattern test, is =================================================================
FAIL: c-c++-common/asan/heap-overflow-1.c -O2 -flto -fno-use-linker-plugin -flto-partition=none output pattern test, is =================================================================
FAIL: c-c++-common/asan/heap-overflow-1.c -O2 -flto -fuse-linker-plugin -fno-fat-lto-objects output pattern test, is =================================================================
FAIL: c-c++-common/asan/heap-overflow-1.c -O3 -g output pattern test, is =================================================================
FAIL: c-c++-common/asan/heap-overflow-1.c -Os output pattern test, is =================================================================
FAIL: c-c++-common/asan/null-deref-1.c -O2 output pattern test, is ASAN:DEADLYSIGNAL
FAIL: c-c++-common/asan/null-deref-1.c -O2 -flto -fno-use-linker-plugin -flto-partition=none output pattern test, is ASAN:DEADLYSIGNAL
FAIL: c-c++-common/asan/null-deref-1.c -O2 -flto -fuse-linker-plugin -fno-fat-lto-objects output pattern test, is ASAN:DEADLYSIGNAL
FAIL: c-c++-common/asan/null-deref-1.c -O3 -g output pattern test, is ASAN:DEADLYSIGNAL
FAIL: c-c++-common/asan/sanity-check-pure-c-1.c -O1 output pattern test, is =================================================================
FAIL: c-c++-common/asan/sanity-check-pure-c-1.c -O2 output pattern test, is =================================================================
FAIL: c-c++-common/asan/sanity-check-pure-c-1.c -O2 -flto -fno-use-linker-plugin -flto-partition=none output pattern test, is =================================================================
FAIL: c-c++-common/asan/sanity-check-pure-c-1.c -O2 -flto -fuse-linker-plugin -fno-fat-lto-objects output pattern test, is =================================================================
FAIL: c-c++-common/asan/sanity-check-pure-c-1.c -O3 -g output pattern test, is =================================================================
FAIL: c-c++-common/asan/sanity-check-pure-c-1.c -Os output pattern test, is =================================================================
FAIL: c-c++-common/asan/strncpy-overflow-1.c -O1 output pattern test, is =================================================================
FAIL: c-c++-common/asan/strncpy-overflow-1.c -O2 output pattern test, is =================================================================
FAIL: c-c++-common/asan/strncpy-overflow-1.c -O2 -flto -fno-use-linker-plugin -flto-partition=none output pattern test, is =================================================================
FAIL: c-c++-common/asan/strncpy-overflow-1.c -O2 -flto -fuse-linker-plugin -fno-fat-lto-objects output pattern test, is =================================================================
FAIL: c-c++-common/asan/strncpy-overflow-1.c -O3 -g output pattern test, is =================================================================
FAIL: c-c++-common/asan/strncpy-overflow-1.c -Os output pattern test, is =================================================================
FAIL: c-c++-common/asan/use-after-free-1.c -O1 output pattern test, is =================================================================
FAIL: c-c++-common/asan/use-after-free-1.c -O2 output pattern test, is =================================================================
FAIL: c-c++-common/asan/use-after-free-1.c -O2 -flto -fno-use-linker-plugin -flto-partition=none output pattern test, is =================================================================
FAIL: c-c++-common/asan/use-after-free-1.c -O2 -flto -fuse-linker-plugin -fno-fat-lto-objects output pattern test, is =================================================================
FAIL: c-c++-common/asan/use-after-free-1.c -O3 -g output pattern test, is =================================================================
FAIL: c-c++-common/asan/use-after-free-1.c -Os output pattern test, is =================================================================
FAIL: g++.dg/asan/deep-stack-uaf-1.C -O0 output pattern test, is =================================================================
FAIL: g++.dg/asan/deep-stack-uaf-1.C -O1 output pattern test, is =================================================================
FAIL: g++.dg/asan/deep-stack-uaf-1.C -O2 output pattern test, is =================================================================
FAIL: g++.dg/asan/deep-stack-uaf-1.C -O3 -g output pattern test, is =================================================================
FAIL: g++.dg/asan/deep-stack-uaf-1.C -Os output pattern test, is =================================================================
FAIL: c-c++-common/opaque-vector.c -std=c++11 (internal compiler error)
FAIL: c-c++-common/opaque-vector.c -std=c++11 (test for excess errors)
FAIL: c-c++-common/opaque-vector.c -std=c++14 (internal compiler error)
FAIL: c-c++-common/opaque-vector.c -std=c++14 (test for excess errors)
FAIL: c-c++-common/opaque-vector.c -std=c++98 (internal compiler error)
FAIL: c-c++-common/opaque-vector.c -std=c++98 (test for excess errors)
FAIL: g++.dg/abi/scoped1.C -std=gnu++11 execution test
FAIL: g++.dg/abi/scoped1.C -std=gnu++14 execution test
FAIL: g++.dg/cpp0x/nsdmi-template14.C -std=c++11 (test for errors, line 4)
FAIL: g++.dg/cpp0x/nsdmi-template14.C -std=c++11 (test for errors, line 6)
FAIL: g++.dg/cpp0x/nsdmi-template14.C -std=c++14 (test for errors, line 4)
FAIL: g++.dg/cpp0x/nsdmi-template14.C -std=c++14 (test for errors, line 6)
FAIL: g++.dg/init/vbase1.C -std=gnu++11 scan-rtl-dump expand "set [^\\n]*\\n[^\\n]*this[^\\n]*\\n[^\\n]*const_int 0"
FAIL: g++.dg/init/vbase1.C -std=gnu++14 scan-rtl-dump expand "set [^\\n]*\\n[^\\n]*this[^\\n]*\\n[^\\n]*const_int 0"
FAIL: g++.dg/init/vbase1.C -std=gnu++98 scan-rtl-dump expand "set [^\\n]*\\n[^\\n]*this[^\\n]*\\n[^\\n]*const_int 0"
FAIL: g++.dg/tree-ssa/pr61034.C -std=gnu++11 scan-tree-dump-times fre2 "free" 10
FAIL: g++.dg/tree-ssa/pr61034.C -std=gnu++14 scan-tree-dump-times fre2 "free" 10
FAIL: g++.dg/tree-ssa/pr61034.C -std=gnu++98 scan-tree-dump-times fre2 "free" 10
XPASS: g++.dg/tls/thread_local-order2.C -std=c++11 execution test
XPASS: g++.dg/tls/thread_local-order2.C -std=c++14 execution test
FAIL: c-c++-common/torture/vector-compare-1.c -O0 execution test
FAIL: g++.dg/vect/pr36648.cc -std=c++11 scan-tree-dump-times vect "vectorized 1 loops" 1
FAIL: g++.dg/vect/pr36648.cc -std=c++11 scan-tree-dump-times vect "vectorizing stmts using SLP" 1
FAIL: g++.dg/vect/pr36648.cc -std=c++14 scan-tree-dump-times vect "vectorized 1 loops" 1
FAIL: g++.dg/vect/pr36648.cc -std=c++14 scan-tree-dump-times vect "vectorizing stmts using SLP" 1
FAIL: g++.dg/vect/pr36648.cc -std=c++98 scan-tree-dump-times vect "vectorized 1 loops" 1
FAIL: g++.dg/vect/pr36648.cc -std=c++98 scan-tree-dump-times vect "vectorizing stmts using SLP" 1
=== g++ Summary for unix/-m32 ===
# of expected passes 89967
# of unexpected failures 58
# of unexpected successes 2
# of expected failures 326
# of unsupported tests 3880
Running target unix/-m64
FAIL: c-c++-common/asan/asan-interface-1.c -O0 execution test
FAIL: c-c++-common/asan/asan-interface-1.c -O1 execution test
FAIL: c-c++-common/asan/asan-interface-1.c -O2 execution test
FAIL: c-c++-common/asan/asan-interface-1.c -O2 -flto -fno-use-linker-plugin -flto-partition=none execution test
FAIL: c-c++-common/asan/asan-interface-1.c -O2 -flto -fuse-linker-plugin -fno-fat-lto-objects execution test
FAIL: c-c++-common/asan/asan-interface-1.c -O3 -g execution test
FAIL: c-c++-common/asan/asan-interface-1.c -Os execution test
FAIL: c-c++-common/asan/bitfield-1.c -O0 output pattern test, is ==24483==ERROR: AddressSanitizer failed to allocate 0x4000001000 (274877911040) bytes at address 1fffffff000 (errno: 12)
FAIL: c-c++-common/asan/bitfield-1.c -O1 output pattern test, is ==24520==ERROR: AddressSanitizer failed to allocate 0x4000001000 (274877911040) bytes at address 1fffffff000 (errno: 12)
FAIL: c-c++-common/asan/bitfield-1.c -O2 output pattern test, is ==24557==ERROR: AddressSanitizer failed to allocate 0x4000001000 (274877911040) bytes at address 1fffffff000 (errno: 12)
FAIL: c-c++-common/asan/bitfield-1.c -O2 -flto -fno-use-linker-plugin -flto-partition=none output pattern test, is ==24739==ERROR: AddressSanitizer failed to allocate 0x4000001000 (274877911040) bytes at address 1fffffff000 (errno: 12)
FAIL: c-c++-common/asan/bitfield-1.c -O2 -flto -fuse-linker-plugin -fno-fat-lto-objects output pattern test, is ==24805==ERROR: AddressSanitizer failed to allocate 0x4000001000 (274877911040) bytes at address 1fffffff000 (errno: 12)
FAIL: c-c++-common/asan/bitfield-1.c -O3 -g output pattern test, is ==24594==ERROR: AddressSanitizer failed to allocate 0x4000001000 (274877911040) bytes at address 1fffffff000 (errno: 12)
FAIL: c-c++-common/asan/bitfield-1.c -Os output pattern test, is ==24634==ERROR: AddressSanitizer failed to allocate 0x4000001000 (274877911040) bytes at address 1fffffff000 (errno: 12)
FAIL: c-c++-common/asan/bitfield-2.c -O0 output pattern test, is ==24854==ERROR: AddressSanitizer failed to allocate 0x4000001000 (274877911040) bytes at address 1fffffff000 (errno: 12)
FAIL: c-c++-common/asan/bitfield-2.c -O1 output pattern test, is ==24905==ERROR: AddressSanitizer failed to allocate 0x4000001000 (274877911040) bytes at address 1fffffff000 (errno: 12)
FAIL: c-c++-common/asan/bitfield-2.c -O2 output pattern test, is ==24958==ERROR: AddressSanitizer failed to allocate 0x4000001000 (274877911040) bytes at address 1fffffff000 (errno: 12)
FAIL: c-c++-common/asan/bitfield-2.c -O2 -flto -fno-use-linker-plugin -flto-partition=none output pattern test, is ==25108==ERROR: AddressSanitizer failed to allocate 0x4000001000 (274877911040) bytes at address 1fffffff000 (errno: 12)
FAIL: c-c++-common/asan/bitfield-2.c -O2 -flto -fuse-linker-plugin -fno-fat-lto-objects output pattern test, is ==25158==ERROR: AddressSanitizer failed to allocate 0x4000001000 (274877911040) bytes at address 1fffffff000 (errno: 12)
FAIL: c-c++-common/asan/bitfield-2.c -O3 -g output pattern test, is ==25007==ERROR: AddressSanitizer failed to allocate 0x4000001000 (274877911040) bytes at address 1fffffff000 (errno: 12)
FAIL: c-c++-common/asan/bitfield-2.c -Os output pattern test, is ==25039==ERROR: AddressSanitizer failed to allocate 0x4000001000 (274877911040) bytes at address 1fffffff000 (errno: 12)
FAIL: c-c++-common/asan/bitfield-3.c -O0 output pattern test, is ==25196==ERROR: AddressSanitizer failed to allocate 0x4000001000 (274877911040) bytes at address 1fffffff000 (errno: 12)
FAIL: c-c++-common/asan/bitfield-3.c -O1 output pattern test, is ==25229==ERROR: AddressSanitizer failed to allocate 0x4000001000 (274877911040) bytes at address 1fffffff000 (errno: 12)
FAIL: c-c++-common/asan/bitfield-3.c -O2 output pattern test, is ==25264==ERROR: AddressSanitizer failed to allocate 0x4000001000 (274877911040) bytes at address 1fffffff000 (errno: 12)
FAIL: c-c++-common/asan/bitfield-3.c -O2 -flto -fno-use-linker-plugin -flto-partition=none output pattern test, is ==25430==ERROR: AddressSanitizer failed to allocate 0x4000001000 (274877911040) bytes at address 1fffffff000 (errno: 12)
FAIL: c-c++-common/asan/bitfield-3.c -O2 -flto -fuse-linker-plugin -fno-fat-lto-objects output pattern test, is ==25474==ERROR: AddressSanitizer failed to allocate 0x4000001000 (274877911040) bytes at address 1fffffff000 (errno: 12)
FAIL: c-c++-common/asan/bitfield-3.c -O3 -g output pattern test, is ==25310==ERROR: AddressSanitizer failed to allocate 0x4000001000 (274877911040) bytes at address 1fffffff000 (errno: 12)
FAIL: c-c++-common/asan/bitfield-3.c -Os output pattern test, is ==25361==ERROR: AddressSanitizer failed to allocate 0x4000001000 (274877911040) bytes at address 1fffffff000 (errno: 12)
FAIL: c-c++-common/asan/bitfield-4.c -O0 output pattern test, is ==25506==ERROR: AddressSanitizer failed to allocate 0x4000001000 (274877911040) bytes at address 1fffffff000 (errno: 12)
FAIL: c-c++-common/asan/bitfield-4.c -O1 output pattern test, is ==25538==ERROR: AddressSanitizer failed to allocate 0x4000001000 (274877911040) bytes at address 1fffffff000 (errno: 12)
FAIL: c-c++-common/asan/bitfield-4.c -O2 output pattern test, is ==25575==ERROR: AddressSanitizer failed to allocate 0x4000001000 (274877911040) bytes at address 1fffffff000 (errno: 12)
FAIL: c-c++-common/asan/bitfield-4.c -O2 -flto -fno-use-linker-plugin -flto-partition=none output pattern test, is ==25715==ERROR: AddressSanitizer failed to allocate 0x4000001000 (274877911040) bytes at address 1fffffff000 (errno: 12)
FAIL: c-c++-common/asan/bitfield-4.c -O2 -flto -fuse-linker-plugin -fno-fat-lto-objects output pattern test, is ==25761==ERROR: AddressSanitizer failed to allocate 0x4000001000 (274877911040) bytes at address 1fffffff000 (errno: 12)
FAIL: c-c++-common/asan/bitfield-4.c -O3 -g output pattern test, is ==25614==ERROR: AddressSanitizer failed to allocate 0x4000001000 (274877911040) bytes at address 1fffffff000 (errno: 12)
FAIL: c-c++-common/asan/bitfield-4.c -Os output pattern test, is ==25646==ERROR: AddressSanitizer failed to allocate 0x4000001000 (274877911040) bytes at address 1fffffff000 (errno: 12)
FAIL: c-c++-common/asan/bitfield-5.c -O0 output pattern test, is ==25792==ERROR: AddressSanitizer failed to allocate 0x4000001000 (274877911040) bytes at address 1fffffff000 (errno: 12)
FAIL: c-c++-common/asan/bitfield-5.c -O1 output pattern test, is ==25828==ERROR: AddressSanitizer failed to allocate 0x4000001000 (274877911040) bytes at address 1fffffff000 (errno: 12)
FAIL: c-c++-common/asan/bitfield-5.c -O2 output pattern test, is ==25865==ERROR: AddressSanitizer failed to allocate 0x4000001000 (274877911040) bytes at address 1fffffff000 (errno: 12)
FAIL: c-c++-common/asan/bitfield-5.c -O2 -flto -fno-use-linker-plugin -flto-partition=none output pattern test, is ==26056==ERROR: AddressSanitizer failed to allocate 0x4000001000 (274877911040) bytes at address 1fffffff000 (errno: 12)
FAIL: c-c++-common/asan/bitfield-5.c -O2 -flto -fuse-linker-plugin -fno-fat-lto-objects output pattern test, is ==26119==ERROR: AddressSanitizer failed to allocate 0x4000001000 (274877911040) bytes at address 1fffffff000 (errno: 12)
FAIL: c-c++-common/asan/bitfield-5.c -O3 -g output pattern test, is ==25896==ERROR: AddressSanitizer failed to allocate 0x4000001000 (274877911040) bytes at address 1fffffff000 (errno: 12)
FAIL: c-c++-common/asan/bitfield-5.c -Os output pattern test, is ==25952==ERROR: AddressSanitizer failed to allocate 0x4000001000 (274877911040) bytes at address 1fffffff000 (errno: 12)
FAIL: c-c++-common/asan/clone-test-1.c -O0 execution test
FAIL: c-c++-common/asan/clone-test-1.c -O1 execution test
FAIL: c-c++-common/asan/clone-test-1.c -O2 execution test
FAIL: c-c++-common/asan/clone-test-1.c -O2 -flto -fno-use-linker-plugin -flto-partition=none execution test
FAIL: c-c++-common/asan/clone-test-1.c -O2 -flto -fuse-linker-plugin -fno-fat-lto-objects execution test
FAIL: c-c++-common/asan/clone-test-1.c -O3 -fomit-frame-pointer -funroll-loops -fpeel-loops -ftracer -finline-functions execution test
FAIL: c-c++-common/asan/clone-test-1.c -O3 -g execution test
FAIL: c-c++-common/asan/clone-test-1.c -Os execution test
FAIL: c-c++-common/asan/global-overflow-1.c -O0 output pattern test, is ==24099==ERROR: AddressSanitizer failed to allocate 0x4000001000 (274877911040) bytes at address 1fffffff000 (errno: 12)
FAIL: c-c++-common/asan/global-overflow-1.c -O1 output pattern test, is ==24127==ERROR: AddressSanitizer failed to allocate 0x4000001000 (274877911040) bytes at address 1fffffff000 (errno: 12)
FAIL: c-c++-common/asan/global-overflow-1.c -O2 output pattern test, is ==24159==ERROR: AddressSanitizer failed to allocate 0x4000001000 (274877911040) bytes at address 1fffffff000 (errno: 12)
FAIL: c-c++-common/asan/global-overflow-1.c -O2 -flto -fno-use-linker-plugin -flto-partition=none output pattern test, is ==24297==ERROR: AddressSanitizer failed to allocate 0x4000001000 (274877911040) bytes at address 1fffffff000 (errno: 12)
FAIL: c-c++-common/asan/global-overflow-1.c -O2 -flto -fuse-linker-plugin -fno-fat-lto-objects output pattern test, is ==24341==ERROR: AddressSanitizer failed to allocate 0x4000001000 (274877911040) bytes at address 1fffffff000 (errno: 12)
FAIL: c-c++-common/asan/global-overflow-1.c -O3 -g output pattern test, is ==24191==ERROR: AddressSanitizer failed to allocate 0x4000001000 (274877911040) bytes at address 1fffffff000 (errno: 12)
FAIL: c-c++-common/asan/global-overflow-1.c -Os output pattern test, is ==24223==ERROR: AddressSanitizer failed to allocate 0x4000001000 (274877911040) bytes at address 1fffffff000 (errno: 12)
FAIL: c-c++-common/asan/heap-overflow-1.c -O0 output pattern test, is ==24372==ERROR: AddressSanitizer failed to allocate 0x4000001000 (274877911040) bytes at address 1fffffff000 (errno: 12)
FAIL: c-c++-common/asan/heap-overflow-1.c -O1 output pattern test, is ==24407==ERROR: AddressSanitizer failed to allocate 0x4000001000 (274877911040) bytes at address 1fffffff000 (errno: 12)
FAIL: c-c++-common/asan/heap-overflow-1.c -O2 output pattern test, is ==24441==ERROR: AddressSanitizer failed to allocate 0x4000001000 (274877911040) bytes at address 1fffffff000 (errno: 12)
FAIL: c-c++-common/asan/heap-overflow-1.c -O2 -flto -fno-use-linker-plugin -flto-partition=none output pattern test, is ==24568==ERROR: AddressSanitizer failed to allocate 0x4000001000 (274877911040) bytes at address 1fffffff000 (errno: 12)
FAIL: c-c++-common/asan/heap-overflow-1.c -O2 -flto -fuse-linker-plugin -fno-fat-lto-objects output pattern test, is ==24611==ERROR: AddressSanitizer failed to allocate 0x4000001000 (274877911040) bytes at address 1fffffff000 (errno: 12)
FAIL: c-c++-common/asan/heap-overflow-1.c -O3 -g output pattern test, is ==24472==ERROR: AddressSanitizer failed to allocate 0x4000001000 (274877911040) bytes at address 1fffffff000 (errno: 12)
FAIL: c-c++-common/asan/heap-overflow-1.c -Os output pattern test, is ==24504==ERROR: AddressSanitizer failed to allocate 0x4000001000 (274877911040) bytes at address 1fffffff000 (errno: 12)
FAIL: c-c++-common/asan/memcmp-1.c -O0 output pattern test, is ==25020==ERROR: AddressSanitizer failed to allocate 0x4000001000 (274877911040) bytes at address 1fffffff000 (errno: 12)
FAIL: c-c++-common/asan/memcmp-1.c -O1 output pattern test, is ==25050==ERROR: AddressSanitizer failed to allocate 0x4000001000 (274877911040) bytes at address 1fffffff000 (errno: 12)
FAIL: c-c++-common/asan/memcmp-1.c -O2 output pattern test, is ==25086==ERROR: AddressSanitizer failed to allocate 0x4000001000 (274877911040) bytes at address 1fffffff000 (errno: 12)
FAIL: c-c++-common/asan/memcmp-1.c -O2 -flto -fno-use-linker-plugin -flto-partition=none output pattern test, is ==25216==ERROR: AddressSanitizer failed to allocate 0x4000001000 (274877911040) bytes at address 1fffffff000 (errno: 12)
FAIL: c-c++-common/asan/memcmp-1.c -O2 -flto -fuse-linker-plugin -fno-fat-lto-objects output pattern test, is ==25255==ERROR: AddressSanitizer failed to allocate 0x4000001000 (274877911040) bytes at address 1fffffff000 (errno: 12)
FAIL: c-c++-common/asan/memcmp-1.c -O3 -g output pattern test, is ==25114==ERROR: AddressSanitizer failed to allocate 0x4000001000 (274877911040) bytes at address 1fffffff000 (errno: 12)
FAIL: c-c++-common/asan/memcmp-1.c -Os output pattern test, is ==25147==ERROR: AddressSanitizer failed to allocate 0x4000001000 (274877911040) bytes at address 1fffffff000 (errno: 12)
FAIL: c-c++-common/asan/misalign-1.c -O0 output pattern test, is ==25382==ERROR: AddressSanitizer failed to allocate 0x4000001000 (274877911040) bytes at address 1fffffff000 (errno: 12)
FAIL: c-c++-common/asan/misalign-1.c -O1 output pattern test, is ==25419==ERROR: AddressSanitizer failed to allocate 0x4000001000 (274877911040) bytes at address 1fffffff000 (errno: 12)
FAIL: c-c++-common/asan/misalign-1.c -O2 output pattern test, is ==25451==ERROR: AddressSanitizer failed to allocate 0x4000001000 (274877911040) bytes at address 1fffffff000 (errno: 12)
FAIL: c-c++-common/asan/misalign-1.c -O2 -flto -fno-use-linker-plugin -flto-partition=none output pattern test, is ==25583==ERROR: AddressSanitizer failed to allocate 0x4000001000 (274877911040) bytes at address 1fffffff000 (errno: 12)
FAIL: c-c++-common/asan/misalign-1.c -O2 -flto -fuse-linker-plugin -fno-fat-lto-objects output pattern test, is ==25625==ERROR: AddressSanitizer failed to allocate 0x4000001000 (274877911040) bytes at address 1fffffff000 (errno: 12)
FAIL: c-c++-common/asan/misalign-1.c -O3 -g output pattern test, is ==25485==ERROR: AddressSanitizer failed to allocate 0x4000001000 (274877911040) bytes at address 1fffffff000 (errno: 12)
FAIL: c-c++-common/asan/misalign-1.c -Os output pattern test, is ==25516==ERROR: AddressSanitizer failed to allocate 0x4000001000 (274877911040) bytes at address 1fffffff000 (errno: 12)
FAIL: c-c++-common/asan/misalign-2.c -O0 output pattern test, is ==25656==ERROR: AddressSanitizer failed to allocate 0x4000001000 (274877911040) bytes at address 1fffffff000 (errno: 12)
FAIL: c-c++-common/asan/misalign-2.c -O1 output pattern test, is ==25692==ERROR: AddressSanitizer failed to allocate 0x4000001000 (274877911040) bytes at address 1fffffff000 (errno: 12)
FAIL: c-c++-common/asan/misalign-2.c -O2 output pattern test, is ==25723==ERROR: AddressSanitizer failed to allocate 0x4000001000 (274877911040) bytes at address 1fffffff000 (errno: 12)
FAIL: c-c++-common/asan/misalign-2.c -O2 -flto -fno-use-linker-plugin -flto-partition=none output pattern test, is ==25855==ERROR: AddressSanitizer failed to allocate 0x4000001000 (274877911040) bytes at address 1fffffff000 (errno: 12)
FAIL: c-c++-common/asan/misalign-2.c -O2 -flto -fuse-linker-plugin -fno-fat-lto-objects output pattern test, is ==25894==ERROR: AddressSanitizer failed to allocate 0x4000001000 (274877911040) bytes at address 1fffffff000 (errno: 12)
FAIL: c-c++-common/asan/misalign-2.c -O3 -g output pattern test, is ==25754==ERROR: AddressSanitizer failed to allocate 0x4000001000 (274877911040) bytes at address 1fffffff000 (errno: 12)
FAIL: c-c++-common/asan/misalign-2.c -Os output pattern test, is ==25786==ERROR: AddressSanitizer failed to allocate 0x4000001000 (274877911040) bytes at address 1fffffff000 (errno: 12)
FAIL: c-c++-common/asan/null-deref-1.c -O0 output pattern test, is ==26566==ERROR: AddressSanitizer failed to allocate 0x4000001000 (274877911040) bytes at address 1fffffff000 (errno: 12)
FAIL: c-c++-common/asan/null-deref-1.c -O1 output pattern test, is ==26592==ERROR: AddressSanitizer failed to allocate 0x4000001000 (274877911040) bytes at address 1fffffff000 (errno: 12)
FAIL: c-c++-common/asan/null-deref-1.c -O2 output pattern test, is ==26623==ERROR: AddressSanitizer failed to allocate 0x4000001000 (274877911040) bytes at address 1fffffff000 (errno: 12)
FAIL: c-c++-common/asan/null-deref-1.c -O2 -flto -fno-use-linker-plugin -flto-partition=none output pattern test, is ==26765==ERROR: AddressSanitizer failed to allocate 0x4000001000 (274877911040) bytes at address 1fffffff000 (errno: 12)
FAIL: c-c++-common/asan/null-deref-1.c -O2 -flto -fuse-linker-plugin -fno-fat-lto-objects output pattern test, is ==26808==ERROR: AddressSanitizer failed to allocate 0x4000001000 (274877911040) bytes at address 1fffffff000 (errno: 12)
FAIL: c-c++-common/asan/null-deref-1.c -O3 -g output pattern test, is ==26654==ERROR: AddressSanitizer failed to allocate 0x4000001000 (274877911040) bytes at address 1fffffff000 (errno: 12)
FAIL: c-c++-common/asan/null-deref-1.c -Os output pattern test, is ==26693==ERROR: AddressSanitizer failed to allocate 0x4000001000 (274877911040) bytes at address 1fffffff000 (errno: 12)
FAIL: c-c++-common/asan/pr59063-1.c -O0 execution test
FAIL: c-c++-common/asan/pr59063-1.c -O1 execution test
FAIL: c-c++-common/asan/pr59063-1.c -O2 execution test
FAIL: c-c++-common/asan/pr59063-1.c -O2 -flto -fno-use-linker-plugin -flto-partition=none execution test
FAIL: c-c++-common/asan/pr59063-1.c -O2 -flto -fuse-linker-plugin -fno-fat-lto-objects execution test
FAIL: c-c++-common/asan/pr59063-1.c -O3 -g execution test
FAIL: c-c++-common/asan/pr59063-1.c -Os execution test
FAIL: c-c++-common/asan/pr59063-2.c -O0 execution test
FAIL: c-c++-common/asan/pr59063-2.c -O1 execution test
FAIL: c-c++-common/asan/pr59063-2.c -O2 execution test
FAIL: c-c++-common/asan/pr59063-2.c -O2 -flto -fno-use-linker-plugin -flto-partition=none execution test
FAIL: c-c++-common/asan/pr59063-2.c -O2 -flto -fuse-linker-plugin -fno-fat-lto-objects execution test
FAIL: c-c++-common/asan/pr59063-2.c -O3 -g execution test
FAIL: c-c++-common/asan/pr59063-2.c -Os execution test
FAIL: c-c++-common/asan/pr61530.c -O0 output pattern test, is ==27712==ERROR: AddressSanitizer failed to allocate 0x4000001000 (274877911040) bytes at address 1fffffff000 (errno: 12)
FAIL: c-c++-common/asan/pr61530.c -O1 output pattern test, is ==27740==ERROR: AddressSanitizer failed to allocate 0x4000001000 (274877911040) bytes at address 1fffffff000 (errno: 12)
FAIL: c-c++-common/asan/pr61530.c -O2 output pattern test, is ==27772==ERROR: AddressSanitizer failed to allocate 0x4000001000 (274877911040) bytes at address 1fffffff000 (errno: 12)
FAIL: c-c++-common/asan/pr61530.c -O2 -flto -fno-use-linker-plugin -flto-partition=none output pattern test, is ==27910==ERROR: AddressSanitizer failed to allocate 0x4000001000 (274877911040) bytes at address 1fffffff000 (errno: 12)
FAIL: c-c++-common/asan/pr61530.c -O2 -flto -fuse-linker-plugin -fno-fat-lto-objects output pattern test, is ==27955==ERROR: AddressSanitizer failed to allocate 0x4000001000 (274877911040) bytes at address 1fffffff000 (errno: 12)
FAIL: c-c++-common/asan/pr61530.c -O3 -g output pattern test, is ==27804==ERROR: AddressSanitizer failed to allocate 0x4000001000 (274877911040) bytes at address 1fffffff000 (errno: 12)
FAIL: c-c++-common/asan/pr61530.c -Os output pattern test, is ==27836==ERROR: AddressSanitizer failed to allocate 0x4000001000 (274877911040) bytes at address 1fffffff000 (errno: 12)
FAIL: c-c++-common/asan/pr62089.c -O0 output pattern test, is ==27994==ERROR: AddressSanitizer failed to allocate 0x4000001000 (274877911040) bytes at address 1fffffff000 (errno: 12)
FAIL: c-c++-common/asan/pr62089.c -O1 output pattern test, is ==28032==ERROR: AddressSanitizer failed to allocate 0x4000001000 (274877911040) bytes at address 1fffffff000 (errno: 12)
FAIL: c-c++-common/asan/pr62089.c -O2 output pattern test, is ==28060==ERROR: AddressSanitizer failed to allocate 0x4000001000 (274877911040) bytes at address 1fffffff000 (errno: 12)
FAIL: c-c++-common/asan/pr62089.c -O2 -flto -fno-use-linker-plugin -flto-partition=none output pattern test, is ==28194==ERROR: AddressSanitizer failed to allocate 0x4000001000 (274877911040) bytes at address 1fffffff000 (errno: 12)
FAIL: c-c++-common/asan/pr62089.c -O2 -flto -fuse-linker-plugin -fno-fat-lto-objects output pattern test, is ==28233==ERROR: AddressSanitizer failed to allocate 0x4000001000 (274877911040) bytes at address 1fffffff000 (errno: 12)
FAIL: c-c++-common/asan/pr62089.c -O3 -g output pattern test, is ==28098==ERROR: AddressSanitizer failed to allocate 0x4000001000 (274877911040) bytes at address 1fffffff000 (errno: 12)
FAIL: c-c++-common/asan/pr62089.c -Os output pattern test, is ==28127==ERROR: AddressSanitizer failed to allocate 0x4000001000 (274877911040) bytes at address 1fffffff000 (errno: 12)
FAIL: c-c++-common/asan/pr63316.c -O0 execution test
FAIL: c-c++-common/asan/pr63316.c -O1 execution test
FAIL: c-c++-common/asan/pr63316.c -O2 execution test
FAIL: c-c++-common/asan/pr63316.c -O2 -flto -fno-use-linker-plugin -flto-partition=none execution test
FAIL: c-c++-common/asan/pr63316.c -O2 -flto -fuse-linker-plugin -fno-fat-lto-objects execution test
FAIL: c-c++-common/asan/pr63316.c -O3 -g execution test
FAIL: c-c++-common/asan/pr63316.c -Os execution test
FAIL: c-c++-common/asan/pr63888.c -O0 execution test
FAIL: c-c++-common/asan/pr63888.c -O1 execution test
FAIL: c-c++-common/asan/pr63888.c -O2 execution test
FAIL: c-c++-common/asan/pr63888.c -O2 -flto -fno-use-linker-plugin -flto-partition=none execution test
FAIL: c-c++-common/asan/pr63888.c -O2 -flto -fuse-linker-plugin -fno-fat-lto-objects execution test
FAIL: c-c++-common/asan/pr63888.c -O3 -g execution test
FAIL: c-c++-common/asan/pr63888.c -Os execution test
FAIL: c-c++-common/asan/rlimit-mmap-test-1.c -O0 output pattern test, is ==27587==ERROR: AddressSanitizer failed to allocate 0x4000001000 (274877911040) bytes at address 1fffffff000 (errno: 12)
FAIL: c-c++-common/asan/sanity-check-pure-c-1.c -O0 output pattern test, is ==27676==ERROR: AddressSanitizer failed to allocate 0x4000001000 (274877911040) bytes at address 1fffffff000 (errno: 12)
FAIL: c-c++-common/asan/sanity-check-pure-c-1.c -O1 output pattern test, is ==27708==ERROR: AddressSanitizer failed to allocate 0x4000001000 (274877911040) bytes at address 1fffffff000 (errno: 12)
FAIL: c-c++-common/asan/sanity-check-pure-c-1.c -O2 output pattern test, is ==27746==ERROR: AddressSanitizer failed to allocate 0x4000001000 (274877911040) bytes at address 1fffffff000 (errno: 12)
FAIL: c-c++-common/asan/sanity-check-pure-c-1.c -O2 -flto -fno-use-linker-plugin -flto-partition=none output pattern test, is ==27890==ERROR: AddressSanitizer failed to allocate 0x4000001000 (274877911040) bytes at address 1fffffff000 (errno: 12)
FAIL: c-c++-common/asan/sanity-check-pure-c-1.c -O2 -flto -fuse-linker-plugin -fno-fat-lto-objects output pattern test, is ==27938==ERROR: AddressSanitizer failed to allocate 0x4000001000 (274877911040) bytes at address 1fffffff000 (errno: 12)
FAIL: c-c++-common/asan/sanity-check-pure-c-1.c -O3 -g output pattern test, is ==27783==ERROR: AddressSanitizer failed to allocate 0x4000001000 (274877911040) bytes at address 1fffffff000 (errno: 12)
FAIL: c-c++-common/asan/sanity-check-pure-c-1.c -Os output pattern test, is ==27815==ERROR: AddressSanitizer failed to allocate 0x4000001000 (274877911040) bytes at address 1fffffff000 (errno: 12)
FAIL: c-c++-common/asan/sleep-before-dying-1.c -O2 output pattern test, is ==28049==ERROR: AddressSanitizer failed to allocate 0x4000001000 (274877911040) bytes at address 1fffffff000 (errno: 12)
FAIL: c-c++-common/asan/sleep-before-dying-1.c -O2 -flto -fno-use-linker-plugin -flto-partition=none output pattern test, is ==28118==ERROR: AddressSanitizer failed to allocate 0x4000001000 (274877911040) bytes at address 1fffffff000 (errno: 12)
FAIL: c-c++-common/asan/sleep-before-dying-1.c -O2 -flto -fuse-linker-plugin -fno-fat-lto-objects output pattern test, is ==28169==ERROR: AddressSanitizer failed to allocate 0x4000001000 (274877911040) bytes at address 1fffffff000 (errno: 12)
FAIL: c-c++-common/asan/stack-overflow-1.c -O0 output pattern test, is ==28205==ERROR: AddressSanitizer failed to allocate 0x4000001000 (274877911040) bytes at address 1fffffff000 (errno: 12)
FAIL: c-c++-common/asan/stack-overflow-1.c -O1 output pattern test, is ==28237==ERROR: AddressSanitizer failed to allocate 0x4000001000 (274877911040) bytes at address 1fffffff000 (errno: 12)
FAIL: c-c++-common/asan/stack-overflow-1.c -O2 output pattern test, is ==28290==ERROR: AddressSanitizer failed to allocate 0x4000001000 (274877911040) bytes at address 1fffffff000 (errno: 12)
FAIL: c-c++-common/asan/stack-overflow-1.c -O2 -flto -fno-use-linker-plugin -flto-partition=none output pattern test, is ==28474==ERROR: AddressSanitizer failed to allocate 0x4000001000 (274877911040) bytes at address 1fffffff000 (errno: 12)
FAIL: c-c++-common/asan/stack-overflow-1.c -O2 -flto -fuse-linker-plugin -fno-fat-lto-objects output pattern test, is ==28511==ERROR: AddressSanitizer failed to allocate 0x4000001000 (274877911040) bytes at address 1fffffff000 (errno: 12)
FAIL: c-c++-common/asan/stack-overflow-1.c -O3 -g output pattern test, is ==28344==ERROR: AddressSanitizer failed to allocate 0x4000001000 (274877911040) bytes at address 1fffffff000 (errno: 12)
FAIL: c-c++-common/asan/stack-overflow-1.c -Os output pattern test, is ==28397==ERROR: AddressSanitizer failed to allocate 0x4000001000 (274877911040) bytes at address 1fffffff000 (errno: 12)
FAIL: c-c++-common/asan/strip-path-prefix-1.c -O2 output pattern test, is ==28527==ERROR: AddressSanitizer failed to allocate 0x4000001000 (274877911040) bytes at address 1fffffff000 (errno: 12)
FAIL: c-c++-common/asan/strip-path-prefix-1.c -O2 -flto -fno-use-linker-plugin -flto-partition=none output pattern test, is ==28580==ERROR: AddressSanitizer failed to allocate 0x4000001000 (274877911040) bytes at address 1fffffff000 (errno: 12)
FAIL: c-c++-common/asan/strip-path-prefix-1.c -O2 -flto -fuse-linker-plugin -fno-fat-lto-objects output pattern test, is ==28608==ERROR: AddressSanitizer failed to allocate 0x4000001000 (274877911040) bytes at address 1fffffff000 (errno: 12)
FAIL: c-c++-common/asan/strlen-overflow-1.c -O0 output pattern test, is ==28635==ERROR: AddressSanitizer failed to allocate 0x4000001000 (274877911040) bytes at address 1fffffff000 (errno: 12)
FAIL: c-c++-common/asan/strlen-overflow-1.c -O1 output pattern test, is ==28651==ERROR: AddressSanitizer failed to allocate 0x4000001000 (274877911040) bytes at address 1fffffff000 (errno: 12)
FAIL: c-c++-common/asan/strlen-overflow-1.c -O2 output pattern test, is ==28672==ERROR: AddressSanitizer failed to allocate 0x4000001000 (274877911040) bytes at address 1fffffff000 (errno: 12)
FAIL: c-c++-common/asan/strlen-overflow-1.c -O3 -g output pattern test, is ==28699==ERROR: AddressSanitizer failed to allocate 0x4000001000 (274877911040) bytes at address 1fffffff000 (errno: 12)
FAIL: c-c++-common/asan/strlen-overflow-1.c -Os output pattern test, is ==28715==ERROR: AddressSanitizer failed to allocate 0x4000001000 (274877911040) bytes at address 1fffffff000 (errno: 12)
FAIL: c-c++-common/asan/strncpy-overflow-1.c -O0 output pattern test, is ==28736==ERROR: AddressSanitizer failed to allocate 0x4000001000 (274877911040) bytes at address 1fffffff000 (errno: 12)
FAIL: c-c++-common/asan/strncpy-overflow-1.c -O1 output pattern test, is ==28774==ERROR: AddressSanitizer failed to allocate 0x4000001000 (274877911040) bytes at address 1fffffff000 (errno: 12)
FAIL: c-c++-common/asan/strncpy-overflow-1.c -O2 output pattern test, is ==28811==ERROR: AddressSanitizer failed to allocate 0x4000001000 (274877911040) bytes at address 1fffffff000 (errno: 12)
FAIL: c-c++-common/asan/strncpy-overflow-1.c -O2 -flto -fno-use-linker-plugin -flto-partition=none output pattern test, is ==28954==ERROR: AddressSanitizer failed to allocate 0x4000001000 (274877911040) bytes at address 1fffffff000 (errno: 12)
FAIL: c-c++-common/asan/strncpy-overflow-1.c -O2 -flto -fuse-linker-plugin -fno-fat-lto-objects output pattern test, is ==29000==ERROR: AddressSanitizer failed to allocate 0x4000001000 (274877911040) bytes at address 1fffffff000 (errno: 12)
FAIL: c-c++-common/asan/strncpy-overflow-1.c -O3 -g output pattern test, is ==28848==ERROR: AddressSanitizer failed to allocate 0x4000001000 (274877911040) bytes at address 1fffffff000 (errno: 12)
FAIL: c-c++-common/asan/strncpy-overflow-1.c -Os output pattern test, is ==28880==ERROR: AddressSanitizer failed to allocate 0x4000001000 (274877911040) bytes at address 1fffffff000 (errno: 12)
FAIL: c-c++-common/asan/swapcontext-test-1.c -O0 execution test
FAIL: c-c++-common/asan/swapcontext-test-1.c -O1 execution test
FAIL: c-c++-common/asan/swapcontext-test-1.c -O2 execution test
FAIL: c-c++-common/asan/swapcontext-test-1.c -O2 -flto -fno-use-linker-plugin -flto-partition=none execution test
FAIL: c-c++-common/asan/swapcontext-test-1.c -O2 -flto -fuse-linker-plugin -fno-fat-lto-objects execution test
FAIL: c-c++-common/asan/swapcontext-test-1.c -O3 -fomit-frame-pointer -funroll-loops -fpeel-loops -ftracer -finline-functions execution test
FAIL: c-c++-common/asan/swapcontext-test-1.c -O3 -g execution test
FAIL: c-c++-common/asan/swapcontext-test-1.c -Os execution test
FAIL: c-c++-common/asan/use-after-free-1.c -O0 output pattern test, is ==29413==ERROR: AddressSanitizer failed to allocate 0x4000001000 (274877911040) bytes at address 1fffffff000 (errno: 12)
FAIL: c-c++-common/asan/use-after-free-1.c -O1 output pattern test, is ==29453==ERROR: AddressSanitizer failed to allocate 0x4000001000 (274877911040) bytes at address 1fffffff000 (errno: 12)
FAIL: c-c++-common/asan/use-after-free-1.c -O2 output pattern test, is ==29493==ERROR: AddressSanitizer failed to allocate 0x4000001000 (274877911040) bytes at address 1fffffff000 (errno: 12)
FAIL: c-c++-common/asan/use-after-free-1.c -O2 -flto -fno-use-linker-plugin -flto-partition=none output pattern test, is ==29635==ERROR: AddressSanitizer failed to allocate 0x4000001000 (274877911040) bytes at address 1fffffff000 (errno: 12)
FAIL: c-c++-common/asan/use-after-free-1.c -O2 -flto -fuse-linker-plugin -fno-fat-lto-objects output pattern test, is ==29677==ERROR: AddressSanitizer failed to allocate 0x4000001000 (274877911040) bytes at address 1fffffff000 (errno: 12)
FAIL: c-c++-common/asan/use-after-free-1.c -O3 -g output pattern test, is ==29531==ERROR: AddressSanitizer failed to allocate 0x4000001000 (274877911040) bytes at address 1fffffff000 (errno: 12)
FAIL: c-c++-common/asan/use-after-free-1.c -Os output pattern test, is ==29564==ERROR: AddressSanitizer failed to allocate 0x4000001000 (274877911040) bytes at address 1fffffff000 (errno: 12)
FAIL: c-c++-common/asan/use-after-return-1.c -O0 output pattern test, is ==29709==ERROR: AddressSanitizer failed to allocate 0x4000001000 (274877911040) bytes at address 1fffffff000 (errno: 12)
FAIL: c-c++-common/asan/use-after-return-1.c -O1 output pattern test, is ==29749==ERROR: AddressSanitizer failed to allocate 0x4000001000 (274877911040) bytes at address 1fffffff000 (errno: 12)
FAIL: c-c++-common/asan/use-after-return-1.c -O2 output pattern test, is ==29785==ERROR: AddressSanitizer failed to allocate 0x4000001000 (274877911040) bytes at address 1fffffff000 (errno: 12)
FAIL: c-c++-common/asan/use-after-return-1.c -O2 -flto -fno-use-linker-plugin -flto-partition=none output pattern test, is ==29934==ERROR: AddressSanitizer failed to allocate 0x4000001000 (274877911040) bytes at address 1fffffff000 (errno: 12)
FAIL: c-c++-common/asan/use-after-return-1.c -O2 -flto -fuse-linker-plugin -fno-fat-lto-objects output pattern test, is ==29984==ERROR: AddressSanitizer failed to allocate 0x4000001000 (274877911040) bytes at address 1fffffff000 (errno: 12)
FAIL: c-c++-common/asan/use-after-return-1.c -O3 -g output pattern test, is ==29828==ERROR: AddressSanitizer failed to allocate 0x4000001000 (274877911040) bytes at address 1fffffff000 (errno: 12)
FAIL: c-c++-common/asan/use-after-return-1.c -Os output pattern test, is ==29862==ERROR: AddressSanitizer failed to allocate 0x4000001000 (274877911040) bytes at address 1fffffff000 (errno: 12)
FAIL: g++.dg/asan/deep-stack-uaf-1.C -O0 output pattern test, is ==28493==ERROR: AddressSanitizer failed to allocate 0x4000001000 (274877911040) bytes at address 1fffffff000 (errno: 12)
FAIL: g++.dg/asan/deep-stack-uaf-1.C -O1 output pattern test, is ==28548==ERROR: AddressSanitizer failed to allocate 0x4000001000 (274877911040) bytes at address 1fffffff000 (errno: 12)
FAIL: g++.dg/asan/deep-stack-uaf-1.C -O2 output pattern test, is ==28624==ERROR: AddressSanitizer failed to allocate 0x4000001000 (274877911040) bytes at address 1fffffff000 (errno: 12)
FAIL: g++.dg/asan/deep-stack-uaf-1.C -O3 -g output pattern test, is ==28684==ERROR: AddressSanitizer failed to allocate 0x4000001000 (274877911040) bytes at address 1fffffff000 (errno: 12)
FAIL: g++.dg/asan/deep-stack-uaf-1.C -Os output pattern test, is ==28740==ERROR: AddressSanitizer failed to allocate 0x4000001000 (274877911040) bytes at address 1fffffff000 (errno: 12)
FAIL: g++.dg/asan/deep-tail-call-1.C -O0 output pattern test, is ==28768==ERROR: AddressSanitizer failed to allocate 0x4000001000 (274877911040) bytes at address 1fffffff000 (errno: 12)
FAIL: g++.dg/asan/deep-tail-call-1.C -O1 output pattern test, is ==28800==ERROR: AddressSanitizer failed to allocate 0x4000001000 (274877911040) bytes at address 1fffffff000 (errno: 12)
FAIL: g++.dg/asan/deep-tail-call-1.C -O2 output pattern test, is ==28832==ERROR: AddressSanitizer failed to allocate 0x4000001000 (274877911040) bytes at address 1fffffff000 (errno: 12)
FAIL: g++.dg/asan/deep-tail-call-1.C -O2 -flto -fno-use-linker-plugin -flto-partition=none output pattern test, is ==28963==ERROR: AddressSanitizer failed to allocate 0x4000001000 (274877911040) bytes at address 1fffffff000 (errno: 12)
FAIL: g++.dg/asan/deep-tail-call-1.C -O2 -flto -fuse-linker-plugin -fno-fat-lto-objects output pattern test, is ==29003==ERROR: AddressSanitizer failed to allocate 0x4000001000 (274877911040) bytes at address 1fffffff000 (errno: 12)
FAIL: g++.dg/asan/deep-tail-call-1.C -O3 -g output pattern test, is ==28861==ERROR: AddressSanitizer failed to allocate 0x4000001000 (274877911040) bytes at address 1fffffff000 (errno: 12)
FAIL: g++.dg/asan/deep-tail-call-1.C -Os output pattern test, is ==28891==ERROR: AddressSanitizer failed to allocate 0x4000001000 (274877911040) bytes at address 1fffffff000 (errno: 12)
FAIL: g++.dg/asan/deep-thread-stack-1.C -O0 output pattern test, is ==29048==ERROR: AddressSanitizer failed to allocate 0x4000001000 (274877911040) bytes at address 1fffffff000 (errno: 12)
FAIL: g++.dg/asan/deep-thread-stack-1.C -O1 output pattern test, is ==29078==ERROR: AddressSanitizer failed to allocate 0x4000001000 (274877911040) bytes at address 1fffffff000 (errno: 12)
FAIL: g++.dg/asan/deep-thread-stack-1.C -O2 output pattern test, is ==29105==ERROR: AddressSanitizer failed to allocate 0x4000001000 (274877911040) bytes at address 1fffffff000 (errno: 12)
FAIL: g++.dg/asan/deep-thread-stack-1.C -O2 -flto -fno-use-linker-plugin -flto-partition=none output pattern test, is ==29229==ERROR: AddressSanitizer failed to allocate 0x4000001000 (274877911040) bytes at address 1fffffff000 (errno: 12)
FAIL: g++.dg/asan/deep-thread-stack-1.C -O2 -flto -fuse-linker-plugin -fno-fat-lto-objects output pattern test, is ==29270==ERROR: AddressSanitizer failed to allocate 0x4000001000 (274877911040) bytes at address 1fffffff000 (errno: 12)
FAIL: g++.dg/asan/deep-thread-stack-1.C -O3 -g output pattern test, is ==29133==ERROR: AddressSanitizer failed to allocate 0x4000001000 (274877911040) bytes at address 1fffffff000 (errno: 12)
FAIL: g++.dg/asan/deep-thread-stack-1.C -Os output pattern test, is ==29165==ERROR: AddressSanitizer failed to allocate 0x4000001000 (274877911040) bytes at address 1fffffff000 (errno: 12)
FAIL: g++.dg/asan/default-options-1.C -O0 execution test
FAIL: g++.dg/asan/default-options-1.C -O1 execution test
FAIL: g++.dg/asan/default-options-1.C -O2 execution test
FAIL: g++.dg/asan/default-options-1.C -O2 -flto -fno-use-linker-plugin -flto-partition=none execution test
FAIL: g++.dg/asan/default-options-1.C -O2 -flto -fuse-linker-plugin -fno-fat-lto-objects execution test
FAIL: g++.dg/asan/default-options-1.C -O3 -g execution test
FAIL: g++.dg/asan/default-options-1.C -Os execution test
FAIL: g++.dg/asan/interception-failure-test-1.C -O0 execution test
FAIL: g++.dg/asan/interception-failure-test-1.C -O1 execution test
FAIL: g++.dg/asan/interception-failure-test-1.C -O2 execution test
FAIL: g++.dg/asan/interception-failure-test-1.C -O2 -flto -fno-use-linker-plugin -flto-partition=none execution test
FAIL: g++.dg/asan/interception-failure-test-1.C -O2 -flto -fuse-linker-plugin -fno-fat-lto-objects execution test
FAIL: g++.dg/asan/interception-failure-test-1.C -O3 -g execution test
FAIL: g++.dg/asan/interception-failure-test-1.C -Os execution test
FAIL: g++.dg/asan/interception-malloc-test-1.C -O0 output pattern test, is ==29817==ERROR: AddressSanitizer failed to allocate 0x4000001000 (274877911040) bytes at address 1fffffff000 (errno: 12)
FAIL: g++.dg/asan/interception-malloc-test-1.C -O1 output pattern test, is ==29849==ERROR: AddressSanitizer failed to allocate 0x4000001000 (274877911040) bytes at address 1fffffff000 (errno: 12)
FAIL: g++.dg/asan/interception-malloc-test-1.C -O2 output pattern test, is ==29876==ERROR: AddressSanitizer failed to allocate 0x4000001000 (274877911040) bytes at address 1fffffff000 (errno: 12)
FAIL: g++.dg/asan/interception-malloc-test-1.C -O2 -flto -fno-use-linker-plugin -flto-partition=none output pattern test, is ==30018==ERROR: AddressSanitizer failed to allocate 0x4000001000 (274877911040) bytes at address 1fffffff000 (errno: 12)
FAIL: g++.dg/asan/interception-malloc-test-1.C -O2 -flto -fuse-linker-plugin -fno-fat-lto-objects output pattern test, is ==30073==ERROR: AddressSanitizer failed to allocate 0x4000001000 (274877911040) bytes at address 1fffffff000 (errno: 12)
FAIL: g++.dg/asan/interception-malloc-test-1.C -O3 -g output pattern test, is ==29914==ERROR: AddressSanitizer failed to allocate 0x4000001000 (274877911040) bytes at address 1fffffff000 (errno: 12)
FAIL: g++.dg/asan/interception-malloc-test-1.C -Os output pattern test, is ==29945==ERROR: AddressSanitizer failed to allocate 0x4000001000 (274877911040) bytes at address 1fffffff000 (errno: 12)
FAIL: g++.dg/asan/interception-test-1.C -O0 output pattern test, is ==30114==ERROR: AddressSanitizer failed to allocate 0x4000001000 (274877911040) bytes at address 1fffffff000 (errno: 12)
FAIL: g++.dg/asan/interception-test-1.C -O1 output pattern test, is ==30155==ERROR: AddressSanitizer failed to allocate 0x4000001000 (274877911040) bytes at address 1fffffff000 (errno: 12)
FAIL: g++.dg/asan/interception-test-1.C -O2 output pattern test, is ==30184==ERROR: AddressSanitizer failed to allocate 0x4000001000 (274877911040) bytes at address 1fffffff000 (errno: 12)
FAIL: g++.dg/asan/interception-test-1.C -O2 -flto -fno-use-linker-plugin -flto-partition=none output pattern test, is ==30314==ERROR: AddressSanitizer failed to allocate 0x4000001000 (274877911040) bytes at address 1fffffff000 (errno: 12)
FAIL: g++.dg/asan/interception-test-1.C -O2 -flto -fuse-linker-plugin -fno-fat-lto-objects output pattern test, is ==30364==ERROR: AddressSanitizer failed to allocate 0x4000001000 (274877911040) bytes at address 1fffffff000 (errno: 12)
FAIL: g++.dg/asan/interception-test-1.C -O3 -g output pattern test, is ==30216==ERROR: AddressSanitizer failed to allocate 0x4000001000 (274877911040) bytes at address 1fffffff000 (errno: 12)
FAIL: g++.dg/asan/interception-test-1.C -Os output pattern test, is ==30246==ERROR: AddressSanitizer failed to allocate 0x4000001000 (274877911040) bytes at address 1fffffff000 (errno: 12)
FAIL: g++.dg/asan/large-func-test-1.C -O0 output pattern test, is ==30396==ERROR: AddressSanitizer failed to allocate 0x4000001000 (274877911040) bytes at address 1fffffff000 (errno: 12)
FAIL: g++.dg/asan/large-func-test-1.C -O1 output pattern test, is ==30430==ERROR: AddressSanitizer failed to allocate 0x4000001000 (274877911040) bytes at address 1fffffff000 (errno: 12)
FAIL: g++.dg/asan/large-func-test-1.C -O2 output pattern test, is ==30462==ERROR: AddressSanitizer failed to allocate 0x4000001000 (274877911040) bytes at address 1fffffff000 (errno: 12)
FAIL: g++.dg/asan/large-func-test-1.C -O2 -flto -fno-use-linker-plugin -flto-partition=none output pattern test, is ==30595==ERROR: AddressSanitizer failed to allocate 0x4000001000 (274877911040) bytes at address 1fffffff000 (errno: 12)
FAIL: g++.dg/asan/large-func-test-1.C -O2 -flto -fuse-linker-plugin -fno-fat-lto-objects output pattern test, is ==30644==ERROR: AddressSanitizer failed to allocate 0x4000001000 (274877911040) bytes at address 1fffffff000 (errno: 12)
FAIL: g++.dg/asan/large-func-test-1.C -O3 -g output pattern test, is ==30499==ERROR: AddressSanitizer failed to allocate 0x4000001000 (274877911040) bytes at address 1fffffff000 (errno: 12)
FAIL: g++.dg/asan/large-func-test-1.C -Os output pattern test, is ==30531==ERROR: AddressSanitizer failed to allocate 0x4000001000 (274877911040) bytes at address 1fffffff000 (errno: 12)
FAIL: g++.dg/asan/pr55617.C -O0 execution test
FAIL: g++.dg/asan/pr55617.C -O1 execution test
FAIL: g++.dg/asan/pr55617.C -O2 execution test
FAIL: g++.dg/asan/pr55617.C -O2 -flto -fno-use-linker-plugin -flto-partition=none execution test
FAIL: g++.dg/asan/pr55617.C -O2 -flto -fuse-linker-plugin -fno-fat-lto-objects execution test
FAIL: g++.dg/asan/pr55617.C -O3 -g execution test
FAIL: g++.dg/asan/pr55617.C -Os execution test
FAIL: g++.dg/asan/pr62017.C -O0 execution test
FAIL: g++.dg/asan/pr62017.C -O1 execution test
FAIL: g++.dg/asan/pr62017.C -O2 execution test
FAIL: g++.dg/asan/pr62017.C -O2 -flto -fno-use-linker-plugin -flto-partition=none execution test
FAIL: g++.dg/asan/pr62017.C -O2 -flto -fuse-linker-plugin -fno-fat-lto-objects execution test
FAIL: g++.dg/asan/pr62017.C -O3 -g execution test
FAIL: g++.dg/asan/pr62017.C -Os execution test
FAIL: g++.dg/cpp0x/nsdmi-template14.C -std=c++11 (test for errors, line 4)
FAIL: g++.dg/cpp0x/nsdmi-template14.C -std=c++11 (test for errors, line 6)
FAIL: g++.dg/cpp0x/nsdmi-template14.C -std=c++14 (test for errors, line 4)
FAIL: g++.dg/cpp0x/nsdmi-template14.C -std=c++14 (test for errors, line 6)
FAIL: g++.dg/init/vbase1.C -std=gnu++11 scan-rtl-dump expand "set [^\\n]*\\n[^\\n]*this[^\\n]*\\n[^\\n]*const_int 0"
FAIL: g++.dg/init/vbase1.C -std=gnu++14 scan-rtl-dump expand "set [^\\n]*\\n[^\\n]*this[^\\n]*\\n[^\\n]*const_int 0"
FAIL: g++.dg/init/vbase1.C -std=gnu++98 scan-rtl-dump expand "set [^\\n]*\\n[^\\n]*this[^\\n]*\\n[^\\n]*const_int 0"
FAIL: g++.dg/tree-ssa/pr61034.C -std=gnu++11 scan-tree-dump-times fre2 "free" 10
FAIL: g++.dg/tree-ssa/pr61034.C -std=gnu++14 scan-tree-dump-times fre2 "free" 10
FAIL: g++.dg/tree-ssa/pr61034.C -std=gnu++98 scan-tree-dump-times fre2 "free" 10
XPASS: g++.dg/tls/thread_local-order2.C -std=c++11 execution test
XPASS: g++.dg/tls/thread_local-order2.C -std=c++14 execution test
FAIL: c-c++-common/torture/vector-compare-1.c -O0 execution test
FAIL: g++.dg/vect/pr36648.cc -std=c++11 scan-tree-dump-times vect "vectorized 1 loops" 1
FAIL: g++.dg/vect/pr36648.cc -std=c++11 scan-tree-dump-times vect "vectorizing stmts using SLP" 1
FAIL: g++.dg/vect/pr36648.cc -std=c++14 scan-tree-dump-times vect "vectorized 1 loops" 1
FAIL: g++.dg/vect/pr36648.cc -std=c++14 scan-tree-dump-times vect "vectorizing stmts using SLP" 1
FAIL: g++.dg/vect/pr36648.cc -std=c++98 scan-tree-dump-times vect "vectorized 1 loops" 1
FAIL: g++.dg/vect/pr36648.cc -std=c++98 scan-tree-dump-times vect "vectorizing stmts using SLP" 1
=== g++ Summary for unix/-m64 ===
# of expected passes 91844
# of unexpected failures 274
# of unexpected successes 2
# of expected failures 326
# of unsupported tests 3768
=== g++ Summary ===
# of expected passes 181811
# of unexpected failures 332
# of unexpected successes 4
# of expected failures 652
# of unsupported tests 7648
/daten/gcc/gcc-20151102/Build/gcc/testsuite/g++/../../xg++ version 6.0.0 20151102 (experimental) [trunk revision 229676] (GCC)
=== gcc tests ===
Running target unix/-m32
FAIL: c-c++-common/asan/heap-overflow-1.c -O1 output pattern test, is =================================================================
FAIL: c-c++-common/asan/heap-overflow-1.c -O2 output pattern test, is =================================================================
FAIL: c-c++-common/asan/heap-overflow-1.c -O2 -flto -fno-use-linker-plugin -flto-partition=none output pattern test, is =================================================================
FAIL: c-c++-common/asan/heap-overflow-1.c -O2 -flto -fuse-linker-plugin -fno-fat-lto-objects output pattern test, is =================================================================
FAIL: c-c++-common/asan/heap-overflow-1.c -O3 -g output pattern test, is =================================================================
FAIL: c-c++-common/asan/heap-overflow-1.c -Os output pattern test, is =================================================================
FAIL: c-c++-common/asan/misalign-1.c -O0 output pattern test, is =================================================================
FAIL: c-c++-common/asan/misalign-1.c -O1 output pattern test, is =================================================================
FAIL: c-c++-common/asan/misalign-1.c -O2 output pattern test, is =================================================================
FAIL: c-c++-common/asan/misalign-1.c -O2 -flto -fno-use-linker-plugin -flto-partition=none output pattern test, is =================================================================
FAIL: c-c++-common/asan/misalign-1.c -O2 -flto -fuse-linker-plugin -fno-fat-lto-objects output pattern test, is =================================================================
FAIL: c-c++-common/asan/misalign-1.c -O3 -g output pattern test, is =================================================================
FAIL: c-c++-common/asan/misalign-1.c -Os output pattern test, is =================================================================
FAIL: c-c++-common/asan/misalign-2.c -O0 output pattern test, is =================================================================
FAIL: c-c++-common/asan/misalign-2.c -O1 output pattern test, is =================================================================
FAIL: c-c++-common/asan/misalign-2.c -O2 output pattern test, is =================================================================
FAIL: c-c++-common/asan/misalign-2.c -O2 -flto -fno-use-linker-plugin -flto-partition=none output pattern test, is =================================================================
FAIL: c-c++-common/asan/misalign-2.c -O2 -flto -fuse-linker-plugin -fno-fat-lto-objects output pattern test, is =================================================================
FAIL: c-c++-common/asan/misalign-2.c -O3 -g output pattern test, is =================================================================
FAIL: c-c++-common/asan/misalign-2.c -Os output pattern test, is =================================================================
FAIL: c-c++-common/asan/null-deref-1.c -O0 output pattern test, is ASAN:DEADLYSIGNAL
FAIL: c-c++-common/asan/null-deref-1.c -O1 output pattern test, is ASAN:DEADLYSIGNAL
FAIL: c-c++-common/asan/null-deref-1.c -O2 output pattern test, is ASAN:DEADLYSIGNAL
FAIL: c-c++-common/asan/null-deref-1.c -O2 -flto -fno-use-linker-plugin -flto-partition=none output pattern test, is ASAN:DEADLYSIGNAL
FAIL: c-c++-common/asan/null-deref-1.c -O2 -flto -fuse-linker-plugin -fno-fat-lto-objects output pattern test, is ASAN:DEADLYSIGNAL
FAIL: c-c++-common/asan/null-deref-1.c -O3 -g output pattern test, is ASAN:DEADLYSIGNAL
FAIL: c-c++-common/asan/null-deref-1.c -Os output pattern test, is ASAN:DEADLYSIGNAL
FAIL: c-c++-common/asan/sanity-check-pure-c-1.c -O1 output pattern test, is =================================================================
FAIL: c-c++-common/asan/sanity-check-pure-c-1.c -O2 output pattern test, is =================================================================
FAIL: c-c++-common/asan/sanity-check-pure-c-1.c -O2 -flto -fno-use-linker-plugin -flto-partition=none output pattern test, is =================================================================
FAIL: c-c++-common/asan/sanity-check-pure-c-1.c -O2 -flto -fuse-linker-plugin -fno-fat-lto-objects output pattern test, is =================================================================
FAIL: c-c++-common/asan/sanity-check-pure-c-1.c -O3 -g output pattern test, is =================================================================
FAIL: c-c++-common/asan/sanity-check-pure-c-1.c -Os output pattern test, is =================================================================
FAIL: c-c++-common/asan/strncpy-overflow-1.c -O1 output pattern test, is =================================================================
FAIL: c-c++-common/asan/strncpy-overflow-1.c -O2 output pattern test, is =================================================================
FAIL: c-c++-common/asan/strncpy-overflow-1.c -O2 -flto -fno-use-linker-plugin -flto-partition=none output pattern test, is =================================================================
FAIL: c-c++-common/asan/strncpy-overflow-1.c -O2 -flto -fuse-linker-plugin -fno-fat-lto-objects output pattern test, is =================================================================
FAIL: c-c++-common/asan/strncpy-overflow-1.c -O3 -g output pattern test, is =================================================================
FAIL: c-c++-common/asan/strncpy-overflow-1.c -Os output pattern test, is =================================================================
FAIL: c-c++-common/asan/use-after-free-1.c -O1 output pattern test, is =================================================================
FAIL: c-c++-common/asan/use-after-free-1.c -O2 output pattern test, is =================================================================
FAIL: c-c++-common/asan/use-after-free-1.c -O2 -flto -fno-use-linker-plugin -flto-partition=none output pattern test, is =================================================================
FAIL: c-c++-common/asan/use-after-free-1.c -O2 -flto -fuse-linker-plugin -fno-fat-lto-objects output pattern test, is =================================================================
FAIL: c-c++-common/asan/use-after-free-1.c -O3 -g output pattern test, is =================================================================
FAIL: c-c++-common/asan/use-after-free-1.c -Os output pattern test, is =================================================================
FAIL: gcc.dg/debug/dwarf2/stacked-qualified-types-3.c scan-assembler-times DIE \\\\([^\\n]*\\\\) DW_TAG_(?:const|volatile|atomic|restrict)_type 8
FAIL: gcc.dg/sms-8.c scan-rtl-dump-times sms "SMS succeeded" 0
XPASS: gcc.dg/guality/example.c -O0 execution test
XPASS: gcc.dg/guality/example.c -O1 execution test
XPASS: gcc.dg/guality/example.c -O2 execution test
XPASS: gcc.dg/guality/example.c -O2 -flto -fno-use-linker-plugin -flto-partition=none execution test
XPASS: gcc.dg/guality/guality.c -O0 execution test
XPASS: gcc.dg/guality/guality.c -O1 execution test
XPASS: gcc.dg/guality/guality.c -O2 execution test
XPASS: gcc.dg/guality/guality.c -O2 -flto -fno-use-linker-plugin -flto-partition=none execution test
XPASS: gcc.dg/guality/guality.c -O2 -flto -fuse-linker-plugin -fno-fat-lto-objects execution test
XPASS: gcc.dg/guality/guality.c -O3 -g execution test
XPASS: gcc.dg/guality/guality.c -Os execution test
XPASS: gcc.dg/guality/inline-params.c -O2 execution test
XPASS: gcc.dg/guality/inline-params.c -O2 -flto -fno-use-linker-plugin -flto-partition=none execution test
XPASS: gcc.dg/guality/inline-params.c -O3 -g execution test
XPASS: gcc.dg/guality/inline-params.c -Os execution test
FAIL: gcc.dg/guality/pr36728-2.c -Os line 18 y == 2
XPASS: gcc.dg/guality/pr41353-1.c -O0 line 28 j == 28 + 37
FAIL: gcc.dg/guality/pr41404-1.c -O2 -flto -fuse-linker-plugin -fno-fat-lto-objects line 10 *foo == 'f'
FAIL: gcc.dg/guality/pr41404-1.c -O2 -flto -fuse-linker-plugin -fno-fat-lto-objects line 14 *foo == 'b'
FAIL: gcc.dg/guality/pr41404-1.c -O2 -flto -fuse-linker-plugin -fno-fat-lto-objects line 24 *foo == 'f'
FAIL: gcc.dg/guality/pr41616-1.c -O2 -flto -fuse-linker-plugin -fno-fat-lto-objects execution test
FAIL: gcc.dg/guality/pr43051-1.c -O1 line 34 c == &a[0]
FAIL: gcc.dg/guality/pr45882.c -O2 -flto -fuse-linker-plugin -fno-fat-lto-objects line 16 d == 112
FAIL: gcc.dg/guality/pr45882.c -O2 -flto -fuse-linker-plugin -fno-fat-lto-objects line 16 e == 142
FAIL: gcc.dg/guality/pr54200.c -O1 line 20 z == 3
FAIL: gcc.dg/guality/pr54200.c -O2 line 20 z == 3
FAIL: gcc.dg/guality/pr54200.c -O2 -flto -fno-use-linker-plugin -flto-partition=none line 20 z == 3
FAIL: gcc.dg/guality/pr54200.c -O2 -flto -fuse-linker-plugin -fno-fat-lto-objects line 20 z == 3
FAIL: gcc.dg/guality/pr54200.c -O3 -g line 20 z == 3
FAIL: gcc.dg/guality/pr54200.c -Os line 20 z == 3
FAIL: gcc.dg/guality/pr54519-1.c -O2 -flto -fno-use-linker-plugin -flto-partition=none line 20 y == 25
FAIL: gcc.dg/guality/pr54519-1.c -O2 -flto -fno-use-linker-plugin -flto-partition=none line 20 z == 6
FAIL: gcc.dg/guality/pr54519-1.c -O2 -flto -fno-use-linker-plugin -flto-partition=none line 23 y == 117
FAIL: gcc.dg/guality/pr54519-1.c -O2 -flto -fno-use-linker-plugin -flto-partition=none line 23 z == 8
FAIL: gcc.dg/guality/pr54519-2.c -O2 -flto -fno-use-linker-plugin -flto-partition=none line 17 y == 25
FAIL: gcc.dg/guality/pr54519-2.c -O2 -flto -fuse-linker-plugin -fno-fat-lto-objects line 17 y == 25
FAIL: gcc.dg/guality/pr54519-3.c -O2 -flto -fno-use-linker-plugin -flto-partition=none line 20 y == 25
FAIL: gcc.dg/guality/pr54519-3.c -O2 -flto -fno-use-linker-plugin -flto-partition=none line 20 z == 6
FAIL: gcc.dg/guality/pr54519-3.c -O2 -flto -fno-use-linker-plugin -flto-partition=none line 23 y == 117
FAIL: gcc.dg/guality/pr54519-3.c -O2 -flto -fno-use-linker-plugin -flto-partition=none line 23 z == 8
FAIL: gcc.dg/guality/pr54519-3.c -O2 -flto -fuse-linker-plugin -fno-fat-lto-objects line 20 y == 25
FAIL: gcc.dg/guality/pr54519-3.c -O2 -flto -fuse-linker-plugin -fno-fat-lto-objects line 20 z == 6
FAIL: gcc.dg/guality/pr54519-3.c -O2 -flto -fuse-linker-plugin -fno-fat-lto-objects line 23 y == 117
FAIL: gcc.dg/guality/pr54519-3.c -O2 -flto -fuse-linker-plugin -fno-fat-lto-objects line 23 z == 8
FAIL: gcc.dg/guality/pr54519-4.c -O2 -flto -fno-use-linker-plugin -flto-partition=none line 17 y == 25
FAIL: gcc.dg/guality/pr54519-4.c -O2 -flto -fuse-linker-plugin -fno-fat-lto-objects line 17 y == 25
FAIL: gcc.dg/guality/pr54519-5.c -O2 -flto -fno-use-linker-plugin -flto-partition=none line 17 y == 25
FAIL: gcc.dg/guality/pr54519-5.c -O2 -flto -fuse-linker-plugin -fno-fat-lto-objects line 17 y == 25
FAIL: gcc.dg/guality/pr54693-2.c -Os line 21 y == 20 - 2 * i
FAIL: gcc.dg/guality/pr54693-2.c -Os line 21 z == 30 - 3 * i
FAIL: gcc.dg/guality/pr54970.c -O1 line 15 a[0] == 1
FAIL: gcc.dg/guality/pr54970.c -O1 line 20 a[0] == 1
FAIL: gcc.dg/guality/pr54970.c -O1 line 25 a[0] == 1
FAIL: gcc.dg/guality/pr54970.c -O1 line 31 a[0] == 4
FAIL: gcc.dg/guality/pr54970.c -O1 line 36 a[0] == 4
FAIL: gcc.dg/guality/pr54970.c -O1 line 45 a[0] == 4
FAIL: gcc.dg/guality/pr54970.c -O1 line 45 p[-2] == 4
FAIL: gcc.dg/guality/pr54970.c -O1 line 45 q[-1] == 4
FAIL: gcc.dg/guality/pr54970.c -O2 line 15 a[0] == 1
FAIL: gcc.dg/guality/pr54970.c -O2 line 20 a[0] == 1
FAIL: gcc.dg/guality/pr54970.c -O2 line 25 a[0] == 1
FAIL: gcc.dg/guality/pr54970.c -O2 line 31 a[0] == 4
FAIL: gcc.dg/guality/pr54970.c -O2 line 36 a[0] == 4
FAIL: gcc.dg/guality/pr54970.c -O2 line 45 a[0] == 4
FAIL: gcc.dg/guality/pr54970.c -O2 line 45 p[-2] == 4
FAIL: gcc.dg/guality/pr54970.c -O2 line 45 q[-1] == 4
FAIL: gcc.dg/guality/pr54970.c -O2 -flto -fno-use-linker-plugin -flto-partition=none line 15 a[0] == 1
FAIL: gcc.dg/guality/pr54970.c -O2 -flto -fno-use-linker-plugin -flto-partition=none line 20 a[0] == 1
FAIL: gcc.dg/guality/pr54970.c -O2 -flto -fno-use-linker-plugin -flto-partition=none line 25 a[0] == 1
FAIL: gcc.dg/guality/pr54970.c -O2 -flto -fno-use-linker-plugin -flto-partition=none line 31 a[0] == 4
FAIL: gcc.dg/guality/pr54970.c -O2 -flto -fno-use-linker-plugin -flto-partition=none line 36 a[0] == 4
FAIL: gcc.dg/guality/pr54970.c -O2 -flto -fno-use-linker-plugin -flto-partition=none line 45 a[0] == 4
FAIL: gcc.dg/guality/pr54970.c -O2 -flto -fno-use-linker-plugin -flto-partition=none line 45 p[-2] == 4
FAIL: gcc.dg/guality/pr54970.c -O2 -flto -fno-use-linker-plugin -flto-partition=none line 45 q[-1] == 4
FAIL: gcc.dg/guality/pr54970.c -O2 -flto -fuse-linker-plugin -fno-fat-lto-objects line 15 a[0] == 1
FAIL: gcc.dg/guality/pr54970.c -O2 -flto -fuse-linker-plugin -fno-fat-lto-objects line 20 a[0] == 1
FAIL: gcc.dg/guality/pr54970.c -O2 -flto -fuse-linker-plugin -fno-fat-lto-objects line 25 a[0] == 1
FAIL: gcc.dg/guality/pr54970.c -O2 -flto -fuse-linker-plugin -fno-fat-lto-objects line 31 a[0] == 4
FAIL: gcc.dg/guality/pr54970.c -O2 -flto -fuse-linker-plugin -fno-fat-lto-objects line 36 a[0] == 4
FAIL: gcc.dg/guality/pr54970.c -O2 -flto -fuse-linker-plugin -fno-fat-lto-objects line 45 a[0] == 4
FAIL: gcc.dg/guality/pr54970.c -O2 -flto -fuse-linker-plugin -fno-fat-lto-objects line 45 p[-2] == 4
FAIL: gcc.dg/guality/pr54970.c -O2 -flto -fuse-linker-plugin -fno-fat-lto-objects line 45 q[-1] == 4
FAIL: gcc.dg/guality/pr54970.c -O3 -g line 15 a[0] == 1
FAIL: gcc.dg/guality/pr54970.c -O3 -g line 20 a[0] == 1
FAIL: gcc.dg/guality/pr54970.c -O3 -g line 25 a[0] == 1
FAIL: gcc.dg/guality/pr54970.c -O3 -g line 31 a[0] == 4
FAIL: gcc.dg/guality/pr54970.c -O3 -g line 36 a[0] == 4
FAIL: gcc.dg/guality/pr54970.c -O3 -g line 45 a[0] == 4
FAIL: gcc.dg/guality/pr54970.c -O3 -g line 45 p[-2] == 4
FAIL: gcc.dg/guality/pr54970.c -O3 -g line 45 q[-1] == 4
FAIL: gcc.dg/guality/pr54970.c -Os line 15 a[0] == 1
FAIL: gcc.dg/guality/pr54970.c -Os line 20 a[0] == 1
FAIL: gcc.dg/guality/pr54970.c -Os line 25 a[0] == 1
FAIL: gcc.dg/guality/pr54970.c -Os line 31 a[0] == 4
FAIL: gcc.dg/guality/pr54970.c -Os line 36 a[0] == 4
FAIL: gcc.dg/guality/pr54970.c -Os line 45 a[0] == 4
FAIL: gcc.dg/guality/pr54970.c -Os line 45 p[-2] == 4
FAIL: gcc.dg/guality/pr54970.c -Os line 45 q[-1] == 4
FAIL: gcc.dg/guality/sra-1.c -O1 line 43 a.j == 14
FAIL: gcc.dg/guality/sra-1.c -O2 line 43 a.j == 14
FAIL: gcc.dg/guality/sra-1.c -O2 -flto -fno-use-linker-plugin -flto-partition=none line 43 a.j == 14
FAIL: gcc.dg/guality/sra-1.c -O2 -flto -fuse-linker-plugin -fno-fat-lto-objects line 43 a.j == 14
FAIL: gcc.dg/guality/sra-1.c -O3 -g line 43 a.j == 14
FAIL: gcc.dg/guality/sra-1.c -Os line 43 a.j == 14
FAIL: gcc.dg/guality/vla-1.c -O1 line 17 sizeof (a) == 6
FAIL: gcc.dg/guality/vla-1.c -O2 line 17 sizeof (a) == 6
FAIL: gcc.dg/guality/vla-1.c -O2 -flto -fno-use-linker-plugin -flto-partition=none line 17 sizeof (a) == 6
FAIL: gcc.dg/guality/vla-1.c -O2 -flto -fuse-linker-plugin -fno-fat-lto-objects line 17 sizeof (a) == 6
FAIL: gcc.dg/guality/vla-1.c -O3 -g line 17 sizeof (a) == 6
FAIL: gcc.dg/guality/vla-1.c -Os line 17 sizeof (a) == 6
FAIL: gcc.dg/ipa/iinline-attr.c scan-ipa-dump inline "hooray[^\\\\n]*inline copy in test"
UNRESOLVED: gcc.dg/lto/20110201-1 c_lto_20110201-1_0.o-c_lto_20110201-1_0.o execute -O0 -flto
FAIL: gcc.dg/lto/20110201-1 c_lto_20110201-1_0.o-c_lto_20110201-1_0.o link, -O0 -flto
FAIL: c-c++-common/torture/vector-compare-1.c -O0 execution test
FAIL: gcc.dg/tree-ssa/ivopts-lt-2.c scan-tree-dump-times ivopts "PHI <p_" 1
FAIL: gcc.dg/tree-ssa/ivopts-lt-2.c scan-tree-dump-times ivopts "PHI" 1
FAIL: gcc.dg/tree-ssa/ivopts-lt-2.c scan-tree-dump-times ivopts "p_[0-9]* <" 1
FAIL: gcc.dg/tree-ssa/ssa-dom-thread-4.c scan-tree-dump-times dom1 "Threaded" 4
FAIL: gcc.dg/vect/costmodel/ppc/costmodel-vect-31a.c scan-tree-dump-times vect "vectorization not profitable" 1
FAIL: gcc.dg/vect/costmodel/ppc/costmodel-vect-33.c scan-tree-dump-times vect "vectorization not profitable" 1
FAIL: gcc.dg/vect/no-vfa-vect-depend-2.c scan-tree-dump-times vect "vectorized 1 loops" 1
FAIL: gcc.dg/vect/no-vfa-vect-depend-3.c scan-tree-dump-times vect "vectorized 1 loops" 4
FAIL: gcc.dg/vect/slp-multitypes-4.c -flto -ffat-lto-objects scan-tree-dump-times vect "vectorized 1 loops" 1
FAIL: gcc.dg/vect/slp-multitypes-4.c -flto -ffat-lto-objects scan-tree-dump-times vect "vectorizing stmts using SLP" 1
FAIL: gcc.dg/vect/slp-multitypes-4.c scan-tree-dump-times vect "vectorized 1 loops" 1
FAIL: gcc.dg/vect/slp-multitypes-4.c scan-tree-dump-times vect "vectorizing stmts using SLP" 1
FAIL: gcc.dg/vect/slp-multitypes-5.c -flto -ffat-lto-objects scan-tree-dump-times vect "vectorized 1 loops" 1
FAIL: gcc.dg/vect/slp-multitypes-5.c -flto -ffat-lto-objects scan-tree-dump-times vect "vectorizing stmts using SLP" 1
FAIL: gcc.dg/vect/slp-multitypes-5.c scan-tree-dump-times vect "vectorized 1 loops" 1
FAIL: gcc.dg/vect/slp-multitypes-5.c scan-tree-dump-times vect "vectorizing stmts using SLP" 1
FAIL: gcc.dg/vect/slp-perm-8.c -flto -ffat-lto-objects scan-tree-dump-times vect "vectorized 1 loops" 1
FAIL: gcc.dg/vect/slp-perm-8.c scan-tree-dump-times vect "vectorized 1 loops" 1
FAIL: gcc.dg/vect/vect-125.c -flto -ffat-lto-objects scan-tree-dump vect "vectorized 1 loops"
FAIL: gcc.dg/vect/vect-125.c scan-tree-dump vect "vectorized 1 loops"
FAIL: gcc.dg/vect/vect-31.c -flto -ffat-lto-objects scan-tree-dump-times vect "vectorized 4 loops" 1
FAIL: gcc.dg/vect/vect-31.c scan-tree-dump-times vect "vectorized 4 loops" 1
FAIL: gcc.dg/vmx/extract-vsx-be-order.c -O0 execution test
FAIL: gcc.dg/vmx/extract-vsx.c -O0 execution test
FAIL: gcc.dg/vmx/insert-vsx-be-order.c -O0 execution test
FAIL: gcc.dg/vmx/insert-vsx-be-order.c -O1 execution test
FAIL: gcc.dg/vmx/insert-vsx-be-order.c -O2 execution test
FAIL: gcc.dg/vmx/insert-vsx-be-order.c -O2 -flto -fno-use-linker-plugin -flto-partition=none execution test
FAIL: gcc.dg/vmx/insert-vsx-be-order.c -O2 -flto -fuse-linker-plugin -fno-fat-lto-objects execution test
FAIL: gcc.dg/vmx/insert-vsx-be-order.c -O3 -g execution test
FAIL: gcc.dg/vmx/insert-vsx-be-order.c -Os execution test
FAIL: gcc.dg/vmx/insert-vsx.c -O0 execution test
FAIL: gcc.dg/vmx/insert-vsx.c -O1 execution test
FAIL: gcc.dg/vmx/insert-vsx.c -O2 execution test
FAIL: gcc.dg/vmx/insert-vsx.c -O2 -flto -fno-use-linker-plugin -flto-partition=none execution test
FAIL: gcc.dg/vmx/insert-vsx.c -O2 -flto -fuse-linker-plugin -fno-fat-lto-objects execution test
FAIL: gcc.dg/vmx/insert-vsx.c -O3 -g execution test
FAIL: gcc.dg/vmx/insert-vsx.c -Os execution test
FAIL: gcc.dg/vmx/ld-vsx-be-order.c -O0 execution test
FAIL: gcc.dg/vmx/ld-vsx-be-order.c -O1 execution test
FAIL: gcc.dg/vmx/ld-vsx-be-order.c -O2 execution test
FAIL: gcc.dg/vmx/ld-vsx-be-order.c -O2 -flto -fno-use-linker-plugin -flto-partition=none execution test
FAIL: gcc.dg/vmx/ld-vsx-be-order.c -O2 -flto -fuse-linker-plugin -fno-fat-lto-objects execution test
FAIL: gcc.dg/vmx/ld-vsx-be-order.c -O3 -fomit-frame-pointer -funroll-loops -fpeel-loops -ftracer -finline-functions execution test
FAIL: gcc.dg/vmx/ld-vsx-be-order.c -O3 -g execution test
FAIL: gcc.dg/vmx/ld-vsx-be-order.c -Os execution test
FAIL: gcc.dg/vmx/ld-vsx.c -O0 execution test
FAIL: gcc.dg/vmx/ld-vsx.c -O1 execution test
FAIL: gcc.dg/vmx/ld-vsx.c -O2 execution test
FAIL: gcc.dg/vmx/ld-vsx.c -O2 -flto -fno-use-linker-plugin -flto-partition=none execution test
FAIL: gcc.dg/vmx/ld-vsx.c -O2 -flto -fuse-linker-plugin -fno-fat-lto-objects execution test
FAIL: gcc.dg/vmx/ld-vsx.c -O3 -fomit-frame-pointer -funroll-loops -fpeel-loops -ftracer -finline-functions execution test
FAIL: gcc.dg/vmx/ld-vsx.c -O3 -g execution test
FAIL: gcc.dg/vmx/ld-vsx.c -Os execution test
FAIL: gcc.dg/vmx/ldl-vsx-be-order.c -O0 execution test
FAIL: gcc.dg/vmx/ldl-vsx-be-order.c -O1 execution test
FAIL: gcc.dg/vmx/ldl-vsx-be-order.c -O2 execution test
FAIL: gcc.dg/vmx/ldl-vsx-be-order.c -O2 -flto -fno-use-linker-plugin -flto-partition=none execution test
FAIL: gcc.dg/vmx/ldl-vsx-be-order.c -O2 -flto -fuse-linker-plugin -fno-fat-lto-objects execution test
FAIL: gcc.dg/vmx/ldl-vsx-be-order.c -O3 -fomit-frame-pointer -funroll-loops -fpeel-loops -ftracer -finline-functions execution test
FAIL: gcc.dg/vmx/ldl-vsx-be-order.c -O3 -g execution test
FAIL: gcc.dg/vmx/ldl-vsx-be-order.c -Os execution test
FAIL: gcc.dg/vmx/ldl-vsx.c -O0 execution test
FAIL: gcc.dg/vmx/ldl-vsx.c -O1 execution test
FAIL: gcc.dg/vmx/ldl-vsx.c -O2 execution test
FAIL: gcc.dg/vmx/ldl-vsx.c -O2 -flto -fno-use-linker-plugin -flto-partition=none execution test
FAIL: gcc.dg/vmx/ldl-vsx.c -O2 -flto -fuse-linker-plugin -fno-fat-lto-objects execution test
FAIL: gcc.dg/vmx/ldl-vsx.c -O3 -fomit-frame-pointer -funroll-loops -fpeel-loops -ftracer -finline-functions execution test
FAIL: gcc.dg/vmx/ldl-vsx.c -O3 -g execution test
FAIL: gcc.dg/vmx/ldl-vsx.c -Os execution test
FAIL: gcc.dg/vmx/merge-vsx-be-order.c -O0 execution test
FAIL: gcc.dg/vmx/merge-vsx-be-order.c -O1 execution test
FAIL: gcc.dg/vmx/merge-vsx-be-order.c -O2 execution test
FAIL: gcc.dg/vmx/merge-vsx-be-order.c -O2 -flto -fno-use-linker-plugin -flto-partition=none execution test
FAIL: gcc.dg/vmx/merge-vsx-be-order.c -O2 -flto -fuse-linker-plugin -fno-fat-lto-objects execution test
FAIL: gcc.dg/vmx/merge-vsx-be-order.c -O3 -g execution test
FAIL: gcc.dg/vmx/merge-vsx-be-order.c -Os execution test
FAIL: gcc.dg/vmx/merge-vsx.c -O0 execution test
FAIL: gcc.dg/vmx/merge-vsx.c -O1 execution test
FAIL: gcc.dg/vmx/merge-vsx.c -O2 execution test
FAIL: gcc.dg/vmx/merge-vsx.c -O2 -flto -fno-use-linker-plugin -flto-partition=none execution test
FAIL: gcc.dg/vmx/merge-vsx.c -O2 -flto -fuse-linker-plugin -fno-fat-lto-objects execution test
FAIL: gcc.dg/vmx/merge-vsx.c -O3 -g execution test
FAIL: gcc.dg/vmx/merge-vsx.c -Os execution test
FAIL: gcc.dg/vmx/splat-vsx-be-order.c -O0 execution test
FAIL: gcc.dg/vmx/splat-vsx-be-order.c -O1 execution test
FAIL: gcc.dg/vmx/splat-vsx-be-order.c -O2 execution test
FAIL: gcc.dg/vmx/splat-vsx-be-order.c -O2 -flto -fno-use-linker-plugin -flto-partition=none execution test
FAIL: gcc.dg/vmx/splat-vsx-be-order.c -O2 -flto -fuse-linker-plugin -fno-fat-lto-objects execution test
FAIL: gcc.dg/vmx/splat-vsx-be-order.c -O3 -g execution test
FAIL: gcc.dg/vmx/splat-vsx-be-order.c -Os execution test
FAIL: gcc.dg/vmx/splat-vsx.c -O0 execution test
FAIL: gcc.dg/vmx/splat-vsx.c -O1 execution test
FAIL: gcc.dg/vmx/splat-vsx.c -O2 execution test
FAIL: gcc.dg/vmx/splat-vsx.c -O2 -flto -fno-use-linker-plugin -flto-partition=none execution test
FAIL: gcc.dg/vmx/splat-vsx.c -O2 -flto -fuse-linker-plugin -fno-fat-lto-objects execution test
FAIL: gcc.dg/vmx/splat-vsx.c -O3 -g execution test
FAIL: gcc.dg/vmx/splat-vsx.c -Os execution test
FAIL: gcc.dg/vmx/st-vsx-be-order.c -O0 execution test
FAIL: gcc.dg/vmx/st-vsx-be-order.c -O1 execution test
FAIL: gcc.dg/vmx/st-vsx-be-order.c -O2 execution test
FAIL: gcc.dg/vmx/st-vsx-be-order.c -O2 -flto -fno-use-linker-plugin -flto-partition=none execution test
FAIL: gcc.dg/vmx/st-vsx-be-order.c -O2 -flto -fuse-linker-plugin -fno-fat-lto-objects execution test
FAIL: gcc.dg/vmx/st-vsx-be-order.c -O3 -fomit-frame-pointer -funroll-loops -fpeel-loops -ftracer -finline-functions execution test
FAIL: gcc.dg/vmx/st-vsx-be-order.c -O3 -g execution test
FAIL: gcc.dg/vmx/st-vsx-be-order.c -Os execution test
FAIL: gcc.dg/vmx/st-vsx.c -O0 execution test
FAIL: gcc.dg/vmx/st-vsx.c -O1 execution test
FAIL: gcc.dg/vmx/st-vsx.c -O2 execution test
FAIL: gcc.dg/vmx/st-vsx.c -O2 -flto -fno-use-linker-plugin -flto-partition=none execution test
FAIL: gcc.dg/vmx/st-vsx.c -O2 -flto -fuse-linker-plugin -fno-fat-lto-objects execution test
FAIL: gcc.dg/vmx/st-vsx.c -O3 -fomit-frame-pointer -funroll-loops -fpeel-loops -ftracer -finline-functions execution test
FAIL: gcc.dg/vmx/st-vsx.c -O3 -g execution test
FAIL: gcc.dg/vmx/st-vsx.c -Os execution test
FAIL: gcc.dg/vmx/stl-vsx-be-order.c -O0 execution test
FAIL: gcc.dg/vmx/stl-vsx-be-order.c -O1 execution test
FAIL: gcc.dg/vmx/stl-vsx-be-order.c -O2 execution test
FAIL: gcc.dg/vmx/stl-vsx-be-order.c -O2 -flto -fno-use-linker-plugin -flto-partition=none execution test
FAIL: gcc.dg/vmx/stl-vsx-be-order.c -O2 -flto -fuse-linker-plugin -fno-fat-lto-objects execution test
FAIL: gcc.dg/vmx/stl-vsx-be-order.c -O3 -fomit-frame-pointer -funroll-loops -fpeel-loops -ftracer -finline-functions execution test
FAIL: gcc.dg/vmx/stl-vsx-be-order.c -O3 -g execution test
FAIL: gcc.dg/vmx/stl-vsx-be-order.c -Os execution test
FAIL: gcc.dg/vmx/stl-vsx.c -O0 execution test
FAIL: gcc.dg/vmx/stl-vsx.c -O1 execution test
FAIL: gcc.dg/vmx/stl-vsx.c -O2 execution test
FAIL: gcc.dg/vmx/stl-vsx.c -O2 -flto -fno-use-linker-plugin -flto-partition=none execution test
FAIL: gcc.dg/vmx/stl-vsx.c -O2 -flto -fuse-linker-plugin -fno-fat-lto-objects execution test
FAIL: gcc.dg/vmx/stl-vsx.c -O3 -fomit-frame-pointer -funroll-loops -fpeel-loops -ftracer -finline-functions execution test
FAIL: gcc.dg/vmx/stl-vsx.c -O3 -g execution test
FAIL: gcc.dg/vmx/stl-vsx.c -Os execution test
=== gcc Summary for unix/-m32 ===
# of expected passes 94610
# of unexpected failures 274
# of unexpected successes 16
# of expected failures 271
# of unresolved testcases 1
# of unsupported tests 2209
Running target unix/-m64
FAIL: c-c++-common/asan/asan-interface-1.c -O0 execution test
FAIL: c-c++-common/asan/asan-interface-1.c -O1 execution test
FAIL: c-c++-common/asan/asan-interface-1.c -O2 execution test
FAIL: c-c++-common/asan/asan-interface-1.c -O2 -flto -fno-use-linker-plugin -flto-partition=none execution test
FAIL: c-c++-common/asan/asan-interface-1.c -O2 -flto -fuse-linker-plugin -fno-fat-lto-objects execution test
FAIL: c-c++-common/asan/asan-interface-1.c -O3 -g execution test
FAIL: c-c++-common/asan/asan-interface-1.c -Os execution test
FAIL: c-c++-common/asan/bitfield-1.c -O0 output pattern test, is ==8005==ERROR: AddressSanitizer failed to allocate 0x4000001000 (274877911040) bytes at address 1fffffff000 (errno: 12)
FAIL: c-c++-common/asan/bitfield-1.c -O1 output pattern test, is ==8021==ERROR: AddressSanitizer failed to allocate 0x4000001000 (274877911040) bytes at address 1fffffff000 (errno: 12)
FAIL: c-c++-common/asan/bitfield-1.c -O2 output pattern test, is ==8037==ERROR: AddressSanitizer failed to allocate 0x4000001000 (274877911040) bytes at address 1fffffff000 (errno: 12)
FAIL: c-c++-common/asan/bitfield-1.c -O2 -flto -fno-use-linker-plugin -flto-partition=none output pattern test, is ==8116==ERROR: AddressSanitizer failed to allocate 0x4000001000 (274877911040) bytes at address 1fffffff000 (errno: 12)
FAIL: c-c++-common/asan/bitfield-1.c -O2 -flto -fuse-linker-plugin -fno-fat-lto-objects output pattern test, is ==8139==ERROR: AddressSanitizer failed to allocate 0x4000001000 (274877911040) bytes at address 1fffffff000 (errno: 12)
FAIL: c-c++-common/asan/bitfield-1.c -O3 -g output pattern test, is ==8058==ERROR: AddressSanitizer failed to allocate 0x4000001000 (274877911040) bytes at address 1fffffff000 (errno: 12)
FAIL: c-c++-common/asan/bitfield-1.c -Os output pattern test, is ==8074==ERROR: AddressSanitizer failed to allocate 0x4000001000 (274877911040) bytes at address 1fffffff000 (errno: 12)
FAIL: c-c++-common/asan/bitfield-2.c -O0 output pattern test, is ==8155==ERROR: AddressSanitizer failed to allocate 0x4000001000 (274877911040) bytes at address 1fffffff000 (errno: 12)
FAIL: c-c++-common/asan/bitfield-2.c -O1 output pattern test, is ==8176==ERROR: AddressSanitizer failed to allocate 0x4000001000 (274877911040) bytes at address 1fffffff000 (errno: 12)
FAIL: c-c++-common/asan/bitfield-2.c -O2 output pattern test, is ==8192==ERROR: AddressSanitizer failed to allocate 0x4000001000 (274877911040) bytes at address 1fffffff000 (errno: 12)
FAIL: c-c++-common/asan/bitfield-2.c -O2 -flto -fno-use-linker-plugin -flto-partition=none output pattern test, is ==8269==ERROR: AddressSanitizer failed to allocate 0x4000001000 (274877911040) bytes at address 1fffffff000 (errno: 12)
FAIL: c-c++-common/asan/bitfield-2.c -O2 -flto -fuse-linker-plugin -fno-fat-lto-objects output pattern test, is ==8296==ERROR: AddressSanitizer failed to allocate 0x4000001000 (274877911040) bytes at address 1fffffff000 (errno: 12)
FAIL: c-c++-common/asan/bitfield-2.c -O3 -g output pattern test, is ==8209==ERROR: AddressSanitizer failed to allocate 0x4000001000 (274877911040) bytes at address 1fffffff000 (errno: 12)
FAIL: c-c++-common/asan/bitfield-2.c -Os output pattern test, is ==8232==ERROR: AddressSanitizer failed to allocate 0x4000001000 (274877911040) bytes at address 1fffffff000 (errno: 12)
FAIL: c-c++-common/asan/bitfield-3.c -O0 output pattern test, is ==8322==ERROR: AddressSanitizer failed to allocate 0x4000001000 (274877911040) bytes at address 1fffffff000 (errno: 12)
FAIL: c-c++-common/asan/bitfield-3.c -O1 output pattern test, is ==8338==ERROR: AddressSanitizer failed to allocate 0x4000001000 (274877911040) bytes at address 1fffffff000 (errno: 12)
FAIL: c-c++-common/asan/bitfield-3.c -O2 output pattern test, is ==8354==ERROR: AddressSanitizer failed to allocate 0x4000001000 (274877911040) bytes at address 1fffffff000 (errno: 12)
FAIL: c-c++-common/asan/bitfield-3.c -O2 -flto -fno-use-linker-plugin -flto-partition=none output pattern test, is ==8433==ERROR: AddressSanitizer failed to allocate 0x4000001000 (274877911040) bytes at address 1fffffff000 (errno: 12)
FAIL: c-c++-common/asan/bitfield-3.c -O2 -flto -fuse-linker-plugin -fno-fat-lto-objects output pattern test, is ==8456==ERROR: AddressSanitizer failed to allocate 0x4000001000 (274877911040) bytes at address 1fffffff000 (errno: 12)
FAIL: c-c++-common/asan/bitfield-3.c -O3 -g output pattern test, is ==8370==ERROR: AddressSanitizer failed to allocate 0x4000001000 (274877911040) bytes at address 1fffffff000 (errno: 12)
FAIL: c-c++-common/asan/bitfield-3.c -Os output pattern test, is ==8391==ERROR: AddressSanitizer failed to allocate 0x4000001000 (274877911040) bytes at address 1fffffff000 (errno: 12)
FAIL: c-c++-common/asan/bitfield-4.c -O0 output pattern test, is ==8472==ERROR: AddressSanitizer failed to allocate 0x4000001000 (274877911040) bytes at address 1fffffff000 (errno: 12)
FAIL: c-c++-common/asan/bitfield-4.c -O1 output pattern test, is ==8495==ERROR: AddressSanitizer failed to allocate 0x4000001000 (274877911040) bytes at address 1fffffff000 (errno: 12)
FAIL: c-c++-common/asan/bitfield-4.c -O2 output pattern test, is ==8511==ERROR: AddressSanitizer failed to allocate 0x4000001000 (274877911040) bytes at address 1fffffff000 (errno: 12)
FAIL: c-c++-common/asan/bitfield-4.c -O2 -flto -fno-use-linker-plugin -flto-partition=none output pattern test, is ==8594==ERROR: AddressSanitizer failed to allocate 0x4000001000 (274877911040) bytes at address 1fffffff000 (errno: 12)
FAIL: c-c++-common/asan/bitfield-4.c -O2 -flto -fuse-linker-plugin -fno-fat-lto-objects output pattern test, is ==8617==ERROR: AddressSanitizer failed to allocate 0x4000001000 (274877911040) bytes at address 1fffffff000 (errno: 12)
FAIL: c-c++-common/asan/bitfield-4.c -O3 -g output pattern test, is ==8527==ERROR: AddressSanitizer failed to allocate 0x4000001000 (274877911040) bytes at address 1fffffff000 (errno: 12)
FAIL: c-c++-common/asan/bitfield-4.c -Os output pattern test, is ==8543==ERROR: AddressSanitizer failed to allocate 0x4000001000 (274877911040) bytes at address 1fffffff000 (errno: 12)
FAIL: c-c++-common/asan/bitfield-5.c -O0 output pattern test, is ==8633==ERROR: AddressSanitizer failed to allocate 0x4000001000 (274877911040) bytes at address 1fffffff000 (errno: 12)
FAIL: c-c++-common/asan/bitfield-5.c -O1 output pattern test, is ==8654==ERROR: AddressSanitizer failed to allocate 0x4000001000 (274877911040) bytes at address 1fffffff000 (errno: 12)
FAIL: c-c++-common/asan/bitfield-5.c -O2 output pattern test, is ==8670==ERROR: AddressSanitizer failed to allocate 0x4000001000 (274877911040) bytes at address 1fffffff000 (errno: 12)
FAIL: c-c++-common/asan/bitfield-5.c -O2 -flto -fno-use-linker-plugin -flto-partition=none output pattern test, is ==8744==ERROR: AddressSanitizer failed to allocate 0x4000001000 (274877911040) bytes at address 1fffffff000 (errno: 12)
FAIL: c-c++-common/asan/bitfield-5.c -O2 -flto -fuse-linker-plugin -fno-fat-lto-objects output pattern test, is ==8779==ERROR: AddressSanitizer failed to allocate 0x4000001000 (274877911040) bytes at address 1fffffff000 (errno: 12)
FAIL: c-c++-common/asan/bitfield-5.c -O3 -g output pattern test, is ==8686==ERROR: AddressSanitizer failed to allocate 0x4000001000 (274877911040) bytes at address 1fffffff000 (errno: 12)
FAIL: c-c++-common/asan/bitfield-5.c -Os output pattern test, is ==8707==ERROR: AddressSanitizer failed to allocate 0x4000001000 (274877911040) bytes at address 1fffffff000 (errno: 12)
FAIL: c-c++-common/asan/clone-test-1.c -O0 execution test
FAIL: c-c++-common/asan/clone-test-1.c -O1 execution test
FAIL: c-c++-common/asan/clone-test-1.c -O2 execution test
FAIL: c-c++-common/asan/clone-test-1.c -O2 -flto -fno-use-linker-plugin -flto-partition=none execution test
FAIL: c-c++-common/asan/clone-test-1.c -O2 -flto -fuse-linker-plugin -fno-fat-lto-objects execution test
FAIL: c-c++-common/asan/clone-test-1.c -O3 -fomit-frame-pointer -funroll-loops -fpeel-loops -ftracer -finline-functions execution test
FAIL: c-c++-common/asan/clone-test-1.c -O3 -g execution test
FAIL: c-c++-common/asan/clone-test-1.c -Os execution test
FAIL: c-c++-common/asan/global-overflow-1.c -O0 output pattern test, is ==9053==ERROR: AddressSanitizer failed to allocate 0x4000001000 (274877911040) bytes at address 1fffffff000 (errno: 12)
FAIL: c-c++-common/asan/global-overflow-1.c -O1 output pattern test, is ==9078==ERROR: AddressSanitizer failed to allocate 0x4000001000 (274877911040) bytes at address 1fffffff000 (errno: 12)
FAIL: c-c++-common/asan/global-overflow-1.c -O2 output pattern test, is ==9094==ERROR: AddressSanitizer failed to allocate 0x4000001000 (274877911040) bytes at address 1fffffff000 (errno: 12)
FAIL: c-c++-common/asan/global-overflow-1.c -O2 -flto -fno-use-linker-plugin -flto-partition=none output pattern test, is ==9177==ERROR: AddressSanitizer failed to allocate 0x4000001000 (274877911040) bytes at address 1fffffff000 (errno: 12)
FAIL: c-c++-common/asan/global-overflow-1.c -O2 -flto -fuse-linker-plugin -fno-fat-lto-objects output pattern test, is ==9200==ERROR: AddressSanitizer failed to allocate 0x4000001000 (274877911040) bytes at address 1fffffff000 (errno: 12)
FAIL: c-c++-common/asan/global-overflow-1.c -O3 -g output pattern test, is ==9110==ERROR: AddressSanitizer failed to allocate 0x4000001000 (274877911040) bytes at address 1fffffff000 (errno: 12)
FAIL: c-c++-common/asan/global-overflow-1.c -Os output pattern test, is ==9126==ERROR: AddressSanitizer failed to allocate 0x4000001000 (274877911040) bytes at address 1fffffff000 (errno: 12)
FAIL: c-c++-common/asan/heap-overflow-1.c -O0 output pattern test, is ==9216==ERROR: AddressSanitizer failed to allocate 0x4000001000 (274877911040) bytes at address 1fffffff000 (errno: 12)
FAIL: c-c++-common/asan/heap-overflow-1.c -O1 output pattern test, is ==9234==ERROR: AddressSanitizer failed to allocate 0x4000001000 (274877911040) bytes at address 1fffffff000 (errno: 12)
FAIL: c-c++-common/asan/heap-overflow-1.c -O2 output pattern test, is ==9262==ERROR: AddressSanitizer failed to allocate 0x4000001000 (274877911040) bytes at address 1fffffff000 (errno: 12)
FAIL: c-c++-common/asan/heap-overflow-1.c -O2 -flto -fno-use-linker-plugin -flto-partition=none output pattern test, is ==9336==ERROR: AddressSanitizer failed to allocate 0x4000001000 (274877911040) bytes at address 1fffffff000 (errno: 12)
FAIL: c-c++-common/asan/heap-overflow-1.c -O2 -flto -fuse-linker-plugin -fno-fat-lto-objects output pattern test, is ==9370==ERROR: AddressSanitizer failed to allocate 0x4000001000 (274877911040) bytes at address 1fffffff000 (errno: 12)
FAIL: c-c++-common/asan/heap-overflow-1.c -O3 -g output pattern test, is ==9278==ERROR: AddressSanitizer failed to allocate 0x4000001000 (274877911040) bytes at address 1fffffff000 (errno: 12)
FAIL: c-c++-common/asan/heap-overflow-1.c -Os output pattern test, is ==9294==ERROR: AddressSanitizer failed to allocate 0x4000001000 (274877911040) bytes at address 1fffffff000 (errno: 12)
FAIL: c-c++-common/asan/memcmp-1.c -O0 output pattern test, is ==9656==ERROR: AddressSanitizer failed to allocate 0x4000001000 (274877911040) bytes at address 1fffffff000 (errno: 12)
FAIL: c-c++-common/asan/memcmp-1.c -O1 output pattern test, is ==9674==ERROR: AddressSanitizer failed to allocate 0x4000001000 (274877911040) bytes at address 1fffffff000 (errno: 12)
FAIL: c-c++-common/asan/memcmp-1.c -O2 output pattern test, is ==9709==ERROR: AddressSanitizer failed to allocate 0x4000001000 (274877911040) bytes at address 1fffffff000 (errno: 12)
FAIL: c-c++-common/asan/memcmp-1.c -O2 -flto -fno-use-linker-plugin -flto-partition=none output pattern test, is ==9778==ERROR: AddressSanitizer failed to allocate 0x4000001000 (274877911040) bytes at address 1fffffff000 (errno: 12)
FAIL: c-c++-common/asan/memcmp-1.c -O2 -flto -fuse-linker-plugin -fno-fat-lto-objects output pattern test, is ==9801==ERROR: AddressSanitizer failed to allocate 0x4000001000 (274877911040) bytes at address 1fffffff000 (errno: 12)
FAIL: c-c++-common/asan/memcmp-1.c -O3 -g output pattern test, is ==9725==ERROR: AddressSanitizer failed to allocate 0x4000001000 (274877911040) bytes at address 1fffffff000 (errno: 12)
FAIL: c-c++-common/asan/memcmp-1.c -Os output pattern test, is ==9741==ERROR: AddressSanitizer failed to allocate 0x4000001000 (274877911040) bytes at address 1fffffff000 (errno: 12)
FAIL: c-c++-common/asan/misalign-1.c -O0 output pattern test, is ==9871==ERROR: AddressSanitizer failed to allocate 0x4000001000 (274877911040) bytes at address 1fffffff000 (errno: 12)
FAIL: c-c++-common/asan/misalign-1.c -O1 output pattern test, is ==9887==ERROR: AddressSanitizer failed to allocate 0x4000001000 (274877911040) bytes at address 1fffffff000 (errno: 12)
FAIL: c-c++-common/asan/misalign-1.c -O2 output pattern test, is ==9903==ERROR: AddressSanitizer failed to allocate 0x4000001000 (274877911040) bytes at address 1fffffff000 (errno: 12)
FAIL: c-c++-common/asan/misalign-1.c -O2 -flto -fno-use-linker-plugin -flto-partition=none output pattern test, is ==9981==ERROR: AddressSanitizer failed to allocate 0x4000001000 (274877911040) bytes at address 1fffffff000 (errno: 12)
FAIL: c-c++-common/asan/misalign-1.c -O2 -flto -fuse-linker-plugin -fno-fat-lto-objects output pattern test, is ==10004==ERROR: AddressSanitizer failed to allocate 0x4000001000 (274877911040) bytes at address 1fffffff000 (errno: 12)
FAIL: c-c++-common/asan/misalign-1.c -O3 -g output pattern test, is ==9919==ERROR: AddressSanitizer failed to allocate 0x4000001000 (274877911040) bytes at address 1fffffff000 (errno: 12)
FAIL: c-c++-common/asan/misalign-1.c -Os output pattern test, is ==9935==ERROR: AddressSanitizer failed to allocate 0x4000001000 (274877911040) bytes at address 1fffffff000 (errno: 12)
FAIL: c-c++-common/asan/misalign-2.c -O0 output pattern test, is ==10020==ERROR: AddressSanitizer failed to allocate 0x4000001000 (274877911040) bytes at address 1fffffff000 (errno: 12)
FAIL: c-c++-common/asan/misalign-2.c -O1 output pattern test, is ==10036==ERROR: AddressSanitizer failed to allocate 0x4000001000 (274877911040) bytes at address 1fffffff000 (errno: 12)
FAIL: c-c++-common/asan/misalign-2.c -O2 output pattern test, is ==10052==ERROR: AddressSanitizer failed to allocate 0x4000001000 (274877911040) bytes at address 1fffffff000 (errno: 12)
FAIL: c-c++-common/asan/misalign-2.c -O2 -flto -fno-use-linker-plugin -flto-partition=none output pattern test, is ==10126==ERROR: AddressSanitizer failed to allocate 0x4000001000 (274877911040) bytes at address 1fffffff000 (errno: 12)
FAIL: c-c++-common/asan/misalign-2.c -O2 -flto -fuse-linker-plugin -fno-fat-lto-objects output pattern test, is ==10149==ERROR: AddressSanitizer failed to allocate 0x4000001000 (274877911040) bytes at address 1fffffff000 (errno: 12)
FAIL: c-c++-common/asan/misalign-2.c -O3 -g output pattern test, is ==10068==ERROR: AddressSanitizer failed to allocate 0x4000001000 (274877911040) bytes at address 1fffffff000 (errno: 12)
FAIL: c-c++-common/asan/misalign-2.c -Os output pattern test, is ==10084==ERROR: AddressSanitizer failed to allocate 0x4000001000 (274877911040) bytes at address 1fffffff000 (errno: 12)
FAIL: c-c++-common/asan/null-deref-1.c -O0 output pattern test, is ==10661==ERROR: AddressSanitizer failed to allocate 0x4000001000 (274877911040) bytes at address 1fffffff000 (errno: 12)
FAIL: c-c++-common/asan/null-deref-1.c -O1 output pattern test, is ==10689==ERROR: AddressSanitizer failed to allocate 0x4000001000 (274877911040) bytes at address 1fffffff000 (errno: 12)
FAIL: c-c++-common/asan/null-deref-1.c -O2 output pattern test, is ==10705==ERROR: AddressSanitizer failed to allocate 0x4000001000 (274877911040) bytes at address 1fffffff000 (errno: 12)
FAIL: c-c++-common/asan/null-deref-1.c -O2 -flto -fno-use-linker-plugin -flto-partition=none output pattern test, is ==10779==ERROR: AddressSanitizer failed to allocate 0x4000001000 (274877911040) bytes at address 1fffffff000 (errno: 12)
FAIL: c-c++-common/asan/null-deref-1.c -O2 -flto -fuse-linker-plugin -fno-fat-lto-objects output pattern test, is ==10809==ERROR: AddressSanitizer failed to allocate 0x4000001000 (274877911040) bytes at address 1fffffff000 (errno: 12)
FAIL: c-c++-common/asan/null-deref-1.c -O3 -g output pattern test, is ==10721==ERROR: AddressSanitizer failed to allocate 0x4000001000 (274877911040) bytes at address 1fffffff000 (errno: 12)
FAIL: c-c++-common/asan/null-deref-1.c -Os output pattern test, is ==10742==ERROR: AddressSanitizer failed to allocate 0x4000001000 (274877911040) bytes at address 1fffffff000 (errno: 12)
FAIL: c-c++-common/asan/pr59063-1.c -O0 execution test
FAIL: c-c++-common/asan/pr59063-1.c -O1 execution test
FAIL: c-c++-common/asan/pr59063-1.c -O2 execution test
FAIL: c-c++-common/asan/pr59063-1.c -O2 -flto -fno-use-linker-plugin -flto-partition=none execution test
FAIL: c-c++-common/asan/pr59063-1.c -O2 -flto -fuse-linker-plugin -fno-fat-lto-objects execution test
FAIL: c-c++-common/asan/pr59063-1.c -O3 -g execution test
FAIL: c-c++-common/asan/pr59063-1.c -Os execution test
FAIL: c-c++-common/asan/pr59063-2.c -O0 execution test
FAIL: c-c++-common/asan/pr59063-2.c -O1 execution test
FAIL: c-c++-common/asan/pr59063-2.c -O2 execution test
FAIL: c-c++-common/asan/pr59063-2.c -O2 -flto -fno-use-linker-plugin -flto-partition=none execution test
FAIL: c-c++-common/asan/pr59063-2.c -O2 -flto -fuse-linker-plugin -fno-fat-lto-objects execution test
FAIL: c-c++-common/asan/pr59063-2.c -O3 -g execution test
FAIL: c-c++-common/asan/pr59063-2.c -Os execution test
FAIL: c-c++-common/asan/pr61530.c -O0 output pattern test, is ==11273==ERROR: AddressSanitizer failed to allocate 0x4000001000 (274877911040) bytes at address 1fffffff000 (errno: 12)
FAIL: c-c++-common/asan/pr61530.c -O1 output pattern test, is ==11289==ERROR: AddressSanitizer failed to allocate 0x4000001000 (274877911040) bytes at address 1fffffff000 (errno: 12)
FAIL: c-c++-common/asan/pr61530.c -O2 output pattern test, is ==11305==ERROR: AddressSanitizer failed to allocate 0x4000001000 (274877911040) bytes at address 1fffffff000 (errno: 12)
FAIL: c-c++-common/asan/pr61530.c -O2 -flto -fno-use-linker-plugin -flto-partition=none output pattern test, is ==11374==ERROR: AddressSanitizer failed to allocate 0x4000001000 (274877911040) bytes at address 1fffffff000 (errno: 12)
FAIL: c-c++-common/asan/pr61530.c -O2 -flto -fuse-linker-plugin -fno-fat-lto-objects output pattern test, is ==11399==ERROR: AddressSanitizer failed to allocate 0x4000001000 (274877911040) bytes at address 1fffffff000 (errno: 12)
FAIL: c-c++-common/asan/pr61530.c -O3 -g output pattern test, is ==11321==ERROR: AddressSanitizer failed to allocate 0x4000001000 (274877911040) bytes at address 1fffffff000 (errno: 12)
FAIL: c-c++-common/asan/pr61530.c -Os output pattern test, is ==11337==ERROR: AddressSanitizer failed to allocate 0x4000001000 (274877911040) bytes at address 1fffffff000 (errno: 12)
FAIL: c-c++-common/asan/pr62089.c -O0 output pattern test, is ==11428==ERROR: AddressSanitizer failed to allocate 0x4000001000 (274877911040) bytes at address 1fffffff000 (errno: 12)
FAIL: c-c++-common/asan/pr62089.c -O1 output pattern test, is ==11445==ERROR: AddressSanitizer failed to allocate 0x4000001000 (274877911040) bytes at address 1fffffff000 (errno: 12)
FAIL: c-c++-common/asan/pr62089.c -O2 output pattern test, is ==11461==ERROR: AddressSanitizer failed to allocate 0x4000001000 (274877911040) bytes at address 1fffffff000 (errno: 12)
FAIL: c-c++-common/asan/pr62089.c -O2 -flto -fno-use-linker-plugin -flto-partition=none output pattern test, is ==11535==ERROR: AddressSanitizer failed to allocate 0x4000001000 (274877911040) bytes at address 1fffffff000 (errno: 12)
FAIL: c-c++-common/asan/pr62089.c -O2 -flto -fuse-linker-plugin -fno-fat-lto-objects output pattern test, is ==11569==ERROR: AddressSanitizer failed to allocate 0x4000001000 (274877911040) bytes at address 1fffffff000 (errno: 12)
FAIL: c-c++-common/asan/pr62089.c -O3 -g output pattern test, is ==11477==ERROR: AddressSanitizer failed to allocate 0x4000001000 (274877911040) bytes at address 1fffffff000 (errno: 12)
FAIL: c-c++-common/asan/pr62089.c -Os output pattern test, is ==11493==ERROR: AddressSanitizer failed to allocate 0x4000001000 (274877911040) bytes at address 1fffffff000 (errno: 12)
FAIL: c-c++-common/asan/pr63316.c -O0 execution test
FAIL: c-c++-common/asan/pr63316.c -O1 execution test
FAIL: c-c++-common/asan/pr63316.c -O2 execution test
FAIL: c-c++-common/asan/pr63316.c -O2 -flto -fno-use-linker-plugin -flto-partition=none execution test
FAIL: c-c++-common/asan/pr63316.c -O2 -flto -fuse-linker-plugin -fno-fat-lto-objects execution test
FAIL: c-c++-common/asan/pr63316.c -O3 -g execution test
FAIL: c-c++-common/asan/pr63316.c -Os execution test
FAIL: c-c++-common/asan/pr63888.c -O0 execution test
FAIL: c-c++-common/asan/pr63888.c -O1 execution test
FAIL: c-c++-common/asan/pr63888.c -O2 execution test
FAIL: c-c++-common/asan/pr63888.c -O2 -flto -fno-use-linker-plugin -flto-partition=none execution test
FAIL: c-c++-common/asan/pr63888.c -O2 -flto -fuse-linker-plugin -fno-fat-lto-objects execution test
FAIL: c-c++-common/asan/pr63888.c -O3 -g execution test
FAIL: c-c++-common/asan/pr63888.c -Os execution test
FAIL: c-c++-common/asan/rlimit-mmap-test-1.c -O0 output pattern test, is ==12231==ERROR: AddressSanitizer failed to allocate 0x4000001000 (274877911040) bytes at address 1fffffff000 (errno: 12)
FAIL: c-c++-common/asan/sanity-check-pure-c-1.c -O0 output pattern test, is ==12305==ERROR: AddressSanitizer failed to allocate 0x4000001000 (274877911040) bytes at address 1fffffff000 (errno: 12)
FAIL: c-c++-common/asan/sanity-check-pure-c-1.c -O1 output pattern test, is ==12321==ERROR: AddressSanitizer failed to allocate 0x4000001000 (274877911040) bytes at address 1fffffff000 (errno: 12)
FAIL: c-c++-common/asan/sanity-check-pure-c-1.c -O2 output pattern test, is ==12337==ERROR: AddressSanitizer failed to allocate 0x4000001000 (274877911040) bytes at address 1fffffff000 (errno: 12)
FAIL: c-c++-common/asan/sanity-check-pure-c-1.c -O2 -flto -fno-use-linker-plugin -flto-partition=none output pattern test, is ==12406==ERROR: AddressSanitizer failed to allocate 0x4000001000 (274877911040) bytes at address 1fffffff000 (errno: 12)
FAIL: c-c++-common/asan/sanity-check-pure-c-1.c -O2 -flto -fuse-linker-plugin -fno-fat-lto-objects output pattern test, is ==12434==ERROR: AddressSanitizer failed to allocate 0x4000001000 (274877911040) bytes at address 1fffffff000 (errno: 12)
FAIL: c-c++-common/asan/sanity-check-pure-c-1.c -O3 -g output pattern test, is ==12353==ERROR: AddressSanitizer failed to allocate 0x4000001000 (274877911040) bytes at address 1fffffff000 (errno: 12)
FAIL: c-c++-common/asan/sanity-check-pure-c-1.c -Os output pattern test, is ==12369==ERROR: AddressSanitizer failed to allocate 0x4000001000 (274877911040) bytes at address 1fffffff000 (errno: 12)
FAIL: c-c++-common/asan/sleep-before-dying-1.c -O2 output pattern test, is ==12497==ERROR: AddressSanitizer failed to allocate 0x4000001000 (274877911040) bytes at address 1fffffff000 (errno: 12)
FAIL: c-c++-common/asan/sleep-before-dying-1.c -O2 -flto -fno-use-linker-plugin -flto-partition=none output pattern test, is ==12534==ERROR: AddressSanitizer failed to allocate 0x4000001000 (274877911040) bytes at address 1fffffff000 (errno: 12)
FAIL: c-c++-common/asan/sleep-before-dying-1.c -O2 -flto -fuse-linker-plugin -fno-fat-lto-objects output pattern test, is ==12557==ERROR: AddressSanitizer failed to allocate 0x4000001000 (274877911040) bytes at address 1fffffff000 (errno: 12)
FAIL: c-c++-common/asan/stack-overflow-1.c -O0 output pattern test, is ==12573==ERROR: AddressSanitizer failed to allocate 0x4000001000 (274877911040) bytes at address 1fffffff000 (errno: 12)
FAIL: c-c++-common/asan/stack-overflow-1.c -O1 output pattern test, is ==12589==ERROR: AddressSanitizer failed to allocate 0x4000001000 (274877911040) bytes at address 1fffffff000 (errno: 12)
FAIL: c-c++-common/asan/stack-overflow-1.c -O2 output pattern test, is ==12605==ERROR: AddressSanitizer failed to allocate 0x4000001000 (274877911040) bytes at address 1fffffff000 (errno: 12)
FAIL: c-c++-common/asan/stack-overflow-1.c -O2 -flto -fno-use-linker-plugin -flto-partition=none output pattern test, is ==12690==ERROR: AddressSanitizer failed to allocate 0x4000001000 (274877911040) bytes at address 1fffffff000 (errno: 12)
FAIL: c-c++-common/asan/stack-overflow-1.c -O2 -flto -fuse-linker-plugin -fno-fat-lto-objects output pattern test, is ==12713==ERROR: AddressSanitizer failed to allocate 0x4000001000 (274877911040) bytes at address 1fffffff000 (errno: 12)
FAIL: c-c++-common/asan/stack-overflow-1.c -O3 -g output pattern test, is ==12621==ERROR: AddressSanitizer failed to allocate 0x4000001000 (274877911040) bytes at address 1fffffff000 (errno: 12)
FAIL: c-c++-common/asan/stack-overflow-1.c -Os output pattern test, is ==12642==ERROR: AddressSanitizer failed to allocate 0x4000001000 (274877911040) bytes at address 1fffffff000 (errno: 12)
FAIL: c-c++-common/asan/strip-path-prefix-1.c -O2 output pattern test, is ==12729==ERROR: AddressSanitizer failed to allocate 0x4000001000 (274877911040) bytes at address 1fffffff000 (errno: 12)
FAIL: c-c++-common/asan/strip-path-prefix-1.c -O2 -flto -fno-use-linker-plugin -flto-partition=none output pattern test, is ==12766==ERROR: AddressSanitizer failed to allocate 0x4000001000 (274877911040) bytes at address 1fffffff000 (errno: 12)
FAIL: c-c++-common/asan/strip-path-prefix-1.c -O2 -flto -fuse-linker-plugin -fno-fat-lto-objects output pattern test, is ==12794==ERROR: AddressSanitizer failed to allocate 0x4000001000 (274877911040) bytes at address 1fffffff000 (errno: 12)
FAIL: c-c++-common/asan/strlen-overflow-1.c -O0 output pattern test, is ==12821==ERROR: AddressSanitizer failed to allocate 0x4000001000 (274877911040) bytes at address 1fffffff000 (errno: 12)
FAIL: c-c++-common/asan/strlen-overflow-1.c -O1 output pattern test, is ==12837==ERROR: AddressSanitizer failed to allocate 0x4000001000 (274877911040) bytes at address 1fffffff000 (errno: 12)
FAIL: c-c++-common/asan/strlen-overflow-1.c -O2 output pattern test, is ==12853==ERROR: AddressSanitizer failed to allocate 0x4000001000 (274877911040) bytes at address 1fffffff000 (errno: 12)
FAIL: c-c++-common/asan/strlen-overflow-1.c -O3 -g output pattern test, is ==12869==ERROR: AddressSanitizer failed to allocate 0x4000001000 (274877911040) bytes at address 1fffffff000 (errno: 12)
FAIL: c-c++-common/asan/strlen-overflow-1.c -Os output pattern test, is ==12885==ERROR: AddressSanitizer failed to allocate 0x4000001000 (274877911040) bytes at address 1fffffff000 (errno: 12)
FAIL: c-c++-common/asan/strncpy-overflow-1.c -O0 output pattern test, is ==12901==ERROR: AddressSanitizer failed to allocate 0x4000001000 (274877911040) bytes at address 1fffffff000 (errno: 12)
FAIL: c-c++-common/asan/strncpy-overflow-1.c -O1 output pattern test, is ==12922==ERROR: AddressSanitizer failed to allocate 0x4000001000 (274877911040) bytes at address 1fffffff000 (errno: 12)
FAIL: c-c++-common/asan/strncpy-overflow-1.c -O2 output pattern test, is ==12947==ERROR: AddressSanitizer failed to allocate 0x4000001000 (274877911040) bytes at address 1fffffff000 (errno: 12)
FAIL: c-c++-common/asan/strncpy-overflow-1.c -O2 -flto -fno-use-linker-plugin -flto-partition=none output pattern test, is ==13021==ERROR: AddressSanitizer failed to allocate 0x4000001000 (274877911040) bytes at address 1fffffff000 (errno: 12)
FAIL: c-c++-common/asan/strncpy-overflow-1.c -O2 -flto -fuse-linker-plugin -fno-fat-lto-objects output pattern test, is ==13044==ERROR: AddressSanitizer failed to allocate 0x4000001000 (274877911040) bytes at address 1fffffff000 (errno: 12)
FAIL: c-c++-common/asan/strncpy-overflow-1.c -O3 -g output pattern test, is ==12963==ERROR: AddressSanitizer failed to allocate 0x4000001000 (274877911040) bytes at address 1fffffff000 (errno: 12)
FAIL: c-c++-common/asan/strncpy-overflow-1.c -Os output pattern test, is ==12979==ERROR: AddressSanitizer failed to allocate 0x4000001000 (274877911040) bytes at address 1fffffff000 (errno: 12)
FAIL: c-c++-common/asan/swapcontext-test-1.c -O0 execution test
FAIL: c-c++-common/asan/swapcontext-test-1.c -O1 execution test
FAIL: c-c++-common/asan/swapcontext-test-1.c -O2 execution test
FAIL: c-c++-common/asan/swapcontext-test-1.c -O2 -flto -fno-use-linker-plugin -flto-partition=none execution test
FAIL: c-c++-common/asan/swapcontext-test-1.c -O2 -flto -fuse-linker-plugin -fno-fat-lto-objects execution test
FAIL: c-c++-common/asan/swapcontext-test-1.c -O3 -fomit-frame-pointer -funroll-loops -fpeel-loops -ftracer -finline-functions execution test
FAIL: c-c++-common/asan/swapcontext-test-1.c -O3 -g execution test
FAIL: c-c++-common/asan/swapcontext-test-1.c -Os execution test
FAIL: c-c++-common/asan/use-after-free-1.c -O0 output pattern test, is ==13255==ERROR: AddressSanitizer failed to allocate 0x4000001000 (274877911040) bytes at address 1fffffff000 (errno: 12)
FAIL: c-c++-common/asan/use-after-free-1.c -O1 output pattern test, is ==13273==ERROR: AddressSanitizer failed to allocate 0x4000001000 (274877911040) bytes at address 1fffffff000 (errno: 12)
FAIL: c-c++-common/asan/use-after-free-1.c -O2 output pattern test, is ==13301==ERROR: AddressSanitizer failed to allocate 0x4000001000 (274877911040) bytes at address 1fffffff000 (errno: 12)
FAIL: c-c++-common/asan/use-after-free-1.c -O2 -flto -fno-use-linker-plugin -flto-partition=none output pattern test, is ==13375==ERROR: AddressSanitizer failed to allocate 0x4000001000 (274877911040) bytes at address 1fffffff000 (errno: 12)
FAIL: c-c++-common/asan/use-after-free-1.c -O2 -flto -fuse-linker-plugin -fno-fat-lto-objects output pattern test, is ==13403==ERROR: AddressSanitizer failed to allocate 0x4000001000 (274877911040) bytes at address 1fffffff000 (errno: 12)
FAIL: c-c++-common/asan/use-after-free-1.c -O3 -g output pattern test, is ==13317==ERROR: AddressSanitizer failed to allocate 0x4000001000 (274877911040) bytes at address 1fffffff000 (errno: 12)
FAIL: c-c++-common/asan/use-after-free-1.c -Os output pattern test, is ==13333==ERROR: AddressSanitizer failed to allocate 0x4000001000 (274877911040) bytes at address 1fffffff000 (errno: 12)
FAIL: c-c++-common/asan/use-after-return-1.c -O0 output pattern test, is ==13419==ERROR: AddressSanitizer failed to allocate 0x4000001000 (274877911040) bytes at address 1fffffff000 (errno: 12)
FAIL: c-c++-common/asan/use-after-return-1.c -O1 output pattern test, is ==13435==ERROR: AddressSanitizer failed to allocate 0x4000001000 (274877911040) bytes at address 1fffffff000 (errno: 12)
FAIL: c-c++-common/asan/use-after-return-1.c -O2 output pattern test, is ==13456==ERROR: AddressSanitizer failed to allocate 0x4000001000 (274877911040) bytes at address 1fffffff000 (errno: 12)
FAIL: c-c++-common/asan/use-after-return-1.c -O2 -flto -fno-use-linker-plugin -flto-partition=none output pattern test, is ==13530==ERROR: AddressSanitizer failed to allocate 0x4000001000 (274877911040) bytes at address 1fffffff000 (errno: 12)
FAIL: c-c++-common/asan/use-after-return-1.c -O2 -flto -fuse-linker-plugin -fno-fat-lto-objects output pattern test, is ==13558==ERROR: AddressSanitizer failed to allocate 0x4000001000 (274877911040) bytes at address 1fffffff000 (errno: 12)
FAIL: c-c++-common/asan/use-after-return-1.c -O3 -g output pattern test, is ==13472==ERROR: AddressSanitizer failed to allocate 0x4000001000 (274877911040) bytes at address 1fffffff000 (errno: 12)
FAIL: c-c++-common/asan/use-after-return-1.c -Os output pattern test, is ==13493==ERROR: AddressSanitizer failed to allocate 0x4000001000 (274877911040) bytes at address 1fffffff000 (errno: 12)
FAIL: gcc.dg/asan/nosanitize-and-inline.c -O0 execution test
FAIL: gcc.dg/asan/nosanitize-and-inline.c -O1 execution test
FAIL: gcc.dg/asan/nosanitize-and-inline.c -O2 execution test
FAIL: gcc.dg/asan/nosanitize-and-inline.c -O2 -flto -fno-use-linker-plugin -flto-partition=none execution test
FAIL: gcc.dg/asan/nosanitize-and-inline.c -O2 -flto -fuse-linker-plugin -fno-fat-lto-objects execution test
FAIL: gcc.dg/asan/nosanitize-and-inline.c -O3 -fomit-frame-pointer -funroll-loops -fpeel-loops -ftracer -finline-functions execution test
FAIL: gcc.dg/asan/nosanitize-and-inline.c -O3 -g execution test
FAIL: gcc.dg/asan/nosanitize-and-inline.c -Os execution test
FAIL: gcc.dg/debug/dwarf2/stacked-qualified-types-3.c scan-assembler-times DIE \\\\([^\\n]*\\\\) DW_TAG_(?:const|volatile|atomic|restrict)_type 8
FAIL: gcc.dg/loop-8.c scan-rtl-dump-times loop2_invariant "Decided" 1
FAIL: gcc.dg/sms-4.c scan-rtl-dump-times sms "SMS succeeded" 1
XPASS: gcc.dg/guality/example.c -O0 execution test
XPASS: gcc.dg/guality/example.c -O1 execution test
XPASS: gcc.dg/guality/guality.c -O0 execution test
XPASS: gcc.dg/guality/guality.c -O1 execution test
XPASS: gcc.dg/guality/guality.c -O2 execution test
XPASS: gcc.dg/guality/guality.c -O2 -flto -fno-use-linker-plugin -flto-partition=none execution test
XPASS: gcc.dg/guality/guality.c -O2 -flto -fuse-linker-plugin -fno-fat-lto-objects execution test
XPASS: gcc.dg/guality/guality.c -O3 -g execution test
XPASS: gcc.dg/guality/guality.c -Os execution test
XPASS: gcc.dg/guality/inline-params.c -O2 execution test
XPASS: gcc.dg/guality/inline-params.c -O2 -flto -fno-use-linker-plugin -flto-partition=none execution test
XPASS: gcc.dg/guality/inline-params.c -O3 -g execution test
XPASS: gcc.dg/guality/inline-params.c -Os execution test
FAIL: gcc.dg/guality/param-3.c -O1 line 20 str.pa == 31415927
FAIL: gcc.dg/guality/param-3.c -O1 line 20 str.pb == 27182818
FAIL: gcc.dg/guality/pr36728-1.c -O2 line 16 y == 2
FAIL: gcc.dg/guality/pr36728-1.c -O2 line 18 y == 2
FAIL: gcc.dg/guality/pr36728-1.c -O2 -flto -fno-use-linker-plugin -flto-partition=none line 16 y == 2
FAIL: gcc.dg/guality/pr36728-1.c -O2 -flto -fno-use-linker-plugin -flto-partition=none line 18 y == 2
FAIL: gcc.dg/guality/pr36728-1.c -O2 -flto -fuse-linker-plugin -fno-fat-lto-objects line 16 y == 2
FAIL: gcc.dg/guality/pr36728-1.c -O3 -g line 16 y == 2
FAIL: gcc.dg/guality/pr36728-1.c -O3 -g line 18 y == 2
XPASS: gcc.dg/guality/pr41353-1.c -O0 line 28 j == 28 + 37
FAIL: gcc.dg/guality/pr41353-1.c -O1 line 28 i == 37
FAIL: gcc.dg/guality/pr41353-1.c -O1 line 28 i1 == 2 * 37
FAIL: gcc.dg/guality/pr41353-1.c -O1 line 28 i2 == 3 * 37
XPASS: gcc.dg/guality/pr41353-1.c -O1 line 28 j == 28 + 37
FAIL: gcc.dg/guality/pr41353-1.c -O2 line 28 i == 37
FAIL: gcc.dg/guality/pr41353-1.c -O2 line 28 i1 == 2 * 37
FAIL: gcc.dg/guality/pr41353-1.c -O2 line 28 i2 == 3 * 37
XPASS: gcc.dg/guality/pr41353-1.c -O2 line 28 j == 28 + 37
FAIL: gcc.dg/guality/pr41353-1.c -O2 -flto -fno-use-linker-plugin -flto-partition=none line 28 i == 37
FAIL: gcc.dg/guality/pr41353-1.c -O2 -flto -fno-use-linker-plugin -flto-partition=none line 28 i1 == 2 * 37
FAIL: gcc.dg/guality/pr41353-1.c -O2 -flto -fno-use-linker-plugin -flto-partition=none line 28 i2 == 3 * 37
XPASS: gcc.dg/guality/pr41353-1.c -O2 -flto -fno-use-linker-plugin -flto-partition=none line 28 j == 28 + 37
FAIL: gcc.dg/guality/pr41353-1.c -O2 -flto -fuse-linker-plugin -fno-fat-lto-objects line 28 i == 37
FAIL: gcc.dg/guality/pr41353-1.c -O2 -flto -fuse-linker-plugin -fno-fat-lto-objects line 28 i1 == 2 * 37
FAIL: gcc.dg/guality/pr41353-1.c -O2 -flto -fuse-linker-plugin -fno-fat-lto-objects line 28 i2 == 3 * 37
XPASS: gcc.dg/guality/pr41353-1.c -O2 -flto -fuse-linker-plugin -fno-fat-lto-objects line 28 j == 28 + 37
FAIL: gcc.dg/guality/pr41353-1.c -O3 -g line 28 i == 37
FAIL: gcc.dg/guality/pr41353-1.c -O3 -g line 28 i1 == 2 * 37
FAIL: gcc.dg/guality/pr41353-1.c -O3 -g line 28 i2 == 3 * 37
XPASS: gcc.dg/guality/pr41353-1.c -O3 -g line 28 j == 28 + 37
FAIL: gcc.dg/guality/pr41353-1.c -Os line 28 i == 37
FAIL: gcc.dg/guality/pr41353-1.c -Os line 28 i1 == 2 * 37
FAIL: gcc.dg/guality/pr41353-1.c -Os line 28 i2 == 3 * 37
XPASS: gcc.dg/guality/pr41353-1.c -Os line 28 j == 28 + 37
FAIL: gcc.dg/guality/pr41404-1.c -O2 -flto -fuse-linker-plugin -fno-fat-lto-objects line 10 *foo == 'f'
FAIL: gcc.dg/guality/pr41404-1.c -O2 -flto -fuse-linker-plugin -fno-fat-lto-objects line 14 *foo == 'b'
FAIL: gcc.dg/guality/pr41404-1.c -O2 -flto -fuse-linker-plugin -fno-fat-lto-objects line 24 *foo == 'f'
FAIL: gcc.dg/guality/pr41616-1.c -O2 -flto -fuse-linker-plugin -fno-fat-lto-objects execution test
FAIL: gcc.dg/guality/pr43051-1.c -O1 line 34 c == &a[0]
FAIL: gcc.dg/guality/pr43051-1.c -O1 line 40 v == 1
FAIL: gcc.dg/guality/pr43051-1.c -O2 line 35 v == 1
FAIL: gcc.dg/guality/pr43051-1.c -O2 line 40 v == 1
FAIL: gcc.dg/guality/pr43051-1.c -O2 -flto -fno-use-linker-plugin -flto-partition=none line 35 v == 1
FAIL: gcc.dg/guality/pr43051-1.c -O2 -flto -fno-use-linker-plugin -flto-partition=none line 40 v == 1
FAIL: gcc.dg/guality/pr43051-1.c -O2 -flto -fuse-linker-plugin -fno-fat-lto-objects line 35 v == 1
FAIL: gcc.dg/guality/pr43051-1.c -O2 -flto -fuse-linker-plugin -fno-fat-lto-objects line 40 v == 1
FAIL: gcc.dg/guality/pr43051-1.c -O3 -fomit-frame-pointer -funroll-loops -fpeel-loops -ftracer -finline-functions line 35 v == 1
FAIL: gcc.dg/guality/pr43051-1.c -O3 -fomit-frame-pointer -funroll-loops -fpeel-loops -ftracer -finline-functions line 40 v == 1
FAIL: gcc.dg/guality/pr43051-1.c -O3 -g line 35 v == 1
FAIL: gcc.dg/guality/pr43051-1.c -O3 -g line 40 v == 1
FAIL: gcc.dg/guality/pr43051-1.c -Os line 40 v == 1
FAIL: gcc.dg/guality/pr45882.c -O2 -flto -fuse-linker-plugin -fno-fat-lto-objects line 16 d == 112
FAIL: gcc.dg/guality/pr45882.c -O2 -flto -fuse-linker-plugin -fno-fat-lto-objects line 16 e == 142
FAIL: gcc.dg/guality/pr54200.c -O1 line 20 z == 3
FAIL: gcc.dg/guality/pr54200.c -O2 line 20 z == 3
FAIL: gcc.dg/guality/pr54200.c -O2 -flto -fno-use-linker-plugin -flto-partition=none line 20 z == 3
FAIL: gcc.dg/guality/pr54200.c -O2 -flto -fuse-linker-plugin -fno-fat-lto-objects line 20 z == 3
FAIL: gcc.dg/guality/pr54200.c -O3 -g line 20 z == 3
FAIL: gcc.dg/guality/pr54200.c -Os line 20 z == 3
FAIL: gcc.dg/guality/pr54519-1.c -O1 line 20 x == 36
FAIL: gcc.dg/guality/pr54519-1.c -O1 line 20 y == 25
FAIL: gcc.dg/guality/pr54519-1.c -O1 line 23 x == 98
FAIL: gcc.dg/guality/pr54519-1.c -O1 line 23 y == 117
FAIL: gcc.dg/guality/pr54519-1.c -O2 line 20 x == 36
FAIL: gcc.dg/guality/pr54519-1.c -O2 line 23 x == 98
FAIL: gcc.dg/guality/pr54519-1.c -O2 -flto -fno-use-linker-plugin -flto-partition=none line 20 x == 36
FAIL: gcc.dg/guality/pr54519-1.c -O2 -flto -fno-use-linker-plugin -flto-partition=none line 20 y == 25
FAIL: gcc.dg/guality/pr54519-1.c -O2 -flto -fno-use-linker-plugin -flto-partition=none line 20 z == 6
FAIL: gcc.dg/guality/pr54519-1.c -O2 -flto -fno-use-linker-plugin -flto-partition=none line 23 x == 98
FAIL: gcc.dg/guality/pr54519-1.c -O2 -flto -fno-use-linker-plugin -flto-partition=none line 23 y == 117
FAIL: gcc.dg/guality/pr54519-1.c -O2 -flto -fno-use-linker-plugin -flto-partition=none line 23 z == 8
FAIL: gcc.dg/guality/pr54519-1.c -Os line 20 x == 36
FAIL: gcc.dg/guality/pr54519-1.c -Os line 23 x == 98
FAIL: gcc.dg/guality/pr54519-2.c -O1 line 17 x == 6
FAIL: gcc.dg/guality/pr54519-2.c -O2 -flto -fno-use-linker-plugin -flto-partition=none line 17 y == 25
FAIL: gcc.dg/guality/pr54519-2.c -O2 -flto -fuse-linker-plugin -fno-fat-lto-objects line 17 y == 25
FAIL: gcc.dg/guality/pr54519-3.c -O1 line 20 x == 36
FAIL: gcc.dg/guality/pr54519-3.c -O1 line 20 y == 25
FAIL: gcc.dg/guality/pr54519-3.c -O1 line 20 z == 6
FAIL: gcc.dg/guality/pr54519-3.c -O1 line 23 x == 98
FAIL: gcc.dg/guality/pr54519-3.c -O1 line 23 y == 117
FAIL: gcc.dg/guality/pr54519-3.c -O1 line 23 z == 8
FAIL: gcc.dg/guality/pr54519-3.c -O2 line 20 z == 6
FAIL: gcc.dg/guality/pr54519-3.c -O2 line 23 z == 8
FAIL: gcc.dg/guality/pr54519-3.c -O2 -flto -fno-use-linker-plugin -flto-partition=none line 20 y == 25
FAIL: gcc.dg/guality/pr54519-3.c -O2 -flto -fno-use-linker-plugin -flto-partition=none line 20 z == 6
FAIL: gcc.dg/guality/pr54519-3.c -O2 -flto -fno-use-linker-plugin -flto-partition=none line 23 y == 117
FAIL: gcc.dg/guality/pr54519-3.c -O2 -flto -fno-use-linker-plugin -flto-partition=none line 23 z == 8
FAIL: gcc.dg/guality/pr54519-3.c -O2 -flto -fuse-linker-plugin -fno-fat-lto-objects line 20 y == 25
FAIL: gcc.dg/guality/pr54519-3.c -O2 -flto -fuse-linker-plugin -fno-fat-lto-objects line 20 z == 6
FAIL: gcc.dg/guality/pr54519-3.c -O2 -flto -fuse-linker-plugin -fno-fat-lto-objects line 23 y == 117
FAIL: gcc.dg/guality/pr54519-3.c -O2 -flto -fuse-linker-plugin -fno-fat-lto-objects line 23 z == 8
FAIL: gcc.dg/guality/pr54519-3.c -O3 -g line 20 z == 6
FAIL: gcc.dg/guality/pr54519-3.c -O3 -g line 23 z == 8
FAIL: gcc.dg/guality/pr54519-3.c -Os line 20 z == 6
FAIL: gcc.dg/guality/pr54519-3.c -Os line 23 z == 8
FAIL: gcc.dg/guality/pr54519-4.c -O1 line 17 x == 6
FAIL: gcc.dg/guality/pr54519-4.c -O1 line 17 y == 25
FAIL: gcc.dg/guality/pr54519-4.c -O2 line 17 y == 25
FAIL: gcc.dg/guality/pr54519-4.c -O2 -flto -fno-use-linker-plugin -flto-partition=none line 17 y == 25
FAIL: gcc.dg/guality/pr54519-4.c -O2 -flto -fuse-linker-plugin -fno-fat-lto-objects line 17 y == 25
FAIL: gcc.dg/guality/pr54519-4.c -O3 -g line 17 y == 25
FAIL: gcc.dg/guality/pr54519-4.c -Os line 17 y == 25
FAIL: gcc.dg/guality/pr54519-5.c -O1 line 17 x == 6
FAIL: gcc.dg/guality/pr54519-5.c -O1 line 17 y == 25
FAIL: gcc.dg/guality/pr54519-5.c -O2 line 17 y == 25
FAIL: gcc.dg/guality/pr54519-5.c -O2 -flto -fno-use-linker-plugin -flto-partition=none line 17 y == 25
FAIL: gcc.dg/guality/pr54519-5.c -O2 -flto -fuse-linker-plugin -fno-fat-lto-objects line 17 y == 25
FAIL: gcc.dg/guality/pr54519-5.c -O3 -g line 17 y == 25
FAIL: gcc.dg/guality/pr54519-5.c -Os line 17 y == 25
FAIL: gcc.dg/guality/pr54551.c -O1 line 18 a == 4
FAIL: gcc.dg/guality/pr54551.c -O2 line 18 a == 4
FAIL: gcc.dg/guality/pr54551.c -O2 -flto -fno-use-linker-plugin -flto-partition=none line 18 a == 4
FAIL: gcc.dg/guality/pr54551.c -O3 -g line 18 a == 4
FAIL: gcc.dg/guality/pr54551.c -Os line 18 a == 4
FAIL: gcc.dg/guality/pr54693-2.c -O1 line 21 x == 10 - i
FAIL: gcc.dg/guality/pr54693-2.c -O2 line 21 x == 10 - i
FAIL: gcc.dg/guality/pr54693-2.c -O2 -flto -fno-use-linker-plugin -flto-partition=none line 21 x == 10 - i
FAIL: gcc.dg/guality/pr54693-2.c -O2 -flto -fuse-linker-plugin -fno-fat-lto-objects line 21 x == 10 - i
FAIL: gcc.dg/guality/pr54693-2.c -O3 -fomit-frame-pointer -funroll-loops -fpeel-loops -ftracer -finline-functions line 21 x == 10 - i
FAIL: gcc.dg/guality/pr54693-2.c -O3 -g line 21 x == 10 - i
FAIL: gcc.dg/guality/pr54693-2.c -Os line 21 y == 20 - 2 * i
FAIL: gcc.dg/guality/pr54693-2.c -Os line 21 z == 30 - 3 * i
FAIL: gcc.dg/guality/pr54693.c -O1 line 22 i == c - 48
FAIL: gcc.dg/guality/pr54693.c -O2 line 22 i == c - 48
FAIL: gcc.dg/guality/pr54693.c -O2 -flto -fno-use-linker-plugin -flto-partition=none line 22 i == c - 48
FAIL: gcc.dg/guality/pr54693.c -O2 -flto -fuse-linker-plugin -fno-fat-lto-objects line 22 i == c - 48
FAIL: gcc.dg/guality/pr54693.c -O3 -fomit-frame-pointer -funroll-loops -fpeel-loops -ftracer -finline-functions line 22 i == c - 48
FAIL: gcc.dg/guality/pr54693.c -O3 -g line 22 i == c - 48
FAIL: gcc.dg/guality/pr54693.c -Os line 22 i == c - 48
FAIL: gcc.dg/guality/pr54970.c -O1 line 15 *p == 3
FAIL: gcc.dg/guality/pr54970.c -O1 line 15 *q == 2
FAIL: gcc.dg/guality/pr54970.c -O1 line 15 a[0] == 1
FAIL: gcc.dg/guality/pr54970.c -O1 line 15 a[1] == 2
FAIL: gcc.dg/guality/pr54970.c -O1 line 15 a[2] == 3
FAIL: gcc.dg/guality/pr54970.c -O1 line 20 *p == 13
FAIL: gcc.dg/guality/pr54970.c -O1 line 20 *q == 2
FAIL: gcc.dg/guality/pr54970.c -O1 line 20 a[0] == 1
FAIL: gcc.dg/guality/pr54970.c -O1 line 20 a[1] == 2
FAIL: gcc.dg/guality/pr54970.c -O1 line 20 a[2] == 13
FAIL: gcc.dg/guality/pr54970.c -O1 line 25 *p == 13
FAIL: gcc.dg/guality/pr54970.c -O1 line 25 *q == 12
FAIL: gcc.dg/guality/pr54970.c -O1 line 25 a[0] == 1
FAIL: gcc.dg/guality/pr54970.c -O1 line 25 a[1] == 12
FAIL: gcc.dg/guality/pr54970.c -O1 line 25 a[2] == 13
FAIL: gcc.dg/guality/pr54970.c -O1 line 31 *p == 6
FAIL: gcc.dg/guality/pr54970.c -O1 line 31 *q == 5
FAIL: gcc.dg/guality/pr54970.c -O1 line 31 a[0] == 4
FAIL: gcc.dg/guality/pr54970.c -O1 line 31 a[1] == 5
FAIL: gcc.dg/guality/pr54970.c -O1 line 31 a[2] == 6
FAIL: gcc.dg/guality/pr54970.c -O1 line 36 *p == 26
FAIL: gcc.dg/guality/pr54970.c -O1 line 36 *q == 5
FAIL: gcc.dg/guality/pr54970.c -O1 line 36 a[0] == 4
FAIL: gcc.dg/guality/pr54970.c -O1 line 36 a[1] == 5
FAIL: gcc.dg/guality/pr54970.c -O1 line 36 a[2] == 26
FAIL: gcc.dg/guality/pr54970.c -O1 line 45 *p == 26
FAIL: gcc.dg/guality/pr54970.c -O1 line 45 *q == 25
FAIL: gcc.dg/guality/pr54970.c -O1 line 45 a[0] == 4
FAIL: gcc.dg/guality/pr54970.c -O1 line 45 a[1] == 25
FAIL: gcc.dg/guality/pr54970.c -O1 line 45 a[2] == 26
FAIL: gcc.dg/guality/pr54970.c -O1 line 45 p[-1] == 25
FAIL: gcc.dg/guality/pr54970.c -O1 line 45 p[-2] == 4
FAIL: gcc.dg/guality/pr54970.c -O1 line 45 q[-1] == 4
FAIL: gcc.dg/guality/pr54970.c -O1 line 45 q[1] == 26
FAIL: gcc.dg/guality/pr54970.c -O2 line 15 *p == 3
FAIL: gcc.dg/guality/pr54970.c -O2 line 15 *q == 2
FAIL: gcc.dg/guality/pr54970.c -O2 line 15 a[0] == 1
FAIL: gcc.dg/guality/pr54970.c -O2 line 15 a[1] == 2
FAIL: gcc.dg/guality/pr54970.c -O2 line 15 a[2] == 3
FAIL: gcc.dg/guality/pr54970.c -O2 line 20 *p == 13
FAIL: gcc.dg/guality/pr54970.c -O2 line 20 *q == 2
FAIL: gcc.dg/guality/pr54970.c -O2 line 20 a[0] == 1
FAIL: gcc.dg/guality/pr54970.c -O2 line 20 a[1] == 2
FAIL: gcc.dg/guality/pr54970.c -O2 line 20 a[2] == 13
FAIL: gcc.dg/guality/pr54970.c -O2 line 25 *p == 13
FAIL: gcc.dg/guality/pr54970.c -O2 line 25 *q == 12
FAIL: gcc.dg/guality/pr54970.c -O2 line 25 a[0] == 1
FAIL: gcc.dg/guality/pr54970.c -O2 line 25 a[1] == 12
FAIL: gcc.dg/guality/pr54970.c -O2 line 25 a[2] == 13
FAIL: gcc.dg/guality/pr54970.c -O2 line 31 *p == 6
FAIL: gcc.dg/guality/pr54970.c -O2 line 31 *q == 5
FAIL: gcc.dg/guality/pr54970.c -O2 line 31 a[0] == 4
FAIL: gcc.dg/guality/pr54970.c -O2 line 31 a[1] == 5
FAIL: gcc.dg/guality/pr54970.c -O2 line 31 a[2] == 6
FAIL: gcc.dg/guality/pr54970.c -O2 line 36 *p == 26
FAIL: gcc.dg/guality/pr54970.c -O2 line 36 *q == 5
FAIL: gcc.dg/guality/pr54970.c -O2 line 36 a[0] == 4
FAIL: gcc.dg/guality/pr54970.c -O2 line 36 a[1] == 5
FAIL: gcc.dg/guality/pr54970.c -O2 line 36 a[2] == 26
FAIL: gcc.dg/guality/pr54970.c -O2 line 45 *p == 26
FAIL: gcc.dg/guality/pr54970.c -O2 line 45 *q == 25
FAIL: gcc.dg/guality/pr54970.c -O2 line 45 a[0] == 4
FAIL: gcc.dg/guality/pr54970.c -O2 line 45 a[1] == 25
FAIL: gcc.dg/guality/pr54970.c -O2 line 45 a[2] == 26
FAIL: gcc.dg/guality/pr54970.c -O2 line 45 p[-1] == 25
FAIL: gcc.dg/guality/pr54970.c -O2 line 45 p[-2] == 4
FAIL: gcc.dg/guality/pr54970.c -O2 line 45 q[-1] == 4
FAIL: gcc.dg/guality/pr54970.c -O2 line 45 q[1] == 26
FAIL: gcc.dg/guality/pr54970.c -O2 -flto -fno-use-linker-plugin -flto-partition=none line 15 *p == 3
FAIL: gcc.dg/guality/pr54970.c -O2 -flto -fno-use-linker-plugin -flto-partition=none line 15 *q == 2
FAIL: gcc.dg/guality/pr54970.c -O2 -flto -fno-use-linker-plugin -flto-partition=none line 15 a[0] == 1
FAIL: gcc.dg/guality/pr54970.c -O2 -flto -fno-use-linker-plugin -flto-partition=none line 15 a[1] == 2
FAIL: gcc.dg/guality/pr54970.c -O2 -flto -fno-use-linker-plugin -flto-partition=none line 15 a[2] == 3
FAIL: gcc.dg/guality/pr54970.c -O2 -flto -fno-use-linker-plugin -flto-partition=none line 20 *p == 13
FAIL: gcc.dg/guality/pr54970.c -O2 -flto -fno-use-linker-plugin -flto-partition=none line 20 *q == 2
FAIL: gcc.dg/guality/pr54970.c -O2 -flto -fno-use-linker-plugin -flto-partition=none line 20 a[0] == 1
FAIL: gcc.dg/guality/pr54970.c -O2 -flto -fno-use-linker-plugin -flto-partition=none line 20 a[1] == 2
FAIL: gcc.dg/guality/pr54970.c -O2 -flto -fno-use-linker-plugin -flto-partition=none line 20 a[2] == 13
FAIL: gcc.dg/guality/pr54970.c -O2 -flto -fno-use-linker-plugin -flto-partition=none line 25 *p == 13
FAIL: gcc.dg/guality/pr54970.c -O2 -flto -fno-use-linker-plugin -flto-partition=none line 25 *q == 12
FAIL: gcc.dg/guality/pr54970.c -O2 -flto -fno-use-linker-plugin -flto-partition=none line 25 a[0] == 1
FAIL: gcc.dg/guality/pr54970.c -O2 -flto -fno-use-linker-plugin -flto-partition=none line 25 a[1] == 12
FAIL: gcc.dg/guality/pr54970.c -O2 -flto -fno-use-linker-plugin -flto-partition=none line 25 a[2] == 13
FAIL: gcc.dg/guality/pr54970.c -O2 -flto -fno-use-linker-plugin -flto-partition=none line 31 *p == 6
FAIL: gcc.dg/guality/pr54970.c -O2 -flto -fno-use-linker-plugin -flto-partition=none line 31 *q == 5
FAIL: gcc.dg/guality/pr54970.c -O2 -flto -fno-use-linker-plugin -flto-partition=none line 31 a[0] == 4
FAIL: gcc.dg/guality/pr54970.c -O2 -flto -fno-use-linker-plugin -flto-partition=none line 31 a[1] == 5
FAIL: gcc.dg/guality/pr54970.c -O2 -flto -fno-use-linker-plugin -flto-partition=none line 31 a[2] == 6
FAIL: gcc.dg/guality/pr54970.c -O2 -flto -fno-use-linker-plugin -flto-partition=none line 36 *p == 26
FAIL: gcc.dg/guality/pr54970.c -O2 -flto -fno-use-linker-plugin -flto-partition=none line 36 *q == 5
FAIL: gcc.dg/guality/pr54970.c -O2 -flto -fno-use-linker-plugin -flto-partition=none line 36 a[0] == 4
FAIL: gcc.dg/guality/pr54970.c -O2 -flto -fno-use-linker-plugin -flto-partition=none line 36 a[1] == 5
FAIL: gcc.dg/guality/pr54970.c -O2 -flto -fno-use-linker-plugin -flto-partition=none line 36 a[2] == 26
FAIL: gcc.dg/guality/pr54970.c -O2 -flto -fno-use-linker-plugin -flto-partition=none line 45 *p == 26
FAIL: gcc.dg/guality/pr54970.c -O2 -flto -fno-use-linker-plugin -flto-partition=none line 45 *q == 25
FAIL: gcc.dg/guality/pr54970.c -O2 -flto -fno-use-linker-plugin -flto-partition=none line 45 a[0] == 4
FAIL: gcc.dg/guality/pr54970.c -O2 -flto -fno-use-linker-plugin -flto-partition=none line 45 a[1] == 25
FAIL: gcc.dg/guality/pr54970.c -O2 -flto -fno-use-linker-plugin -flto-partition=none line 45 a[2] == 26
FAIL: gcc.dg/guality/pr54970.c -O2 -flto -fno-use-linker-plugin -flto-partition=none line 45 p[-1] == 25
FAIL: gcc.dg/guality/pr54970.c -O2 -flto -fno-use-linker-plugin -flto-partition=none line 45 p[-2] == 4
FAIL: gcc.dg/guality/pr54970.c -O2 -flto -fno-use-linker-plugin -flto-partition=none line 45 q[-1] == 4
FAIL: gcc.dg/guality/pr54970.c -O2 -flto -fno-use-linker-plugin -flto-partition=none line 45 q[1] == 26
FAIL: gcc.dg/guality/pr54970.c -O2 -flto -fuse-linker-plugin -fno-fat-lto-objects line 15 *p == 3
FAIL: gcc.dg/guality/pr54970.c -O2 -flto -fuse-linker-plugin -fno-fat-lto-objects line 15 *q == 2
FAIL: gcc.dg/guality/pr54970.c -O2 -flto -fuse-linker-plugin -fno-fat-lto-objects line 15 a[0] == 1
FAIL: gcc.dg/guality/pr54970.c -O2 -flto -fuse-linker-plugin -fno-fat-lto-objects line 15 a[1] == 2
FAIL: gcc.dg/guality/pr54970.c -O2 -flto -fuse-linker-plugin -fno-fat-lto-objects line 15 a[2] == 3
FAIL: gcc.dg/guality/pr54970.c -O2 -flto -fuse-linker-plugin -fno-fat-lto-objects line 20 *p == 13
FAIL: gcc.dg/guality/pr54970.c -O2 -flto -fuse-linker-plugin -fno-fat-lto-objects line 20 *q == 2
FAIL: gcc.dg/guality/pr54970.c -O2 -flto -fuse-linker-plugin -fno-fat-lto-objects line 20 a[0] == 1
FAIL: gcc.dg/guality/pr54970.c -O2 -flto -fuse-linker-plugin -fno-fat-lto-objects line 20 a[1] == 2
FAIL: gcc.dg/guality/pr54970.c -O2 -flto -fuse-linker-plugin -fno-fat-lto-objects line 20 a[2] == 13
FAIL: gcc.dg/guality/pr54970.c -O2 -flto -fuse-linker-plugin -fno-fat-lto-objects line 25 *p == 13
FAIL: gcc.dg/guality/pr54970.c -O2 -flto -fuse-linker-plugin -fno-fat-lto-objects line 25 *q == 12
FAIL: gcc.dg/guality/pr54970.c -O2 -flto -fuse-linker-plugin -fno-fat-lto-objects line 25 a[0] == 1
FAIL: gcc.dg/guality/pr54970.c -O2 -flto -fuse-linker-plugin -fno-fat-lto-objects line 25 a[1] == 12
FAIL: gcc.dg/guality/pr54970.c -O2 -flto -fuse-linker-plugin -fno-fat-lto-objects line 25 a[2] == 13
FAIL: gcc.dg/guality/pr54970.c -O2 -flto -fuse-linker-plugin -fno-fat-lto-objects line 31 *p == 6
FAIL: gcc.dg/guality/pr54970.c -O2 -flto -fuse-linker-plugin -fno-fat-lto-objects line 31 *q == 5
FAIL: gcc.dg/guality/pr54970.c -O2 -flto -fuse-linker-plugin -fno-fat-lto-objects line 31 a[0] == 4
FAIL: gcc.dg/guality/pr54970.c -O2 -flto -fuse-linker-plugin -fno-fat-lto-objects line 31 a[1] == 5
FAIL: gcc.dg/guality/pr54970.c -O2 -flto -fuse-linker-plugin -fno-fat-lto-objects line 31 a[2] == 6
FAIL: gcc.dg/guality/pr54970.c -O2 -flto -fuse-linker-plugin -fno-fat-lto-objects line 36 *p == 26
FAIL: gcc.dg/guality/pr54970.c -O2 -flto -fuse-linker-plugin -fno-fat-lto-objects line 36 *q == 5
FAIL: gcc.dg/guality/pr54970.c -O2 -flto -fuse-linker-plugin -fno-fat-lto-objects line 36 a[0] == 4
FAIL: gcc.dg/guality/pr54970.c -O2 -flto -fuse-linker-plugin -fno-fat-lto-objects line 36 a[1] == 5
FAIL: gcc.dg/guality/pr54970.c -O2 -flto -fuse-linker-plugin -fno-fat-lto-objects line 36 a[2] == 26
FAIL: gcc.dg/guality/pr54970.c -O2 -flto -fuse-linker-plugin -fno-fat-lto-objects line 45 *p == 26
FAIL: gcc.dg/guality/pr54970.c -O2 -flto -fuse-linker-plugin -fno-fat-lto-objects line 45 *q == 25
FAIL: gcc.dg/guality/pr54970.c -O2 -flto -fuse-linker-plugin -fno-fat-lto-objects line 45 a[0] == 4
FAIL: gcc.dg/guality/pr54970.c -O2 -flto -fuse-linker-plugin -fno-fat-lto-objects line 45 a[1] == 25
FAIL: gcc.dg/guality/pr54970.c -O2 -flto -fuse-linker-plugin -fno-fat-lto-objects line 45 a[2] == 26
FAIL: gcc.dg/guality/pr54970.c -O2 -flto -fuse-linker-plugin -fno-fat-lto-objects line 45 p[-1] == 25
FAIL: gcc.dg/guality/pr54970.c -O2 -flto -fuse-linker-plugin -fno-fat-lto-objects line 45 p[-2] == 4
FAIL: gcc.dg/guality/pr54970.c -O2 -flto -fuse-linker-plugin -fno-fat-lto-objects line 45 q[-1] == 4
FAIL: gcc.dg/guality/pr54970.c -O2 -flto -fuse-linker-plugin -fno-fat-lto-objects line 45 q[1] == 26
FAIL: gcc.dg/guality/pr54970.c -O3 -g line 15 *p == 3
FAIL: gcc.dg/guality/pr54970.c -O3 -g line 15 *q == 2
FAIL: gcc.dg/guality/pr54970.c -O3 -g line 15 a[0] == 1
FAIL: gcc.dg/guality/pr54970.c -O3 -g line 15 a[1] == 2
FAIL: gcc.dg/guality/pr54970.c -O3 -g line 15 a[2] == 3
FAIL: gcc.dg/guality/pr54970.c -O3 -g line 20 *p == 13
FAIL: gcc.dg/guality/pr54970.c -O3 -g line 20 *q == 2
FAIL: gcc.dg/guality/pr54970.c -O3 -g line 20 a[0] == 1
FAIL: gcc.dg/guality/pr54970.c -O3 -g line 20 a[1] == 2
FAIL: gcc.dg/guality/pr54970.c -O3 -g line 20 a[2] == 13
FAIL: gcc.dg/guality/pr54970.c -O3 -g line 25 *p == 13
FAIL: gcc.dg/guality/pr54970.c -O3 -g line 25 *q == 12
FAIL: gcc.dg/guality/pr54970.c -O3 -g line 25 a[0] == 1
FAIL: gcc.dg/guality/pr54970.c -O3 -g line 25 a[1] == 12
FAIL: gcc.dg/guality/pr54970.c -O3 -g line 25 a[2] == 13
FAIL: gcc.dg/guality/pr54970.c -O3 -g line 31 *p == 6
FAIL: gcc.dg/guality/pr54970.c -O3 -g line 31 *q == 5
FAIL: gcc.dg/guality/pr54970.c -O3 -g line 31 a[0] == 4
FAIL: gcc.dg/guality/pr54970.c -O3 -g line 31 a[1] == 5
FAIL: gcc.dg/guality/pr54970.c -O3 -g line 31 a[2] == 6
FAIL: gcc.dg/guality/pr54970.c -O3 -g line 36 *p == 26
FAIL: gcc.dg/guality/pr54970.c -O3 -g line 36 *q == 5
FAIL: gcc.dg/guality/pr54970.c -O3 -g line 36 a[0] == 4
FAIL: gcc.dg/guality/pr54970.c -O3 -g line 36 a[1] == 5
FAIL: gcc.dg/guality/pr54970.c -O3 -g line 36 a[2] == 26
FAIL: gcc.dg/guality/pr54970.c -O3 -g line 45 *p == 26
FAIL: gcc.dg/guality/pr54970.c -O3 -g line 45 *q == 25
FAIL: gcc.dg/guality/pr54970.c -O3 -g line 45 a[0] == 4
FAIL: gcc.dg/guality/pr54970.c -O3 -g line 45 a[1] == 25
FAIL: gcc.dg/guality/pr54970.c -O3 -g line 45 a[2] == 26
FAIL: gcc.dg/guality/pr54970.c -O3 -g line 45 p[-1] == 25
FAIL: gcc.dg/guality/pr54970.c -O3 -g line 45 p[-2] == 4
FAIL: gcc.dg/guality/pr54970.c -O3 -g line 45 q[-1] == 4
FAIL: gcc.dg/guality/pr54970.c -O3 -g line 45 q[1] == 26
FAIL: gcc.dg/guality/pr54970.c -Os line 15 *p == 3
FAIL: gcc.dg/guality/pr54970.c -Os line 15 *q == 2
FAIL: gcc.dg/guality/pr54970.c -Os line 15 a[0] == 1
FAIL: gcc.dg/guality/pr54970.c -Os line 15 a[1] == 2
FAIL: gcc.dg/guality/pr54970.c -Os line 15 a[2] == 3
FAIL: gcc.dg/guality/pr54970.c -Os line 20 *p == 13
FAIL: gcc.dg/guality/pr54970.c -Os line 20 *q == 2
FAIL: gcc.dg/guality/pr54970.c -Os line 20 a[0] == 1
FAIL: gcc.dg/guality/pr54970.c -Os line 20 a[1] == 2
FAIL: gcc.dg/guality/pr54970.c -Os line 20 a[2] == 13
FAIL: gcc.dg/guality/pr54970.c -Os line 25 *p == 13
FAIL: gcc.dg/guality/pr54970.c -Os line 25 *q == 12
FAIL: gcc.dg/guality/pr54970.c -Os line 25 a[0] == 1
FAIL: gcc.dg/guality/pr54970.c -Os line 25 a[1] == 12
FAIL: gcc.dg/guality/pr54970.c -Os line 25 a[2] == 13
FAIL: gcc.dg/guality/pr54970.c -Os line 31 *p == 6
FAIL: gcc.dg/guality/pr54970.c -Os line 31 *q == 5
FAIL: gcc.dg/guality/pr54970.c -Os line 31 a[0] == 4
FAIL: gcc.dg/guality/pr54970.c -Os line 31 a[1] == 5
FAIL: gcc.dg/guality/pr54970.c -Os line 31 a[2] == 6
FAIL: gcc.dg/guality/pr54970.c -Os line 36 *p == 26
FAIL: gcc.dg/guality/pr54970.c -Os line 36 *q == 5
FAIL: gcc.dg/guality/pr54970.c -Os line 36 a[0] == 4
FAIL: gcc.dg/guality/pr54970.c -Os line 36 a[1] == 5
FAIL: gcc.dg/guality/pr54970.c -Os line 36 a[2] == 26
FAIL: gcc.dg/guality/pr54970.c -Os line 45 *p == 26
FAIL: gcc.dg/guality/pr54970.c -Os line 45 *q == 25
FAIL: gcc.dg/guality/pr54970.c -Os line 45 a[0] == 4
FAIL: gcc.dg/guality/pr54970.c -Os line 45 a[1] == 25
FAIL: gcc.dg/guality/pr54970.c -Os line 45 a[2] == 26
FAIL: gcc.dg/guality/pr54970.c -Os line 45 p[-1] == 25
FAIL: gcc.dg/guality/pr54970.c -Os line 45 p[-2] == 4
FAIL: gcc.dg/guality/pr54970.c -Os line 45 q[-1] == 4
FAIL: gcc.dg/guality/pr54970.c -Os line 45 q[1] == 26
FAIL: gcc.dg/guality/pr56154-1.c -O1 line pr56154-1.c:20 x.a == 6
FAIL: gcc.dg/guality/pr56154-1.c -O2 line pr56154-1.c:20 x.a == 6
FAIL: gcc.dg/guality/pr56154-1.c -O2 -flto -fno-use-linker-plugin -flto-partition=none line pr56154-1.c:20 x.a == 6
FAIL: gcc.dg/guality/pr56154-1.c -O2 -flto -fuse-linker-plugin -fno-fat-lto-objects line pr56154-1.c:20 x.a == 6
FAIL: gcc.dg/guality/pr56154-1.c -O3 -g line pr56154-1.c:20 x.a == 6
FAIL: gcc.dg/guality/pr56154-1.c -Os line pr56154-1.c:20 x.a == 6
FAIL: gcc.dg/guality/sra-1.c -O1 line 43 a.j == 14
FAIL: gcc.dg/guality/sra-1.c -O2 line 43 a.j == 14
FAIL: gcc.dg/guality/sra-1.c -O2 -flto -fno-use-linker-plugin -flto-partition=none line 43 a.j == 14
FAIL: gcc.dg/guality/sra-1.c -O2 -flto -fuse-linker-plugin -fno-fat-lto-objects line 43 a.j == 14
FAIL: gcc.dg/guality/sra-1.c -O3 -g line 43 a.j == 14
FAIL: gcc.dg/guality/sra-1.c -Os line 43 a.j == 14
FAIL: gcc.dg/guality/vla-1.c -O1 line 17 sizeof (a) == 6
FAIL: gcc.dg/guality/vla-1.c -O2 line 17 sizeof (a) == 6
FAIL: gcc.dg/guality/vla-1.c -O2 -flto -fno-use-linker-plugin -flto-partition=none line 17 sizeof (a) == 6
FAIL: gcc.dg/guality/vla-1.c -O2 -flto -fuse-linker-plugin -fno-fat-lto-objects line 17 sizeof (a) == 6
FAIL: gcc.dg/guality/vla-1.c -O3 -g line 17 sizeof (a) == 6
FAIL: gcc.dg/guality/vla-1.c -Os line 17 sizeof (a) == 6
FAIL: gcc.dg/ipa/iinline-attr.c scan-ipa-dump inline "hooray[^\\\\n]*inline copy in test"
FAIL: c-c++-common/torture/vector-compare-1.c -O0 execution test
FAIL: gcc.dg/tree-ssa/ivopts-lt-2.c scan-tree-dump-times ivopts "PHI <p_" 1
FAIL: gcc.dg/tree-ssa/ivopts-lt-2.c scan-tree-dump-times ivopts "PHI" 1
FAIL: gcc.dg/tree-ssa/ivopts-lt-2.c scan-tree-dump-times ivopts "p_[0-9]* <" 1
FAIL: gcc.dg/tree-ssa/ssa-dom-thread-4.c scan-tree-dump-times dom1 "Threaded" 4
FAIL: gcc.dg/vect/costmodel/ppc/costmodel-vect-31a.c scan-tree-dump-times vect "vectorization not profitable" 1
FAIL: gcc.dg/vect/costmodel/ppc/costmodel-vect-33.c scan-tree-dump-times vect "vectorization not profitable" 1
FAIL: gcc.dg/vect/no-vfa-vect-depend-2.c scan-tree-dump-times vect "vectorized 1 loops" 1
FAIL: gcc.dg/vect/no-vfa-vect-depend-3.c scan-tree-dump-times vect "vectorized 1 loops" 4
FAIL: gcc.dg/vect/slp-multitypes-4.c -flto -ffat-lto-objects scan-tree-dump-times vect "vectorized 1 loops" 1
FAIL: gcc.dg/vect/slp-multitypes-4.c -flto -ffat-lto-objects scan-tree-dump-times vect "vectorizing stmts using SLP" 1
FAIL: gcc.dg/vect/slp-multitypes-4.c scan-tree-dump-times vect "vectorized 1 loops" 1
FAIL: gcc.dg/vect/slp-multitypes-4.c scan-tree-dump-times vect "vectorizing stmts using SLP" 1
FAIL: gcc.dg/vect/slp-multitypes-5.c -flto -ffat-lto-objects scan-tree-dump-times vect "vectorized 1 loops" 1
FAIL: gcc.dg/vect/slp-multitypes-5.c -flto -ffat-lto-objects scan-tree-dump-times vect "vectorizing stmts using SLP" 1
FAIL: gcc.dg/vect/slp-multitypes-5.c scan-tree-dump-times vect "vectorized 1 loops" 1
FAIL: gcc.dg/vect/slp-multitypes-5.c scan-tree-dump-times vect "vectorizing stmts using SLP" 1
FAIL: gcc.dg/vect/slp-perm-8.c -flto -ffat-lto-objects scan-tree-dump-times vect "vectorized 1 loops" 1
FAIL: gcc.dg/vect/slp-perm-8.c scan-tree-dump-times vect "vectorized 1 loops" 1
FAIL: gcc.dg/vect/vect-125.c -flto -ffat-lto-objects scan-tree-dump vect "vectorized 1 loops"
FAIL: gcc.dg/vect/vect-125.c scan-tree-dump vect "vectorized 1 loops"
FAIL: gcc.dg/vect/vect-31.c -flto -ffat-lto-objects scan-tree-dump-times vect "vectorized 4 loops" 1
FAIL: gcc.dg/vect/vect-31.c scan-tree-dump-times vect "vectorized 4 loops" 1
FAIL: gcc.dg/vmx/extract-vsx-be-order.c -O0 execution test
FAIL: gcc.dg/vmx/extract-vsx.c -O0 execution test
FAIL: gcc.dg/vmx/insert-vsx-be-order.c -O0 execution test
FAIL: gcc.dg/vmx/insert-vsx-be-order.c -O1 execution test
FAIL: gcc.dg/vmx/insert-vsx-be-order.c -O2 execution test
FAIL: gcc.dg/vmx/insert-vsx-be-order.c -O2 -flto -fno-use-linker-plugin -flto-partition=none execution test
FAIL: gcc.dg/vmx/insert-vsx-be-order.c -O2 -flto -fuse-linker-plugin -fno-fat-lto-objects execution test
FAIL: gcc.dg/vmx/insert-vsx-be-order.c -O3 -g execution test
FAIL: gcc.dg/vmx/insert-vsx-be-order.c -Os execution test
FAIL: gcc.dg/vmx/insert-vsx.c -O0 execution test
FAIL: gcc.dg/vmx/insert-vsx.c -O1 execution test
FAIL: gcc.dg/vmx/insert-vsx.c -O2 execution test
FAIL: gcc.dg/vmx/insert-vsx.c -O2 -flto -fno-use-linker-plugin -flto-partition=none execution test
FAIL: gcc.dg/vmx/insert-vsx.c -O2 -flto -fuse-linker-plugin -fno-fat-lto-objects execution test
FAIL: gcc.dg/vmx/insert-vsx.c -O3 -g execution test
FAIL: gcc.dg/vmx/insert-vsx.c -Os execution test
FAIL: gcc.dg/vmx/ld-vsx-be-order.c -O0 execution test
FAIL: gcc.dg/vmx/ld-vsx-be-order.c -O1 execution test
FAIL: gcc.dg/vmx/ld-vsx-be-order.c -O2 execution test
FAIL: gcc.dg/vmx/ld-vsx-be-order.c -O2 -flto -fno-use-linker-plugin -flto-partition=none execution test
FAIL: gcc.dg/vmx/ld-vsx-be-order.c -O2 -flto -fuse-linker-plugin -fno-fat-lto-objects execution test
FAIL: gcc.dg/vmx/ld-vsx-be-order.c -O3 -fomit-frame-pointer -funroll-loops -fpeel-loops -ftracer -finline-functions execution test
FAIL: gcc.dg/vmx/ld-vsx-be-order.c -O3 -g execution test
FAIL: gcc.dg/vmx/ld-vsx-be-order.c -Os execution test
FAIL: gcc.dg/vmx/ld-vsx.c -O0 execution test
FAIL: gcc.dg/vmx/ld-vsx.c -O1 execution test
FAIL: gcc.dg/vmx/ld-vsx.c -O2 execution test
FAIL: gcc.dg/vmx/ld-vsx.c -O2 -flto -fno-use-linker-plugin -flto-partition=none execution test
FAIL: gcc.dg/vmx/ld-vsx.c -O2 -flto -fuse-linker-plugin -fno-fat-lto-objects execution test
FAIL: gcc.dg/vmx/ld-vsx.c -O3 -fomit-frame-pointer -funroll-loops -fpeel-loops -ftracer -finline-functions execution test
FAIL: gcc.dg/vmx/ld-vsx.c -O3 -g execution test
FAIL: gcc.dg/vmx/ld-vsx.c -Os execution test
FAIL: gcc.dg/vmx/ldl-vsx-be-order.c -O0 execution test
FAIL: gcc.dg/vmx/ldl-vsx-be-order.c -O1 execution test
FAIL: gcc.dg/vmx/ldl-vsx-be-order.c -O2 execution test
FAIL: gcc.dg/vmx/ldl-vsx-be-order.c -O2 -flto -fno-use-linker-plugin -flto-partition=none execution test
FAIL: gcc.dg/vmx/ldl-vsx-be-order.c -O2 -flto -fuse-linker-plugin -fno-fat-lto-objects execution test
FAIL: gcc.dg/vmx/ldl-vsx-be-order.c -O3 -fomit-frame-pointer -funroll-loops -fpeel-loops -ftracer -finline-functions execution test
FAIL: gcc.dg/vmx/ldl-vsx-be-order.c -O3 -g execution test
FAIL: gcc.dg/vmx/ldl-vsx-be-order.c -Os execution test
FAIL: gcc.dg/vmx/ldl-vsx.c -O0 execution test
FAIL: gcc.dg/vmx/ldl-vsx.c -O1 execution test
FAIL: gcc.dg/vmx/ldl-vsx.c -O2 execution test
FAIL: gcc.dg/vmx/ldl-vsx.c -O2 -flto -fno-use-linker-plugin -flto-partition=none execution test
FAIL: gcc.dg/vmx/ldl-vsx.c -O2 -flto -fuse-linker-plugin -fno-fat-lto-objects execution test
FAIL: gcc.dg/vmx/ldl-vsx.c -O3 -fomit-frame-pointer -funroll-loops -fpeel-loops -ftracer -finline-functions execution test
FAIL: gcc.dg/vmx/ldl-vsx.c -O3 -g execution test
FAIL: gcc.dg/vmx/ldl-vsx.c -Os execution test
FAIL: gcc.dg/vmx/merge-vsx-be-order.c -O0 execution test
FAIL: gcc.dg/vmx/merge-vsx-be-order.c -O1 execution test
FAIL: gcc.dg/vmx/merge-vsx-be-order.c -O2 execution test
FAIL: gcc.dg/vmx/merge-vsx-be-order.c -O2 -flto -fno-use-linker-plugin -flto-partition=none execution test
FAIL: gcc.dg/vmx/merge-vsx-be-order.c -O2 -flto -fuse-linker-plugin -fno-fat-lto-objects execution test
FAIL: gcc.dg/vmx/merge-vsx-be-order.c -O3 -g execution test
FAIL: gcc.dg/vmx/merge-vsx-be-order.c -Os execution test
FAIL: gcc.dg/vmx/merge-vsx.c -O0 execution test
FAIL: gcc.dg/vmx/merge-vsx.c -O1 execution test
FAIL: gcc.dg/vmx/merge-vsx.c -O2 execution test
FAIL: gcc.dg/vmx/merge-vsx.c -O2 -flto -fno-use-linker-plugin -flto-partition=none execution test
FAIL: gcc.dg/vmx/merge-vsx.c -O2 -flto -fuse-linker-plugin -fno-fat-lto-objects execution test
FAIL: gcc.dg/vmx/merge-vsx.c -O3 -g execution test
FAIL: gcc.dg/vmx/merge-vsx.c -Os execution test
FAIL: gcc.dg/vmx/splat-vsx-be-order.c -O0 execution test
FAIL: gcc.dg/vmx/splat-vsx-be-order.c -O1 execution test
FAIL: gcc.dg/vmx/splat-vsx-be-order.c -O2 execution test
FAIL: gcc.dg/vmx/splat-vsx-be-order.c -O2 -flto -fno-use-linker-plugin -flto-partition=none execution test
FAIL: gcc.dg/vmx/splat-vsx-be-order.c -O2 -flto -fuse-linker-plugin -fno-fat-lto-objects execution test
FAIL: gcc.dg/vmx/splat-vsx-be-order.c -O3 -g execution test
FAIL: gcc.dg/vmx/splat-vsx-be-order.c -Os execution test
FAIL: gcc.dg/vmx/splat-vsx.c -O0 execution test
FAIL: gcc.dg/vmx/splat-vsx.c -O1 execution test
FAIL: gcc.dg/vmx/splat-vsx.c -O2 execution test
FAIL: gcc.dg/vmx/splat-vsx.c -O2 -flto -fno-use-linker-plugin -flto-partition=none execution test
FAIL: gcc.dg/vmx/splat-vsx.c -O2 -flto -fuse-linker-plugin -fno-fat-lto-objects execution test
FAIL: gcc.dg/vmx/splat-vsx.c -O3 -g execution test
FAIL: gcc.dg/vmx/splat-vsx.c -Os execution test
FAIL: gcc.dg/vmx/st-vsx-be-order.c -O0 execution test
FAIL: gcc.dg/vmx/st-vsx-be-order.c -O1 execution test
FAIL: gcc.dg/vmx/st-vsx-be-order.c -O2 execution test
FAIL: gcc.dg/vmx/st-vsx-be-order.c -O2 -flto -fno-use-linker-plugin -flto-partition=none execution test
FAIL: gcc.dg/vmx/st-vsx-be-order.c -O2 -flto -fuse-linker-plugin -fno-fat-lto-objects execution test
FAIL: gcc.dg/vmx/st-vsx-be-order.c -O3 -fomit-frame-pointer -funroll-loops -fpeel-loops -ftracer -finline-functions execution test
FAIL: gcc.dg/vmx/st-vsx-be-order.c -O3 -g execution test
FAIL: gcc.dg/vmx/st-vsx-be-order.c -Os execution test
FAIL: gcc.dg/vmx/st-vsx.c -O0 execution test
FAIL: gcc.dg/vmx/st-vsx.c -O1 execution test
FAIL: gcc.dg/vmx/st-vsx.c -O2 execution test
FAIL: gcc.dg/vmx/st-vsx.c -O2 -flto -fno-use-linker-plugin -flto-partition=none execution test
FAIL: gcc.dg/vmx/st-vsx.c -O2 -flto -fuse-linker-plugin -fno-fat-lto-objects execution test
FAIL: gcc.dg/vmx/st-vsx.c -O3 -fomit-frame-pointer -funroll-loops -fpeel-loops -ftracer -finline-functions execution test
FAIL: gcc.dg/vmx/st-vsx.c -O3 -g execution test
FAIL: gcc.dg/vmx/st-vsx.c -Os execution test
FAIL: gcc.dg/vmx/stl-vsx-be-order.c -O0 execution test
FAIL: gcc.dg/vmx/stl-vsx-be-order.c -O1 execution test
FAIL: gcc.dg/vmx/stl-vsx-be-order.c -O2 execution test
FAIL: gcc.dg/vmx/stl-vsx-be-order.c -O2 -flto -fno-use-linker-plugin -flto-partition=none execution test
FAIL: gcc.dg/vmx/stl-vsx-be-order.c -O2 -flto -fuse-linker-plugin -fno-fat-lto-objects execution test
FAIL: gcc.dg/vmx/stl-vsx-be-order.c -O3 -fomit-frame-pointer -funroll-loops -fpeel-loops -ftracer -finline-functions execution test
FAIL: gcc.dg/vmx/stl-vsx-be-order.c -O3 -g execution test
FAIL: gcc.dg/vmx/stl-vsx-be-order.c -Os execution test
FAIL: gcc.dg/vmx/stl-vsx.c -O0 execution test
FAIL: gcc.dg/vmx/stl-vsx.c -O1 execution test
FAIL: gcc.dg/vmx/stl-vsx.c -O2 execution test
FAIL: gcc.dg/vmx/stl-vsx.c -O2 -flto -fno-use-linker-plugin -flto-partition=none execution test
FAIL: gcc.dg/vmx/stl-vsx.c -O2 -flto -fuse-linker-plugin -fno-fat-lto-objects execution test
FAIL: gcc.dg/vmx/stl-vsx.c -O3 -fomit-frame-pointer -funroll-loops -fpeel-loops -ftracer -finline-functions execution test
FAIL: gcc.dg/vmx/stl-vsx.c -O3 -g execution test
FAIL: gcc.dg/vmx/stl-vsx.c -Os execution test
FAIL: gcc.target/powerpc/20050830-1.c scan-assembler bdn
=== gcc Summary for unix/-m64 ===
# of expected passes 95811
# of unexpected failures 678
# of unexpected successes 20
# of expected failures 278
# of unsupported tests 2074
=== gcc Summary ===
# of expected passes 190421
# of unexpected failures 952
# of unexpected successes 36
# of expected failures 549
# of unresolved testcases 1
# of unsupported tests 4283
/daten/gcc/gcc-20151102/Build/gcc/xgcc version 6.0.0 20151102 (experimental) [trunk revision 229676] (GCC)
=== gfortran tests ===
Running target unix/-m32
FAIL: gfortran.dg/bessel_6.f90 -O0 execution test
FAIL: gfortran.dg/bessel_6.f90 -O1 execution test
FAIL: gfortran.dg/bessel_6.f90 -O2 execution test
FAIL: gfortran.dg/bessel_6.f90 -O3 -fomit-frame-pointer -funroll-loops -fpeel-loops -ftracer -finline-functions execution test
FAIL: gfortran.dg/bessel_6.f90 -O3 -g execution test
FAIL: gfortran.dg/bessel_6.f90 -Os execution test
FAIL: gfortran.dg/default_format_denormal_2.f90 -O0 execution test
FAIL: gfortran.dg/default_format_denormal_2.f90 -O1 execution test
FAIL: gfortran.dg/default_format_denormal_2.f90 -O2 execution test
FAIL: gfortran.dg/default_format_denormal_2.f90 -O3 -fomit-frame-pointer -funroll-loops -fpeel-loops -ftracer -finline-functions execution test
FAIL: gfortran.dg/default_format_denormal_2.f90 -O3 -g execution test
FAIL: gfortran.dg/default_format_denormal_2.f90 -Os execution test
FAIL: gfortran.dg/erf_3.F90 -O0 execution test
FAIL: gfortran.dg/erf_3.F90 -O1 execution test
FAIL: gfortran.dg/erf_3.F90 -O2 execution test
FAIL: gfortran.dg/erf_3.F90 -O3 -fomit-frame-pointer -funroll-loops -fpeel-loops -ftracer -finline-functions execution test
FAIL: gfortran.dg/erf_3.F90 -O3 -g execution test
FAIL: gfortran.dg/erf_3.F90 -Os execution test
XPASS: gfortran.dg/nint_2.f90 -O0 execution test
FAIL: gfortran.dg/ieee/ieee_7.f90 -O0 execution test
FAIL: gfortran.dg/ieee/ieee_7.f90 -O1 execution test
FAIL: gfortran.dg/ieee/ieee_7.f90 -O2 execution test
FAIL: gfortran.dg/ieee/ieee_7.f90 -O3 -fomit-frame-pointer -funroll-loops -fpeel-loops -ftracer -finline-functions execution test
FAIL: gfortran.dg/ieee/ieee_7.f90 -O3 -g execution test
FAIL: gfortran.dg/ieee/ieee_7.f90 -Os execution test
FAIL: gfortran.dg/ieee/large_2.f90 -O0 execution test
FAIL: gfortran.dg/ieee/large_2.f90 -O1 execution test
FAIL: gfortran.dg/ieee/large_2.f90 -O2 execution test
FAIL: gfortran.dg/ieee/large_2.f90 -O3 -fomit-frame-pointer -funroll-loops -fpeel-loops -ftracer -finline-functions execution test
FAIL: gfortran.dg/ieee/large_2.f90 -O3 -g execution test
FAIL: gfortran.dg/ieee/large_2.f90 -Os execution test
FAIL: gfortran.dg/vect/pr48329.f90 -O scan-tree-dump-times vect "vectorized 1 loops" 1
FAIL: gfortran.dg/vect/pr62283-2.f -O scan-tree-dump slp2 "basic block vectorized"
=== gfortran Summary for unix/-m32 ===
# of expected passes 40710
# of unexpected failures 32
# of unexpected successes 1
# of expected failures 84
# of unsupported tests 202
Running target unix/-m64
FAIL: gfortran.dg/bessel_6.f90 -O0 execution test
FAIL: gfortran.dg/bessel_6.f90 -O1 execution test
FAIL: gfortran.dg/bessel_6.f90 -O2 execution test
FAIL: gfortran.dg/bessel_6.f90 -O3 -fomit-frame-pointer -funroll-loops -fpeel-loops -ftracer -finline-functions execution test
FAIL: gfortran.dg/bessel_6.f90 -O3 -g execution test
FAIL: gfortran.dg/bessel_6.f90 -Os execution test
FAIL: gfortran.dg/default_format_denormal_2.f90 -O0 execution test
FAIL: gfortran.dg/default_format_denormal_2.f90 -O1 execution test
FAIL: gfortran.dg/default_format_denormal_2.f90 -O2 execution test
FAIL: gfortran.dg/default_format_denormal_2.f90 -O3 -fomit-frame-pointer -funroll-loops -fpeel-loops -ftracer -finline-functions execution test
FAIL: gfortran.dg/default_format_denormal_2.f90 -O3 -g execution test
FAIL: gfortran.dg/default_format_denormal_2.f90 -Os execution test
FAIL: gfortran.dg/erf_3.F90 -O0 execution test
FAIL: gfortran.dg/erf_3.F90 -O1 execution test
FAIL: gfortran.dg/erf_3.F90 -O2 execution test
FAIL: gfortran.dg/erf_3.F90 -O3 -fomit-frame-pointer -funroll-loops -fpeel-loops -ftracer -finline-functions execution test
FAIL: gfortran.dg/erf_3.F90 -O3 -g execution test
FAIL: gfortran.dg/erf_3.F90 -Os execution test
XPASS: gfortran.dg/nint_2.f90 -O0 execution test
FAIL: gfortran.dg/ieee/ieee_7.f90 -O0 execution test
FAIL: gfortran.dg/ieee/ieee_7.f90 -O1 execution test
FAIL: gfortran.dg/ieee/ieee_7.f90 -O2 execution test
FAIL: gfortran.dg/ieee/ieee_7.f90 -O3 -fomit-frame-pointer -funroll-loops -fpeel-loops -ftracer -finline-functions execution test
FAIL: gfortran.dg/ieee/ieee_7.f90 -O3 -g execution test
FAIL: gfortran.dg/ieee/ieee_7.f90 -Os execution test
FAIL: gfortran.dg/ieee/large_2.f90 -O0 execution test
FAIL: gfortran.dg/ieee/large_2.f90 -O1 execution test
FAIL: gfortran.dg/ieee/large_2.f90 -O2 execution test
FAIL: gfortran.dg/ieee/large_2.f90 -O3 -fomit-frame-pointer -funroll-loops -fpeel-loops -ftracer -finline-functions execution test
FAIL: gfortran.dg/ieee/large_2.f90 -O3 -g execution test
FAIL: gfortran.dg/ieee/large_2.f90 -Os execution test
FAIL: gfortran.dg/vect/pr48329.f90 -O scan-tree-dump-times vect "vectorized 1 loops" 1
FAIL: gfortran.dg/vect/pr62283-2.f -O scan-tree-dump slp2 "basic block vectorized"
=== gfortran Summary for unix/-m64 ===
# of expected passes 40958
# of unexpected failures 32
# of unexpected successes 1
# of expected failures 84
# of unsupported tests 80
=== gfortran Summary ===
# of expected passes 81668
# of unexpected failures 64
# of unexpected successes 2
# of expected failures 168
# of unsupported tests 282
/daten/gcc/gcc-20151102/Build/gcc/testsuite/gfortran/../../gfortran version 6.0.0 20151102 (experimental) [trunk revision 229676] (GCC)
=== gnat tests ===
Running target unix/-m32
FAIL: gnat.dg/discr45.adb execution test
=== gnat Summary for unix/-m32 ===
# of expected passes 1385
# of unexpected failures 1
# of expected failures 21
# of unsupported tests 19
Running target unix/-m64
FAIL: gnat.dg/discr45.adb execution test
FAIL: gnat.dg/opt37.adb scan-tree-dump-not optimized "alloca"
FAIL: gnat.dg/specs/debug1.ads scan-assembler-times DW_AT_artificial 15
=== gnat Summary for unix/-m64 ===
# of expected passes 1383
# of unexpected failures 3
# of expected failures 21
# of unsupported tests 19
=== gnat Summary ===
# of expected passes 2768
# of unexpected failures 4
# of expected failures 42
# of unsupported tests 38
/daten/gcc/gcc-20151102/Build/gcc/gnatmake version 6.0.0 20151102 (experimental) [trunk revision 229676]
=== go tests ===
Running target unix/-m32
FAIL: go.test/test/235.go execution, -O2 -g
FAIL: go.test/test/ken/cplx2.go execution, -O2 -g
=== go Summary for unix/-m32 ===
# of expected passes 7361
# of unexpected failures 2
# of expected failures 1
# of untested testcases 11
# of unsupported tests 3
Running target unix/-m64
FAIL: go.test/test/ken/cplx2.go execution, -O2 -g
FAIL: go.test/test/nilptr2.go execution, -O2 -g
FAIL: go.test/test/peano.go execution, -O2 -g
=== go Summary for unix/-m64 ===
# of expected passes 7248
# of unexpected failures 3
# of expected failures 1
# of untested testcases 7
# of unsupported tests 3
=== go Summary ===
# of expected passes 14609
# of unexpected failures 5
# of expected failures 2
# of untested testcases 18
# of unsupported tests 6
/daten/gcc/gcc-20151102/Build/gcc/testsuite/go/../../gccgo version 6.0.0 20151102 (experimental) [trunk revision 229676] (GCC)
=== objc tests ===
Running target unix/-m32
=== objc Summary for unix/-m32 ===
# of expected passes 2772
# of unsupported tests 68
Running target unix/-m64
=== objc Summary for unix/-m64 ===
# of expected passes 2772
# of unsupported tests 68
=== objc Summary ===
# of expected passes 5544
# of unsupported tests 136
/daten/gcc/gcc-20151102/Build/gcc/xgcc version 6.0.0 20151102 (experimental) [trunk revision 229676] (GCC)
=== boehm-gc tests ===
Running target unix/-m32
=== boehm-gc Summary for unix/-m32 ===
# of expected passes 12
# of unsupported tests 1
Running target unix/-m64
=== boehm-gc Summary for unix/-m64 ===
# of expected passes 12
# of unsupported tests 1
=== boehm-gc Summary ===
# of expected passes 24
# of unsupported tests 2
=== libatomic tests ===
Running target unix/-m32
=== libatomic Summary for unix/-m32 ===
# of expected passes 44
# of unsupported tests 5
Running target unix/-m64
=== libatomic Summary for unix/-m64 ===
# of expected passes 54
=== libatomic Summary ===
# of expected passes 98
# of unsupported tests 5
=== libffi tests ===
Running target unix/-m32
=== libffi Summary for unix/-m32 ===
# of expected passes 1914
# of unsupported tests 30
Running target unix/-m64
=== libffi Summary for unix/-m64 ===
# of expected passes 1914
# of unsupported tests 30
=== libffi Summary ===
# of expected passes 3828
# of unsupported tests 60
=== libgo tests ===
Running target unix
FAIL: bufio
FAIL: bytes
FAIL: errors
FAIL: expvar
FAIL: flag
FAIL: fmt
FAIL: html
FAIL: image
FAIL: io
FAIL: log
FAIL: math
FAIL: mime
FAIL: net
FAIL: os
FAIL: path
FAIL: reflect
FAIL: regexp
FAIL: runtime
FAIL: sort
FAIL: strconv
FAIL: strings
FAIL: sync
FAIL: syscall
FAIL: time
FAIL: unicode
FAIL: archive/tar
FAIL: archive/zip
FAIL: compress/bzip2
FAIL: compress/flate
FAIL: compress/gzip
FAIL: compress/lzw
FAIL: compress/zlib
FAIL: container/heap
FAIL: container/list
FAIL: container/ring
FAIL: crypto/aes
FAIL: crypto/cipher
FAIL: crypto/des
FAIL: crypto/dsa
FAIL: crypto/ecdsa
FAIL: crypto/elliptic
FAIL: crypto/hmac
FAIL: crypto/md5
FAIL: crypto/rand
FAIL: crypto/rc4
FAIL: crypto/rsa
FAIL: crypto/sha1
FAIL: crypto/sha256
FAIL: crypto/sha512
FAIL: crypto/subtle
FAIL: crypto/tls
FAIL: crypto/x509
FAIL: database/sql
FAIL: database/sql/driver
FAIL: debug/dwarf
FAIL: debug/elf
FAIL: debug/macho
FAIL: debug/pe
FAIL: debug/plan9obj
FAIL: encoding/ascii85
FAIL: encoding/asn1
FAIL: encoding/base32
FAIL: encoding/base64
FAIL: encoding/binary
FAIL: encoding/csv
FAIL: encoding/gob
FAIL: encoding/hex
FAIL: encoding/json
FAIL: encoding/pem
FAIL: encoding/xml
FAIL: exp/proxy
FAIL: exp/terminal
FAIL: html/template
FAIL: go/ast
FAIL: go/build
FAIL: go/constant
FAIL: go/doc
FAIL: go/format
FAIL: go/internal/gcimporter
FAIL: go/internal/gccgoimporter
FAIL: go/parser
FAIL: go/printer
FAIL: go/scanner
FAIL: go/token
FAIL: go/types
FAIL: hash/adler32
FAIL: hash/crc32
FAIL: hash/crc64
FAIL: hash/fnv
FAIL: image/color
FAIL: image/draw
FAIL: image/jpeg
FAIL: image/png
FAIL: index/suffixarray
FAIL: internal/singleflight
FAIL: internal/trace
FAIL: io/ioutil
FAIL: log/syslog
FAIL: math/big
FAIL: math/cmplx
FAIL: math/rand
FAIL: mime/multipart
FAIL: mime/quotedprintable
FAIL: net/http
FAIL: net/http/cgi
FAIL: net/http/cookiejar
FAIL: net/http/fcgi
FAIL: net/http/httptest
FAIL: net/http/httputil
FAIL: net/http/internal
FAIL: net/internal/socktest
FAIL: net/mail
FAIL: net/rpc
FAIL: net/smtp
FAIL: net/textproto
FAIL: net/url
FAIL: net/rpc/jsonrpc
FAIL: old/regexp
FAIL: old/template
FAIL: os/exec
FAIL: os/signal
FAIL: os/user
FAIL: path/filepath
FAIL: regexp/syntax
FAIL: runtime/pprof
FAIL: sync/atomic
FAIL: text/scanner
FAIL: text/tabwriter
FAIL: text/template
FAIL: text/template/parse
FAIL: testing/quick
FAIL: unicode/utf16
FAIL: unicode/utf8
=== libgo Summary for unix ===
# of unexpected failures 133
Running target unix/-m32
FAIL: sync/atomic
=== libgo Summary for unix/-m32 ===
# of expected passes 132
# of unexpected failures 1
=== libgo Summary ===
# of expected passes 132
# of unexpected failures 134
/daten/gcc/gcc-20151102/Build/./gcc/gccgo version 6.0.0 20151102 (experimental) [trunk revision 229676] (GCC)
=== libgomp tests ===
Running target unix/-m32
=== libgomp Summary for unix/-m32 ===
# of expected passes 4294
# of unsupported tests 253
Running target unix/-m64
=== libgomp Summary for unix/-m64 ===
# of expected passes 4294
# of unsupported tests 253
=== libgomp Summary ===
# of expected passes 8588
# of unsupported tests 506
=== libitm tests ===
Running target unix/-m32
=== libitm Summary for unix/-m32 ===
# of expected passes 32
# of expected failures 3
# of unsupported tests 1
Running target unix/-m64
=== libitm Summary for unix/-m64 ===
# of expected passes 32
# of expected failures 3
# of unsupported tests 1
=== libitm Summary ===
# of expected passes 64
# of expected failures 6
# of unsupported tests 2
=== libjava tests ===
Running target unix/-m32
=== libjava Summary for unix/-m32 ===
# of expected passes 2582
# of expected failures 4
Running target unix/-m64
FAIL: getlocalvartable output
=== libjava Summary for unix/-m64 ===
# of expected passes 2581
# of unexpected failures 1
# of expected failures 4
=== libjava Summary ===
# of expected passes 5163
# of unexpected failures 1
# of expected failures 8
=== libstdc++ tests ===
Running target unix/-m32
=== libstdc++ Summary for unix/-m32 ===
# of expected passes 11030
# of expected failures 66
# of unsupported tests 240
Running target unix/-m64
XPASS: 26_numerics/complex/13450.cc execution test
XPASS: 26_numerics/complex/pow.cc execution test
XPASS: 26_numerics/complex/value_operations/1.cc execution test
XPASS: 26_numerics/headers/cmath/c_math.cc execution test
FAIL: libstdc++-prettyprinters/libfundts.cc print ab
FAIL: libstdc++-prettyprinters/libfundts.cc print ai
FAIL: libstdc++-prettyprinters/libfundts.cc print am
FAIL: libstdc++-prettyprinters/libfundts.cc print ap
FAIL: libstdc++-prettyprinters/libfundts.cc print as
FAIL: libstdc++-prettyprinters/libfundts.cc print as2
=== libstdc++ Summary for unix/-m64 ===
# of expected passes 4910
# of unexpected failures 6
# of unexpected successes 4
# of expected failures 62
# of unsupported tests 240
=== libstdc++ Summary ===
# of expected passes 15940
# of unexpected failures 6
# of unexpected successes 4
# of expected failures 128
# of unsupported tests 480
Compiler version: 6.0.0 20151102 (experimental) [trunk revision 229676] (GCC)
Platform: powerpc64-suse-linux-gnu
configure flags: --prefix=/usr --build=powerpc64-suse-linux --enable-checking=release --enable-shared --with-system-zlib CFLAGS='-O2 -g' CXXFLAGS='-O2 -g' --with-cpu-64=power4 --enable-secureplt --with-long-double-128