This is the mail archive of the
gcc-testresults@gcc.gnu.org
mailing list for the GCC project.
Results for 6.0.0 20150927 (experimental) [trunk revision 228175] (GCC) testsuite on hppa2.0w-hp-hpux11.11
- From: John David Anglin <dave at hiauly3 dot hia dot nrc dot ca>
- To: dave at hiauly3 dot hia dot nrc dot ca, gcc-testresults at gcc dot gnu dot org
- Date: Mon, 2 Nov 2015 19:13:24 -0500 (EST)
- Subject: Results for 6.0.0 20150927 (experimental) [trunk revision 228175] (GCC) testsuite on hppa2.0w-hp-hpux11.11
- Authentication-results: sourceware.org; auth=none
=== acats tests ===
FAIL: c974013
FAIL: c9a011b
FAIL: cxg1005
FAIL: cxg2002
FAIL: cxg2007
FAIL: cxg2008
FAIL: cxg2018
FAIL: cxg2019
FAIL: cxg2020
=== acats Summary ===
# of expected passes 2311
# of unexpected failures 9
Native configuration is hppa2.0w-hp-hpux11.11
=== g++ tests ===
Running target unix
FAIL: g++.dg/Wno-frame-address.C -std=gnu++98 (test for excess errors)
FAIL: g++.dg/Wno-frame-address.C -std=gnu++11 (test for excess errors)
FAIL: g++.dg/Wno-frame-address.C -std=gnu++14 (test for excess errors)
FAIL: g++.dg/tree-ssa/pr61034.C -std=gnu++98 scan-tree-dump-times fre2 "free" 10
FAIL: g++.dg/tree-ssa/pr61034.C -std=gnu++11 scan-tree-dump-times fre2 "free" 10
FAIL: g++.dg/tree-ssa/pr61034.C -std=gnu++14 scan-tree-dump-times fre2 "free" 10
WARNING: program timed out.
=== g++ Summary ===
# of expected passes 77221
# of unexpected failures 6
# of expected failures 271
# of unsupported tests 4016
/test/gnu/gcc/objdir/gcc/testsuite/g++/../../xg++ version 6.0.0 20150927 (experimental) [trunk revision 228175] (GCC)
=== gcc tests ===
Running target unix
FAIL: gcc.c-torture/execute/complex-7.c -O1 execution test
FAIL: gcc.c-torture/execute/complex-7.c -O2 execution test
FAIL: gcc.c-torture/execute/complex-7.c -O3 -g execution test
FAIL: gcc.c-torture/execute/complex-7.c -Os execution test
FAIL: gcc.c-torture/execute/pr38969.c -O1 execution test
FAIL: gcc.c-torture/execute/pr38969.c -O2 execution test
FAIL: gcc.c-torture/execute/pr38969.c -O3 -g execution test
FAIL: gcc.c-torture/execute/pr38969.c -Os execution test
FAIL: gcc.dg/atomic/c11-atomic-exec-5.c -O0 execution test
FAIL: gcc.dg/atomic/c11-atomic-exec-5.c -O1 execution test
FAIL: gcc.dg/atomic/c11-atomic-exec-5.c -O2 execution test
FAIL: gcc.dg/atomic/c11-atomic-exec-5.c -O3 -fomit-frame-pointer -funroll-loops -fpeel-loops -ftracer -finline-functions execution test
FAIL: gcc.dg/atomic/c11-atomic-exec-5.c -O3 -g execution test
FAIL: gcc.dg/atomic/c11-atomic-exec-5.c -Os execution test
FAIL: gcc.dg/Wno-frame-address.c (test for excess errors)
FAIL: gcc.dg/loop-8.c scan-rtl-dump-times loop2_invariant "Decided" 1
FAIL: gcc.dg/loop-8.c scan-rtl-dump-not loop2_invariant "without introducing a new temporary register"
FAIL: gcc.dg/pr49551.c (test for excess errors)
FAIL: gcc.dg/pr64434.c scan-rtl-dump-times expand "Swap operands" 1
WARNING: program timed out.
FAIL: gcc.dg/torture/builtin-complex-1.c -O1 execution test
FAIL: gcc.dg/torture/builtin-complex-1.c -Os execution test
FAIL: gcc.dg/tree-ssa/ivopts-lt-2.c scan-tree-dump-times ivopts "PHI <p_" 1
FAIL: gcc.dg/tree-ssa/ivopts-lt-2.c scan-tree-dump-times ivopts "p_[0-9]* <" 1
FAIL: gcc.dg/tree-ssa/pr65447.c scan-tree-dump-not ivopts "\\\\nuse 5\\\\n"
=== gcc Summary ===
# of expected passes 62709
# of unexpected failures 24
# of expected failures 134
# of unsupported tests 1714
/test/gnu/gcc/objdir/gcc/xgcc version 6.0.0 20150927 (experimental) [trunk revision 228175] (GCC)
=== gfortran tests ===
Running target unix
FAIL: gfortran.dg/backtrace_1.f90 -O0 execution test
FAIL: gfortran.dg/backtrace_1.f90 -O1 execution test
FAIL: gfortran.dg/backtrace_1.f90 -O2 execution test
FAIL: gfortran.dg/backtrace_1.f90 -O3 -fomit-frame-pointer -funroll-loops -fpeel-loops -ftracer -finline-functions execution test
FAIL: gfortran.dg/backtrace_1.f90 -O3 -g execution test
FAIL: gfortran.dg/backtrace_1.f90 -Os execution test
FAIL: gfortran.dg/complex_intrinsic_3.f90 -O0 execution test
FAIL: gfortran.dg/complex_intrinsic_3.f90 -O1 execution test
FAIL: gfortran.dg/complex_intrinsic_3.f90 -O2 execution test
FAIL: gfortran.dg/complex_intrinsic_3.f90 -O3 -fomit-frame-pointer -funroll-loops -fpeel-loops -ftracer -finline-functions execution test
FAIL: gfortran.dg/complex_intrinsic_3.f90 -O3 -g execution test
FAIL: gfortran.dg/complex_intrinsic_3.f90 -Os execution test
FAIL: gfortran.dg/complex_intrinsic_5.f90 -O0 execution test
FAIL: gfortran.dg/complex_intrinsic_5.f90 -O1 execution test
FAIL: gfortran.dg/complex_intrinsic_5.f90 -O2 execution test
FAIL: gfortran.dg/complex_intrinsic_5.f90 -O3 -fomit-frame-pointer -funroll-loops -fpeel-loops -ftracer -finline-functions execution test
FAIL: gfortran.dg/complex_intrinsic_5.f90 -O3 -g execution test
FAIL: gfortran.dg/complex_intrinsic_5.f90 -Os execution test
FAIL: gfortran.dg/csqrt_2.f -O0 execution test
FAIL: gfortran.dg/f2c_2.f90 -O0 execution test
FAIL: gfortran.dg/integer_exponentiation_2.f90 -O0 execution test
FAIL: gfortran.dg/integer_exponentiation_2.f90 -O1 execution test
FAIL: gfortran.dg/integer_exponentiation_2.f90 -O2 execution test
FAIL: gfortran.dg/integer_exponentiation_2.f90 -O3 -fomit-frame-pointer -funroll-loops -fpeel-loops -ftracer -finline-functions execution test
FAIL: gfortran.dg/integer_exponentiation_2.f90 -O3 -g execution test
FAIL: gfortran.dg/integer_exponentiation_2.f90 -Os execution test
FAIL: gfortran.dg/integer_exponentiation_3.F90 -O0 execution test
FAIL: gfortran.dg/integer_exponentiation_3.F90 -O1 execution test
FAIL: gfortran.dg/integer_exponentiation_3.F90 -O2 execution test
FAIL: gfortran.dg/integer_exponentiation_3.F90 -O3 -fomit-frame-pointer -funroll-loops -fpeel-loops -ftracer -finline-functions execution test
FAIL: gfortran.dg/integer_exponentiation_3.F90 -O3 -g execution test
FAIL: gfortran.dg/integer_exponentiation_3.F90 -Os execution test
FAIL: gfortran.dg/proc_ptr_39.f90 -O (test for excess errors)
FAIL: gfortran.dg/read_dir.f90 -O0 execution test
FAIL: gfortran.dg/read_dir.f90 -O1 execution test
FAIL: gfortran.dg/read_dir.f90 -O2 execution test
FAIL: gfortran.dg/read_dir.f90 -O3 -fomit-frame-pointer -funroll-loops -fpeel-loops -ftracer -finline-functions execution test
FAIL: gfortran.dg/read_dir.f90 -O3 -g execution test
FAIL: gfortran.dg/read_dir.f90 -Os execution test
FAIL: gfortran.dg/specifics_1.f90 -O0 execution test
FAIL: gfortran.dg/specifics_1.f90 -O1 execution test
FAIL: gfortran.dg/specifics_1.f90 -O2 execution test
FAIL: gfortran.dg/specifics_1.f90 -O3 -fomit-frame-pointer -funroll-loops -fpeel-loops -ftracer -finline-functions execution test
FAIL: gfortran.dg/specifics_1.f90 -O3 -g execution test
FAIL: gfortran.dg/specifics_1.f90 -Os execution test
FAIL: gfortran.dg/typebound_operator_15.f90 -O0 execution test
FAIL: gfortran.dg/g77/cabs.f -O0 execution test
FAIL: gfortran.fortran-torture/execute/csqrt_1.f90 execution, -O0
FAIL: gfortran.fortran-torture/execute/intrinsic_abs.f90 execution, -O0
FAIL: gfortran.fortran-torture/execute/power.f90 execution, -O0
FAIL: gfortran.fortran-torture/execute/power.f90 execution, -O1
FAIL: gfortran.fortran-torture/execute/power.f90 execution, -O2
FAIL: gfortran.fortran-torture/execute/power.f90 execution, -O2 -fomit-frame-pointer -finline-functions
FAIL: gfortran.fortran-torture/execute/power.f90 execution, -O2 -fomit-frame-pointer -finline-functions -funroll-loops
FAIL: gfortran.fortran-torture/execute/power.f90 execution, -O2 -fbounds-check
FAIL: gfortran.fortran-torture/execute/power.f90 execution, -O3 -g
FAIL: gfortran.fortran-torture/execute/power.f90 execution, -Os
FAIL: gfortran.fortran-torture/execute/specifics.f90 execution, -O0
FAIL: gfortran.fortran-torture/execute/specifics.f90 execution, -O1
FAIL: gfortran.fortran-torture/execute/specifics.f90 execution, -O2
FAIL: gfortran.fortran-torture/execute/specifics.f90 execution, -O2 -fomit-frame-pointer -finline-functions
FAIL: gfortran.fortran-torture/execute/specifics.f90 execution, -O2 -fomit-frame-pointer -finline-functions -funroll-loops
FAIL: gfortran.fortran-torture/execute/specifics.f90 execution, -O2 -fbounds-check
FAIL: gfortran.fortran-torture/execute/specifics.f90 execution, -O3 -g
FAIL: gfortran.fortran-torture/execute/specifics.f90 execution, -Os
=== gfortran Summary ===
# of expected passes 38780
# of unexpected failures 65
# of expected failures 71
# of unsupported tests 405
/test/gnu/gcc/objdir/gcc/testsuite/gfortran/../../gfortran version 6.0.0 20150927 (experimental) [trunk revision 228175] (GCC)
=== gnat tests ===
Running target unix
=== gnat Summary ===
# of expected passes 1362
# of expected failures 21
# of unsupported tests 21
/test/gnu/gcc/objdir/gcc/gnatmake version 6.0.0 20150927 (experimental) [trunk revision 228175]
=== obj-c++ tests ===
Running target unix
=== obj-c++ Summary ===
# of expected passes 1397
# of expected failures 2
# of unsupported tests 60
/test/gnu/gcc/objdir/gcc/testsuite/obj-c++/../../xg++ version 6.0.0 20150927 (experimental) [trunk revision 228175] (GCC)
=== objc tests ===
Running target unix
=== objc Summary ===
# of expected passes 2690
# of unsupported tests 61
/test/gnu/gcc/objdir/gcc/xgcc version 6.0.0 20150927 (experimental) [trunk revision 228175] (GCC)
=== boehm-gc tests ===
Running target unix
=== boehm-gc Summary ===
# of expected passes 12
# of unsupported tests 1
=== libatomic tests ===
Running target unix
=== libatomic Summary ===
# of expected passes 44
# of unsupported tests 5
=== libffi tests ===
Running target unix
FAIL: libffi.call/float2.c -W -Wall -Wno-psabi -O0 (test for excess errors)
FAIL: libffi.call/float2.c -W -Wall -Wno-psabi -O2 (test for excess errors)
FAIL: libffi.call/float2.c -W -Wall -Wno-psabi -O3 (test for excess errors)
FAIL: libffi.call/float2.c -W -Wall -Wno-psabi -Os (test for excess errors)
FAIL: libffi.call/float2.c -W -Wall -Wno-psabi -O2 -fomit-frame-pointer (test for excess errors)
=== libffi Summary ===
# of expected passes 1909
# of unexpected failures 5
# of unsupported tests 30
=== libgomp tests ===
Running target unix
=== libgomp Summary ===
# of expected passes 4017
# of expected failures 4
# of unsupported tests 250
=== libjava tests ===
Running target unix
FAIL: LargeFile execution - source compiled test
FAIL: LargeFile -findirect-dispatch execution - source compiled test
FAIL: LargeFile -O3 execution - source compiled test
FAIL: LargeFile -O3 -findirect-dispatch execution - source compiled test
XPASS: sourcelocation output - source compiled test
XPASS: sourcelocation -findirect-dispatch output - source compiled test
XPASS: sourcelocation -O3 output - source compiled test
XPASS: sourcelocation -O3 -findirect-dispatch output - source compiled test
=== libjava Summary ===
# of expected passes 2574
# of unexpected failures 4
# of unexpected successes 4
# of untested testcases 4
=== libstdc++ tests ===
Running target unix
FAIL: tr1/8_c_compatibility/complex/50880.cc (test for excess errors)
UNRESOLVED: tr1/8_c_compatibility/complex/50880.cc compilation failed to produce executable
FAIL: tr1/8_c_compatibility/complex/functions.cc (test for excess errors)
=== libstdc++ Summary ===
# of expected passes 8925
# of unexpected failures 2
# of expected failures 66
# of unresolved testcases 1
# of unsupported tests 1042
Compiler version: 6.0.0 20150927 (experimental) [trunk revision 228175] (GCC)
Platform: hppa2.0w-hp-hpux11.11
configure flags:Test Run By dave on Fri Oct 30 21:11:14 EDT 2015