This is the mail archive of the
gcc-testresults@gcc.gnu.org
mailing list for the GCC project.
Results for 6.0.0 20151024 (experimental) [trunk revision 229288] (GCC) testsuite on powerpc-ibm-aix7.1.3.0
- From: David Edelsohn <dje at power-aix dot osuosl dot org>
- To: gcc-testresults at gcc dot gnu dot org
- Date: Sat, 24 Oct 2015 21:00:49 -0700
- Subject: Results for 6.0.0 20151024 (experimental) [trunk revision 229288] (GCC) testsuite on powerpc-ibm-aix7.1.3.0
- Authentication-results: sourceware.org; auth=none
LAST_UPDATED: Sat Oct 24 20:31:25 UTC 2015 (revision 229288)
Native configuration is powerpc-ibm-aix7.1.3.0
=== g++ tests ===
Running target unix
FAIL: g++.dg/compat/eh/new1 cp_compat_x_tst.o-cp_compat_y_tst.o execute
XPASS: g++.dg/debug/pr56294.C -gdwarf-2 (test for excess errors)
XPASS: g++.dg/debug/pr56294.C -gdwarf-2 -g1 (test for excess errors)
XPASS: g++.dg/debug/pr56294.C -gdwarf-2 -g3 (test for excess errors)
XPASS: g++.dg/debug/pr56294.C -gxcoff (test for excess errors)
XPASS: g++.dg/debug/pr56294.C -gxcoff+ (test for excess errors)
XPASS: g++.dg/debug/pr56294.C -gxcoff+1 (test for excess errors)
XPASS: g++.dg/debug/pr56294.C -gxcoff+3 (test for excess errors)
XPASS: g++.dg/debug/pr56294.C -gxcoff1 (test for excess errors)
XPASS: g++.dg/debug/pr56294.C -gxcoff3 (test for excess errors)
XPASS: g++.dg/debug/pr56819.C -gdwarf-2 (test for excess errors)
XPASS: g++.dg/debug/pr56819.C -gdwarf-2 -g1 (test for excess errors)
XPASS: g++.dg/debug/pr56819.C -gdwarf-2 -g3 (test for excess errors)
XPASS: g++.dg/debug/pr56819.C -gxcoff (test for excess errors)
XPASS: g++.dg/debug/pr56819.C -gxcoff+ (test for excess errors)
XPASS: g++.dg/debug/pr56819.C -gxcoff+1 (test for excess errors)
XPASS: g++.dg/debug/pr56819.C -gxcoff+3 (test for excess errors)
XPASS: g++.dg/debug/pr56819.C -gxcoff1 (test for excess errors)
XPASS: g++.dg/debug/pr56819.C -gxcoff3 (test for excess errors)
XPASS: g++.dg/debug/dwarf2/imported-decl-2.C -std=gnu++11 scan-assembler-not ascii "BBBB\\\\\\\\0".*ascii "AAAA\\\\\\\\0".*DW_TAG_imported_declaration
XPASS: g++.dg/debug/dwarf2/imported-decl-2.C -std=gnu++14 scan-assembler-not ascii "BBBB\\\\\\\\0".*ascii "AAAA\\\\\\\\0".*DW_TAG_imported_declaration
XPASS: g++.dg/debug/dwarf2/imported-decl-2.C -std=gnu++98 scan-assembler-not ascii "BBBB\\\\\\\\0".*ascii "AAAA\\\\\\\\0".*DW_TAG_imported_declaration
XPASS: g++.dg/debug/dwarf2/pr46123-2.C -std=gnu++11 broken -feliminate-dwarf2-dups (test for bogus messages, line 1)
XPASS: g++.dg/debug/dwarf2/pr46123-2.C -std=gnu++14 broken -feliminate-dwarf2-dups (test for bogus messages, line 1)
XPASS: g++.dg/debug/dwarf2/pr46123-2.C -std=gnu++98 broken -feliminate-dwarf2-dups (test for bogus messages, line 1)
FAIL: g++.dg/abi/anon1.C -std=c++11 scan-assembler-not globl
FAIL: g++.dg/abi/anon1.C -std=c++14 scan-assembler-not globl
FAIL: g++.dg/abi/anon1.C -std=c++98 scan-assembler-not globl
FAIL: g++.dg/cdce3.C -std=gnu++11 (test for excess errors)
WARNING: g++.dg/cdce3.C -std=gnu++11 compilation failed to produce executable
FAIL: g++.dg/cdce3.C -std=gnu++14 (test for excess errors)
WARNING: g++.dg/cdce3.C -std=gnu++14 compilation failed to produce executable
FAIL: g++.dg/cdce3.C -std=gnu++98 (test for excess errors)
WARNING: g++.dg/cdce3.C -std=gnu++98 compilation failed to produce executable
FAIL: g++.dg/cpp/ucn-1.C -std=gnu++11 (test for excess errors)
FAIL: g++.dg/cpp/ucn-1.C -std=gnu++14 (test for excess errors)
FAIL: g++.dg/cpp1y/pr58708.C -std=c++14 (test for excess errors)
WARNING: g++.dg/cpp1y/pr58708.C -std=c++14 compilation failed to produce executable
FAIL: g++.dg/eh/new1.C -std=c++14 execution test
FAIL: g++.dg/init/new40.C execution test
FAIL: g++.dg/init/ref15.C -std=c++11 execution test
FAIL: g++.dg/init/ref15.C -std=c++14 execution test
FAIL: g++.dg/init/ref15.C -std=c++98 execution test
FAIL: g++.dg/init/vbase1.C -std=gnu++11 scan-rtl-dump expand "set [^\\n]*\\n[^\\n]*this[^\\n]*\\n[^\\n]*const_int 0"
FAIL: g++.dg/init/vbase1.C -std=gnu++14 scan-rtl-dump expand "set [^\\n]*\\n[^\\n]*this[^\\n]*\\n[^\\n]*const_int 0"
FAIL: g++.dg/init/vbase1.C -std=gnu++98 scan-rtl-dump expand "set [^\\n]*\\n[^\\n]*this[^\\n]*\\n[^\\n]*const_int 0"
XPASS: g++.dg/template/linkage1.C -std=c++98 scan-assembler-not (weak|glob)[^\\n]*_Z3fooIXadL_ZL11static_funcvEEEvv
FAIL: g++.dg/tree-ssa/pr61034.C -std=gnu++11 scan-tree-dump-times fre2 "free" 10
FAIL: g++.dg/tree-ssa/pr61034.C -std=gnu++14 scan-tree-dump-times fre2 "free" 10
FAIL: g++.dg/tree-ssa/pr61034.C -std=gnu++98 scan-tree-dump-times fre2 "free" 10
XPASS: g++.dg/tls/thread_local-order2.C -std=c++11 execution test
XPASS: g++.dg/tls/thread_local-order2.C -std=c++14 execution test
FAIL: c-c++-common/torture/vector-compare-1.c -O0 execution test
FAIL: g++.dg/torture/pr67600.C -O0 (test for excess errors)
WARNING: g++.dg/torture/pr67600.C -O0 compilation failed to produce executable
FAIL: g++.dg/torture/pr67600.C -O1 (test for excess errors)
WARNING: g++.dg/torture/pr67600.C -O1 compilation failed to produce executable
FAIL: g++.dg/torture/pr67600.C -O2 (test for excess errors)
WARNING: g++.dg/torture/pr67600.C -O2 compilation failed to produce executable
FAIL: g++.dg/torture/pr67600.C -O3 -fomit-frame-pointer -funroll-loops -fpeel-loops -ftracer -finline-functions (test for excess errors)
WARNING: g++.dg/torture/pr67600.C -O3 -fomit-frame-pointer -funroll-loops -fpeel-loops -ftracer -finline-functions compilation failed to produce executable
FAIL: g++.dg/torture/pr67600.C -O3 -g (test for excess errors)
WARNING: g++.dg/torture/pr67600.C -O3 -g compilation failed to produce executable
FAIL: g++.dg/torture/pr67600.C -Os (test for excess errors)
WARNING: g++.dg/torture/pr67600.C -Os compilation failed to produce executable
FAIL: g++.dg/tree-prof/pr57451.C compilation, -fprofile-use -D_PROFILE_USE
UNRESOLVED: g++.dg/tree-prof/pr57451.C execution, -fprofile-use -D_PROFILE_USE
FAIL: g++.dg/vect/pr36648.cc -std=c++11 scan-tree-dump-times vect "vectorized 1 loops" 1
FAIL: g++.dg/vect/pr36648.cc -std=c++11 scan-tree-dump-times vect "vectorizing stmts using SLP" 1
FAIL: g++.dg/vect/pr36648.cc -std=c++14 scan-tree-dump-times vect "vectorized 1 loops" 1
FAIL: g++.dg/vect/pr36648.cc -std=c++14 scan-tree-dump-times vect "vectorizing stmts using SLP" 1
FAIL: g++.dg/vect/pr36648.cc -std=c++98 scan-tree-dump-times vect "vectorized 1 loops" 1
FAIL: g++.dg/vect/pr36648.cc -std=c++98 scan-tree-dump-times vect "vectorizing stmts using SLP" 1
FAIL: g++.old-deja/g++.eh/new2.C -std=gnu++14 execution test
XPASS: g++.old-deja/g++.mike/p755a.C -std=c++11 execution test
XPASS: g++.old-deja/g++.mike/p755a.C -std=c++98 execution test
FAIL: g++.old-deja/g++.other/init18.C -std=c++11 execution test
FAIL: g++.old-deja/g++.other/init18.C -std=c++14 execution test
FAIL: g++.old-deja/g++.other/init18.C -std=c++98 execution test
FAIL: g++.old-deja/g++.other/init19.C -std=c++11 execution test
FAIL: g++.old-deja/g++.other/init19.C -std=c++14 execution test
FAIL: g++.old-deja/g++.other/init19.C -std=c++98 execution test
FAIL: g++.old-deja/g++.pt/static11.C -std=c++11 execution test
FAIL: g++.old-deja/g++.pt/static11.C -std=c++14 execution test
FAIL: g++.old-deja/g++.pt/static11.C -std=c++98 execution test
=== g++ Summary ===
# of expected passes 81503
# of unexpected failures 45
# of unexpected successes 29
# of expected failures 427
# of unresolved testcases 1
# of unsupported tests 3775
/home/dje/build/20151024/gcc/testsuite/g++/../../xg++ version 6.0.0 20151024 (experimental) [trunk revision 229288] (GCC)
=== gcc tests ===
Running target unix
FAIL: gcc.dg/cpp/assert4.c (test for excess errors)
FAIL: gcc.dg/debug/pr29609-1.c -gdwarf-2 -g3 (test for excess errors)
FAIL: gcc.dg/debug/pr29609-1.c -gdwarf-2 -g3 -O (test for excess errors)
WARNING: gcc.dg/debug/pr29609-1.c -gdwarf-2 -g3 -O compilation failed to produce executable
FAIL: gcc.dg/debug/pr29609-1.c -gdwarf-2 -g3 -O3 (test for excess errors)
WARNING: gcc.dg/debug/pr29609-1.c -gdwarf-2 -g3 -O3 compilation failed to produce executable
WARNING: gcc.dg/debug/pr29609-1.c -gdwarf-2 -g3 compilation failed to produce executable
FAIL: gcc.dg/debug/pr29609-2.c -gdwarf-2 -g3 (test for excess errors)
FAIL: gcc.dg/debug/pr29609-2.c -gdwarf-2 -g3 -O (test for excess errors)
WARNING: gcc.dg/debug/pr29609-2.c -gdwarf-2 -g3 -O compilation failed to produce executable
FAIL: gcc.dg/debug/pr29609-2.c -gdwarf-2 -g3 -O3 (test for excess errors)
WARNING: gcc.dg/debug/pr29609-2.c -gdwarf-2 -g3 -O3 compilation failed to produce executable
WARNING: gcc.dg/debug/pr29609-2.c -gdwarf-2 -g3 compilation failed to produce executable
FAIL: gcc.dg/debug/pr36690-1.c -gdwarf-2 -g3 (test for excess errors)
FAIL: gcc.dg/debug/pr36690-1.c -gdwarf-2 -g3 -O (test for excess errors)
WARNING: gcc.dg/debug/pr36690-1.c -gdwarf-2 -g3 -O compilation failed to produce executable
FAIL: gcc.dg/debug/pr36690-1.c -gdwarf-2 -g3 -O3 (test for excess errors)
WARNING: gcc.dg/debug/pr36690-1.c -gdwarf-2 -g3 -O3 compilation failed to produce executable
WARNING: gcc.dg/debug/pr36690-1.c -gdwarf-2 -g3 compilation failed to produce executable
FAIL: gcc.dg/debug/pr36690-2.c -gdwarf-2 -g3 (test for excess errors)
FAIL: gcc.dg/debug/pr36690-2.c -gdwarf-2 -g3 -O (test for excess errors)
WARNING: gcc.dg/debug/pr36690-2.c -gdwarf-2 -g3 -O compilation failed to produce executable
FAIL: gcc.dg/debug/pr36690-2.c -gdwarf-2 -g3 -O3 (test for excess errors)
WARNING: gcc.dg/debug/pr36690-2.c -gdwarf-2 -g3 -O3 compilation failed to produce executable
WARNING: gcc.dg/debug/pr36690-2.c -gdwarf-2 -g3 compilation failed to produce executable
FAIL: gcc.dg/debug/pr36690-3.c -gdwarf-2 -g3 (test for excess errors)
FAIL: gcc.dg/debug/pr36690-3.c -gdwarf-2 -g3 -O (test for excess errors)
WARNING: gcc.dg/debug/pr36690-3.c -gdwarf-2 -g3 -O compilation failed to produce executable
FAIL: gcc.dg/debug/pr36690-3.c -gdwarf-2 -g3 -O3 (test for excess errors)
WARNING: gcc.dg/debug/pr36690-3.c -gdwarf-2 -g3 -O3 compilation failed to produce executable
WARNING: gcc.dg/debug/pr36690-3.c -gdwarf-2 -g3 compilation failed to produce executable
FAIL: gcc.dg/debug/pr37616.c -gdwarf-2 -g3 (test for excess errors)
FAIL: gcc.dg/debug/pr37616.c -gdwarf-2 -g3 -O (test for excess errors)
WARNING: gcc.dg/debug/pr37616.c -gdwarf-2 -g3 -O compilation failed to produce executable
FAIL: gcc.dg/debug/pr37616.c -gdwarf-2 -g3 -O3 (test for excess errors)
WARNING: gcc.dg/debug/pr37616.c -gdwarf-2 -g3 -O3 compilation failed to produce executable
WARNING: gcc.dg/debug/pr37616.c -gdwarf-2 -g3 compilation failed to produce executable
XPASS: gcc.dg/debug/dwarf2/dwarf2-macro.c scan-assembler Start new file
XPASS: gcc.dg/debug/dwarf2/dwarf2-macro2.c scan-assembler At line number 0
FAIL: gcc.dg/addr_equal-1.c (test for excess errors)
WARNING: gcc.dg/addr_equal-1.c compilation failed to produce executable
FAIL: gcc.dg/asm-names.c scan-assembler-not ____frob14
FAIL: gcc.dg/builtins-67.c (test for excess errors)
XPASS: gcc.dg/pr64935-1.c (test for excess errors)
FAIL: gcc.dg/pr65521.c (test for excess errors)
FAIL: gcc.dg/sms-8.c scan-rtl-dump-times sms "SMS succeeded" 0
FAIL: gcc.dg/ipa/iinline-attr.c scan-ipa-dump inline "hooray[^\\\\n]*inline copy in test"
FAIL: c-c++-common/torture/vector-compare-1.c -O0 execution test
XPASS: gcc.dg/torture/pr59166.c -O0 (test for excess errors)
FAIL: gcc.dg/tree-ssa/ivopts-lt-2.c scan-tree-dump-times ivopts "PHI <p_" 1
FAIL: gcc.dg/tree-ssa/ivopts-lt-2.c scan-tree-dump-times ivopts "PHI" 1
FAIL: gcc.dg/tree-ssa/ivopts-lt-2.c scan-tree-dump-times ivopts "p_[0-9]* <" 1
UNRESOLVED: gcc.dg/tree-ssa/operand-equal-2.c scan-tree-dump forwprop2 "v = . 0, 0, 0, 0 ."
FAIL: gcc.dg/tree-ssa/ssa-dom-thread-4.c scan-tree-dump-times dom1 "Threaded" 4
FAIL: gcc.dg/vect/costmodel/ppc/costmodel-bb-slp-9a-pr63175.c scan-assembler-not \\tlwz?u?x?
FAIL: gcc.dg/vect/costmodel/ppc/costmodel-vect-31a.c scan-tree-dump-times vect "vectorization not profitable" 1
FAIL: gcc.dg/vect/costmodel/ppc/costmodel-vect-33.c scan-tree-dump-times vect "vectorization not profitable" 1
FAIL: gcc.dg/vect/bb-slp-pr65935.c scan-tree-dump-times slp1 "basic block vectorized" 1
FAIL: gcc.dg/vect/no-vfa-vect-depend-2.c scan-tree-dump-times vect "vectorized 1 loops" 1
FAIL: gcc.dg/vect/no-vfa-vect-depend-3.c scan-tree-dump-times vect "vectorized 1 loops" 4
FAIL: gcc.dg/vect/pr62171.c scan-tree-dump-times vect "vectorized 1 loops" 1
FAIL: gcc.dg/vect/slp-multitypes-4.c scan-tree-dump-times vect "vectorized 1 loops" 1
FAIL: gcc.dg/vect/slp-multitypes-4.c scan-tree-dump-times vect "vectorizing stmts using SLP" 1
FAIL: gcc.dg/vect/slp-multitypes-5.c scan-tree-dump-times vect "vectorized 1 loops" 1
FAIL: gcc.dg/vect/slp-multitypes-5.c scan-tree-dump-times vect "vectorizing stmts using SLP" 1
FAIL: gcc.dg/vect/slp-perm-8.c scan-tree-dump-times vect "vectorized 1 loops" 1
FAIL: gcc.dg/vect/vect-125.c scan-tree-dump vect "vectorized 1 loops"
FAIL: gcc.dg/vect/vect-31.c scan-tree-dump-times vect "vectorized 4 loops" 1
FAIL: gcc.dg/vect/vect-62.c scan-tree-dump-times vect "vectorized 1 loops" 1
UNRESOLVED: gcc.target/powerpc/dfmode_off.c object-size text == 320
UNRESOLVED: gcc.target/powerpc/dimode_off.c object-size text <= 640
FAIL: gcc.target/powerpc/p8vector-builtin-8.c (test for excess errors)
UNRESOLVED: gcc.target/powerpc/p8vector-builtin-8.c scan-assembler-times vaddcuq 2
UNRESOLVED: gcc.target/powerpc/p8vector-builtin-8.c scan-assembler-times vaddecuq 2
UNRESOLVED: gcc.target/powerpc/p8vector-builtin-8.c scan-assembler-times vaddeuqm 2
UNRESOLVED: gcc.target/powerpc/p8vector-builtin-8.c scan-assembler-times vbpermq 1
UNRESOLVED: gcc.target/powerpc/p8vector-builtin-8.c scan-assembler-times vgbbd 1
UNRESOLVED: gcc.target/powerpc/p8vector-builtin-8.c scan-assembler-times vperm 1
UNRESOLVED: gcc.target/powerpc/p8vector-builtin-8.c scan-assembler-times vpmsumb 1
UNRESOLVED: gcc.target/powerpc/p8vector-builtin-8.c scan-assembler-times vpmsumd 1
UNRESOLVED: gcc.target/powerpc/p8vector-builtin-8.c scan-assembler-times vpmsumh 1
UNRESOLVED: gcc.target/powerpc/p8vector-builtin-8.c scan-assembler-times vpmsumw 1
UNRESOLVED: gcc.target/powerpc/p8vector-builtin-8.c scan-assembler-times vshasigmad 1
UNRESOLVED: gcc.target/powerpc/p8vector-builtin-8.c scan-assembler-times vshasigmaw 1
UNRESOLVED: gcc.target/powerpc/p8vector-builtin-8.c scan-assembler-times xxleqv 4
UNRESOLVED: gcc.target/powerpc/p8vector-builtin-8.c scan-assembler-times xxlnand 4
UNRESOLVED: gcc.target/powerpc/p8vector-builtin-8.c scan-assembler-times xxlorc 4
FAIL: gcc.target/powerpc/p8vector-vectorize-1.c (internal compiler error)
FAIL: gcc.target/powerpc/p8vector-vectorize-1.c (test for excess errors)
UNRESOLVED: gcc.target/powerpc/p8vector-vectorize-1.c scan-assembler-times [\\t ]vaddudm[\\t ] 2
UNRESOLVED: gcc.target/powerpc/p8vector-vectorize-1.c scan-assembler-times [\\t ]vcmpequd[\\t ] 2
UNRESOLVED: gcc.target/powerpc/p8vector-vectorize-1.c scan-assembler-times [\\t ]vcmpgtsd[\\t ] 1
UNRESOLVED: gcc.target/powerpc/p8vector-vectorize-1.c scan-assembler-times [\\t ]vcmpgtud[\\t ] 1
UNRESOLVED: gcc.target/powerpc/p8vector-vectorize-1.c scan-assembler-times [\\t ]vmaxsd[\\t ] 2
UNRESOLVED: gcc.target/powerpc/p8vector-vectorize-1.c scan-assembler-times [\\t ]vmaxud[\\t ] 1
UNRESOLVED: gcc.target/powerpc/p8vector-vectorize-1.c scan-assembler-times [\\t ]vminsd[\\t ] 1
UNRESOLVED: gcc.target/powerpc/p8vector-vectorize-1.c scan-assembler-times [\\t ]vminud[\\t ] 1
UNRESOLVED: gcc.target/powerpc/p8vector-vectorize-1.c scan-assembler-times [\\t ]vsld[\\t ] 2
UNRESOLVED: gcc.target/powerpc/p8vector-vectorize-1.c scan-assembler-times [\\t ]vsrad[\\t ] 1
UNRESOLVED: gcc.target/powerpc/p8vector-vectorize-1.c scan-assembler-times [\\t ]vsrd[\\t ] 1
UNRESOLVED: gcc.target/powerpc/p8vector-vectorize-1.c scan-assembler-times [\\t ]vsubudm[\\t ] 3
FAIL: gcc.target/powerpc/pr67789.c (test for excess errors)
FAIL: gcc.target/powerpc/pr67808.c scan-assembler xxlxor
=== gcc Summary ===
# of expected passes 69392
# of unexpected failures 50
# of unexpected successes 4
# of expected failures 238
# of unresolved testcases 30
# of unsupported tests 1549
/home/dje/build/20151024/gcc/xgcc version 6.0.0 20151024 (experimental) [trunk revision 229288] (GCC)
=== gfortran tests ===
Running target unix
XPASS: gfortran.dg/debug/pr46756.f -gdwarf-2 -g1 Deleted feature: ASSIGN (test for warnings, line 8)
XPASS: gfortran.dg/debug/pr46756.f -gdwarf-2 -g3 Deleted feature: ASSIGN (test for warnings, line 8)
XPASS: gfortran.dg/debug/pr46756.f -gdwarf-2 Deleted feature: ASSIGN (test for warnings, line 8)
XPASS: gfortran.dg/debug/pr46756.f -gxcoff Deleted feature: ASSIGN (test for warnings, line 8)
XPASS: gfortran.dg/debug/pr46756.f -gxcoff+ Deleted feature: ASSIGN (test for warnings, line 8)
XPASS: gfortran.dg/debug/pr46756.f -gxcoff+1 Deleted feature: ASSIGN (test for warnings, line 8)
XPASS: gfortran.dg/debug/pr46756.f -gxcoff+3 Deleted feature: ASSIGN (test for warnings, line 8)
XPASS: gfortran.dg/debug/pr46756.f -gxcoff1 Deleted feature: ASSIGN (test for warnings, line 8)
XPASS: gfortran.dg/debug/pr46756.f -gxcoff3 Deleted feature: ASSIGN (test for warnings, line 8)
FAIL: gfortran.dg/array_constructor_44.f90 -O0 (test for excess errors)
WARNING: gfortran.dg/array_constructor_44.f90 -O0 compilation failed to produce executable
FAIL: gfortran.dg/array_constructor_44.f90 -O1 (test for excess errors)
WARNING: gfortran.dg/array_constructor_44.f90 -O1 compilation failed to produce executable
FAIL: gfortran.dg/array_constructor_44.f90 -Os (test for excess errors)
WARNING: gfortran.dg/array_constructor_44.f90 -Os compilation failed to produce executable
FAIL: gfortran.dg/array_constructor_45.f90 -O0 (test for excess errors)
WARNING: gfortran.dg/array_constructor_45.f90 -O0 compilation failed to produce executable
FAIL: gfortran.dg/associate_17.f90 -O0 (test for excess errors)
WARNING: gfortran.dg/associate_17.f90 -O0 compilation failed to produce executable
FAIL: gfortran.dg/bind_c_array_params_2.f90 -O scan-assembler-times [ \\t][\$,_0-9]*myBindC 1
XPASS: gfortran.dg/default_format_1.f90 -O0 execution test
XPASS: gfortran.dg/default_format_1.f90 -O1 execution test
XPASS: gfortran.dg/default_format_1.f90 -O2 execution test
XPASS: gfortran.dg/default_format_1.f90 -O3 -fomit-frame-pointer -funroll-loops -fpeel-loops -ftracer -finline-functions execution test
XPASS: gfortran.dg/default_format_1.f90 -O3 -g execution test
XPASS: gfortran.dg/default_format_1.f90 -Os execution test
XPASS: gfortran.dg/default_format_denormal_1.f90 -O0 execution test
XPASS: gfortran.dg/default_format_denormal_1.f90 -O1 execution test
XPASS: gfortran.dg/default_format_denormal_1.f90 -O2 execution test
XPASS: gfortran.dg/default_format_denormal_1.f90 -O3 -fomit-frame-pointer -funroll-loops -fpeel-loops -ftracer -finline-functions execution test
XPASS: gfortran.dg/default_format_denormal_1.f90 -O3 -g execution test
XPASS: gfortran.dg/default_format_denormal_1.f90 -Os execution test
FAIL: gfortran.dg/elemental_subroutine_1.f90 -O0 (test for excess errors)
WARNING: gfortran.dg/elemental_subroutine_1.f90 -O0 compilation failed to produce executable
FAIL: gfortran.dg/elemental_subroutine_1.f90 -O1 (test for excess errors)
WARNING: gfortran.dg/elemental_subroutine_1.f90 -O1 compilation failed to produce executable
FAIL: gfortran.dg/erf_2.F90 -O0 execution test
FAIL: gfortran.dg/erf_2.F90 -O1 execution test
FAIL: gfortran.dg/erf_2.F90 -O2 execution test
FAIL: gfortran.dg/erf_2.F90 -O3 -fomit-frame-pointer -funroll-loops -fpeel-loops -ftracer -finline-functions execution test
FAIL: gfortran.dg/erf_2.F90 -O3 -g execution test
FAIL: gfortran.dg/erf_2.F90 -Os execution test
FAIL: gfortran.dg/generic_27.f90 -O0 execution test
FAIL: gfortran.dg/generic_27.f90 -O1 execution test
FAIL: gfortran.dg/generic_27.f90 -O2 execution test
FAIL: gfortran.dg/generic_27.f90 -O3 -fomit-frame-pointer -funroll-loops -fpeel-loops -ftracer -finline-functions execution test
FAIL: gfortran.dg/generic_27.f90 -O3 -g execution test
FAIL: gfortran.dg/generic_27.f90 -Os execution test
FAIL: gfortran.dg/implicit_class_1.f90 -O0 (test for excess errors)
WARNING: gfortran.dg/implicit_class_1.f90 -O0 compilation failed to produce executable
FAIL: gfortran.dg/implicit_class_1.f90 -O1 (test for excess errors)
WARNING: gfortran.dg/implicit_class_1.f90 -O1 compilation failed to produce executable
FAIL: gfortran.dg/implicit_class_1.f90 -O2 (test for excess errors)
WARNING: gfortran.dg/implicit_class_1.f90 -O2 compilation failed to produce executable
FAIL: gfortran.dg/implicit_class_1.f90 -O3 -fomit-frame-pointer -funroll-loops -fpeel-loops -ftracer -finline-functions (test for excess errors)
WARNING: gfortran.dg/implicit_class_1.f90 -O3 -fomit-frame-pointer -funroll-loops -fpeel-loops -ftracer -finline-functions compilation failed to produce executable
FAIL: gfortran.dg/implicit_class_1.f90 -O3 -g (test for excess errors)
WARNING: gfortran.dg/implicit_class_1.f90 -O3 -g compilation failed to produce executable
FAIL: gfortran.dg/implicit_class_1.f90 -Os (test for excess errors)
WARNING: gfortran.dg/implicit_class_1.f90 -Os compilation failed to produce executable
FAIL: gfortran.dg/integer_exponentiation_2.f90 -O0 (test for excess errors)
WARNING: gfortran.dg/integer_exponentiation_2.f90 -O0 compilation failed to produce executable
FAIL: gfortran.dg/integer_exponentiation_2.f90 -O1 (test for excess errors)
WARNING: gfortran.dg/integer_exponentiation_2.f90 -O1 compilation failed to produce executable
FAIL: gfortran.dg/integer_exponentiation_2.f90 -O2 (test for excess errors)
WARNING: gfortran.dg/integer_exponentiation_2.f90 -O2 compilation failed to produce executable
FAIL: gfortran.dg/integer_exponentiation_2.f90 -O3 -fomit-frame-pointer -funroll-loops -fpeel-loops -ftracer -finline-functions (test for excess errors)
WARNING: gfortran.dg/integer_exponentiation_2.f90 -O3 -fomit-frame-pointer -funroll-loops -fpeel-loops -ftracer -finline-functions compilation failed to produce executable
FAIL: gfortran.dg/integer_exponentiation_2.f90 -O3 -g (test for excess errors)
WARNING: gfortran.dg/integer_exponentiation_2.f90 -O3 -g compilation failed to produce executable
FAIL: gfortran.dg/integer_exponentiation_2.f90 -Os (test for excess errors)
WARNING: gfortran.dg/integer_exponentiation_2.f90 -Os compilation failed to produce executable
FAIL: gfortran.dg/proc_ptr_1.f90 -O0 execution test
FAIL: gfortran.dg/proc_ptr_1.f90 -O1 execution test
FAIL: gfortran.dg/proc_ptr_1.f90 -O2 execution test
FAIL: gfortran.dg/proc_ptr_1.f90 -O3 -fomit-frame-pointer -funroll-loops -fpeel-loops -ftracer -finline-functions execution test
FAIL: gfortran.dg/proc_ptr_1.f90 -O3 -g execution test
FAIL: gfortran.dg/proc_ptr_1.f90 -Os execution test
FAIL: gfortran.dg/proc_ptr_39.f90 -O (test for excess errors)
FAIL: gfortran.dg/proc_ptr_common_1.f90 -O0 execution test
FAIL: gfortran.dg/proc_ptr_common_1.f90 -O1 execution test
FAIL: gfortran.dg/proc_ptr_common_1.f90 -O2 execution test
FAIL: gfortran.dg/proc_ptr_common_1.f90 -O3 -fomit-frame-pointer -funroll-loops -fpeel-loops -ftracer -finline-functions execution test
FAIL: gfortran.dg/proc_ptr_common_1.f90 -O3 -g execution test
FAIL: gfortran.dg/proc_ptr_common_1.f90 -Os execution test
FAIL: gfortran.dg/proc_ptr_comp_23.f90 -O0 (test for excess errors)
WARNING: gfortran.dg/proc_ptr_comp_23.f90 -O0 compilation failed to produce executable
FAIL: gfortran.dg/proc_ptr_comp_23.f90 -O1 (test for excess errors)
WARNING: gfortran.dg/proc_ptr_comp_23.f90 -O1 compilation failed to produce executable
FAIL: gfortran.dg/proc_ptr_comp_23.f90 -O2 (test for excess errors)
WARNING: gfortran.dg/proc_ptr_comp_23.f90 -O2 compilation failed to produce executable
FAIL: gfortran.dg/proc_ptr_comp_23.f90 -O3 -fomit-frame-pointer -funroll-loops -fpeel-loops -ftracer -finline-functions (test for excess errors)
WARNING: gfortran.dg/proc_ptr_comp_23.f90 -O3 -fomit-frame-pointer -funroll-loops -fpeel-loops -ftracer -finline-functions compilation failed to produce executable
FAIL: gfortran.dg/proc_ptr_comp_23.f90 -O3 -g (test for excess errors)
WARNING: gfortran.dg/proc_ptr_comp_23.f90 -O3 -g compilation failed to produce executable
FAIL: gfortran.dg/proc_ptr_comp_23.f90 -Os (test for excess errors)
WARNING: gfortran.dg/proc_ptr_comp_23.f90 -Os compilation failed to produce executable
FAIL: gfortran.dg/proc_ptr_comp_45.f90 -O0 execution test
FAIL: gfortran.dg/proc_ptr_comp_45.f90 -O1 execution test
FAIL: gfortran.dg/proc_ptr_comp_45.f90 -O2 execution test
FAIL: gfortran.dg/proc_ptr_comp_45.f90 -O3 -fomit-frame-pointer -funroll-loops -fpeel-loops -ftracer -finline-functions execution test
FAIL: gfortran.dg/proc_ptr_comp_45.f90 -O3 -g execution test
FAIL: gfortran.dg/proc_ptr_comp_45.f90 -Os execution test
FAIL: gfortran.dg/read_dir.f90 -O0 execution test
FAIL: gfortran.dg/read_dir.f90 -O1 execution test
FAIL: gfortran.dg/read_dir.f90 -O2 execution test
FAIL: gfortran.dg/read_dir.f90 -O3 -fomit-frame-pointer -funroll-loops -fpeel-loops -ftracer -finline-functions execution test
FAIL: gfortran.dg/read_dir.f90 -O3 -g execution test
FAIL: gfortran.dg/read_dir.f90 -Os execution test
FAIL: gfortran.dg/specifics_1.f90 -O0 execution test
FAIL: gfortran.dg/specifics_1.f90 -O1 execution test
FAIL: gfortran.dg/specifics_1.f90 -O2 execution test
FAIL: gfortran.dg/specifics_1.f90 -O3 -fomit-frame-pointer -funroll-loops -fpeel-loops -ftracer -finline-functions execution test
FAIL: gfortran.dg/specifics_1.f90 -O3 -g execution test
FAIL: gfortran.dg/specifics_1.f90 -Os execution test
FAIL: gfortran.dg/subref_array_pointer_2.f90 -O0 (test for excess errors)
WARNING: gfortran.dg/subref_array_pointer_2.f90 -O0 compilation failed to produce executable
FAIL: gfortran.dg/subref_array_pointer_2.f90 -O1 (test for excess errors)
WARNING: gfortran.dg/subref_array_pointer_2.f90 -O1 compilation failed to produce executable
FAIL: gfortran.dg/subref_array_pointer_2.f90 -O2 (test for excess errors)
WARNING: gfortran.dg/subref_array_pointer_2.f90 -O2 compilation failed to produce executable
FAIL: gfortran.dg/subref_array_pointer_2.f90 -O3 -fomit-frame-pointer -funroll-loops -fpeel-loops -ftracer -finline-functions (test for excess errors)
WARNING: gfortran.dg/subref_array_pointer_2.f90 -O3 -fomit-frame-pointer -funroll-loops -fpeel-loops -ftracer -finline-functions compilation failed to produce executable
FAIL: gfortran.dg/subref_array_pointer_2.f90 -O3 -g (test for excess errors)
WARNING: gfortran.dg/subref_array_pointer_2.f90 -O3 -g compilation failed to produce executable
FAIL: gfortran.dg/subref_array_pointer_2.f90 -Os (test for excess errors)
WARNING: gfortran.dg/subref_array_pointer_2.f90 -Os compilation failed to produce executable
FAIL: gfortran.dg/vect/fast-math-pr37021.f90 -O scan-tree-dump vect "vectorized 2 loops"
FAIL: gfortran.dg/vect/pr52580.f -O scan-tree-dump-times vect "LOOP VECTORIZED" 1
FAIL: gfortran.dg/vect/pr62283-2.f -O scan-tree-dump slp2 "basic block vectorized"
FAIL: gfortran.dg/vect/vect-8.f90 -O scan-tree-dump-times vect "vectorized 20 loops" 1
FAIL: gfortran.dg/vect/vect-gems.f90 -O scan-tree-dump-times vect "vectorized 1 loops" 1
FAIL: gfortran.fortran-torture/execute/intrinsic_dummy.f90 compilation, -O0
FAIL: gfortran.fortran-torture/execute/intrinsic_dummy.f90 execution, -O1
FAIL: gfortran.fortran-torture/execute/intrinsic_dummy.f90 execution, -O2
FAIL: gfortran.fortran-torture/execute/intrinsic_dummy.f90 execution, -O2 -fbounds-check
FAIL: gfortran.fortran-torture/execute/intrinsic_dummy.f90 execution, -O2 -fomit-frame-pointer -finline-functions
FAIL: gfortran.fortran-torture/execute/intrinsic_dummy.f90 execution, -O2 -fomit-frame-pointer -finline-functions -funroll-loops
FAIL: gfortran.fortran-torture/execute/intrinsic_dummy.f90 execution, -O3 -g
FAIL: gfortran.fortran-torture/execute/intrinsic_dummy.f90 execution, -Os
FAIL: gfortran.fortran-torture/execute/intrinsic_dummy.f90 execution, -O2 -ftree-vectorize -maltivec
FAIL: gfortran.fortran-torture/execute/math.f90 compilation, -O0
FAIL: gfortran.fortran-torture/execute/power.f90 compilation, -O0
FAIL: gfortran.fortran-torture/execute/specifics.f90 execution, -O0
FAIL: gfortran.fortran-torture/execute/specifics.f90 execution, -O1
FAIL: gfortran.fortran-torture/execute/specifics.f90 execution, -O2
FAIL: gfortran.fortran-torture/execute/specifics.f90 execution, -O2 -fbounds-check
FAIL: gfortran.fortran-torture/execute/specifics.f90 execution, -O2 -fomit-frame-pointer -finline-functions
FAIL: gfortran.fortran-torture/execute/specifics.f90 execution, -O2 -fomit-frame-pointer -finline-functions -funroll-loops
FAIL: gfortran.fortran-torture/execute/specifics.f90 execution, -O3 -g
FAIL: gfortran.fortran-torture/execute/specifics.f90 execution, -Os
FAIL: gfortran.fortran-torture/execute/specifics.f90 execution, -O2 -ftree-vectorize -maltivec
=== gfortran Summary ===
# of expected passes 39510
# of unexpected failures 100
# of unexpected successes 21
# of expected failures 59
# of untested testcases 3
# of unsupported tests 378
/home/dje/build/20151024/gcc/testsuite/gfortran/../../gfortran version 6.0.0 20151024 (experimental) [trunk revision 229288] (GCC)
=== objc tests ===
Running target unix
FAIL: objc.dg-struct-layout-encoding-1/t026_main.m execution test
=== objc Summary ===
# of expected passes 2663
# of unexpected failures 1
# of expected failures 10
# of unsupported tests 59
/home/dje/build/20151024/gcc/xgcc version 6.0.0 20151024 (experimental) [trunk revision 229288] (GCC)
=== libatomic tests ===
Running target unix
=== libatomic Summary ===
# of expected passes 44
# of unsupported tests 5
=== libgomp tests ===
Running target unix
FAIL: libgomp.fortran/appendix-a/a.31.5.f90 -O0 (test for excess errors)
WARNING: libgomp.fortran/appendix-a/a.31.5.f90 -O0 compilation failed to produce executable
FAIL: libgomp.fortran/appendix-a/a.31.5.f90 -O1 (test for excess errors)
WARNING: libgomp.fortran/appendix-a/a.31.5.f90 -O1 compilation failed to produce executable
FAIL: libgomp.fortran/appendix-a/a.31.5.f90 -O2 (test for excess errors)
WARNING: libgomp.fortran/appendix-a/a.31.5.f90 -O2 compilation failed to produce executable
FAIL: libgomp.fortran/appendix-a/a.31.5.f90 -O3 -fomit-frame-pointer -funroll-loops -fpeel-loops -ftracer -finline-functions (test for excess errors)
WARNING: libgomp.fortran/appendix-a/a.31.5.f90 -O3 -fomit-frame-pointer -funroll-loops -fpeel-loops -ftracer -finline-functions compilation failed to produce executable
FAIL: libgomp.fortran/appendix-a/a.31.5.f90 -O3 -g (test for excess errors)
WARNING: libgomp.fortran/appendix-a/a.31.5.f90 -O3 -g compilation failed to produce executable
FAIL: libgomp.fortran/appendix-a/a.31.5.f90 -Os (test for excess errors)
WARNING: libgomp.fortran/appendix-a/a.31.5.f90 -Os compilation failed to produce executable
FAIL: libgomp.fortran/omp_workshare1.f -O execution test
FAIL: libgomp.fortran/omp_workshare2.f -O execution test
FAIL: libgomp.fortran/recursion1.f90 -O0 execution test
FAIL: libgomp.fortran/recursion1.f90 -O1 execution test
WARNING: program timed out.
FAIL: libgomp.fortran/recursion1.f90 -O2 execution test
WARNING: program timed out.
FAIL: libgomp.fortran/recursion1.f90 -O3 -fomit-frame-pointer -funroll-loops -fpeel-loops -ftracer -finline-functions execution test
FAIL: libgomp.fortran/recursion1.f90 -O3 -g execution test
FAIL: libgomp.fortran/recursion1.f90 -Os execution test
XPASS: libgomp.oacc-c/../libgomp.oacc-c-c++-common/lib-42.c -DACC_DEVICE_TYPE_host=1 -DACC_MEM_SHARED=1 output pattern test, CheCKpOInT(
XPASS: libgomp.oacc-c++/../libgomp.oacc-c-c++-common/lib-42.c -DACC_DEVICE_TYPE_host=1 -DACC_MEM_SHARED=1 output pattern test, CheCKpOInT(
=== libgomp Summary ===
# of expected passes 4176
# of unexpected failures 14
# of unexpected successes 2
# of expected failures 2
# of unsupported tests 253
=== libstdc++ tests ===
Running target unix
FAIL: 18_support/50594.cc execution test
FAIL: 21_strings/basic_string/capacity/wchar_t/18654.cc execution test
FAIL: 21_strings/basic_string/inserters_extractors/wchar_t/28277.cc execution test
FAIL: 23_containers/deque/modifiers/swap/2.cc execution test
FAIL: 23_containers/deque/modifiers/swap/3.cc execution test
FAIL: 23_containers/forward_list/cons/10.cc execution test
FAIL: 23_containers/list/modifiers/swap/2.cc execution test
FAIL: 23_containers/list/modifiers/swap/3.cc execution test
FAIL: 23_containers/map/modifiers/swap/2.cc execution test
FAIL: 23_containers/map/modifiers/swap/3.cc execution test
FAIL: 23_containers/multimap/modifiers/swap/2.cc execution test
FAIL: 23_containers/multimap/modifiers/swap/3.cc execution test
FAIL: 23_containers/multiset/modifiers/swap/2.cc execution test
FAIL: 23_containers/multiset/modifiers/swap/3.cc execution test
FAIL: 23_containers/set/modifiers/swap/2.cc execution test
FAIL: 23_containers/set/modifiers/swap/3.cc execution test
FAIL: 23_containers/unordered_map/hash_policy/dr1189.cc execution test
FAIL: 23_containers/unordered_multimap/hash_policy/dr1189.cc execution test
FAIL: 23_containers/unordered_multiset/hash_policy/dr1189.cc execution test
FAIL: 23_containers/unordered_set/hash_policy/dr1189.cc execution test
FAIL: 23_containers/unordered_set/modifiers/reserve.cc execution test
FAIL: 23_containers/vector/profile/vector.cc execution test
FAIL: 25_algorithms/remove/requirements/explicit_instantiation/2.cc (test for excess errors)
FAIL: 27_io/basic_ostream/inserters_character/wchar_t/28277-3.cc execution test
FAIL: 27_io/basic_ostream/inserters_character/wchar_t/28277-4.cc execution test
FAIL: 27_io/ios_base/storage/11584.cc execution test
FAIL: 27_io/objects/char/7.cc execution test
FAIL: 27_io/objects/wchar_t/7.cc execution test
FAIL: ext/mt_allocator/check_new.cc execution test
FAIL: ext/pool_allocator/check_new.cc execution test
FAIL: ext/vstring/inserters_extractors/wchar_t/28277.cc execution test
FAIL: tr1/5_numerical_facilities/special_functions/22_sph_legendre/check_nan.cc (test for excess errors)
WARNING: tr1/5_numerical_facilities/special_functions/22_sph_legendre/check_nan.cc compilation failed to produce executable
FAIL: tr1/6_containers/unordered_map/24064.cc execution test
FAIL: tr1/6_containers/unordered_map/swap/1.cc execution test
FAIL: tr1/6_containers/unordered_map/swap/2.cc execution test
FAIL: tr1/6_containers/unordered_multimap/erase/24061-multimap.cc execution test
FAIL: tr1/6_containers/unordered_multimap/swap/1.cc execution test
FAIL: tr1/6_containers/unordered_multimap/swap/2.cc execution test
FAIL: tr1/6_containers/unordered_multiset/erase/24061-multiset.cc execution test
FAIL: tr1/6_containers/unordered_multiset/swap/1.cc execution test
FAIL: tr1/6_containers/unordered_multiset/swap/2.cc execution test
FAIL: tr1/6_containers/unordered_set/23465.cc execution test
FAIL: tr1/6_containers/unordered_set/26132.cc execution test
FAIL: tr1/6_containers/unordered_set/swap/1.cc execution test
FAIL: tr1/6_containers/unordered_set/swap/2.cc execution test
=== libstdc++ Summary ===
# of expected passes 9046
# of unexpected failures 45
# of expected failures 66
# of unsupported tests 693
Compiler version: 6.0.0 20151024 (experimental) [trunk revision 229288] (GCC)
Platform: powerpc-ibm-aix7.1.3.0
configure flags: --prefix=/home/dje/install/powerpc-ibm-aix7.1.3.0-20151024 --disable-werror --enable-languages=c,c++,fortran,objc --with-gmp=/opt/cfarm --with-libiconv-prefix=/opt/cfarm --disable-libstdcxx-pch --enable-__cxa_atexit --with-included-gettext