This is the mail archive of the
gcc-testresults@gcc.gnu.org
mailing list for the GCC project.
Results for 6.0.0 20150913 (experimental) [trunk revision 227716] (Debian 20150913-1) testsuite on x86_64-pc-linux-gnu
- From: Matthias Klose <doko at debian dot org>
- To: gcc-testresults at gcc dot gnu dot org
- Cc: debian-gcc at lists dot debian dot org
- Date: Mon, 14 Sep 2015 17:56:08 +0000
- Subject: Results for 6.0.0 20150913 (experimental) [trunk revision 227716] (Debian 20150913-1) testsuite on x86_64-pc-linux-gnu
- Authentication-results: sourceware.org; auth=none
- Reply-to: Matthias Klose <doko at debian dot org>
LAST_UPDATED: Sun Sep 13 12:40:36 UTC 2015 (revision 227716)
Target: x86_64-linux-gnu
gcc version 6.0.0 20150913 (experimental) [trunk revision 227716] (Debian 20150913-1)
=== acats tests ===
=== acats Summary ===
# of expected passes 2320
# of unexpected failures 0
Native configuration is x86_64-pc-linux-gnu
=== g++ tests ===
Running target unix
XPASS: g++.dg/tls/thread_local-order2.C -std=c++11 execution test
XPASS: g++.dg/tls/thread_local-order2.C -std=c++11 execution test
XPASS: g++.dg/tls/thread_local-order2.C -std=c++14 execution test
XPASS: g++.dg/tls/thread_local-order2.C -std=c++14 execution test
=== g++ Summary ===
# of expected passes 189646
# of unexpected successes 4
# of expected failures 664
# of unsupported tests 6910
/scratch/packages/tmp/gcc-snapshot-20150913/build/gcc/testsuite/g++/../../xg++ version 6.0.0 20150913 (experimental) [trunk revision 227716] (Debian 20150913-1)
=== gcc tests ===
Running target unix
FAIL: gcc.dg/debug/dwarf2/stacked-qualified-types-3.c scan-assembler-times DIE \\\\([^\\n]*\\\\) DW_TAG_(?:const|volatile|atomic|restrict)_type 8
FAIL: gcc.dg/debug/dwarf2/stacked-qualified-types-3.c scan-assembler-times DIE \\\\([^\\n]*\\\\) DW_TAG_(?:const|volatile|atomic|restrict)_type 8
FAIL: gcc.target/i386/pr49781-1.c scan-assembler-not lea[lq]?[ \\t]\\\\((%|)r[a-z0-9]*
FAIL: gcc.target/i386/pr49781-1.c scan-assembler-not lea[lq]?[ \\t]\\\\((%|)r[a-z0-9]*
FAIL: gcc.target/i386/pr61403.c scan-assembler blend
FAIL: gcc.target/i386/pr61403.c scan-assembler blend
=== gcc Summary ===
# of expected passes 221390
# of unexpected failures 6
# of expected failures 546
# of unsupported tests 3318
/scratch/packages/tmp/gcc-snapshot-20150913/build/gcc/xgcc version 6.0.0 20150913 (experimental) [trunk revision 227716] (Debian 20150913-1)
=== gfortran tests ===
Running target unix
XPASS: gfortran.dg/graphite/pr14741.f90 -O scan-tree-dump-times graphite "number of SCoPs: 1" 1
XPASS: gfortran.dg/graphite/pr14741.f90 -O scan-tree-dump-times graphite "number of SCoPs: 1" 1
=== gfortran Summary ===
# of expected passes 81506
# of unexpected successes 2
# of expected failures 148
# of unsupported tests 126
/scratch/packages/tmp/gcc-snapshot-20150913/build/gcc/testsuite/gfortran/../../gfortran version 6.0.0 20150913 (experimental) [trunk revision 227716] (Debian 20150913-1)
=== gnat tests ===
Running target unix
=== gnat Summary for unix ===
# of expected passes 1396
# of expected failures 21
# of unsupported tests 3
Running target unix
=== gnat Summary for unix ===
# of expected passes 1396
# of expected failures 21
# of unsupported tests 3
=== gnat Summary ===
# of expected passes 2792
# of expected failures 42
# of unsupported tests 6
/scratch/packages/tmp/gcc-snapshot-20150913/build/gcc/gnatmake version 6.0.0 20150913 (experimental) [trunk revision 227716]
=== go tests ===
Running target unix
=== go Summary ===
# of expected passes 14504
# of expected failures 2
# of untested testcases 12
# of unsupported tests 2
/scratch/packages/tmp/gcc-snapshot-20150913/build/gcc/testsuite/go/../../gccgo version 6.0.0 20150913 (experimental) [trunk revision 227716] (Debian 20150913-1)
=== obj-c++ tests ===
Running target unix
=== obj-c++ Summary for unix ===
# of expected passes 1431
# of expected failures 10
# of unsupported tests 77
Running target unix
=== obj-c++ Summary for unix ===
# of expected passes 1431
# of expected failures 10
# of unsupported tests 77
=== obj-c++ Summary ===
# of expected passes 2862
# of expected failures 20
# of unsupported tests 154
/scratch/packages/tmp/gcc-snapshot-20150913/build/gcc/testsuite/obj-c++/../../xg++ version 6.0.0 20150913 (experimental) [trunk revision 227716] (Debian 20150913-1)
=== objc tests ===
Running target unix
=== objc Summary ===
# of expected passes 5532
# of expected failures 12
# of unsupported tests 136
/scratch/packages/tmp/gcc-snapshot-20150913/build/gcc/xgcc version 6.0.0 20150913 (experimental) [trunk revision 227716] (Debian 20150913-1)
=== boehm-gc tests ===
Running target unix
=== boehm-gc Summary for unix ===
# of expected passes 12
# of unsupported tests 1
Running target unix
=== boehm-gc Summary for unix ===
# of expected passes 12
# of unsupported tests 1
=== boehm-gc Summary ===
# of expected passes 24
# of unsupported tests 2
=== libatomic tests ===
Running target unix
=== libatomic Summary for unix ===
# of expected passes 54
Running target unix
=== libatomic Summary for unix ===
# of expected passes 54
=== libatomic Summary ===
# of expected passes 108
=== libffi tests ===
Running target unix
=== libffi Summary for unix ===
# of expected passes 1914
# of unsupported tests 30
Running target unix
=== libffi Summary for unix ===
# of expected passes 1914
# of unsupported tests 30
=== libffi Summary ===
# of expected passes 3828
# of unsupported tests 60
=== libgo tests ===
Running target unix
FAIL: os/exec
=== libgo Summary for unix ===
# of expected passes 123
# of unexpected failures 1
Running target unix/-m32
FAIL: os/user
=== libgo Summary for unix/-m32 ===
# of expected passes 123
# of unexpected failures 1
Running target unix/-mx32
FAIL: os/user
=== libgo Summary for unix/-mx32 ===
# of expected passes 123
# of unexpected failures 1
=== libgo Summary ===
# of expected passes 369
# of unexpected failures 3
/scratch/packages/tmp/gcc-snapshot-20150913/build/./gcc/gccgo version 6.0.0 20150913 (experimental) [trunk revision 227716] (Debian 20150913-1)
=== libgomp tests ===
Running target unix
=== libgomp Summary for unix ===
# of expected passes 4171
# of expected failures 4
# of unsupported tests 196
Running target unix
=== libgomp Summary for unix ===
# of expected passes 4171
# of expected failures 4
# of unsupported tests 196
=== libgomp Summary ===
# of expected passes 8342
# of expected failures 8
# of unsupported tests 392
=== libitm tests ===
Running target unix
=== libitm Summary for unix ===
# of expected passes 26
# of expected failures 3
# of unsupported tests 1
Running target unix
=== libitm Summary for unix ===
# of expected passes 26
# of expected failures 3
# of unsupported tests 1
=== libitm Summary ===
# of expected passes 52
# of expected failures 6
# of unsupported tests 2
=== libjava tests ===
Running target unix
=== libjava Summary for unix ===
# of expected passes 2582
# of expected failures 4
Running target unix
=== libjava Summary for unix ===
# of expected passes 2582
# of expected failures 4
=== libjava Summary ===
# of expected passes 5164
# of expected failures 8
=== libstdc++ tests ===
Running target unix
FAIL: 22_locale/numpunct/members/char/3.cc execution test
FAIL: 22_locale/numpunct/members/char/3.cc execution test
FAIL: 22_locale/time_get/get_date/wchar_t/4.cc execution test
FAIL: 22_locale/time_get/get_date/wchar_t/4.cc execution test
XPASS: 26_numerics/headers/cmath/c_math.cc execution test
=== libstdc++ Summary ===
# of expected passes 15825
# of unexpected failures 4
# of unexpected successes 1
# of expected failures 128
# of unsupported tests 466
Compiler version: 6.0.0 20150913 (experimental) [trunk revision 227716] (Debian 20150913-1)
Platform: x86_64-pc-linux-gnu
configure flags: -v --with-pkgversion='Debian 20150913-1' --with-bugurl=file:///usr/share/doc/gcc-snapshot/README.Bugs --enable-languages=c,ada,c++,java,go,fortran,objc,obj-c++ --prefix=/usr/lib/gcc-snapshot --enable-shared --enable-linker-build-id --disable-nls --with-sysroot=/ --enable-clocale=gnu --enable-libstdcxx-debug --enable-libstdcxx-time=yes --with-default-libstdcxx-abi=new --enable-gnu-unique-object --disable-vtable-verify --enable-libmpx --enable-plugin --with-system-zlib --disable-browser-plugin --enable-java-awt=gtk --enable-gtk-cairo --with-java-home=/usr/lib/jvm/java-1.5.0-gcj-6-snap-amd64/jre --enable-java-home --with-jvm-root-dir=/usr/lib/jvm/java-1.5.0-gcj-6-snap-amd64 --with-jvm-jar-dir=/usr/lib/jvm-exports/java-1.5.0-gcj-6-snap-amd64 --with-arch-directory=amd64 --with-ecj-jar=/usr/share/java/eclipse-ecj.jar --enable-objc-gc --enable-multiarch --with-arch-32=i586 --with-abi=m64 --with-multilib-list=m32,m64,mx32 --enable-multilib --with-tune=generic --disable-werror --enable-checking=yes --build=x86_64-linux-gnu --host=x86_64-linux-gnu --target=x86_64-linux-gnu
BOOT_CFLAGS=
Build Dependencies:
Desired=Unknown/Install/Remove/Purge/Hold
| Status=Not/Inst/Conf-files/Unpacked/halF-conf/Half-inst/trig-aWait/Trig-pend
|/ Err?=(none)/Reinst-required (Status,Err: uppercase=bad)
||/ Name Version Architecture Description
+++-=========================-==============-============-===============================================================================
ii binutils 2.25.1-1 amd64 GNU assembler, linker and binary utilities
ii binutils-dev 2.25.1-1 amd64 GNU binary utilities (BFD development files)
ii binutils-mingw-w64-i686 2.25.1-1+6.4 amd64 Cross-binutils for Win32 (x86) using MinGW-w64
ii binutils-mingw-w64-x86-64 2.25.1-1+6.4 amd64 Cross-binutils for Win64 (x64) using MinGW-w64
ii binutils-multiarch 2.25.1-1 amd64 Binary utilities that support multi-arch targets
ii binutils-source 2.25.1-1 all GNU assembler, linker and binary utilities (source)
ii g++-4.9 4.9.3-4 amd64 GNU C++ compiler
ii g++-5 5.2.1-17 amd64 GNU C++ compiler
ii g++-5-multilib 5.2.1-17 amd64 GNU C++ compiler (multilib support)
ii g++-mingw-w64 4.9.3-4+15.7 all GNU C++ compiler for MinGW-w64
ii g++-mingw-w64-i686 4.9.3-4+15.7 amd64 GNU C++ compiler for MinGW-w64 targeting Win32
ii g++-mingw-w64-x86-64 4.9.3-4+15.7 amd64 GNU C++ compiler for MinGW-w64 targeting Win64
ii g++-multilib 4:5.2.1-4 amd64 GNU C++ compiler (multilib files)
ii libc6:amd64 2.19-19 amd64 GNU C Library: Shared libraries
ii libgmp-dev:amd64 2:6.0.0+dfsg-7 amd64 Multiprecision arithmetic library developers tools
ii libisl-dev:amd64 0.14-2 amd64 manipulating sets and relations of integer points bounded by linear constraints
ii libmpc-dev:amd64 1.0.3-1 amd64 multiple precision complex floating-point library development package
ii libmpfr-dev:amd64 3.1.3-1 amd64 multiple precision floating-point computation developers tools
sys-auxv-header:
Check for the sys/auxv.h header file.
libcilkrts-targets:
Disable libcilkrts on KFreeBSD and the Hurd. See #734973.
go-use-gold:
Pass -fuse-ld=gold to gccgo on targets supporting -fsplit-stack
arm-multilib-soft:
ARM hard/soft float multilib support
arm-multilib-defaults:
Set MULTILIB_DEFAULTS for ARM multilib builds
gcc-ice-dump:
For ICEs, dump the preprocessed source file to stderr
when in a distro build environment.
gcc-ice-apport:
Report an ICE to apport (if apport is available
and the environment variable GCC_NOAPPORT is not set)
libjava-fixed-symlinks:
Remove unneed '..' elements from symlinks in JAVA_HOME
libffi-ro-eh_frame_sect:
PR libffi/47248, force a read only eh frame section.
gcc-multiarch:
- Remaining multiarch patches, not yet submitted upstream.
- Add MULTIARCH_DIRNAME definitions for multilib configurations,
which are used for the non-multilib builds.
libjava-nobiarch-check:
For biarch builds, disable the testsuite for the non-default architecture
for runtime libraries, which are not built by default (libjava).
config-ml:
- Disable some biarch libraries for biarch builds.
- Fix multilib builds on kernels which don't support all multilibs.
gcc-multilib-multiarch:
Don't auto-detect multilib osdirnames.
libgomp-kfreebsd-testsuite:
Disable lock-2.c test on kfreebsd-*
go-testsuite:
Skip Go testcase on AArch64 which hangs on the buildds.
ada-749574:
ada-mips:
Improve support for mips.
ada-ppc64:
ada-mips64:
ada-bootstrap-compare:
For the bootstrap comparison, ignore gcc/ada/a-except.o on
mips and mipsel. See PR ada/65618.
Counting all warnings,
there are 0 warnings in stage3 of this bootstrap.
Number of warnings per file:
Number of warning types: