This is the mail archive of the
gcc-testresults@gcc.gnu.org
mailing list for the GCC project.
Results for 6.0.0 20150818 (experimental) [trunk revision 226978] (GCC) testsuite on hppa2.0w-hp-hpux11.11
- From: John David Anglin <dave at hiauly3 dot hia dot nrc dot ca>
- To: dave at hiauly3 dot hia dot nrc dot ca, gcc-testresults at gcc dot gnu dot org
- Date: Tue, 8 Sep 2015 15:52:37 -0400 (EDT)
- Subject: Results for 6.0.0 20150818 (experimental) [trunk revision 226978] (GCC) testsuite on hppa2.0w-hp-hpux11.11
- Authentication-results: sourceware.org; auth=none
=== acats tests ===
FAIL: c761006
FAIL: c974013
=== acats Summary ===
# of expected passes 2318
# of unexpected failures 2
Native configuration is hppa2.0w-hp-hpux11.11
=== g++ tests ===
Running target unix
FAIL: g++.dg/Wno-frame-address.C -std=gnu++98 (test for excess errors)
FAIL: g++.dg/Wno-frame-address.C -std=gnu++11 (test for excess errors)
FAIL: g++.dg/Wno-frame-address.C -std=gnu++14 (test for excess errors)
FAIL: g++.dg/tree-ssa/pr61034.C -std=gnu++98 scan-tree-dump-times fre2 "free" 10
FAIL: g++.dg/tree-ssa/pr61034.C -std=gnu++11 scan-tree-dump-times fre2 "free" 10
FAIL: g++.dg/tree-ssa/pr61034.C -std=gnu++14 scan-tree-dump-times fre2 "free" 10
WARNING: program timed out.
=== g++ Summary ===
# of expected passes 76872
# of unexpected failures 6
# of expected failures 274
# of unsupported tests 3993
/test/gnu/gcc/objdir/gcc/testsuite/g++/../../xg++ version 6.0.0 20150818 (experimental) [trunk revision 226978] (GCC)
=== gcc tests ===
Running target unix
FAIL: gcc.dg/atomic/c11-atomic-exec-5.c -O0 execution test
FAIL: gcc.dg/atomic/c11-atomic-exec-5.c -O1 execution test
FAIL: gcc.dg/atomic/c11-atomic-exec-5.c -O2 execution test
FAIL: gcc.dg/atomic/c11-atomic-exec-5.c -O3 -fomit-frame-pointer -funroll-loops -fpeel-loops -ftracer -finline-functions execution test
FAIL: gcc.dg/atomic/c11-atomic-exec-5.c -O3 -g execution test
FAIL: gcc.dg/atomic/c11-atomic-exec-5.c -Os execution test
FAIL: gcc.dg/Wno-frame-address.c (test for excess errors)
FAIL: gcc.dg/loop-8.c scan-rtl-dump-times loop2_invariant "Decided" 1
FAIL: gcc.dg/loop-8.c scan-rtl-dump-not loop2_invariant "without introducing a new temporary register"
FAIL: gcc.dg/pr49551.c (test for excess errors)
FAIL: gcc.dg/pr64434.c scan-rtl-dump-times expand "Swap operands" 1
FAIL: gcc.dg/gomp/notify-new-function-3.c scan-tree-dump-times ompexpssa "Added new ssa gimple function foo\\\\._loopfn\\\\.0 to callgraph" 1
WARNING: program timed out.
FAIL: gcc.dg/tree-ssa/ivopts-lt-2.c scan-tree-dump-times ivopts "PHI <p_" 1
FAIL: gcc.dg/tree-ssa/ivopts-lt-2.c scan-tree-dump-times ivopts "p_[0-9]* <" 1
FAIL: gcc.dg/tree-ssa/pr65447.c scan-tree-dump-not ivopts "\\\\nuse 5\\\\n"
=== gcc Summary ===
# of expected passes 62529
# of unexpected failures 15
# of expected failures 133
# of unsupported tests 1692
/test/gnu/gcc/objdir/gcc/xgcc version 6.0.0 20150818 (experimental) [trunk revision 226978] (GCC)
=== gfortran tests ===
Running target unix
FAIL: gfortran.dg/access_spec_1.f90 -O (test for excess errors)
FAIL: gfortran.dg/allocatable_function_8.f90 -O0 (test for excess errors)
FAIL: gfortran.dg/allocatable_function_8.f90 -O1 (test for excess errors)
FAIL: gfortran.dg/allocatable_function_8.f90 -O2 (test for excess errors)
FAIL: gfortran.dg/allocatable_function_8.f90 -O3 -fomit-frame-pointer -funroll-loops -fpeel-loops -ftracer -finline-functions (test for excess errors)
FAIL: gfortran.dg/allocatable_function_8.f90 -O3 -g (test for excess errors)
FAIL: gfortran.dg/allocatable_function_8.f90 -Os (test for excess errors)
FAIL: gfortran.dg/bind_c_usage_25.f90 -O (test for excess errors)
FAIL: gfortran.dg/bind_c_usage_8.f03 -O (test for excess errors)
FAIL: gfortran.dg/class_37.f03 -O (test for excess errors)
FAIL: gfortran.dg/elemental_dependency_4.f90 -O0 (test for excess errors)
FAIL: gfortran.dg/elemental_dependency_4.f90 -O1 (test for excess errors)
FAIL: gfortran.dg/elemental_dependency_4.f90 -O2 (test for excess errors)
FAIL: gfortran.dg/elemental_dependency_4.f90 -O3 -fomit-frame-pointer -funroll-loops -fpeel-loops -ftracer -finline-functions (test for excess errors)
FAIL: gfortran.dg/elemental_dependency_4.f90 -O3 -g (test for excess errors)
FAIL: gfortran.dg/elemental_dependency_4.f90 -Os (test for excess errors)
FAIL: gfortran.dg/elemental_dependency_5.f90 -O0 (test for excess errors)
FAIL: gfortran.dg/elemental_dependency_5.f90 -O1 (test for excess errors)
FAIL: gfortran.dg/elemental_dependency_5.f90 -O2 (test for excess errors)
FAIL: gfortran.dg/elemental_dependency_5.f90 -O3 -fomit-frame-pointer -funroll-loops -fpeel-loops -ftracer -finline-functions (test for excess errors)
FAIL: gfortran.dg/elemental_dependency_5.f90 -O3 -g (test for excess errors)
FAIL: gfortran.dg/elemental_dependency_5.f90 -Os (test for excess errors)
FAIL: gfortran.dg/host_assoc_variable_1.f90 -O (test for excess errors)
FAIL: gfortran.dg/initialization_10.f90 -O (test for excess errors)
FAIL: gfortran.dg/internal_pack_7.f90 -O (test for excess errors)
FAIL: gfortran.dg/merge_init_expr_2.f90 -O (test for excess errors)
FAIL: gfortran.dg/module_variable_1.f90 -O (test for excess errors)
FAIL: gfortran.dg/module_variable_2.f90 -O (test for excess errors)
FAIL: gfortran.dg/nested_forall_1.f -O (test for excess errors)
FAIL: gfortran.dg/pr32535.f90 -O (test for excess errors)
FAIL: gfortran.dg/pr37286.f90 -O (test for excess errors)
FAIL: gfortran.dg/pr61335.f90 -O0 (test for excess errors)
FAIL: gfortran.dg/pr61335.f90 -O1 (test for excess errors)
FAIL: gfortran.dg/pr61335.f90 -O2 (test for excess errors)
FAIL: gfortran.dg/pr61335.f90 -O3 -fomit-frame-pointer -funroll-loops -fpeel-loops -ftracer -finline-functions (test for excess errors)
FAIL: gfortran.dg/pr61335.f90 -O3 -g (test for excess errors)
FAIL: gfortran.dg/pr61335.f90 -Os (test for excess errors)
FAIL: gfortran.dg/private_type_3.f90 -O (test for excess errors)
FAIL: gfortran.dg/proc_ptr_39.f90 -O (test for excess errors)
FAIL: gfortran.dg/proc_ptr_result_3.f90 -O0 (test for excess errors)
FAIL: gfortran.dg/proc_ptr_result_3.f90 -O1 (test for excess errors)
FAIL: gfortran.dg/proc_ptr_result_3.f90 -O2 (test for excess errors)
FAIL: gfortran.dg/proc_ptr_result_3.f90 -O3 -fomit-frame-pointer -funroll-loops -fpeel-loops -ftracer -finline-functions (test for excess errors)
FAIL: gfortran.dg/proc_ptr_result_3.f90 -O3 -g (test for excess errors)
FAIL: gfortran.dg/proc_ptr_result_3.f90 -Os (test for excess errors)
FAIL: gfortran.dg/public_private_module_2.f90 -O (test for excess errors)
FAIL: gfortran.dg/public_private_module_6.f90 -O (test for excess errors)
FAIL: gfortran.dg/submodule_10.f08 -O (test for excess errors)
FAIL: gfortran.dg/typebound_call_20.f03 -O0 (test for excess errors)
FAIL: gfortran.dg/typebound_call_20.f03 -O1 (test for excess errors)
FAIL: gfortran.dg/typebound_call_20.f03 -O2 (test for excess errors)
FAIL: gfortran.dg/typebound_call_20.f03 -O3 -fomit-frame-pointer -funroll-loops -fpeel-loops -ftracer -finline-functions (test for excess errors)
FAIL: gfortran.dg/typebound_call_20.f03 -O3 -g (test for excess errors)
FAIL: gfortran.dg/typebound_call_20.f03 -Os (test for excess errors)
FAIL: gfortran.dg/typebound_proc_19.f90 -O (test for excess errors)
=== gfortran Summary ===
# of expected passes 38830
# of unexpected failures 55
# of expected failures 74
# of unsupported tests 339
/test/gnu/gcc/objdir/gcc/testsuite/gfortran/../../gfortran version 6.0.0 20150818 (experimental) [trunk revision 226978] (GCC)
=== gnat tests ===
Running target unix
=== gnat Summary ===
# of expected passes 1362
# of expected failures 21
# of unsupported tests 22
/test/gnu/gcc/objdir/gcc/gnatmake version 6.0.0 20150818 (experimental) [trunk revision 226978]
=== obj-c++ tests ===
Running target unix
=== obj-c++ Summary ===
# of expected passes 1397
# of expected failures 2
# of unsupported tests 60
/test/gnu/gcc/objdir/gcc/testsuite/obj-c++/../../xg++ version 6.0.0 20150818 (experimental) [trunk revision 226978] (GCC)
=== objc tests ===
Running target unix
=== objc Summary ===
# of expected passes 2690
# of unsupported tests 61
/test/gnu/gcc/objdir/gcc/xgcc version 6.0.0 20150818 (experimental) [trunk revision 226978] (GCC)
=== boehm-gc tests ===
Running target unix
=== boehm-gc Summary ===
# of expected passes 12
# of unsupported tests 1
=== libatomic tests ===
Running target unix
=== libatomic Summary ===
# of expected passes 44
# of unsupported tests 5
=== libffi tests ===
Running target unix
=== libffi Summary ===
# of expected passes 1904
# of unsupported tests 35
=== libgomp tests ===
Running target unix
=== libgomp Summary ===
# of expected passes 4007
# of expected failures 4
# of unsupported tests 250
=== libjava tests ===
Running target unix
FAIL: LargeFile execution - source compiled test
FAIL: LargeFile -findirect-dispatch execution - source compiled test
FAIL: LargeFile -O3 execution - source compiled test
FAIL: LargeFile -O3 -findirect-dispatch execution - source compiled test
XPASS: sourcelocation output - source compiled test
XPASS: sourcelocation -findirect-dispatch output - source compiled test
XPASS: sourcelocation -O3 output - source compiled test
XPASS: sourcelocation -O3 -findirect-dispatch output - source compiled test
=== libjava Summary ===
# of expected passes 2574
# of unexpected failures 4
# of unexpected successes 4
# of untested testcases 4
=== libstdc++ tests ===
Running target unix
FAIL: tr1/2_general_utilities/shared_ptr/observers/bool_conv.cc (test for excess errors)
UNRESOLVED: tr1/2_general_utilities/shared_ptr/observers/bool_conv.cc compilation failed to produce executable
FAIL: tr1/8_c_compatibility/complex/50880.cc (test for excess errors)
UNRESOLVED: tr1/8_c_compatibility/complex/50880.cc compilation failed to produce executable
FAIL: tr1/8_c_compatibility/complex/functions.cc (test for excess errors)
=== libstdc++ Summary ===
# of expected passes 8857
# of unexpected failures 3
# of expected failures 66
# of unresolved testcases 2
# of unsupported tests 1040
Compiler version: 6.0.0 20150818 (experimental) [trunk revision 226978] (GCC)
Platform: hppa2.0w-hp-hpux11.11
configure flags:Test Run By dave on Sun Sep 6 23:53:14 EDT 2015