This is the mail archive of the
gcc-testresults@gcc.gnu.org
mailing list for the GCC project.
Results for 6.0.0 20150904 (experimental) [trunk revision 227489] (GCC) testsuite on sparc-sun-solaris2.12
- From: Rainer Orth <ro at CeBiTec dot Uni-Bielefeld dot DE>
- To: gcc-testresults at gcc dot gnu dot org
- Date: Sat, 5 Sep 2015 15:51:09 +0200 (CEST)
- Subject: Results for 6.0.0 20150904 (experimental) [trunk revision 227489] (GCC) testsuite on sparc-sun-solaris2.12
- Authentication-results: sourceware.org; auth=none
LAST_UPDATED: Fri Sep 4 11:29:07 UTC 2015 (revision 227489)
=== acats tests ===
=== acats Summary ===
# of expected passes 2320
# of unexpected failures 0
Native configuration is sparc-sun-solaris2.12
=== g++ tests ===
Running target unix
FAIL: g++.dg/tree-ssa/pr61034.C -std=gnu++11 scan-tree-dump-times fre2 "free" 10
FAIL: g++.dg/tree-ssa/pr61034.C -std=gnu++14 scan-tree-dump-times fre2 "free" 10
FAIL: g++.dg/tree-ssa/pr61034.C -std=gnu++98 scan-tree-dump-times fre2 "free" 10
=== g++ Summary for unix ===
# of expected passes 83255
# of unexpected failures 3
# of expected failures 285
# of unsupported tests 3609
Running target unix/-m64
FAIL: g++.dg/tree-ssa/pr61034.C -std=gnu++11 scan-tree-dump-times fre2 "free" 10
FAIL: g++.dg/tree-ssa/pr61034.C -std=gnu++14 scan-tree-dump-times fre2 "free" 10
FAIL: g++.dg/tree-ssa/pr61034.C -std=gnu++98 scan-tree-dump-times fre2 "free" 10
=== g++ Summary for unix/-m64 ===
# of expected passes 85127
# of unexpected failures 3
# of expected failures 285
# of unsupported tests 3586
=== g++ Summary ===
# of expected passes 168382
# of unexpected failures 6
# of expected failures 570
# of unsupported tests 7195
/var/gcc/regression/trunk/12-gcc-gas/build/gcc/testsuite/g++/../../xg++ version 6.0.0 20150904 (experimental) [trunk revision 227489] (GCC)
=== gcc tests ===
Running target unix
FAIL: gcc.c-torture/compile/limits-caselabels.c -Os (test for excess errors)
WARNING: program timed out.
FAIL: gcc.c-torture/execute/20071216-1.c -O1 execution test
FAIL: gcc.c-torture/execute/20071216-1.c -Os execution test
FAIL: gcc.dg/atomic/c11-atomic-exec-3.c -O3 -g (test for excess errors)
WARNING: gcc.dg/atomic/c11-atomic-exec-3.c -O3 -g compilation failed to produce executable
WARNING: program timed out.
FAIL: gcc.dg/debug/dwarf2/stacked-qualified-types-3.c scan-assembler-times DIE \\\\([^\\n]*\\\\) DW_TAG_(?:const|volatile|atomic|restrict)_type 8
XPASS: gcc.dg/graphite/vect-pr43423.c scan-tree-dump-times vect "vectorized 2 loops" 1
FAIL: gcc.dg/simulate-thread/atomic-other-int.c -O2 -g thread simulation test
FAIL: gcc.dg/simulate-thread/atomic-other-int.c -O3 -g thread simulation test
FAIL: gcc.dg/simulate-thread/speculative-store-4.c -O0 -g thread simulation test
FAIL: gcc.dg/simulate-thread/speculative-store-4.c -O2 -g thread simulation test
FAIL: gcc.dg/simulate-thread/speculative-store-4.c -O3 -g thread simulation test
FAIL: gcc.dg/simulate-thread/speculative-store.c -O0 -g thread simulation test
FAIL: gcc.dg/vect/pr20122.c -flto -ffat-lto-objects scan-tree-dump-times vect "Alignment of access forced using versioning" 2
FAIL: gcc.dg/vect/pr20122.c scan-tree-dump-times vect "Alignment of access forced using versioning" 2
=== gcc Summary for unix ===
# of expected passes 82263
# of unexpected failures 13
# of unexpected successes 1
# of expected failures 337
# of unsupported tests 1982
Running target unix/-m64
FAIL: gcc.dg/debug/dwarf2/stacked-qualified-types-3.c scan-assembler-times DIE \\\\([^\\n]*\\\\) DW_TAG_(?:const|volatile|atomic|restrict)_type 8
FAIL: gcc.dg/vect/pr20122.c -flto -ffat-lto-objects scan-tree-dump-times vect "Alignment of access forced using versioning" 2
FAIL: gcc.dg/vect/pr20122.c scan-tree-dump-times vect "Alignment of access forced using versioning" 2
=== gcc Summary for unix/-m64 ===
# of expected passes 83069
# of unexpected failures 3
# of expected failures 325
# of unsupported tests 1909
=== gcc Summary ===
# of expected passes 165332
# of unexpected failures 16
# of unexpected successes 1
# of expected failures 662
# of unsupported tests 3891
/var/gcc/regression/trunk/12-gcc-gas/build/gcc/xgcc version 6.0.0 20150904 (experimental) [trunk revision 227489] (GCC)
=== gfortran tests ===
Running target unix
FAIL: gfortran.dg/large_real_kind_2.F90 -O0 execution test
FAIL: gfortran.dg/norm2_3.f90 -O0 execution test
FAIL: gfortran.dg/norm2_3.f90 -O1 execution test
FAIL: gfortran.dg/norm2_3.f90 -O2 execution test
FAIL: gfortran.dg/norm2_3.f90 -O3 -fomit-frame-pointer -funroll-loops -fpeel-loops -ftracer -finline-functions execution test
FAIL: gfortran.dg/norm2_3.f90 -O3 -g execution test
FAIL: gfortran.dg/norm2_3.f90 -Os execution test
=== gfortran Summary for unix ===
# of expected passes 40356
# of unexpected failures 7
# of expected failures 77
# of unsupported tests 225
Running target unix/-m64
FAIL: gfortran.dg/large_real_kind_2.F90 -O0 execution test
FAIL: gfortran.dg/norm2_3.f90 -O0 execution test
FAIL: gfortran.dg/norm2_3.f90 -O1 execution test
FAIL: gfortran.dg/norm2_3.f90 -O2 execution test
FAIL: gfortran.dg/norm2_3.f90 -O3 -fomit-frame-pointer -funroll-loops -fpeel-loops -ftracer -finline-functions execution test
FAIL: gfortran.dg/norm2_3.f90 -O3 -g execution test
FAIL: gfortran.dg/norm2_3.f90 -Os execution test
=== gfortran Summary for unix/-m64 ===
# of expected passes 40603
# of unexpected failures 7
# of expected failures 77
# of unsupported tests 104
=== gfortran Summary ===
# of expected passes 80959
# of unexpected failures 14
# of expected failures 154
# of unsupported tests 329
/var/gcc/regression/trunk/12-gcc-gas/build/gcc/testsuite/gfortran/../../gfortran version 6.0.0 20150904 (experimental) [trunk revision 227489] (GCC)
=== gnat tests ===
Running target unix
=== gnat Summary for unix ===
# of expected passes 1366
# of expected failures 21
# of unsupported tests 19
Running target unix/-m64
=== gnat Summary for unix/-m64 ===
# of expected passes 1366
# of expected failures 21
# of unsupported tests 19
=== gnat Summary ===
# of expected passes 2732
# of expected failures 42
# of unsupported tests 38
/var/gcc/regression/trunk/12-gcc-gas/build/gcc/gnatmake version 6.0.0 20150904 (experimental) [trunk revision 227489]
=== go tests ===
Running target unix
=== go Summary for unix ===
# of expected passes 7360
# of expected failures 1
# of untested testcases 11
# of unsupported tests 3
Running target unix/-m64
=== go Summary for unix/-m64 ===
# of expected passes 7240
# of expected failures 1
# of untested testcases 11
# of unsupported tests 3
=== go Summary ===
# of expected passes 14600
# of expected failures 2
# of untested testcases 22
# of unsupported tests 6
=== obj-c++ tests ===
Running target unix
=== obj-c++ Summary for unix ===
# of expected passes 1439
# of expected failures 2
# of unsupported tests 77
Running target unix/-m64
=== obj-c++ Summary for unix/-m64 ===
# of expected passes 1431
# of expected failures 10
# of unsupported tests 77
=== obj-c++ Summary ===
# of expected passes 2870
# of expected failures 12
# of unsupported tests 154
/var/gcc/regression/trunk/12-gcc-gas/build/gcc/testsuite/obj-c++/../../xg++ version 6.0.0 20150904 (experimental) [trunk revision 227489] (GCC)
=== objc tests ===
Running target unix
=== objc Summary for unix ===
# of expected passes 2772
# of unsupported tests 68
Running target unix/-m64
=== objc Summary for unix/-m64 ===
# of expected passes 2772
# of unsupported tests 68
=== objc Summary ===
# of expected passes 5544
# of unsupported tests 136
/var/gcc/regression/trunk/12-gcc-gas/build/gcc/xgcc version 6.0.0 20150904 (experimental) [trunk revision 227489] (GCC)
=== boehm-gc tests ===
Running target unix
=== boehm-gc Summary for unix ===
# of expected passes 12
# of unsupported tests 1
Running target unix/-m64
=== boehm-gc Summary for unix/-m64 ===
# of expected passes 12
# of unsupported tests 1
=== boehm-gc Summary ===
# of expected passes 24
# of unsupported tests 2
=== libatomic tests ===
Running target unix
=== libatomic Summary for unix ===
# of expected passes 44
# of unsupported tests 5
Running target unix/-m64
=== libatomic Summary for unix/-m64 ===
# of expected passes 54
=== libatomic Summary ===
# of expected passes 98
# of unsupported tests 5
=== libffi tests ===
Running target unix
=== libffi Summary for unix ===
# of expected passes 1914
# of unsupported tests 30
Running target unix/-m64
=== libffi Summary for unix/-m64 ===
# of expected passes 1914
# of unsupported tests 30
=== libffi Summary ===
# of expected passes 3828
# of unsupported tests 60
=== libgo tests ===
Running target unix
FAIL: reflect
=== libgo Summary for unix ===
# of expected passes 123
# of unexpected failures 1
Running target unix/-m64
FAIL: runtime
=== libgo Summary for unix/-m64 ===
# of expected passes 123
# of unexpected failures 1
=== libgo Summary ===
# of expected passes 246
# of unexpected failures 2
/var/gcc/regression/trunk/12-gcc-gas/build/./gcc/gccgo version 6.0.0 20150904 (experimental) [trunk revision 227489] (GCC)
=== libgomp tests ===
Running target unix
=== libgomp Summary for unix ===
# of expected passes 4084
# of expected failures 4
# of unsupported tests 241
Running target unix/-m64
=== libgomp Summary for unix/-m64 ===
# of expected passes 4084
# of expected failures 4
# of unsupported tests 241
=== libgomp Summary ===
# of expected passes 8168
# of expected failures 8
# of unsupported tests 482
=== libitm tests ===
Running target unix
=== libitm Summary for unix ===
# of expected passes 26
# of expected failures 3
# of unsupported tests 1
Running target unix/-m64
=== libitm Summary for unix/-m64 ===
# of expected passes 26
# of expected failures 3
# of unsupported tests 1
=== libitm Summary ===
# of expected passes 52
# of expected failures 6
# of unsupported tests 2
=== libjava tests ===
Running target unix
=== libjava Summary for unix ===
# of expected passes 2582
# of expected failures 4
Running target unix/-m64
=== libjava Summary for unix/-m64 ===
# of expected passes 2582
# of expected failures 4
=== libjava Summary ===
# of expected passes 5164
# of expected failures 8
=== libstdc++ tests ===
Running target unix
FAIL: libstdc++-abi/abi_check
FAIL: 23_containers/forward_list/requirements/exception/propagation_consistent.cc (test for excess errors)
WARNING: 23_containers/forward_list/requirements/exception/propagation_consistent.cc compilation failed to produce executable
FAIL: 28_regex/algorithms/regex_match/ecma/char/emptygroup.cc (test for excess errors)
FAIL: ext/pb_ds/regression/tree_map_rand.cc (test for excess errors)
WARNING: ext/pb_ds/regression/tree_map_rand.cc compilation failed to produce executable
WARNING: program timed out.
WARNING: program timed out.
WARNING: program timed out.
=== libstdc++ Summary for unix ===
# of expected passes 9743
# of unexpected failures 4
# of expected failures 67
# of unsupported tests 613
Running target unix/-m64
FAIL: libstdc++-abi/abi_check
FAIL: 28_regex/algorithms/regex_match/ecma/char/61601.cc (test for excess errors)
WARNING: 28_regex/algorithms/regex_match/ecma/char/61601.cc compilation failed to produce executable
FAIL: 28_regex/algorithms/regex_match/ecma/wchar_t/anymatcher.cc (test for excess errors)
WARNING: 28_regex/algorithms/regex_match/ecma/wchar_t/anymatcher.cc compilation failed to produce executable
FAIL: 28_regex/basic_regex/ctors/extended/cstring.cc (test for excess errors)
WARNING: 28_regex/basic_regex/ctors/extended/cstring.cc compilation failed to produce executable
WARNING: program timed out.
WARNING: program timed out.
WARNING: program timed out.
=== libstdc++ Summary for unix/-m64 ===
# of expected passes 9742
# of unexpected failures 4
# of expected failures 67
# of unsupported tests 613
=== libstdc++ Summary ===
# of expected passes 19485
# of unexpected failures 8
# of expected failures 134
# of unsupported tests 1226
Compiler version: 6.0.0 20150904 (experimental) [trunk revision 227489] (GCC)
Platform: sparc-sun-solaris2.12
configure flags: --prefix=/vol/gcc --target=sparc-sun-solaris2.12 --enable-objc-gc --with-as=/vol/gcc/bin/gas-2.25 --with-gnu-as --with-gmp-include=/vol/gcc/include --with-gmp-lib=/vol/gcc/lib --with-mpfr-include=/vol/gcc/include --with-mpfr-lib=/vol/gcc/lib --with-mpc-include=/vol/gcc/include --with-mpc-lib=/vol/gcc/lib --enable-languages=all,ada,obj-c++,go --with-isl-include=/vol/gcc/include --with-isl-lib=/vol/gcc/lib --with-cloog-include=/vol/gcc/include --with-cloog-lib=/vol/gcc/lib --enable-cloog-backend=isl
BOOT_CFLAGS=-g -O2