This is the mail archive of the
gcc-testresults@gcc.gnu.org
mailing list for the GCC project.
Results for 6.0.0 20150829 (experimental) (GCC) testsuite on arm-none-linux-gnueabi
- From: CodeSourcery Automatic Testing System <gcc at codesourcery dot com>
- To: <gcc-testresults at gcc dot gnu dot org>
- Date: Sun, 30 Aug 2015 03:23:27 -0700
- Subject: Results for 6.0.0 20150829 (experimental) (GCC) testsuite on arm-none-linux-gnueabi
- Authentication-results: sourceware.org; auth=none
LAST_UPDATED: Sat Aug 29 07:10:21 UTC 2015 (/trunk revision 227314)
Target is arm-none-linux-gnueabi
Host is i686-pc-linux-gnu
=== g++ tests ===
Running target qemu-wheezy
FAIL: c-c++-common/asan/heap-overflow-1.c -O1 output pattern test, is =================================================================
FAIL: c-c++-common/asan/strncpy-overflow-1.c -O1 output pattern test, is =================================================================
FAIL: c-c++-common/asan/use-after-free-1.c -O1 output pattern test, is =================================================================
FAIL: g++.dg/tree-ssa/pr61034.C -std=gnu++98 scan-tree-dump-times fre2 "free" 10
FAIL: g++.dg/tree-ssa/pr61034.C -std=gnu++11 scan-tree-dump-times fre2 "free" 10
FAIL: g++.dg/tree-ssa/pr61034.C -std=gnu++14 scan-tree-dump-times fre2 "free" 10
FAIL: g++.dg/lto/pr65276 cp_lto_pr65276_0.o-cp_lto_pr65276_1.o link, -flto -O0 -std=c++11
UNRESOLVED: g++.dg/lto/pr65276 cp_lto_pr65276_0.o-cp_lto_pr65276_1.o execute -flto -O0 -std=c++11
FAIL: c-c++-common/ubsan/object-size-1.c -O2 output pattern test, is [1mc-c++-common/ubsan/object-size-1.c:16:15:[1m[31m runtime error: [1m[0m[1mload of address 0x00ec6f24 with insufficient space for an object of type 'char'[1m[0m
FAIL: c-c++-common/ubsan/object-size-1.c -O2 -flto -fno-use-linker-plugin -flto-partition=none output pattern test, is [1mc-c++-common/ubsan/object-size-1.c:16:15:[1m[31m runtime error: [1m[0m[1mload of address 0x00efbf24 with insufficient space for an object of type 'char'[1m[0m
FAIL: c-c++-common/ubsan/object-size-1.c -O2 -flto -fuse-linker-plugin -fno-fat-lto-objects output pattern test, is [1mc-c++-common/ubsan/object-size-1.c:16:15:[1m[31m runtime error: [1m[0m[1mload of address 0x015eaf24 with insufficient space for an object of type 'char'[1m[0m
FAIL: c-c++-common/ubsan/object-size-10.c -O2 output pattern test, is [1mc-c++-common/ubsan/object-size-10.c:19:19:[1m[31m runtime error: [1m[0m[1mindex 128 out of bounds for type 'char [128]'[1m[0m
FAIL: c-c++-common/ubsan/object-size-10.c -O2 -flto -fno-use-linker-plugin -flto-partition=none output pattern test, is [1mc-c++-common/ubsan/object-size-10.c:19:19:[1m[31m runtime error: [1m[0m[1mindex 128 out of bounds for type 'char [128]'[1m[0m
FAIL: c-c++-common/ubsan/object-size-10.c -O2 -flto -fuse-linker-plugin -fno-fat-lto-objects output pattern test, is [1mc-c++-common/ubsan/object-size-10.c:19:19:[1m[31m runtime error: [1m[0m[1mindex 128 out of bounds for type 'char [128]'[1m[0m
FAIL: c-c++-common/ubsan/object-size-4.c -O2 output pattern test, is [1mc-c++-common/ubsan/object-size-4.c:16:13:[1m[31m runtime error: [1m[0m[1mload of address 0x0042cf18 with insufficient space for an object of type 'int'[1m[0m
FAIL: c-c++-common/ubsan/object-size-4.c -O2 -flto -fno-use-linker-plugin -flto-partition=none output pattern test, is [1mc-c++-common/ubsan/object-size-4.c:16:13:[1m[31m runtime error: [1m[0m[1mload of address 0x013e9f18 with insufficient space for an object of type 'int'[1m[0m
FAIL: c-c++-common/ubsan/object-size-4.c -O2 -flto -fuse-linker-plugin -fno-fat-lto-objects output pattern test, is [1mc-c++-common/ubsan/object-size-4.c:16:13:[1m[31m runtime error: [1m[0m[1mload of address 0x0002cf18 with insufficient space for an object of type 'int'[1m[0m
FAIL: c-c++-common/ubsan/object-size-5.c -O2 output pattern test, is [1mc-c++-common/ubsan/object-size-5.c:18:12:[1m[31m runtime error: [1m[0m[1mload of address 0x01ef5f24 with insufficient space for an object of type 'char'[1m[0m
FAIL: c-c++-common/ubsan/object-size-5.c -O2 -flto -fno-use-linker-plugin -flto-partition=none output pattern test, is [1mc-c++-common/ubsan/object-size-5.c:18:12:[1m[31m runtime error: [1m[0m[1mload of address 0x005a8f24 with insufficient space for an object of type 'char'[1m[0m
FAIL: c-c++-common/ubsan/object-size-5.c -O2 -flto -fuse-linker-plugin -fno-fat-lto-objects output pattern test, is [1mc-c++-common/ubsan/object-size-5.c:18:12:[1m[31m runtime error: [1m[0m[1mload of address 0x009f1f24 with insufficient space for an object of type 'char'[1m[0m
FAIL: c-c++-common/ubsan/object-size-7.c -O2 output pattern test, is [1mc-c++-common/ubsan/object-size-7.c:15:11:[1m[31m runtime error: [1m[0m[1mload of address 0xbee309f8 with insufficient space for an object of type 'const struct S'[1m[0m
FAIL: c-c++-common/ubsan/object-size-7.c -O2 -flto -fno-use-linker-plugin -flto-partition=none output pattern test, is [1mc-c++-common/ubsan/object-size-7.c:15:11:[1m[31m runtime error: [1m[0m[1mload of address 0xbe8a29f8 with insufficient space for an object of type 'const struct S'[1m[0m
FAIL: c-c++-common/ubsan/object-size-7.c -O2 -flto -fuse-linker-plugin -fno-fat-lto-objects output pattern test, is [1mc-c++-common/ubsan/object-size-7.c:15:11:[1m[31m runtime error: [1m[0m[1mload of address 0xbeadb9f8 with insufficient space for an object of type 'const struct S'[1m[0m
FAIL: c-c++-common/ubsan/object-size-8.c -O2 output pattern test, is [1mc-c++-common/ubsan/object-size-8.c:12:13:[1m[31m runtime error: [1m[0m[1mload of address 0x004a1f14 with insufficient space for an object of type 'int'[1m[0m
FAIL: c-c++-common/ubsan/object-size-8.c -O2 -flto -fno-use-linker-plugin -flto-partition=none output pattern test, is [1mc-c++-common/ubsan/object-size-8.c:12:13:[1m[31m runtime error: [1m[0m[1mload of address 0x01dd3f14 with insufficient space for an object of type 'int'[1m[0m
FAIL: c-c++-common/ubsan/object-size-8.c -O2 -flto -fuse-linker-plugin -fno-fat-lto-objects output pattern test, is [1mc-c++-common/ubsan/object-size-8.c:12:13:[1m[31m runtime error: [1m[0m[1mload of address 0x00a33f14 with insufficient space for an object of type 'int'[1m[0m
FAIL: c-c++-common/ubsan/object-size-9.c -O2 output pattern test, is [1mc-c++-common/ubsan/object-size-9.c:21:11:[1m[31m runtime error: [1m[0m[1mload of address 0xbebce9e8 with insufficient space for an object of type 'char'[1m[0m
FAIL: c-c++-common/ubsan/object-size-9.c -O2 -flto -fno-use-linker-plugin -flto-partition=none output pattern test, is [1mc-c++-common/ubsan/object-size-9.c:21:11:[1m[31m runtime error: [1m[0m[1mload of address 0xbe9d49e8 with insufficient space for an object of type 'char'[1m[0m
FAIL: c-c++-common/ubsan/object-size-9.c -O2 -flto -fuse-linker-plugin -fno-fat-lto-objects output pattern test, is [1mc-c++-common/ubsan/object-size-9.c:21:11:[1m[31m runtime error: [1m[0m[1mload of address 0xbebf89f0 with insufficient space for an object of type 'char'[1m[0m
FAIL: g++.dg/ubsan/null-1.C -O0 output pattern test, is [1mg++.dg/ubsan/null-1.C:12:13:[1m[31m runtime error: [1m[0m[1mreference binding to null pointer of type 'int'[1m[0m
FAIL: g++.dg/ubsan/null-1.C -O1 output pattern test, is [1mg++.dg/ubsan/null-1.C:12:13:[1m[31m runtime error: [1m[0m[1mreference binding to null pointer of type 'int'[1m[0m
FAIL: g++.dg/ubsan/null-1.C -O2 output pattern test, is [1mg++.dg/ubsan/null-1.C:12:13:[1m[31m runtime error: [1m[0m[1mreference binding to null pointer of type 'int'[1m[0m
FAIL: g++.dg/ubsan/null-1.C -O3 -g output pattern test, is [1mg++.dg/ubsan/null-1.C:12:13:[1m[31m runtime error: [1m[0m[1mreference binding to null pointer of type 'int'[1m[0m
FAIL: g++.dg/ubsan/null-1.C -Os output pattern test, is [1mg++.dg/ubsan/null-1.C:12:13:[1m[31m runtime error: [1m[0m[1mreference binding to null pointer of type 'int'[1m[0m
FAIL: g++.dg/ubsan/null-1.C -O2 -flto -fno-use-linker-plugin -flto-partition=none output pattern test, is [1mg++.dg/ubsan/null-1.C:12:13:[1m[31m runtime error: [1m[0m[1mreference binding to null pointer of type 'int'[1m[0m
FAIL: g++.dg/ubsan/null-1.C -O2 -flto -fuse-linker-plugin -fno-fat-lto-objects output pattern test, is [1mg++.dg/ubsan/null-1.C:12:13:[1m[31m runtime error: [1m[0m[1mreference binding to null pointer of type 'int'[1m[0m
FAIL: g++.dg/ubsan/null-3.C -O0 output pattern test, is [1mg++.dg/ubsan/null-3.C:9:14:[1m[31m runtime error: [1m[0m[1mreference binding to null pointer of type 'int'[1m[0m
FAIL: g++.dg/ubsan/null-3.C -O1 output pattern test, is [1mg++.dg/ubsan/null-3.C:9:14:[1m[31m runtime error: [1m[0m[1mreference binding to null pointer of type 'int'[1m[0m
FAIL: g++.dg/ubsan/null-3.C -O2 output pattern test, is [1mg++.dg/ubsan/null-3.C:9:14:[1m[31m runtime error: [1m[0m[1mreference binding to null pointer of type 'int'[1m[0m
FAIL: g++.dg/ubsan/null-3.C -O3 -g output pattern test, is [1mg++.dg/ubsan/null-3.C:9:14:[1m[31m runtime error: [1m[0m[1mreference binding to null pointer of type 'int'[1m[0m
FAIL: g++.dg/ubsan/null-3.C -Os output pattern test, is [1mg++.dg/ubsan/null-3.C:9:14:[1m[31m runtime error: [1m[0m[1mreference binding to null pointer of type 'int'[1m[0m
FAIL: g++.dg/ubsan/null-3.C -O2 -flto -fno-use-linker-plugin -flto-partition=none output pattern test, is [1mg++.dg/ubsan/null-3.C:9:14:[1m[31m runtime error: [1m[0m[1mreference binding to null pointer of type 'int'[1m[0m
FAIL: g++.dg/ubsan/null-3.C -O2 -flto -fuse-linker-plugin -fno-fat-lto-objects output pattern test, is [1mg++.dg/ubsan/null-3.C:9:14:[1m[31m runtime error: [1m[0m[1mreference binding to null pointer of type 'int'[1m[0m
FAIL: g++.dg/ubsan/static-init-2.C -O0 output pattern test, is [1mg++.dg/ubsan/static-init-2.C:9:20:[1m[31m runtime error: [1m[0m[1mreference binding to null pointer of type 'int'[1m[0m
FAIL: g++.dg/ubsan/static-init-2.C -O1 output pattern test, is [1mg++.dg/ubsan/static-init-2.C:9:20:[1m[31m runtime error: [1m[0m[1mreference binding to null pointer of type 'int'[1m[0m
FAIL: g++.dg/ubsan/static-init-2.C -O2 output pattern test, is [1mg++.dg/ubsan/static-init-2.C:9:20:[1m[31m runtime error: [1m[0m[1mreference binding to null pointer of type 'int'[1m[0m
FAIL: g++.dg/ubsan/static-init-2.C -O3 -g output pattern test, is [1mg++.dg/ubsan/static-init-2.C:9:20:[1m[31m runtime error: [1m[0m[1mreference binding to null pointer of type 'int'[1m[0m
FAIL: g++.dg/ubsan/static-init-2.C -Os output pattern test, is [1mg++.dg/ubsan/static-init-2.C:9:20:[1m[31m runtime error: [1m[0m[1mreference binding to null pointer of type 'int'[1m[0m
FAIL: g++.dg/ubsan/static-init-2.C -O2 -flto -fno-use-linker-plugin -flto-partition=none output pattern test, is [1mg++.dg/ubsan/static-init-2.C:9:20:[1m[31m runtime error: [1m[0m[1mreference binding to null pointer of type 'int'[1m[0m
FAIL: g++.dg/ubsan/static-init-2.C -O2 -flto -fuse-linker-plugin -fno-fat-lto-objects output pattern test, is [1mg++.dg/ubsan/static-init-2.C:9:20:[1m[31m runtime error: [1m[0m[1mreference binding to null pointer of type 'int'[1m[0m
FAIL: g++.dg/ubsan/static-init-3.C -O0 output pattern test, is [1mg++.dg/ubsan/static-init-3.C:11:24:[1m[31m runtime error: [1m[0m[1mreference binding to null pointer of type 'int'[1m[0m
FAIL: g++.dg/ubsan/static-init-3.C -O1 output pattern test, is [1mg++.dg/ubsan/static-init-3.C:11:24:[1m[31m runtime error: [1m[0m[1mreference binding to null pointer of type 'int'[1m[0m
FAIL: g++.dg/ubsan/static-init-3.C -O2 output pattern test, is [1mg++.dg/ubsan/static-init-3.C:11:24:[1m[31m runtime error: [1m[0m[1mreference binding to null pointer of type 'int'[1m[0m
FAIL: g++.dg/ubsan/static-init-3.C -O3 -g output pattern test, is [1mg++.dg/ubsan/static-init-3.C:11:24:[1m[31m runtime error: [1m[0m[1mreference binding to null pointer of type 'int'[1m[0m
FAIL: g++.dg/ubsan/static-init-3.C -Os output pattern test, is [1mg++.dg/ubsan/static-init-3.C:11:24:[1m[31m runtime error: [1m[0m[1mreference binding to null pointer of type 'int'[1m[0m
FAIL: g++.dg/ubsan/static-init-3.C -O2 -flto -fno-use-linker-plugin -flto-partition=none output pattern test, is [1mg++.dg/ubsan/static-init-3.C:11:24:[1m[31m runtime error: [1m[0m[1mreference binding to null pointer of type 'int'[1m[0m
FAIL: g++.dg/ubsan/static-init-3.C -O2 -flto -fuse-linker-plugin -fno-fat-lto-objects output pattern test, is [1mg++.dg/ubsan/static-init-3.C:11:24:[1m[31m runtime error: [1m[0m[1mreference binding to null pointer of type 'int'[1m[0m
FAIL: g++.dg/ubsan/vptr-1.C -O0 output pattern test, is [1mg++.dg/ubsan/vptr-1.C:75:17:[1m[31m runtime error: [1m[0m[1mmember access within address 0x00641f10 which does not point to an object of type 'T'[1m[0m
FAIL: g++.dg/ubsan/vptr-1.C -O1 output pattern test, is [1mg++.dg/ubsan/vptr-1.C:75:17:[1m[31m runtime error: [1m[0m[1mmember access within address 0x01b05f10 which does not point to an object of type 'T'[1m[0m
FAIL: g++.dg/ubsan/vptr-1.C -O2 output pattern test, is [1mg++.dg/ubsan/vptr-1.C:75:17:[1m[31m runtime error: [1m[0m[1mmember access within address 0x01605f10 which does not point to an object of type 'T'[1m[0m
FAIL: g++.dg/ubsan/vptr-1.C -O3 -fomit-frame-pointer -funroll-loops -fpeel-loops -ftracer -finline-functions output pattern test, is [1mg++.dg/ubsan/vptr-1.C:75:17:[1m[31m runtime error: [1m[0m[1mmember access within address 0x00496f10 which does not point to an object of type 'T'[1m[0m
FAIL: g++.dg/ubsan/vptr-1.C -O3 -g output pattern test, is [1mg++.dg/ubsan/vptr-1.C:75:17:[1m[31m runtime error: [1m[0m[1mmember access within address 0x0090af10 which does not point to an object of type 'T'[1m[0m
FAIL: g++.dg/ubsan/vptr-1.C -Os output pattern test, is [1mg++.dg/ubsan/vptr-1.C:75:17:[1m[31m runtime error: [1m[0m[1mmember access within address 0x01025f10 which does not point to an object of type 'T'[1m[0m
FAIL: g++.dg/ubsan/vptr-1.C -O2 -flto -fno-use-linker-plugin -flto-partition=none output pattern test, is [1mg++.dg/ubsan/vptr-1.C:75:17:[1m[31m runtime error: [1m[0m[1mmember access within address 0x00ac0f10 which does not point to an object of type 'T'[1m[0m
FAIL: g++.dg/ubsan/vptr-1.C -O2 -flto -fuse-linker-plugin -fno-fat-lto-objects output pattern test, is [1mg++.dg/ubsan/vptr-1.C:75:17:[1m[31m runtime error: [1m[0m[1mmember access within address 0x01467f10 which does not point to an object of type 'T'[1m[0m
FAIL: g++.dg/ubsan/vptr-2.C -O0 output pattern test, is [1mg++.dg/ubsan/vptr-2.C:75:17:[1m[31m runtime error: [1m[0m[1mmember access within address 0x00b98f10 which does not point to an object of type 'T'[1m[0m
FAIL: g++.dg/ubsan/vptr-2.C -O1 output pattern test, is [1mg++.dg/ubsan/vptr-2.C:75:17:[1m[31m runtime error: [1m[0m[1mmember access within address 0x00ffbf10 which does not point to an object of type 'T'[1m[0m
FAIL: g++.dg/ubsan/vptr-2.C -O2 output pattern test, is [1mg++.dg/ubsan/vptr-2.C:75:17:[1m[31m runtime error: [1m[0m[1mmember access within address 0x0055cf10 which does not point to an object of type 'T'[1m[0m
FAIL: g++.dg/ubsan/vptr-2.C -O3 -fomit-frame-pointer -funroll-loops -fpeel-loops -ftracer -finline-functions output pattern test, is [1mg++.dg/ubsan/vptr-2.C:75:17:[1m[31m runtime error: [1m[0m[1mmember access within address 0x01388f10 which does not point to an object of type 'T'[1m[0m
FAIL: g++.dg/ubsan/vptr-2.C -O3 -g output pattern test, is [1mg++.dg/ubsan/vptr-2.C:75:17:[1m[31m runtime error: [1m[0m[1mmember access within address 0x000f8f10 which does not point to an object of type 'T'[1m[0m
FAIL: g++.dg/ubsan/vptr-2.C -Os output pattern test, is [1mg++.dg/ubsan/vptr-2.C:75:17:[1m[31m runtime error: [1m[0m[1mmember access within address 0x00945f10 which does not point to an object of type 'T'[1m[0m
FAIL: g++.dg/ubsan/vptr-2.C -O2 -flto -fno-use-linker-plugin -flto-partition=none output pattern test, is [1mg++.dg/ubsan/vptr-2.C:75:17:[1m[31m runtime error: [1m[0m[1mmember access within address 0x004d1f10 which does not point to an object of type 'T'[1m[0m
FAIL: g++.dg/ubsan/vptr-2.C -O2 -flto -fuse-linker-plugin -fno-fat-lto-objects output pattern test, is [1mg++.dg/ubsan/vptr-2.C:75:17:[1m[31m runtime error: [1m[0m[1mmember access within address 0x01829f10 which does not point to an object of type 'T'[1m[0m
FAIL: g++.dg/ubsan/vptr-3.C -O0 output pattern test, is [1mg++.dg/ubsan/vptr-3.C:75:17:[1m[31m runtime error: [1m[0m[1mmember access within address 0x016e7f10 which does not point to an object of type 'T'[1m[0m
FAIL: g++.dg/ubsan/vptr-3.C -O1 output pattern test, is [1mg++.dg/ubsan/vptr-3.C:75:17:[1m[31m runtime error: [1m[0m[1mmember access within address 0x0117af10 which does not point to an object of type 'T'[1m[0m
FAIL: g++.dg/ubsan/vptr-3.C -O2 output pattern test, is [1mg++.dg/ubsan/vptr-3.C:75:17:[1m[31m runtime error: [1m[0m[1mmember access within address 0x00790f10 which does not point to an object of type 'T'[1m[0m
FAIL: g++.dg/ubsan/vptr-3.C -O3 -fomit-frame-pointer -funroll-loops -fpeel-loops -ftracer -finline-functions output pattern test, is [1mg++.dg/ubsan/vptr-3.C:75:17:[1m[31m runtime error: [1m[0m[1mmember access within address 0x00d01f10 which does not point to an object of type 'T'[1m[0m
FAIL: g++.dg/ubsan/vptr-3.C -O3 -g output pattern test, is [1mg++.dg/ubsan/vptr-3.C:75:17:[1m[31m runtime error: [1m[0m[1mmember access within address 0x00653f10 which does not point to an object of type 'T'[1m[0m
FAIL: g++.dg/ubsan/vptr-3.C -Os output pattern test, is [1mg++.dg/ubsan/vptr-3.C:75:17:[1m[31m runtime error: [1m[0m[1mmember access within address 0x00378f10 which does not point to an object of type 'T'[1m[0m
FAIL: g++.dg/ubsan/vptr-3.C -O2 -flto -fno-use-linker-plugin -flto-partition=none output pattern test, is [1mg++.dg/ubsan/vptr-3.C:75:17:[1m[31m runtime error: [1m[0m[1mmember access within address 0x010def10 which does not point to an object of type 'T'[1m[0m
FAIL: g++.dg/ubsan/vptr-3.C -O2 -flto -fuse-linker-plugin -fno-fat-lto-objects output pattern test, is [1mg++.dg/ubsan/vptr-3.C:75:17:[1m[31m runtime error: [1m[0m[1mmember access within address 0x00539f10 which does not point to an object of type 'T'[1m[0m
FAIL: g++.dg/ubsan/vptr-8.C -O0 output pattern test, is [1mg++.dg/ubsan/vptr-8.C:24:13:[1m[31m runtime error: [1m[0m[1mcast to virtual base of address 0xbee8da00 which does not point to an object of type 'V'[1m[0m
FAIL: g++.dg/ubsan/vptr-8.C -O1 output pattern test, is [1mg++.dg/ubsan/vptr-8.C:24:13:[1m[31m runtime error: [1m[0m[1mcast to virtual base of address 0xbeb4ca08 which does not point to an object of type 'V'[1m[0m
FAIL: g++.dg/ubsan/vptr-8.C -O2 output pattern test, is [1mg++.dg/ubsan/vptr-8.C:24:13:[1m[31m runtime error: [1m[0m[1mcast to virtual base of address 0xbea5da00 which does not point to an object of type 'V'[1m[0m
FAIL: g++.dg/ubsan/vptr-8.C -O3 -g output pattern test, is [1mg++.dg/ubsan/vptr-8.C:24:13:[1m[31m runtime error: [1m[0m[1mcast to virtual base of address 0xbef0aa00 which does not point to an object of type 'V'[1m[0m
FAIL: g++.dg/ubsan/vptr-8.C -Os output pattern test, is [1mg++.dg/ubsan/vptr-8.C:24:13:[1m[31m runtime error: [1m[0m[1mcast to virtual base of address 0xbee8da00 which does not point to an object of type 'V'[1m[0m
FAIL: g++.dg/ubsan/vptr-8.C -O2 -flto -fno-use-linker-plugin -flto-partition=none output pattern test, is [1mg++.dg/ubsan/vptr-8.C:24:13:[1m[31m runtime error: [1m[0m[1mcast to virtual base of address 0xbeb4fa00 which does not point to an object of type 'V'[1m[0m
FAIL: g++.dg/ubsan/vptr-8.C -O2 -flto -fuse-linker-plugin -fno-fat-lto-objects output pattern test, is [1mg++.dg/ubsan/vptr-8.C:24:13:[1m[31m runtime error: [1m[0m[1mcast to virtual base of address 0xbec1ca18 which does not point to an object of type 'V'[1m[0m
FAIL: g++.dg/ubsan/vptr-9.C -O0 output pattern test, is [1mg++.dg/ubsan/vptr-9.C:14:10:[1m[31m runtime error: [1m[0m[1mcast to virtual base of address 0xbec4c9f4 which does not point to an object of type 'T'[1m[0m
FAIL: g++.dg/ubsan/vptr-9.C -O1 output pattern test, is [1mg++.dg/ubsan/vptr-9.C:14:10:[1m[31m runtime error: [1m[0m[1mcast to virtual base of address 0xbea48a0c which does not point to an object of type 'T'[1m[0m
FAIL: g++.dg/ubsan/vptr-9.C -O2 output pattern test, is [1mg++.dg/ubsan/vptr-9.C:14:10:[1m[31m runtime error: [1m[0m[1mcast to virtual base of address 0xbed1ea04 which does not point to an object of type 'T'[1m[0m
FAIL: g++.dg/ubsan/vptr-9.C -O3 -g output pattern test, is [1mg++.dg/ubsan/vptr-9.C:14:10:[1m[31m runtime error: [1m[0m[1mcast to virtual base of address 0xbebe9a04 which does not point to an object of type 'T'[1m[0m
FAIL: g++.dg/ubsan/vptr-9.C -Os output pattern test, is [1mg++.dg/ubsan/vptr-9.C:14:10:[1m[31m runtime error: [1m[0m[1mcast to virtual base of address 0xbee319fc which does not point to an object of type 'T'[1m[0m
FAIL: g++.dg/ubsan/vptr-9.C -O2 -flto -fno-use-linker-plugin -flto-partition=none output pattern test, is [1mg++.dg/ubsan/vptr-9.C:14:10:[1m[31m runtime error: [1m[0m[1mcast to virtual base of address 0xbec7ba1c which does not point to an object of type 'T'[1m[0m
FAIL: g++.dg/ubsan/vptr-9.C -O2 -flto -fuse-linker-plugin -fno-fat-lto-objects output pattern test, is [1mg++.dg/ubsan/vptr-9.C:14:10:[1m[31m runtime error: [1m[0m[1mcast to virtual base of address 0xbebaea1c which does not point to an object of type 'T'[1m[0m
=== g++ Summary ===
# of expected passes 86725
# of unexpected failures 94
# of expected failures 333
# of unresolved testcases 1
# of unsupported tests 3882
/scratch/gcc/nightly-2015-08-29-mainline/arm-none-linux-gnueabi/obj/test-mainline-0-arm-none-linux-gnueabi/host-i686-pc-linux-gnu/fsf-mainline/bin/arm-none-linux-gnueabi-g++ version 6.0.0 20150829 (experimental) (GCC)
=== Summary adjusted for local xfails ===
# of unexpected failures 94
# of expected passes 86725
# of expected failures 333
# of unresolved testcases 1
# of unsupported tests 3882
Host is i686-pc-linux-gnu
=== gcc tests ===
Running target qemu-wheezy
FAIL: c-c++-common/asan/heap-overflow-1.c -O1 output pattern test, is =================================================================
FAIL: c-c++-common/asan/strncpy-overflow-1.c -O1 output pattern test, is =================================================================
FAIL: c-c++-common/asan/use-after-free-1.c -O1 output pattern test, is =================================================================
FAIL: gcc.dg/debug/dwarf2/stacked-qualified-types-3.c scan-assembler-times DIE \\\\([^\\n]*\\\\) DW_TAG_(?:const|volatile|atomic|restrict)_type 8
FAIL: gcc.dg/builtins-11.c (test for excess errors)
FAIL: gcc.dg/graphite/uns-interchange-12.c scan-tree-dump-times graphite "tiled by" 4
FAIL: gcc.dg/graphite/uns-interchange-14.c scan-tree-dump-times graphite "tiled by" 6
FAIL: gcc.dg/graphite/uns-interchange-15.c scan-tree-dump-times graphite "tiled by" 2
FAIL: gcc.dg/graphite/uns-interchange-mvt.c scan-tree-dump-times graphite "tiled by" 3
FAIL: gcc.dg/tree-ssa/sra-12.c scan-tree-dump-times release_ssa "l;" 0
FAIL: gcc.dg/tree-ssa/ssa-dom-cse-2.c scan-tree-dump optimized "return 28;"
FAIL: c-c++-common/ubsan/object-size-1.c -O2 output pattern test, is [1mc-c++-common/ubsan/object-size-1.c:16:7:[1m[31m runtime error: [1m[0m[1mload of address 0x000d9f24 with insufficient space for an object of type 'char'[1m[0m
FAIL: c-c++-common/ubsan/object-size-1.c -O2 -flto -fno-use-linker-plugin -flto-partition=none output pattern test, is [1mc-c++-common/ubsan/object-size-1.c:16:7:[1m[31m runtime error: [1m[0m[1mload of address 0x01ca2f24 with insufficient space for an object of type 'char'[1m[0m
FAIL: c-c++-common/ubsan/object-size-1.c -O2 -flto -fuse-linker-plugin -fno-fat-lto-objects output pattern test, is [1mc-c++-common/ubsan/object-size-1.c:16:7:[1m[31m runtime error: [1m[0m[1mload of address 0x0075df24 with insufficient space for an object of type 'char'[1m[0m
FAIL: c-c++-common/ubsan/object-size-10.c -O2 output pattern test, is [1mc-c++-common/ubsan/object-size-10.c:19:11:[1m[31m runtime error: [1m[0m[1mindex 128 out of bounds for type 'char [128]'[1m[0m
FAIL: c-c++-common/ubsan/object-size-10.c -O2 -flto -fno-use-linker-plugin -flto-partition=none output pattern test, is [1mc-c++-common/ubsan/object-size-10.c:19:11:[1m[31m runtime error: [1m[0m[1mindex 128 out of bounds for type 'char [128]'[1m[0m
FAIL: c-c++-common/ubsan/object-size-10.c -O2 -flto -fuse-linker-plugin -fno-fat-lto-objects output pattern test, is [1mc-c++-common/ubsan/object-size-10.c:19:11:[1m[31m runtime error: [1m[0m[1mindex 128 out of bounds for type 'char [128]'[1m[0m
FAIL: c-c++-common/ubsan/object-size-4.c -O2 output pattern test, is [1mc-c++-common/ubsan/object-size-4.c:16:11:[1m[31m runtime error: [1m[0m[1mload of address 0x00c9af18 with insufficient space for an object of type 'int'[1m[0m
FAIL: c-c++-common/ubsan/object-size-4.c -O2 -flto -fno-use-linker-plugin -flto-partition=none output pattern test, is [1mc-c++-common/ubsan/object-size-4.c:16:11:[1m[31m runtime error: [1m[0m[1mload of address 0x00848f18 with insufficient space for an object of type 'int'[1m[0m
FAIL: c-c++-common/ubsan/object-size-4.c -O2 -flto -fuse-linker-plugin -fno-fat-lto-objects output pattern test, is [1mc-c++-common/ubsan/object-size-4.c:16:11:[1m[31m runtime error: [1m[0m[1mload of address 0x0142bf18 with insufficient space for an object of type 'int'[1m[0m
FAIL: c-c++-common/ubsan/object-size-5.c -O2 output pattern test, is [1mc-c++-common/ubsan/object-size-5.c:18:10:[1m[31m runtime error: [1m[0m[1mload of address 0x01597f24 with insufficient space for an object of type 'char'[1m[0m
FAIL: c-c++-common/ubsan/object-size-5.c -O2 -flto -fno-use-linker-plugin -flto-partition=none output pattern test, is [1mc-c++-common/ubsan/object-size-5.c:18:10:[1m[31m runtime error: [1m[0m[1mload of address 0x012b1f24 with insufficient space for an object of type 'char'[1m[0m
FAIL: c-c++-common/ubsan/object-size-5.c -O2 -flto -fuse-linker-plugin -fno-fat-lto-objects output pattern test, is [1mc-c++-common/ubsan/object-size-5.c:18:10:[1m[31m runtime error: [1m[0m[1mload of address 0x00400f24 with insufficient space for an object of type 'char'[1m[0m
FAIL: c-c++-common/ubsan/object-size-7.c -O2 output pattern test, is [1mc-c++-common/ubsan/object-size-7.c:15:5:[1m[31m runtime error: [1m[0m[1mload of address 0xbef579f8 with insufficient space for an object of type 'struct S'[1m[0m
FAIL: c-c++-common/ubsan/object-size-7.c -O2 -flto -fno-use-linker-plugin -flto-partition=none output pattern test, is [1mc-c++-common/ubsan/object-size-7.c:15:5:[1m[31m runtime error: [1m[0m[1mload of address 0xbe8159f8 with insufficient space for an object of type 'struct S'[1m[0m
FAIL: c-c++-common/ubsan/object-size-7.c -O2 -flto -fuse-linker-plugin -fno-fat-lto-objects output pattern test, is [1mc-c++-common/ubsan/object-size-7.c:15:5:[1m[31m runtime error: [1m[0m[1mload of address 0xbe9a19f8 with insufficient space for an object of type 'struct S'[1m[0m
FAIL: c-c++-common/ubsan/object-size-8.c -O2 output pattern test, is [1mc-c++-common/ubsan/object-size-8.c:12:10:[1m[31m runtime error: [1m[0m[1mload of address 0x00625f14 with insufficient space for an object of type 'int'[1m[0m
FAIL: c-c++-common/ubsan/object-size-8.c -O2 -flto -fno-use-linker-plugin -flto-partition=none output pattern test, is [1mc-c++-common/ubsan/object-size-8.c:12:10:[1m[31m runtime error: [1m[0m[1mload of address 0x0054ef14 with insufficient space for an object of type 'int'[1m[0m
FAIL: c-c++-common/ubsan/object-size-8.c -O2 -flto -fuse-linker-plugin -fno-fat-lto-objects output pattern test, is [1mc-c++-common/ubsan/object-size-8.c:12:10:[1m[31m runtime error: [1m[0m[1mload of address 0x01bfaf14 with insufficient space for an object of type 'int'[1m[0m
FAIL: c-c++-common/ubsan/object-size-9.c -O2 output pattern test, is [1mc-c++-common/ubsan/object-size-9.c:21:10:[1m[31m runtime error: [1m[0m[1mload of address 0xbeba7a00 with insufficient space for an object of type 'char'[1m[0m
FAIL: c-c++-common/ubsan/object-size-9.c -O2 -flto -fno-use-linker-plugin -flto-partition=none output pattern test, is [1mc-c++-common/ubsan/object-size-9.c:21:10:[1m[31m runtime error: [1m[0m[1mload of address 0xbe92ca00 with insufficient space for an object of type 'char'[1m[0m
FAIL: c-c++-common/ubsan/object-size-9.c -O2 -flto -fuse-linker-plugin -fno-fat-lto-objects output pattern test, is [1mc-c++-common/ubsan/object-size-9.c:21:10:[1m[31m runtime error: [1m[0m[1mload of address 0xbed56a00 with insufficient space for an object of type 'char'[1m[0m
FAIL: gcc.dg/ubsan/object-size-9.c -O2 output pattern test, is [1mgcc.dg/ubsan/object-size-9.c:11:13:[1m[31m runtime error: [1m[0m[1mload of address 0x00020a5a with insufficient space for an object of type 'char'[1m[0m
FAIL: gcc.dg/ubsan/object-size-9.c -O2 -flto -fno-use-linker-plugin -flto-partition=none output pattern test, is [1mgcc.dg/ubsan/object-size-9.c:11:13:[1m[31m runtime error: [1m[0m[1mload of address 0x00020a5a with insufficient space for an object of type 'char'[1m[0m
FAIL: gcc.dg/ubsan/object-size-9.c -O2 -flto -fuse-linker-plugin -fno-fat-lto-objects output pattern test, is [1mgcc.dg/ubsan/object-size-9.c:11:13:[1m[31m runtime error: [1m[0m[1mload of address 0x00020a16 with insufficient space for an object of type 'char'[1m[0m
FAIL: gcc.target/arm/bics_4.c scan-assembler-times bics\\tr[0-9]+, r[0-9]+, r[0-9]+ 2
FAIL: gcc.target/arm/builtin-bswap-1.c scan-assembler-times revshne\\\\t 1
FAIL: gcc.target/arm/builtin-bswap-1.c scan-assembler-times rev16ne\\\\t 1
FAIL: gcc.target/arm/memcpy-aligned-1.c scan-assembler-times str\\t 1
FAIL: gcc.target/arm/memcpy-aligned-1.c scan-assembler-not ldr\\t
FAIL: gcc.target/arm/neon-vfma-1.c scan-assembler vfma\\\\.f32[\\t]+[dDqQ]
FAIL: gcc.target/arm/neon-vfms-1.c scan-assembler vfms\\\\.f32[\\t]+[dDqQ]
FAIL: gcc.target/arm/pr42575.c scan-assembler-not mov
FAIL: gcc.target/arm/pr45701-1.c scan-assembler push\\t{r3
FAIL: gcc.target/arm/reg_equal_test.c scan-rtl-dump expand "expr_list:REG_EQUAL \\\\(const_int -942519458"
FAIL: gcc.target/arm/shiftable.c scan-assembler sub.*[al]sl #6
FAIL: gcc.target/arm/thumb-ltu.c scan-assembler-not uxtb
=== gcc Summary ===
# of expected passes 84891
# of unexpected failures 47
# of expected failures 121
# of unsupported tests 3847
/scratch/gcc/nightly-2015-08-29-mainline/arm-none-linux-gnueabi/obj/test-mainline-0-arm-none-linux-gnueabi/host-i686-pc-linux-gnu/fsf-mainline/bin/arm-none-linux-gnueabi-gcc version 6.0.0 20150829 (experimental) (GCC)
=== Summary adjusted for local xfails ===
# of unexpected failures 47
# of expected passes 84891
# of expected failures 121
# of unsupported tests 3847
Host is i686-pc-linux-gnu
=== gfortran tests ===
Running target qemu-wheezy
FAIL: gfortran.dg/ieee/ieee_1.F90 -O0 execution test
FAIL: gfortran.dg/ieee/ieee_1.F90 -O1 execution test
FAIL: gfortran.dg/ieee/ieee_1.F90 -O2 execution test
FAIL: gfortran.dg/ieee/ieee_1.F90 -O3 -fomit-frame-pointer -funroll-loops -fpeel-loops -ftracer -finline-functions execution test
FAIL: gfortran.dg/ieee/ieee_1.F90 -O3 -g execution test
FAIL: gfortran.dg/ieee/ieee_1.F90 -Os execution test
FAIL: gfortran.dg/ieee/ieee_2.f90 -O0 execution test
FAIL: gfortran.dg/ieee/ieee_2.f90 -O1 execution test
FAIL: gfortran.dg/ieee/ieee_2.f90 -O2 execution test
FAIL: gfortran.dg/ieee/ieee_2.f90 -O3 -fomit-frame-pointer -funroll-loops -fpeel-loops -ftracer -finline-functions execution test
FAIL: gfortran.dg/ieee/ieee_2.f90 -O3 -g execution test
FAIL: gfortran.dg/ieee/ieee_2.f90 -Os execution test
FAIL: gfortran.dg/ieee/ieee_6.f90 -O0 execution test
FAIL: gfortran.dg/ieee/ieee_6.f90 -O1 execution test
FAIL: gfortran.dg/ieee/ieee_6.f90 -O2 execution test
FAIL: gfortran.dg/ieee/ieee_6.f90 -O3 -fomit-frame-pointer -funroll-loops -fpeel-loops -ftracer -finline-functions execution test
FAIL: gfortran.dg/ieee/ieee_6.f90 -O3 -g execution test
FAIL: gfortran.dg/ieee/ieee_6.f90 -Os execution test
FAIL: gfortran.dg/ieee/large_2.f90 -O0 execution test
FAIL: gfortran.dg/ieee/large_2.f90 -O1 execution test
FAIL: gfortran.dg/ieee/large_2.f90 -O2 execution test
FAIL: gfortran.dg/ieee/large_2.f90 -O3 -fomit-frame-pointer -funroll-loops -fpeel-loops -ftracer -finline-functions execution test
FAIL: gfortran.dg/ieee/large_2.f90 -O3 -g execution test
FAIL: gfortran.dg/ieee/large_2.f90 -Os execution test
FAIL: gfortran.dg/ieee/large_3.F90 -O0 execution test
FAIL: gfortran.dg/ieee/large_3.F90 -O1 execution test
FAIL: gfortran.dg/ieee/large_3.F90 -O2 execution test
FAIL: gfortran.dg/ieee/large_3.F90 -O3 -fomit-frame-pointer -funroll-loops -fpeel-loops -ftracer -finline-functions execution test
FAIL: gfortran.dg/ieee/large_3.F90 -O3 -g execution test
FAIL: gfortran.dg/ieee/large_3.F90 -Os execution test
FAIL: gfortran.dg/ieee/rounding_1.f90 -O0 execution test
FAIL: gfortran.dg/ieee/rounding_1.f90 -O1 execution test
FAIL: gfortran.dg/ieee/rounding_1.f90 -O2 execution test
FAIL: gfortran.dg/ieee/rounding_1.f90 -O3 -fomit-frame-pointer -funroll-loops -fpeel-loops -ftracer -finline-functions execution test
FAIL: gfortran.dg/ieee/rounding_1.f90 -O3 -g execution test
FAIL: gfortran.dg/ieee/rounding_1.f90 -Os execution test
=== gfortran Summary ===
# of expected passes 39529
# of unexpected failures 36
# of expected failures 75
# of unsupported tests 320
/scratch/gcc/nightly-2015-08-29-mainline/arm-none-linux-gnueabi/obj/test-mainline-0-arm-none-linux-gnueabi/host-i686-pc-linux-gnu/fsf-mainline/bin/arm-none-linux-gnueabi-gfortran version 6.0.0 20150829 (experimental) (GCC)
=== Summary adjusted for local xfails ===
# of unexpected failures 36
# of expected passes 39529
# of expected failures 75
# of unsupported tests 320
Host is i686-pc-linux-gnu
=== libatomic tests ===
Running target qemu-wheezy
=== libatomic Summary ===
# of expected passes 44
# of unsupported tests 5
=== Summary adjusted for local xfails ===
# of expected passes 44
# of unsupported tests 5
Host is i686-pc-linux-gnu
=== libgomp tests ===
Running target qemu-wheezy
WARNING: program timed out.
FAIL: libgomp.fortran/strassen.f90 -O execution test
FAIL: libgomp.graphite/force-parallel-7.c execution test
FAIL: libgomp.oacc-fortran/reduction-1.f90 -DACC_DEVICE_TYPE_host=1 -DACC_MEM_SHARED=1 -O3 -fomit-frame-pointer -funroll-loops -fpeel-loops -ftracer -finline-functions execution test
FAIL: libgomp.oacc-fortran/reduction-1.f90 -DACC_DEVICE_TYPE_host=1 -DACC_MEM_SHARED=1 -O3 -g execution test
=== libgomp Summary ===
# of expected passes 4018
# of unexpected failures 4
# of expected failures 4
# of unsupported tests 301
=== Summary adjusted for local xfails ===
# of unexpected failures 4
# of expected passes 4018
# of expected failures 4
# of unsupported tests 301
Host is i686-pc-linux-gnu
=== libitm tests ===
Running target qemu-wheezy
=== libitm Summary ===
# of expected passes 26
# of expected failures 3
# of unsupported tests 1
=== Summary adjusted for local xfails ===
# of expected passes 26
# of expected failures 3
# of unsupported tests 1
Host is i686-pc-linux-gnu
=== libstdc++ tests ===
Running target qemu-wheezy
FAIL: 22_locale/messages/13631.cc execution test
FAIL: 22_locale/messages/members/char/1.cc execution test
FAIL: 22_locale/messages/members/char/2.cc execution test
FAIL: 22_locale/messages/members/char/wrapped_locale.cc execution test
FAIL: 22_locale/messages_byname/named_equivalence.cc execution test
FAIL: 25_algorithms/remove/requirements/explicit_instantiation/2.cc (test for excess errors)
=== libstdc++ Summary ===
# of expected passes 10232
# of unexpected failures 6
# of expected failures 66
# of unsupported tests 376
=== Summary adjusted for local xfails ===
# of unexpected failures 6
# of expected passes 10232
# of expected failures 66
# of unsupported tests 376
Host is i686-pc-linux-gnu
=== g++ tests ===
Running target qemu-wheezy-thumb/-mthumb
FAIL: c-c++-common/asan/heap-overflow-1.c -O1 output pattern test, is =================================================================
FAIL: c-c++-common/asan/null-deref-1.c -O2 output pattern test, is ASAN:SIGSEGV
FAIL: c-c++-common/asan/null-deref-1.c -O3 -g output pattern test, is ASAN:SIGSEGV
FAIL: c-c++-common/asan/null-deref-1.c -Os output pattern test, is ASAN:SIGSEGV
FAIL: c-c++-common/asan/null-deref-1.c -O2 -flto -fno-use-linker-plugin -flto-partition=none output pattern test, is ASAN:SIGSEGV
FAIL: c-c++-common/asan/null-deref-1.c -O2 -flto -fuse-linker-plugin -fno-fat-lto-objects output pattern test, is ASAN:SIGSEGV
FAIL: c-c++-common/asan/strncpy-overflow-1.c -O1 output pattern test, is =================================================================
FAIL: c-c++-common/asan/use-after-free-1.c -O0 output pattern test, is =================================================================
FAIL: c-c++-common/asan/use-after-free-1.c -O1 output pattern test, is =================================================================
FAIL: g++.dg/tree-ssa/pr61034.C -std=gnu++98 scan-tree-dump-times fre2 "free" 10
FAIL: g++.dg/tree-ssa/pr61034.C -std=gnu++11 scan-tree-dump-times fre2 "free" 10
FAIL: g++.dg/tree-ssa/pr61034.C -std=gnu++14 scan-tree-dump-times fre2 "free" 10
FAIL: g++.dg/lto/pr65276 cp_lto_pr65276_0.o-cp_lto_pr65276_1.o link, -flto -O0 -std=c++11
UNRESOLVED: g++.dg/lto/pr65276 cp_lto_pr65276_0.o-cp_lto_pr65276_1.o execute -flto -O0 -std=c++11
FAIL: g++.dg/torture/vshuf-v16qi.C -O2 execution test
FAIL: g++.dg/torture/vshuf-v16qi.C -O2 -flto -fno-use-linker-plugin -flto-partition=none execution test
FAIL: g++.dg/torture/vshuf-v16qi.C -O2 -flto -fuse-linker-plugin -fno-fat-lto-objects execution test
FAIL: g++.dg/torture/vshuf-v2di.C -O2 execution test
FAIL: g++.dg/torture/vshuf-v2di.C -O2 -flto -fno-use-linker-plugin -flto-partition=none execution test
FAIL: g++.dg/torture/vshuf-v2di.C -O2 -flto -fuse-linker-plugin -fno-fat-lto-objects execution test
FAIL: g++.dg/torture/vshuf-v4si.C -O2 execution test
FAIL: g++.dg/torture/vshuf-v4si.C -O2 -flto -fno-use-linker-plugin -flto-partition=none execution test
FAIL: g++.dg/torture/vshuf-v4si.C -O2 -flto -fuse-linker-plugin -fno-fat-lto-objects execution test
FAIL: g++.dg/torture/vshuf-v8hi.C -O2 execution test
FAIL: g++.dg/torture/vshuf-v8hi.C -O2 -flto -fno-use-linker-plugin -flto-partition=none execution test
FAIL: g++.dg/torture/vshuf-v8hi.C -O2 -flto -fuse-linker-plugin -fno-fat-lto-objects execution test
FAIL: c-c++-common/ubsan/object-size-1.c -O2 output pattern test, is [1mc-c++-common/ubsan/object-size-1.c:16:15:[1m[31m runtime error: [1m[0m[1mload of address 0x013b1f24 with insufficient space for an object of type 'char'[1m[0m
FAIL: c-c++-common/ubsan/object-size-1.c -O2 -flto -fno-use-linker-plugin -flto-partition=none output pattern test, is [1mc-c++-common/ubsan/object-size-1.c:16:15:[1m[31m runtime error: [1m[0m[1mload of address 0x00b74f24 with insufficient space for an object of type 'char'[1m[0m
FAIL: c-c++-common/ubsan/object-size-1.c -O2 -flto -fuse-linker-plugin -fno-fat-lto-objects output pattern test, is [1mc-c++-common/ubsan/object-size-1.c:16:15:[1m[31m runtime error: [1m[0m[1mload of address 0x016eef24 with insufficient space for an object of type 'char'[1m[0m
FAIL: c-c++-common/ubsan/object-size-10.c -O2 output pattern test, is [1mc-c++-common/ubsan/object-size-10.c:19:19:[1m[31m runtime error: [1m[0m[1mindex 128 out of bounds for type 'char [128]'[1m[0m
FAIL: c-c++-common/ubsan/object-size-10.c -O2 -flto -fno-use-linker-plugin -flto-partition=none output pattern test, is [1mc-c++-common/ubsan/object-size-10.c:19:19:[1m[31m runtime error: [1m[0m[1mindex 128 out of bounds for type 'char [128]'[1m[0m
FAIL: c-c++-common/ubsan/object-size-10.c -O2 -flto -fuse-linker-plugin -fno-fat-lto-objects output pattern test, is [1mc-c++-common/ubsan/object-size-10.c:19:19:[1m[31m runtime error: [1m[0m[1mindex 128 out of bounds for type 'char [128]'[1m[0m
FAIL: c-c++-common/ubsan/object-size-4.c -O2 output pattern test, is [1mc-c++-common/ubsan/object-size-4.c:16:13:[1m[31m runtime error: [1m[0m[1mload of address 0x00fdbf18 with insufficient space for an object of type 'int'[1m[0m
FAIL: c-c++-common/ubsan/object-size-4.c -O2 -flto -fno-use-linker-plugin -flto-partition=none output pattern test, is [1mc-c++-common/ubsan/object-size-4.c:16:13:[1m[31m runtime error: [1m[0m[1mload of address 0x01b22f18 with insufficient space for an object of type 'int'[1m[0m
FAIL: c-c++-common/ubsan/object-size-4.c -O2 -flto -fuse-linker-plugin -fno-fat-lto-objects output pattern test, is [1mc-c++-common/ubsan/object-size-4.c:16:13:[1m[31m runtime error: [1m[0m[1mload of address 0x0141bf18 with insufficient space for an object of type 'int'[1m[0m
FAIL: c-c++-common/ubsan/object-size-5.c -O2 output pattern test, is [1mc-c++-common/ubsan/object-size-5.c:18:12:[1m[31m runtime error: [1m[0m[1mload of address 0x00339f24 with insufficient space for an object of type 'char'[1m[0m
FAIL: c-c++-common/ubsan/object-size-5.c -O2 -flto -fno-use-linker-plugin -flto-partition=none output pattern test, is [1mc-c++-common/ubsan/object-size-5.c:18:12:[1m[31m runtime error: [1m[0m[1mload of address 0x00425f24 with insufficient space for an object of type 'char'[1m[0m
FAIL: c-c++-common/ubsan/object-size-5.c -O2 -flto -fuse-linker-plugin -fno-fat-lto-objects output pattern test, is [1mc-c++-common/ubsan/object-size-5.c:18:12:[1m[31m runtime error: [1m[0m[1mload of address 0x012b0f24 with insufficient space for an object of type 'char'[1m[0m
FAIL: c-c++-common/ubsan/object-size-7.c -O2 output pattern test, is [1mc-c++-common/ubsan/object-size-7.c:15:11:[1m[31m runtime error: [1m[0m[1mload of address 0xbef029f8 with insufficient space for an object of type 'const struct S'[1m[0m
FAIL: c-c++-common/ubsan/object-size-7.c -O2 -flto -fno-use-linker-plugin -flto-partition=none output pattern test, is [1mc-c++-common/ubsan/object-size-7.c:15:11:[1m[31m runtime error: [1m[0m[1mload of address 0xbead79f8 with insufficient space for an object of type 'const struct S'[1m[0m
FAIL: c-c++-common/ubsan/object-size-7.c -O2 -flto -fuse-linker-plugin -fno-fat-lto-objects output pattern test, is [1mc-c++-common/ubsan/object-size-7.c:15:11:[1m[31m runtime error: [1m[0m[1mload of address 0xbee009f8 with insufficient space for an object of type 'const struct S'[1m[0m
FAIL: c-c++-common/ubsan/object-size-8.c -O2 output pattern test, is [1mc-c++-common/ubsan/object-size-8.c:12:13:[1m[31m runtime error: [1m[0m[1mload of address 0x00a55f14 with insufficient space for an object of type 'int'[1m[0m
FAIL: c-c++-common/ubsan/object-size-8.c -O2 -flto -fno-use-linker-plugin -flto-partition=none output pattern test, is [1mc-c++-common/ubsan/object-size-8.c:12:13:[1m[31m runtime error: [1m[0m[1mload of address 0x00dcff14 with insufficient space for an object of type 'int'[1m[0m
FAIL: c-c++-common/ubsan/object-size-8.c -O2 -flto -fuse-linker-plugin -fno-fat-lto-objects output pattern test, is [1mc-c++-common/ubsan/object-size-8.c:12:13:[1m[31m runtime error: [1m[0m[1mload of address 0x01a3ff14 with insufficient space for an object of type 'int'[1m[0m
FAIL: c-c++-common/ubsan/object-size-9.c -O2 output pattern test, is [1mc-c++-common/ubsan/object-size-9.c:21:11:[1m[31m runtime error: [1m[0m[1mload of address 0xbe93e9f0 with insufficient space for an object of type 'char'[1m[0m
FAIL: c-c++-common/ubsan/object-size-9.c -O2 -flto -fno-use-linker-plugin -flto-partition=none output pattern test, is [1mc-c++-common/ubsan/object-size-9.c:21:11:[1m[31m runtime error: [1m[0m[1mload of address 0xbed7c9e8 with insufficient space for an object of type 'char'[1m[0m
FAIL: c-c++-common/ubsan/object-size-9.c -O2 -flto -fuse-linker-plugin -fno-fat-lto-objects output pattern test, is [1mc-c++-common/ubsan/object-size-9.c:21:11:[1m[31m runtime error: [1m[0m[1mload of address 0xbeda59e8 with insufficient space for an object of type 'char'[1m[0m
FAIL: g++.dg/ubsan/null-1.C -O0 output pattern test, is [1mg++.dg/ubsan/null-1.C:12:13:[1m[31m runtime error: [1m[0m[1mreference binding to null pointer of type 'int'[1m[0m
FAIL: g++.dg/ubsan/null-1.C -O1 output pattern test, is [1mg++.dg/ubsan/null-1.C:12:13:[1m[31m runtime error: [1m[0m[1mreference binding to null pointer of type 'int'[1m[0m
FAIL: g++.dg/ubsan/null-1.C -O2 output pattern test, is [1mg++.dg/ubsan/null-1.C:12:13:[1m[31m runtime error: [1m[0m[1mreference binding to null pointer of type 'int'[1m[0m
FAIL: g++.dg/ubsan/null-1.C -O3 -g output pattern test, is [1mg++.dg/ubsan/null-1.C:12:13:[1m[31m runtime error: [1m[0m[1mreference binding to null pointer of type 'int'[1m[0m
FAIL: g++.dg/ubsan/null-1.C -Os output pattern test, is [1mg++.dg/ubsan/null-1.C:12:13:[1m[31m runtime error: [1m[0m[1mreference binding to null pointer of type 'int'[1m[0m
FAIL: g++.dg/ubsan/null-1.C -O2 -flto -fno-use-linker-plugin -flto-partition=none output pattern test, is [1mg++.dg/ubsan/null-1.C:12:13:[1m[31m runtime error: [1m[0m[1mreference binding to null pointer of type 'int'[1m[0m
FAIL: g++.dg/ubsan/null-1.C -O2 -flto -fuse-linker-plugin -fno-fat-lto-objects output pattern test, is [1mg++.dg/ubsan/null-1.C:12:13:[1m[31m runtime error: [1m[0m[1mreference binding to null pointer of type 'int'[1m[0m
FAIL: g++.dg/ubsan/null-3.C -O0 output pattern test, is [1mg++.dg/ubsan/null-3.C:9:14:[1m[31m runtime error: [1m[0m[1mreference binding to null pointer of type 'int'[1m[0m
FAIL: g++.dg/ubsan/null-3.C -O1 output pattern test, is [1mg++.dg/ubsan/null-3.C:9:14:[1m[31m runtime error: [1m[0m[1mreference binding to null pointer of type 'int'[1m[0m
FAIL: g++.dg/ubsan/null-3.C -O2 output pattern test, is [1mg++.dg/ubsan/null-3.C:9:14:[1m[31m runtime error: [1m[0m[1mreference binding to null pointer of type 'int'[1m[0m
FAIL: g++.dg/ubsan/null-3.C -O3 -g output pattern test, is [1mg++.dg/ubsan/null-3.C:9:14:[1m[31m runtime error: [1m[0m[1mreference binding to null pointer of type 'int'[1m[0m
FAIL: g++.dg/ubsan/null-3.C -Os output pattern test, is [1mg++.dg/ubsan/null-3.C:9:14:[1m[31m runtime error: [1m[0m[1mreference binding to null pointer of type 'int'[1m[0m
FAIL: g++.dg/ubsan/null-3.C -O2 -flto -fno-use-linker-plugin -flto-partition=none output pattern test, is [1mg++.dg/ubsan/null-3.C:9:14:[1m[31m runtime error: [1m[0m[1mreference binding to null pointer of type 'int'[1m[0m
FAIL: g++.dg/ubsan/null-3.C -O2 -flto -fuse-linker-plugin -fno-fat-lto-objects output pattern test, is [1mg++.dg/ubsan/null-3.C:9:14:[1m[31m runtime error: [1m[0m[1mreference binding to null pointer of type 'int'[1m[0m
FAIL: g++.dg/ubsan/static-init-2.C -O0 output pattern test, is [1mg++.dg/ubsan/static-init-2.C:9:20:[1m[31m runtime error: [1m[0m[1mreference binding to null pointer of type 'int'[1m[0m
FAIL: g++.dg/ubsan/static-init-2.C -O1 output pattern test, is [1mg++.dg/ubsan/static-init-2.C:9:20:[1m[31m runtime error: [1m[0m[1mreference binding to null pointer of type 'int'[1m[0m
FAIL: g++.dg/ubsan/static-init-2.C -O2 output pattern test, is [1mg++.dg/ubsan/static-init-2.C:9:20:[1m[31m runtime error: [1m[0m[1mreference binding to null pointer of type 'int'[1m[0m
FAIL: g++.dg/ubsan/static-init-2.C -O3 -g output pattern test, is [1mg++.dg/ubsan/static-init-2.C:9:20:[1m[31m runtime error: [1m[0m[1mreference binding to null pointer of type 'int'[1m[0m
FAIL: g++.dg/ubsan/static-init-2.C -Os output pattern test, is [1mg++.dg/ubsan/static-init-2.C:9:20:[1m[31m runtime error: [1m[0m[1mreference binding to null pointer of type 'int'[1m[0m
FAIL: g++.dg/ubsan/static-init-2.C -O2 -flto -fno-use-linker-plugin -flto-partition=none output pattern test, is [1mg++.dg/ubsan/static-init-2.C:9:20:[1m[31m runtime error: [1m[0m[1mreference binding to null pointer of type 'int'[1m[0m
FAIL: g++.dg/ubsan/static-init-2.C -O2 -flto -fuse-linker-plugin -fno-fat-lto-objects output pattern test, is [1mg++.dg/ubsan/static-init-2.C:9:20:[1m[31m runtime error: [1m[0m[1mreference binding to null pointer of type 'int'[1m[0m
FAIL: g++.dg/ubsan/static-init-3.C -O0 output pattern test, is [1mg++.dg/ubsan/static-init-3.C:11:24:[1m[31m runtime error: [1m[0m[1mreference binding to null pointer of type 'int'[1m[0m
FAIL: g++.dg/ubsan/static-init-3.C -O1 output pattern test, is [1mg++.dg/ubsan/static-init-3.C:11:24:[1m[31m runtime error: [1m[0m[1mreference binding to null pointer of type 'int'[1m[0m
FAIL: g++.dg/ubsan/static-init-3.C -O2 output pattern test, is [1mg++.dg/ubsan/static-init-3.C:11:24:[1m[31m runtime error: [1m[0m[1mreference binding to null pointer of type 'int'[1m[0m
FAIL: g++.dg/ubsan/static-init-3.C -O3 -g output pattern test, is [1mg++.dg/ubsan/static-init-3.C:11:24:[1m[31m runtime error: [1m[0m[1mreference binding to null pointer of type 'int'[1m[0m
FAIL: g++.dg/ubsan/static-init-3.C -Os output pattern test, is [1mg++.dg/ubsan/static-init-3.C:11:24:[1m[31m runtime error: [1m[0m[1mreference binding to null pointer of type 'int'[1m[0m
FAIL: g++.dg/ubsan/static-init-3.C -O2 -flto -fno-use-linker-plugin -flto-partition=none output pattern test, is [1mg++.dg/ubsan/static-init-3.C:11:24:[1m[31m runtime error: [1m[0m[1mreference binding to null pointer of type 'int'[1m[0m
FAIL: g++.dg/ubsan/static-init-3.C -O2 -flto -fuse-linker-plugin -fno-fat-lto-objects output pattern test, is [1mg++.dg/ubsan/static-init-3.C:11:24:[1m[31m runtime error: [1m[0m[1mreference binding to null pointer of type 'int'[1m[0m
FAIL: g++.dg/ubsan/vptr-1.C -O0 output pattern test, is [1mg++.dg/ubsan/vptr-1.C:75:17:[1m[31m runtime error: [1m[0m[1mmember access within address 0x008b7f10 which does not point to an object of type 'T'[1m[0m
FAIL: g++.dg/ubsan/vptr-1.C -O1 output pattern test, is [1mg++.dg/ubsan/vptr-1.C:75:17:[1m[31m runtime error: [1m[0m[1mmember access within address 0x00e10f10 which does not point to an object of type 'T'[1m[0m
FAIL: g++.dg/ubsan/vptr-1.C -O2 output pattern test, is [1mg++.dg/ubsan/vptr-1.C:75:17:[1m[31m runtime error: [1m[0m[1mmember access within address 0x01d95f10 which does not point to an object of type 'T'[1m[0m
FAIL: g++.dg/ubsan/vptr-1.C -O3 -fomit-frame-pointer -funroll-loops -fpeel-loops -ftracer -finline-functions output pattern test, is [1mg++.dg/ubsan/vptr-1.C:75:17:[1m[31m runtime error: [1m[0m[1mmember access within address 0x01941f10 which does not point to an object of type 'T'[1m[0m
FAIL: g++.dg/ubsan/vptr-1.C -O3 -g output pattern test, is [1mg++.dg/ubsan/vptr-1.C:75:17:[1m[31m runtime error: [1m[0m[1mmember access within address 0x00ed6f10 which does not point to an object of type 'T'[1m[0m
FAIL: g++.dg/ubsan/vptr-1.C -Os output pattern test, is [1mg++.dg/ubsan/vptr-1.C:75:17:[1m[31m runtime error: [1m[0m[1mmember access within address 0x01214f10 which does not point to an object of type 'T'[1m[0m
FAIL: g++.dg/ubsan/vptr-1.C -O2 -flto -fno-use-linker-plugin -flto-partition=none output pattern test, is [1mg++.dg/ubsan/vptr-1.C:75:17:[1m[31m runtime error: [1m[0m[1mmember access within address 0x01f38f10 which does not point to an object of type 'T'[1m[0m
FAIL: g++.dg/ubsan/vptr-1.C -O2 -flto -fuse-linker-plugin -fno-fat-lto-objects output pattern test, is [1mg++.dg/ubsan/vptr-1.C:75:17:[1m[31m runtime error: [1m[0m[1mmember access within address 0x0198bf10 which does not point to an object of type 'T'[1m[0m
FAIL: g++.dg/ubsan/vptr-2.C -O0 output pattern test, is [1mg++.dg/ubsan/vptr-2.C:75:17:[1m[31m runtime error: [1m[0m[1mmember access within address 0x00835f10 which does not point to an object of type 'T'[1m[0m
FAIL: g++.dg/ubsan/vptr-2.C -O1 output pattern test, is [1mg++.dg/ubsan/vptr-2.C:75:17:[1m[31m runtime error: [1m[0m[1mmember access within address 0x00140f10 which does not point to an object of type 'T'[1m[0m
FAIL: g++.dg/ubsan/vptr-2.C -O2 output pattern test, is [1mg++.dg/ubsan/vptr-2.C:75:17:[1m[31m runtime error: [1m[0m[1mmember access within address 0x01971f10 which does not point to an object of type 'T'[1m[0m
FAIL: g++.dg/ubsan/vptr-2.C -O3 -fomit-frame-pointer -funroll-loops -fpeel-loops -ftracer -finline-functions output pattern test, is [1mg++.dg/ubsan/vptr-2.C:75:17:[1m[31m runtime error: [1m[0m[1mmember access within address 0x0100ef10 which does not point to an object of type 'T'[1m[0m
FAIL: g++.dg/ubsan/vptr-2.C -O3 -g output pattern test, is [1mg++.dg/ubsan/vptr-2.C:75:17:[1m[31m runtime error: [1m[0m[1mmember access within address 0x019a0f10 which does not point to an object of type 'T'[1m[0m
FAIL: g++.dg/ubsan/vptr-2.C -Os output pattern test, is [1mg++.dg/ubsan/vptr-2.C:75:17:[1m[31m runtime error: [1m[0m[1mmember access within address 0x00bdef10 which does not point to an object of type 'T'[1m[0m
FAIL: g++.dg/ubsan/vptr-2.C -O2 -flto -fno-use-linker-plugin -flto-partition=none output pattern test, is [1mg++.dg/ubsan/vptr-2.C:75:17:[1m[31m runtime error: [1m[0m[1mmember access within address 0x006a0f10 which does not point to an object of type 'T'[1m[0m
FAIL: g++.dg/ubsan/vptr-2.C -O2 -flto -fuse-linker-plugin -fno-fat-lto-objects output pattern test, is [1mg++.dg/ubsan/vptr-2.C:75:17:[1m[31m runtime error: [1m[0m[1mmember access within address 0x00addf10 which does not point to an object of type 'T'[1m[0m
FAIL: g++.dg/ubsan/vptr-3.C -O0 output pattern test, is [1mg++.dg/ubsan/vptr-3.C:75:17:[1m[31m runtime error: [1m[0m[1mmember access within address 0x0138df10 which does not point to an object of type 'T'[1m[0m
FAIL: g++.dg/ubsan/vptr-3.C -O1 output pattern test, is [1mg++.dg/ubsan/vptr-3.C:75:17:[1m[31m runtime error: [1m[0m[1mmember access within address 0x0040af10 which does not point to an object of type 'T'[1m[0m
FAIL: g++.dg/ubsan/vptr-3.C -O2 output pattern test, is [1mg++.dg/ubsan/vptr-3.C:75:17:[1m[31m runtime error: [1m[0m[1mmember access within address 0x001a1f10 which does not point to an object of type 'T'[1m[0m
FAIL: g++.dg/ubsan/vptr-3.C -O3 -fomit-frame-pointer -funroll-loops -fpeel-loops -ftracer -finline-functions output pattern test, is [1mg++.dg/ubsan/vptr-3.C:75:17:[1m[31m runtime error: [1m[0m[1mmember access within address 0x01bc1f10 which does not point to an object of type 'T'[1m[0m
FAIL: g++.dg/ubsan/vptr-3.C -O3 -g output pattern test, is [1mg++.dg/ubsan/vptr-3.C:75:17:[1m[31m runtime error: [1m[0m[1mmember access within address 0x006b2f10 which does not point to an object of type 'T'[1m[0m
FAIL: g++.dg/ubsan/vptr-3.C -Os output pattern test, is [1mg++.dg/ubsan/vptr-3.C:75:17:[1m[31m runtime error: [1m[0m[1mmember access within address 0x001f2f10 which does not point to an object of type 'T'[1m[0m
FAIL: g++.dg/ubsan/vptr-3.C -O2 -flto -fno-use-linker-plugin -flto-partition=none output pattern test, is [1mg++.dg/ubsan/vptr-3.C:75:17:[1m[31m runtime error: [1m[0m[1mmember access within address 0x00929f10 which does not point to an object of type 'T'[1m[0m
FAIL: g++.dg/ubsan/vptr-3.C -O2 -flto -fuse-linker-plugin -fno-fat-lto-objects output pattern test, is [1mg++.dg/ubsan/vptr-3.C:75:17:[1m[31m runtime error: [1m[0m[1mmember access within address 0x01a73f10 which does not point to an object of type 'T'[1m[0m
FAIL: g++.dg/ubsan/vptr-8.C -O0 output pattern test, is [1mg++.dg/ubsan/vptr-8.C:24:13:[1m[31m runtime error: [1m[0m[1mcast to virtual base of address 0xbee7ca08 which does not point to an object of type 'V'[1m[0m
FAIL: g++.dg/ubsan/vptr-8.C -O1 output pattern test, is [1mg++.dg/ubsan/vptr-8.C:24:13:[1m[31m runtime error: [1m[0m[1mcast to virtual base of address 0xbe8dba18 which does not point to an object of type 'V'[1m[0m
FAIL: g++.dg/ubsan/vptr-8.C -O2 output pattern test, is [1mg++.dg/ubsan/vptr-8.C:24:13:[1m[31m runtime error: [1m[0m[1mcast to virtual base of address 0xbec80a10 which does not point to an object of type 'V'[1m[0m
FAIL: g++.dg/ubsan/vptr-8.C -O3 -g output pattern test, is [1mg++.dg/ubsan/vptr-8.C:24:13:[1m[31m runtime error: [1m[0m[1mcast to virtual base of address 0xbeb76a10 which does not point to an object of type 'V'[1m[0m
FAIL: g++.dg/ubsan/vptr-8.C -Os output pattern test, is [1mg++.dg/ubsan/vptr-8.C:24:13:[1m[31m runtime error: [1m[0m[1mcast to virtual base of address 0xbe9f2a10 which does not point to an object of type 'V'[1m[0m
FAIL: g++.dg/ubsan/vptr-8.C -O2 -flto -fno-use-linker-plugin -flto-partition=none output pattern test, is [1mg++.dg/ubsan/vptr-8.C:24:13:[1m[31m runtime error: [1m[0m[1mcast to virtual base of address 0xbe9cba10 which does not point to an object of type 'V'[1m[0m
FAIL: g++.dg/ubsan/vptr-8.C -O2 -flto -fuse-linker-plugin -fno-fat-lto-objects output pattern test, is [1mg++.dg/ubsan/vptr-8.C:24:13:[1m[31m runtime error: [1m[0m[1mcast to virtual base of address 0xbe8fda08 which does not point to an object of type 'V'[1m[0m
FAIL: g++.dg/ubsan/vptr-9.C -O0 output pattern test, is [1mg++.dg/ubsan/vptr-9.C:14:10:[1m[31m runtime error: [1m[0m[1mcast to virtual base of address 0xbed7ca04 which does not point to an object of type 'T'[1m[0m
FAIL: g++.dg/ubsan/vptr-9.C -O1 output pattern test, is [1mg++.dg/ubsan/vptr-9.C:14:10:[1m[31m runtime error: [1m[0m[1mcast to virtual base of address 0xbeaeca1c which does not point to an object of type 'T'[1m[0m
FAIL: g++.dg/ubsan/vptr-9.C -O2 output pattern test, is [1mg++.dg/ubsan/vptr-9.C:14:10:[1m[31m runtime error: [1m[0m[1mcast to virtual base of address 0xbebcfa14 which does not point to an object of type 'T'[1m[0m
FAIL: g++.dg/ubsan/vptr-9.C -O3 -g output pattern test, is [1mg++.dg/ubsan/vptr-9.C:14:10:[1m[31m runtime error: [1m[0m[1mcast to virtual base of address 0xbef45a14 which does not point to an object of type 'T'[1m[0m
FAIL: g++.dg/ubsan/vptr-9.C -Os output pattern test, is [1mg++.dg/ubsan/vptr-9.C:14:10:[1m[31m runtime error: [1m[0m[1mcast to virtual base of address 0xbef72a14 which does not point to an object of type 'T'[1m[0m
FAIL: g++.dg/ubsan/vptr-9.C -O2 -flto -fno-use-linker-plugin -flto-partition=none output pattern test, is [1mg++.dg/ubsan/vptr-9.C:14:10:[1m[31m runtime error: [1m[0m[1mcast to virtual base of address 0xbef0ea14 which does not point to an object of type 'T'[1m[0m
FAIL: g++.dg/ubsan/vptr-9.C -O2 -flto -fuse-linker-plugin -fno-fat-lto-objects output pattern test, is [1mg++.dg/ubsan/vptr-9.C:14:10:[1m[31m runtime error: [1m[0m[1mcast to virtual base of address 0xbea17a14 which does not point to an object of type 'T'[1m[0m
=== g++ Summary ===
# of expected passes 86644
# of unexpected failures 112
# of expected failures 333
# of unresolved testcases 1
# of unsupported tests 3900
/scratch/gcc/nightly-2015-08-29-mainline/arm-none-linux-gnueabi/obj/test-mainline-0-arm-none-linux-gnueabi/host-i686-pc-linux-gnu/fsf-mainline/bin/arm-none-linux-gnueabi-g++ version 6.0.0 20150829 (experimental) (GCC)
=== Summary adjusted for local xfails ===
# of unexpected failures 112
# of expected passes 86644
# of expected failures 333
# of unresolved testcases 1
# of unsupported tests 3900
Host is i686-pc-linux-gnu
=== gcc tests ===
Running target qemu-wheezy-thumb/-mthumb
FAIL: c-c++-common/asan/heap-overflow-1.c -O1 output pattern test, is =================================================================
FAIL: c-c++-common/asan/null-deref-1.c -O2 output pattern test, is ASAN:SIGSEGV
FAIL: c-c++-common/asan/null-deref-1.c -O3 -g output pattern test, is ASAN:SIGSEGV
FAIL: c-c++-common/asan/null-deref-1.c -Os output pattern test, is ASAN:SIGSEGV
FAIL: c-c++-common/asan/null-deref-1.c -O2 -flto -fno-use-linker-plugin -flto-partition=none output pattern test, is ASAN:SIGSEGV
FAIL: c-c++-common/asan/null-deref-1.c -O2 -flto -fuse-linker-plugin -fno-fat-lto-objects output pattern test, is ASAN:SIGSEGV
FAIL: c-c++-common/asan/strncpy-overflow-1.c -O1 output pattern test, is =================================================================
FAIL: c-c++-common/asan/use-after-free-1.c -O0 output pattern test, is =================================================================
FAIL: c-c++-common/asan/use-after-free-1.c -O1 output pattern test, is =================================================================
FAIL: gcc.dg/atomic/stdatomic-compare-exchange-4.c -O0 execution test
FAIL: gcc.dg/atomic/stdatomic-compare-exchange-4.c -O1 execution test
FAIL: gcc.dg/atomic/stdatomic-compare-exchange-4.c -O2 execution test
FAIL: gcc.dg/atomic/stdatomic-compare-exchange-4.c -O3 -g execution test
FAIL: gcc.dg/atomic/stdatomic-compare-exchange-4.c -Os execution test
FAIL: gcc.dg/atomic/stdatomic-compare-exchange-4.c -O2 -flto -fno-use-linker-plugin -flto-partition=none execution test
FAIL: gcc.dg/atomic/stdatomic-compare-exchange-4.c -O2 -flto -fuse-linker-plugin -fno-fat-lto-objects execution test
FAIL: gcc.dg/debug/dwarf2/stacked-qualified-types-3.c scan-assembler-times DIE \\\\([^\\n]*\\\\) DW_TAG_(?:const|volatile|atomic|restrict)_type 8
FAIL: gcc.dg/builtins-11.c (test for excess errors)
FAIL: gcc.dg/loop-8.c scan-rtl-dump-times loop2_invariant "Decided" 1
FAIL: gcc.dg/loop-8.c scan-rtl-dump-not loop2_invariant "without introducing a new temporary register"
XPASS: gcc.dg/sibcall-3.c execution test
XPASS: gcc.dg/sibcall-4.c execution test
FAIL: gcc.dg/graphite/uns-interchange-12.c scan-tree-dump-times graphite "tiled by" 4
FAIL: gcc.dg/graphite/uns-interchange-14.c scan-tree-dump-times graphite "tiled by" 6
FAIL: gcc.dg/graphite/uns-interchange-15.c scan-tree-dump-times graphite "tiled by" 2
FAIL: gcc.dg/graphite/uns-interchange-mvt.c scan-tree-dump-times graphite "tiled by" 3
FAIL: gcc.dg/ipa/iinline-attr.c scan-ipa-dump inline "hooray[^\\\\n]*inline copy in test"
FAIL: gcc.dg/tree-ssa/sra-12.c scan-tree-dump-times release_ssa "l;" 0
FAIL: gcc.dg/tree-ssa/ssa-dom-cse-2.c scan-tree-dump optimized "return 28;"
FAIL: c-c++-common/ubsan/object-size-1.c -O2 output pattern test, is [1mc-c++-common/ubsan/object-size-1.c:16:7:[1m[31m runtime error: [1m[0m[1mload of address 0x000baf24 with insufficient space for an object of type 'char'[1m[0m
FAIL: c-c++-common/ubsan/object-size-1.c -O2 -flto -fno-use-linker-plugin -flto-partition=none output pattern test, is [1mc-c++-common/ubsan/object-size-1.c:16:7:[1m[31m runtime error: [1m[0m[1mload of address 0x0095bf24 with insufficient space for an object of type 'char'[1m[0m
FAIL: c-c++-common/ubsan/object-size-1.c -O2 -flto -fuse-linker-plugin -fno-fat-lto-objects output pattern test, is [1mc-c++-common/ubsan/object-size-1.c:16:7:[1m[31m runtime error: [1m[0m[1mload of address 0x0157ff24 with insufficient space for an object of type 'char'[1m[0m
FAIL: c-c++-common/ubsan/object-size-10.c -O2 output pattern test, is [1mc-c++-common/ubsan/object-size-10.c:19:11:[1m[31m runtime error: [1m[0m[1mindex 128 out of bounds for type 'char [128]'[1m[0m
FAIL: c-c++-common/ubsan/object-size-10.c -O2 -flto -fno-use-linker-plugin -flto-partition=none output pattern test, is [1mc-c++-common/ubsan/object-size-10.c:19:11:[1m[31m runtime error: [1m[0m[1mindex 128 out of bounds for type 'char [128]'[1m[0m
FAIL: c-c++-common/ubsan/object-size-10.c -O2 -flto -fuse-linker-plugin -fno-fat-lto-objects output pattern test, is [1mc-c++-common/ubsan/object-size-10.c:19:11:[1m[31m runtime error: [1m[0m[1mindex 128 out of bounds for type 'char [128]'[1m[0m
FAIL: c-c++-common/ubsan/object-size-4.c -O2 output pattern test, is [1mc-c++-common/ubsan/object-size-4.c:16:11:[1m[31m runtime error: [1m[0m[1mload of address 0x016f6f18 with insufficient space for an object of type 'int'[1m[0m
FAIL: c-c++-common/ubsan/object-size-4.c -O2 -flto -fno-use-linker-plugin -flto-partition=none output pattern test, is [1mc-c++-common/ubsan/object-size-4.c:16:11:[1m[31m runtime error: [1m[0m[1mload of address 0x00461f18 with insufficient space for an object of type 'int'[1m[0m
FAIL: c-c++-common/ubsan/object-size-4.c -O2 -flto -fuse-linker-plugin -fno-fat-lto-objects output pattern test, is [1mc-c++-common/ubsan/object-size-4.c:16:11:[1m[31m runtime error: [1m[0m[1mload of address 0x01a58f18 with insufficient space for an object of type 'int'[1m[0m
FAIL: c-c++-common/ubsan/object-size-5.c -O2 output pattern test, is [1mc-c++-common/ubsan/object-size-5.c:18:10:[1m[31m runtime error: [1m[0m[1mload of address 0x00f1df24 with insufficient space for an object of type 'char'[1m[0m
FAIL: c-c++-common/ubsan/object-size-5.c -O2 -flto -fno-use-linker-plugin -flto-partition=none output pattern test, is [1mc-c++-common/ubsan/object-size-5.c:18:10:[1m[31m runtime error: [1m[0m[1mload of address 0x00c56f24 with insufficient space for an object of type 'char'[1m[0m
FAIL: c-c++-common/ubsan/object-size-5.c -O2 -flto -fuse-linker-plugin -fno-fat-lto-objects output pattern test, is [1mc-c++-common/ubsan/object-size-5.c:18:10:[1m[31m runtime error: [1m[0m[1mload of address 0x00f25f24 with insufficient space for an object of type 'char'[1m[0m
FAIL: c-c++-common/ubsan/object-size-7.c -O2 output pattern test, is [1mc-c++-common/ubsan/object-size-7.c:15:5:[1m[31m runtime error: [1m[0m[1mload of address 0xbede29f8 with insufficient space for an object of type 'struct S'[1m[0m
FAIL: c-c++-common/ubsan/object-size-7.c -O2 -flto -fno-use-linker-plugin -flto-partition=none output pattern test, is [1mc-c++-common/ubsan/object-size-7.c:15:5:[1m[31m runtime error: [1m[0m[1mload of address 0xbeaf89f8 with insufficient space for an object of type 'struct S'[1m[0m
FAIL: c-c++-common/ubsan/object-size-7.c -O2 -flto -fuse-linker-plugin -fno-fat-lto-objects output pattern test, is [1mc-c++-common/ubsan/object-size-7.c:15:5:[1m[31m runtime error: [1m[0m[1mload of address 0xbea559f8 with insufficient space for an object of type 'struct S'[1m[0m
FAIL: c-c++-common/ubsan/object-size-8.c -O2 output pattern test, is [1mc-c++-common/ubsan/object-size-8.c:12:10:[1m[31m runtime error: [1m[0m[1mload of address 0x0024df14 with insufficient space for an object of type 'int'[1m[0m
FAIL: c-c++-common/ubsan/object-size-8.c -O2 -flto -fno-use-linker-plugin -flto-partition=none output pattern test, is [1mc-c++-common/ubsan/object-size-8.c:12:10:[1m[31m runtime error: [1m[0m[1mload of address 0x0024ff14 with insufficient space for an object of type 'int'[1m[0m
FAIL: c-c++-common/ubsan/object-size-8.c -O2 -flto -fuse-linker-plugin -fno-fat-lto-objects output pattern test, is [1mc-c++-common/ubsan/object-size-8.c:12:10:[1m[31m runtime error: [1m[0m[1mload of address 0x019d8f14 with insufficient space for an object of type 'int'[1m[0m
FAIL: c-c++-common/ubsan/object-size-9.c -O2 output pattern test, is [1mc-c++-common/ubsan/object-size-9.c:21:10:[1m[31m runtime error: [1m[0m[1mload of address 0xbe8259f8 with insufficient space for an object of type 'char'[1m[0m
FAIL: c-c++-common/ubsan/object-size-9.c -O2 -flto -fno-use-linker-plugin -flto-partition=none output pattern test, is [1mc-c++-common/ubsan/object-size-9.c:21:10:[1m[31m runtime error: [1m[0m[1mload of address 0xbe88d9f8 with insufficient space for an object of type 'char'[1m[0m
FAIL: c-c++-common/ubsan/object-size-9.c -O2 -flto -fuse-linker-plugin -fno-fat-lto-objects output pattern test, is [1mc-c++-common/ubsan/object-size-9.c:21:10:[1m[31m runtime error: [1m[0m[1mload of address 0xbe9619f8 with insufficient space for an object of type 'char'[1m[0m
FAIL: gcc.dg/ubsan/object-size-9.c -O2 output pattern test, is [1mgcc.dg/ubsan/object-size-9.c:11:13:[1m[31m runtime error: [1m[0m[1mload of address 0x00020a3a with insufficient space for an object of type 'char'[1m[0m
FAIL: gcc.dg/ubsan/object-size-9.c -O2 -flto -fno-use-linker-plugin -flto-partition=none output pattern test, is [1mgcc.dg/ubsan/object-size-9.c:11:13:[1m[31m runtime error: [1m[0m[1mload of address 0x00020a3a with insufficient space for an object of type 'char'[1m[0m
FAIL: gcc.dg/ubsan/object-size-9.c -O2 -flto -fuse-linker-plugin -fno-fat-lto-objects output pattern test, is [1mgcc.dg/ubsan/object-size-9.c:11:13:[1m[31m runtime error: [1m[0m[1mload of address 0x00020a0e with insufficient space for an object of type 'char'[1m[0m
FAIL: gcc.target/arm/builtin-bswap-1.c scan-assembler-times revsh\\\\t 2
FAIL: gcc.target/arm/builtin-bswap-1.c scan-assembler-times rev16\\\\t 2
FAIL: gcc.target/arm/pr45701-1.c scan-assembler push\\t{r3
FAIL: gcc.target/arm/reg_equal_test.c scan-rtl-dump expand "expr_list:REG_EQUAL \\\\(const_int -942519458"
FAIL: gcc.target/arm/thumb-ltu.c scan-assembler-not uxtb
=== gcc Summary ===
# of expected passes 84039
# of unexpected failures 56
# of unexpected successes 2
# of expected failures 123
# of unsupported tests 4122
/scratch/gcc/nightly-2015-08-29-mainline/arm-none-linux-gnueabi/obj/test-mainline-0-arm-none-linux-gnueabi/host-i686-pc-linux-gnu/fsf-mainline/bin/arm-none-linux-gnueabi-gcc version 6.0.0 20150829 (experimental) (GCC)
=== Summary adjusted for local xfails ===
# of unexpected failures 56
# of expected passes 84039
# of unexpected successes 2
# of expected failures 123
# of unsupported tests 4122
Host is i686-pc-linux-gnu
=== gfortran tests ===
Running target qemu-wheezy-thumb/-mthumb
FAIL: gfortran.dg/ieee/ieee_1.F90 -O0 execution test
FAIL: gfortran.dg/ieee/ieee_1.F90 -O1 execution test
FAIL: gfortran.dg/ieee/ieee_1.F90 -O2 execution test
FAIL: gfortran.dg/ieee/ieee_1.F90 -O3 -fomit-frame-pointer -funroll-loops -fpeel-loops -ftracer -finline-functions execution test
FAIL: gfortran.dg/ieee/ieee_1.F90 -O3 -g execution test
FAIL: gfortran.dg/ieee/ieee_1.F90 -Os execution test
FAIL: gfortran.dg/ieee/ieee_2.f90 -O0 execution test
FAIL: gfortran.dg/ieee/ieee_2.f90 -O1 execution test
FAIL: gfortran.dg/ieee/ieee_2.f90 -O2 execution test
FAIL: gfortran.dg/ieee/ieee_2.f90 -O3 -fomit-frame-pointer -funroll-loops -fpeel-loops -ftracer -finline-functions execution test
FAIL: gfortran.dg/ieee/ieee_2.f90 -O3 -g execution test
FAIL: gfortran.dg/ieee/ieee_2.f90 -Os execution test
FAIL: gfortran.dg/ieee/ieee_6.f90 -O0 execution test
FAIL: gfortran.dg/ieee/ieee_6.f90 -O1 execution test
FAIL: gfortran.dg/ieee/ieee_6.f90 -O2 execution test
FAIL: gfortran.dg/ieee/ieee_6.f90 -O3 -fomit-frame-pointer -funroll-loops -fpeel-loops -ftracer -finline-functions execution test
FAIL: gfortran.dg/ieee/ieee_6.f90 -O3 -g execution test
FAIL: gfortran.dg/ieee/ieee_6.f90 -Os execution test
FAIL: gfortran.dg/ieee/large_2.f90 -O0 execution test
FAIL: gfortran.dg/ieee/large_2.f90 -O1 execution test
FAIL: gfortran.dg/ieee/large_2.f90 -O2 execution test
FAIL: gfortran.dg/ieee/large_2.f90 -O3 -fomit-frame-pointer -funroll-loops -fpeel-loops -ftracer -finline-functions execution test
FAIL: gfortran.dg/ieee/large_2.f90 -O3 -g execution test
FAIL: gfortran.dg/ieee/large_2.f90 -Os execution test
FAIL: gfortran.dg/ieee/large_3.F90 -O0 execution test
FAIL: gfortran.dg/ieee/large_3.F90 -O1 execution test
FAIL: gfortran.dg/ieee/large_3.F90 -O2 execution test
FAIL: gfortran.dg/ieee/large_3.F90 -O3 -fomit-frame-pointer -funroll-loops -fpeel-loops -ftracer -finline-functions execution test
FAIL: gfortran.dg/ieee/large_3.F90 -O3 -g execution test
FAIL: gfortran.dg/ieee/large_3.F90 -Os execution test
FAIL: gfortran.dg/ieee/rounding_1.f90 -O0 execution test
FAIL: gfortran.dg/ieee/rounding_1.f90 -O1 execution test
FAIL: gfortran.dg/ieee/rounding_1.f90 -O2 execution test
FAIL: gfortran.dg/ieee/rounding_1.f90 -O3 -fomit-frame-pointer -funroll-loops -fpeel-loops -ftracer -finline-functions execution test
FAIL: gfortran.dg/ieee/rounding_1.f90 -O3 -g execution test
FAIL: gfortran.dg/ieee/rounding_1.f90 -Os execution test
=== gfortran Summary ===
# of expected passes 39529
# of unexpected failures 36
# of expected failures 75
# of unsupported tests 320
/scratch/gcc/nightly-2015-08-29-mainline/arm-none-linux-gnueabi/obj/test-mainline-0-arm-none-linux-gnueabi/host-i686-pc-linux-gnu/fsf-mainline/bin/arm-none-linux-gnueabi-gfortran version 6.0.0 20150829 (experimental) (GCC)
=== Summary adjusted for local xfails ===
# of unexpected failures 36
# of expected passes 39529
# of expected failures 75
# of unsupported tests 320
Host is i686-pc-linux-gnu
=== libatomic tests ===
Running target qemu-wheezy-thumb/-mthumb
=== libatomic Summary ===
# of expected passes 44
# of unsupported tests 5
=== Summary adjusted for local xfails ===
# of expected passes 44
# of unsupported tests 5
Host is i686-pc-linux-gnu
=== libgomp tests ===
Running target qemu-wheezy-thumb/-mthumb
WARNING: program timed out.
FAIL: libgomp.fortran/strassen.f90 -O execution test
FAIL: libgomp.graphite/force-parallel-7.c execution test
=== libgomp Summary ===
# of expected passes 4020
# of unexpected failures 2
# of expected failures 4
# of unsupported tests 301
=== Summary adjusted for local xfails ===
# of unexpected failures 2
# of expected passes 4020
# of expected failures 4
# of unsupported tests 301
Host is i686-pc-linux-gnu
=== libitm tests ===
Running target qemu-wheezy-thumb/-mthumb
=== libitm Summary ===
# of expected passes 26
# of expected failures 3
# of unsupported tests 1
=== Summary adjusted for local xfails ===
# of expected passes 26
# of expected failures 3
# of unsupported tests 1
Host is i686-pc-linux-gnu
=== libstdc++ tests ===
Running target qemu-wheezy-thumb/-mthumb
FAIL: 22_locale/locale/cons/12352.cc execution test
FAIL: 22_locale/messages/13631.cc execution test
FAIL: 22_locale/messages/members/char/1.cc execution test
FAIL: 22_locale/messages/members/char/2.cc execution test
FAIL: 22_locale/messages/members/char/wrapped_locale.cc execution test
FAIL: 22_locale/messages_byname/named_equivalence.cc execution test
FAIL: 25_algorithms/remove/requirements/explicit_instantiation/2.cc (test for excess errors)
=== libstdc++ Summary ===
# of expected passes 10231
# of unexpected failures 7
# of expected failures 66
# of unsupported tests 376
=== Summary adjusted for local xfails ===
# of unexpected failures 7
# of expected passes 10231
# of expected failures 66
# of unsupported tests 376
Compiler version: 6.0.0 20150829 (experimental) (GCC)
Platform: arm-none-linux-gnueabi
configure flags: --build=i686-pc-linux-gnu --host=i686-pc-linux-gnu --target=arm-none-linux-gnueabi --enable-threads --disable-libmudflap --disable-libssp --disable-libstdcxx-pch --with-gnu-as --with-gnu-ld --enable-languages=c,c++,fortran --enable-shared --enable-lto --enable-symvers=gnu --enable-__cxa_atexit --with-glibc-version=2.21 --disable-nls --prefix=/scratch/gcc/nightly-2015-08-29-mainline/arm-none-linux-gnueabi/install --with-sysroot=/scratch/gcc/nightly-2015-08-29-mainline/arm-none-linux-gnueabi/install/arm-none-linux-gnueabi/libc --with-gmp=/scratch/gcc/nightly-2015-08-29-mainline/arm-none-linux-gnueabi/obj/pkg-mainline-0-arm-none-linux-gnueabi/fsf-mainline-0-arm-none-linux-gnueabi.extras/host-libs-i686-pc-linux-gnu/usr --with-mpfr=/scratch/gcc/nightly-2015-08-29-mainline/arm-none-linux-gnueabi/obj/pkg-mainline-0-arm-none-linux-gnueabi/fsf-mainline-0-arm-none-linux-gnueabi.extras/host-libs-i686-pc-linux-gnu/usr --with-mpc=/scratch/gcc/nightly-2015-08-29-mainline/a
rm-none-linux-gnueabi/obj/pkg-mainline-0-arm-none-linux-gnueabi/fsf-mainline-0-arm-none-linux-gnueabi.extras/host-libs-i686-pc-linux-gnu/usr --with-host-libstdcxx='-static-libgcc -Wl,-Bstatic,-lstdc++,-Bdynamic -lm' --with-isl=/scratch/gcc/nightly-2015-08-29-mainline/arm-none-linux-gnueabi/obj/pkg-mainline-0-arm-none-linux-gnueabi/fsf-mainline-0-arm-none-linux-gnueabi.extras/host-libs-i686-pc-linux-gnu/usr --enable-libgomp --enable-libitm --enable-libatomic --disable-libssp --disable-libcc1 --enable-poison-system-directories --with-python-dir=arm-none-linux-gnueabi/share/gdb/python --with-build-time-tools=/scratch/gcc/nightly-2015-08-29-mainline/arm-none-linux-gnueabi/install/arm-none-linux-gnueabi/bin --with-build-time-tools=/scratch/gcc/nightly-2015-08-29-mainline/arm-none-linux-gnueabi/install/arm-none-linux-gnueabi/bin SED=sed