This is the mail archive of the
gcc-testresults@gcc.gnu.org
mailing list for the GCC project.
Results for 6.0.0 20150828 (experimental) [trunk revision 227289] (GCC) testsuite on x86_64-pc-linux-gnu
- From: x32 at gnu-35 dot sc dot intel dot com (H.J. Lu (x32))
- To: gcc-testresults at gcc dot gnu dot org
- Date: Thu, 27 Aug 2015 23:53:37 -0700
- Subject: Results for 6.0.0 20150828 (experimental) [trunk revision 227289] (GCC) testsuite on x86_64-pc-linux-gnu
- Authentication-results: sourceware.org; auth=none
Native configuration is x86_64-pc-linux-gnu
=== gcc tests ===
Running target unix/-mx32
FAIL: gcc.dg/debug/dwarf2/stacked-qualified-types-3.c scan-assembler-times DIE \\\\([^\\n]*\\\\) DW_TAG_(?:const|volatile|atomic|restrict)_type 8
FAIL: gcc.dg/builtins-11.c (test for excess errors)
XPASS: gcc.dg/graphite/vect-pr43423.c scan-tree-dump-times vect "vectorized 2 loops" 1
XPASS: gcc.dg/vect/no-scevccp-outer-11.c scan-tree-dump-times vect "OUTER LOOP VECTORIZED." 1
=== gcc Summary ===
# of expected passes 105443
# of unexpected failures 2
# of unexpected successes 2
# of expected failures 271
# of unsupported tests 1760
/export/gnu/import/git/gcc-test-x32/bld/gcc/xgcc version 6.0.0 20150828 (experimental) [trunk revision 227289] (GCC)
=== gfortran tests ===
Running target unix/-mx32
=== gfortran Summary ===
# of expected passes 40740
# of expected failures 75
# of unsupported tests 52
/export/gnu/import/git/gcc-test-x32/bld/gcc/testsuite/gfortran/../../gfortran version 6.0.0 20150828 (experimental) [trunk revision 227289] (GCC)
=== g++ tests ===
Running target unix/-mx32
FAIL: g++.dg/guality/pr55665.C -O2 line 23 p == 40
FAIL: g++.dg/guality/pr55665.C -O3 -g line 23 p == 40
XPASS: g++.dg/tls/thread_local-order2.C -std=c++11 execution test
XPASS: g++.dg/tls/thread_local-order2.C -std=c++14 execution test
FAIL: g++.dg/torture/pr64312.C -O1 (test for excess errors)
WARNING: program timed out.
=== g++ Summary ===
# of expected passes 94705
# of unexpected failures 3
# of unexpected successes 2
# of expected failures 332
# of unsupported tests 3401
/export/gnu/import/git/gcc-test-x32/bld/gcc/testsuite/g++/../../xg++ version 6.0.0 20150828 (experimental) [trunk revision 227289] (GCC)
=== objc tests ===
Running target unix/-mx32
=== objc Summary ===
# of expected passes 2766
# of expected failures 6
# of unsupported tests 68
/export/gnu/import/git/gcc-test-x32/bld/gcc/xgcc version 6.0.0 20150828 (experimental) [trunk revision 227289] (GCC)
=== boehm-gc tests ===
Running target unix/-mx32
=== boehm-gc Summary ===
# of expected passes 12
# of unsupported tests 1
=== libatomic tests ===
Running target unix/-mx32
=== libatomic Summary ===
# of expected passes 54
=== libffi tests ===
Running target unix/-mx32
=== libffi Summary ===
# of expected passes 1914
# of unsupported tests 30
=== libgomp tests ===
Running target unix/-mx32
=== libgomp Summary ===
# of expected passes 4170
# of expected failures 4
# of unsupported tests 196
=== libitm tests ===
Running target unix/-mx32
=== libitm Summary ===
# of expected passes 26
# of expected failures 3
# of unsupported tests 1
=== libjava tests ===
Running target unix/-mx32
=== libjava Summary ===
# of expected passes 2582
# of expected failures 4
=== libstdc++ tests ===
Running target unix/-mx32
FAIL: 23_containers/unordered_set/insert/hash_policy.cc execution test
=== libstdc++ Summary ===
# of expected passes 10933
# of unexpected failures 1
# of expected failures 66
# of unsupported tests 233
Compiler version: 6.0.0 20150828 (experimental) [trunk revision 227289] (GCC)
Platform: x86_64-pc-linux-gnu
configure flags: --prefix=/usr/6.0.0 --enable-clocale=gnu --with-system-zlib --enable-shared --with-demangler-in-ld --enable-libmpx --with-multilib-list=m32,m64,mx32 --with-fpmath=sse --enable-languages=c,c++,fortran,java,lto,objc