This is the mail archive of the
gcc-testresults@gcc.gnu.org
mailing list for the GCC project.
Results for 6.0.0 20150804 (experimental) [trunk revision 226593] (GCC) testsuite on hppa2.0w-hp-hpux11.00
- From: John David Anglin <dave at hiauly2 dot hia dot nrc dot ca>
- To: dave at hiauly2 dot hia dot nrc dot ca, gcc-testresults at gcc dot gnu dot org
- Date: Sat, 15 Aug 2015 18:04:37 -0400 (EDT)
- Subject: Results for 6.0.0 20150804 (experimental) [trunk revision 226593] (GCC) testsuite on hppa2.0w-hp-hpux11.00
- Authentication-results: sourceware.org; auth=none
=== acats tests ===
FAIL: c761006
=== acats Summary ===
# of expected passes 2319
# of unexpected failures 1
Native configuration is hppa2.0w-hp-hpux11.00
=== g++ tests ===
Running target unix
FAIL: g++.dg/Wno-frame-address.C -std=gnu++98 (test for excess errors)
FAIL: g++.dg/Wno-frame-address.C -std=gnu++11 (test for excess errors)
FAIL: g++.dg/Wno-frame-address.C -std=gnu++14 (test for excess errors)
FAIL: g++.dg/cpp0x/udlit-string-literal.C -std=c++11 (test for excess errors)
FAIL: g++.dg/cpp0x/udlit-string-literal.C -std=c++14 (test for excess errors)
WARNING: program timed out.
WARNING: program timed out.
FAIL: g++.dg/torture/pr65655.C -O0 (test for excess errors)
WARNING: program timed out.
FAIL: g++.dg/torture/pr65655.C -O1 (test for excess errors)
WARNING: program timed out.
FAIL: g++.dg/torture/pr65655.C -O2 (test for excess errors)
WARNING: program timed out.
FAIL: g++.dg/torture/pr65655.C -O3 -g (test for excess errors)
WARNING: program timed out.
FAIL: g++.dg/torture/pr65655.C -Os (test for excess errors)
=== g++ Summary ===
# of expected passes 76448
# of unexpected failures 10
# of expected failures 273
# of unsupported tests 3954
/home/gnu/gcc/objdir/gcc/testsuite/g++/../../xg++ version 6.0.0 20150804 (experimental) [trunk revision 226593] (GCC)
=== gcc tests ===
Running target unix
WARNING: program timed out.
FAIL: gcc.c-torture/compile/limits-structnest.c -O2 (test for excess errors)
WARNING: program timed out.
FAIL: gcc.c-torture/compile/limits-structnest.c -O3 -g (test for excess errors)
WARNING: program timed out.
FAIL: gcc.c-torture/compile/limits-structnest.c -Os (test for excess errors)
FAIL: gcc.dg/atomic/c11-atomic-exec-5.c -O0 execution test
FAIL: gcc.dg/atomic/c11-atomic-exec-5.c -O1 execution test
FAIL: gcc.dg/atomic/c11-atomic-exec-5.c -O2 execution test
FAIL: gcc.dg/atomic/c11-atomic-exec-5.c -O3 -fomit-frame-pointer -funroll-loops -fpeel-loops -ftracer -finline-functions execution test
FAIL: gcc.dg/atomic/c11-atomic-exec-5.c -O3 -g execution test
FAIL: gcc.dg/atomic/c11-atomic-exec-5.c -Os execution test
FAIL: gcc.dg/Wno-frame-address.c (test for excess errors)
WARNING: program timed out.
FAIL: gcc.dg/c11-atomic-2.c (test for excess errors)
WARNING: program timed out.
FAIL: gcc.dg/c99-intconst-1.c (test for excess errors)
FAIL: gcc.dg/loop-8.c scan-rtl-dump-times loop2_invariant "Decided" 1
FAIL: gcc.dg/loop-8.c scan-rtl-dump-not loop2_invariant "without introducing a new temporary register"
WARNING: program timed out.
FAIL: gcc.dg/pr48141.c (test for excess errors)
FAIL: gcc.dg/pr49551.c (test for excess errors)
FAIL: gcc.dg/pr64434.c scan-rtl-dump-times expand "Swap operands" 1
FAIL: gcc.dg/pr66314.c (test for excess errors)
FAIL: gcc.dg/gomp/notify-new-function-3.c scan-tree-dump-times ompexpssa "Added new ssa gimple function foo\\\\._loopfn\\\\.0 to callgraph" 1
WARNING: program timed out.
FAIL: gcc.dg/tree-ssa/ivopts-lt-2.c scan-tree-dump-times ivopts "PHI <p_" 1
FAIL: gcc.dg/tree-ssa/ivopts-lt-2.c scan-tree-dump-times ivopts "p_[0-9]* <" 1
FAIL: gcc.dg/tree-ssa/pr65447.c scan-tree-dump-not ivopts "\\\\nuse 5\\\\n"
=== gcc Summary ===
# of expected passes 62383
# of unexpected failures 22
# of expected failures 134
# of unsupported tests 1693
/home/gnu/gcc/objdir/gcc/xgcc version 6.0.0 20150804 (experimental) [trunk revision 226593] (GCC)
=== gfortran tests ===
Running target unix
WARNING: program timed out.
FAIL: gfortran.dg/minlocval_3.f90 -O3 -fomit-frame-pointer -funroll-loops -fpeel-loops -ftracer -finline-functions (test for excess errors)
UNRESOLVED: gfortran.dg/minlocval_3.f90 -O3 -fomit-frame-pointer -funroll-loops -fpeel-loops -ftracer -finline-functions compilation failed to produce executable
WARNING: program timed out.
FAIL: gfortran.dg/minlocval_3.f90 -O3 -g (test for excess errors)
UNRESOLVED: gfortran.dg/minlocval_3.f90 -O3 -g compilation failed to produce executable
=== gfortran Summary ===
# of expected passes 38849
# of unexpected failures 2
# of expected failures 71
# of unresolved testcases 2
# of unsupported tests 339
/home/gnu/gcc/objdir/gcc/testsuite/gfortran/../../gfortran version 6.0.0 20150804 (experimental) [trunk revision 226593] (GCC)
=== gnat tests ===
Running target unix
=== gnat Summary ===
# of expected passes 1362
# of expected failures 21
# of unsupported tests 22
/home/gnu/gcc/objdir/gcc/gnatmake version 6.0.0 20150804 (experimental) [trunk revision 226593]
=== obj-c++ tests ===
Running target unix
=== obj-c++ Summary ===
# of expected passes 1397
# of expected failures 2
# of unsupported tests 60
/home/gnu/gcc/objdir/gcc/testsuite/obj-c++/../../xg++ version 6.0.0 20150804 (experimental) [trunk revision 226593] (GCC)
=== objc tests ===
Running target unix
=== objc Summary ===
# of expected passes 2690
# of unsupported tests 61
/home/gnu/gcc/objdir/gcc/xgcc version 6.0.0 20150804 (experimental) [trunk revision 226593] (GCC)
=== libatomic tests ===
Running target unix
=== libatomic Summary ===
# of expected passes 44
# of unsupported tests 5
=== libgomp tests ===
Running target unix
WARNING: program timed out.
FAIL: libgomp.c/for-3.c (test for excess errors)
UNRESOLVED: libgomp.c/for-3.c compilation failed to produce executable
WARNING: program timed out.
FAIL: libgomp.c++/for-11.C (test for excess errors)
UNRESOLVED: libgomp.c++/for-11.C compilation failed to produce executable
=== libgomp Summary ===
# of expected passes 3999
# of unexpected failures 2
# of expected failures 4
# of unresolved testcases 2
# of unsupported tests 250
=== libstdc++ tests ===
Running target unix
FAIL: 21_strings/basic_string/literals/types.cc (test for excess errors)
FAIL: 21_strings/basic_string/literals/values.cc (test for excess errors)
UNRESOLVED: 21_strings/basic_string/literals/values.cc compilation failed to produce executable
FAIL: 22_locale/conversions/buffer/1.cc (test for excess errors)
UNRESOLVED: 22_locale/conversions/buffer/1.cc compilation failed to produce executable
FAIL: 22_locale/conversions/buffer/requirements/typedefs.cc (test for excess errors)
FAIL: 22_locale/conversions/string/1.cc (test for excess errors)
FAIL: 22_locale/conversions/string/2.cc (test for excess errors)
UNRESOLVED: 22_locale/conversions/string/2.cc compilation failed to produce executable
FAIL: 22_locale/conversions/string/3.cc (test for excess errors)
UNRESOLVED: 22_locale/conversions/string/3.cc compilation failed to produce executable
FAIL: 22_locale/conversions/string/66441.cc (test for excess errors)
UNRESOLVED: 22_locale/conversions/string/66441.cc compilation failed to produce executable
FAIL: 22_locale/conversions/string/requirements/typedefs-2.cc (test for excess errors)
FAIL: 22_locale/conversions/string/requirements/typedefs.cc (test for excess errors)
WARNING: program timed out.
FAIL: 23_containers/vector/bool/modifiers/insert/31370.cc execution test
FAIL: experimental/string_view/literals/types.cc (test for excess errors)
FAIL: experimental/string_view/literals/values.cc (test for excess errors)
UNRESOLVED: experimental/string_view/literals/values.cc compilation failed to produce executable
FAIL: tr1/8_c_compatibility/complex/50880.cc (test for excess errors)
UNRESOLVED: tr1/8_c_compatibility/complex/50880.cc compilation failed to produce executable
FAIL: tr1/8_c_compatibility/complex/functions.cc (test for excess errors)
=== libstdc++ Summary ===
# of expected passes 7765
# of unexpected failures 15
# of expected failures 65
# of unresolved testcases 7
# of unsupported tests 846
Compiler version: 6.0.0 20150804 (experimental) [trunk revision 226593] (GCC)
Platform: hppa2.0w-hp-hpux11.00
configure flags:Test Run By dave on Sun Aug 9 17:22:24 EDT 2015