This is the mail archive of the
gcc-testresults@gcc.gnu.org
mailing list for the GCC project.
Results for 6.0.0 20150801 (experimental) [trunk revision 226462] (GCC) testsuite on powerpc64-suse-linux-gnu
- From: Andreas Schwab <schwab at linux-m68k dot org>
- To: gcc-testresults at gcc dot gnu dot org
- Date: Sun, 02 Aug 2015 10:21:29 +0200
- Subject: Results for 6.0.0 20150801 (experimental) [trunk revision 226462] (GCC) testsuite on powerpc64-suse-linux-gnu
- Authentication-results: sourceware.org; auth=none
LAST_UPDATED: Sat Aug 1 08:17:54 UTC 2015 (revision 226462)
=== acats tests ===
=== acats Summary ===
# of expected passes 2320
# of unexpected failures 0
Native configuration is powerpc64-suse-linux-gnu
=== g++ tests ===
Running target unix/-m32
FAIL: c-c++-common/asan/heap-overflow-1.c -O1 output pattern test, is =================================================================
FAIL: c-c++-common/asan/heap-overflow-1.c -O2 output pattern test, is =================================================================
FAIL: c-c++-common/asan/heap-overflow-1.c -O2 -flto -fno-use-linker-plugin -flto-partition=none output pattern test, is =================================================================
FAIL: c-c++-common/asan/heap-overflow-1.c -O2 -flto -fuse-linker-plugin -fno-fat-lto-objects output pattern test, is =================================================================
FAIL: c-c++-common/asan/heap-overflow-1.c -O3 -g output pattern test, is =================================================================
FAIL: c-c++-common/asan/heap-overflow-1.c -Os output pattern test, is =================================================================
FAIL: c-c++-common/asan/null-deref-1.c -O2 output pattern test, is ASAN:SIGSEGV
FAIL: c-c++-common/asan/null-deref-1.c -O2 -flto -fno-use-linker-plugin -flto-partition=none output pattern test, is ASAN:SIGSEGV
FAIL: c-c++-common/asan/null-deref-1.c -O2 -flto -fuse-linker-plugin -fno-fat-lto-objects output pattern test, is ASAN:SIGSEGV
FAIL: c-c++-common/asan/null-deref-1.c -O3 -g output pattern test, is ASAN:SIGSEGV
FAIL: c-c++-common/asan/sanity-check-pure-c-1.c -O1 output pattern test, is =================================================================
FAIL: c-c++-common/asan/sanity-check-pure-c-1.c -O2 output pattern test, is =================================================================
FAIL: c-c++-common/asan/sanity-check-pure-c-1.c -O2 -flto -fno-use-linker-plugin -flto-partition=none output pattern test, is =================================================================
FAIL: c-c++-common/asan/sanity-check-pure-c-1.c -O2 -flto -fuse-linker-plugin -fno-fat-lto-objects output pattern test, is =================================================================
FAIL: c-c++-common/asan/sanity-check-pure-c-1.c -O3 -g output pattern test, is =================================================================
FAIL: c-c++-common/asan/sanity-check-pure-c-1.c -Os output pattern test, is =================================================================
FAIL: c-c++-common/asan/strncpy-overflow-1.c -O1 output pattern test, is =================================================================
FAIL: c-c++-common/asan/strncpy-overflow-1.c -O2 output pattern test, is =================================================================
FAIL: c-c++-common/asan/strncpy-overflow-1.c -O2 -flto -fno-use-linker-plugin -flto-partition=none output pattern test, is =================================================================
FAIL: c-c++-common/asan/strncpy-overflow-1.c -O2 -flto -fuse-linker-plugin -fno-fat-lto-objects output pattern test, is =================================================================
FAIL: c-c++-common/asan/strncpy-overflow-1.c -O3 -g output pattern test, is =================================================================
FAIL: c-c++-common/asan/strncpy-overflow-1.c -Os output pattern test, is =================================================================
FAIL: c-c++-common/asan/use-after-free-1.c -O1 output pattern test, is =================================================================
FAIL: c-c++-common/asan/use-after-free-1.c -O2 output pattern test, is =================================================================
FAIL: c-c++-common/asan/use-after-free-1.c -O2 -flto -fno-use-linker-plugin -flto-partition=none output pattern test, is =================================================================
FAIL: c-c++-common/asan/use-after-free-1.c -O2 -flto -fuse-linker-plugin -fno-fat-lto-objects output pattern test, is =================================================================
FAIL: c-c++-common/asan/use-after-free-1.c -O3 -g output pattern test, is =================================================================
FAIL: c-c++-common/asan/use-after-free-1.c -Os output pattern test, is =================================================================
FAIL: g++.dg/asan/deep-stack-uaf-1.C -O0 output pattern test, is =================================================================
FAIL: g++.dg/asan/deep-stack-uaf-1.C -O1 output pattern test, is =================================================================
FAIL: g++.dg/asan/deep-stack-uaf-1.C -O2 output pattern test, is =================================================================
FAIL: g++.dg/asan/deep-stack-uaf-1.C -O3 -g output pattern test, is =================================================================
FAIL: g++.dg/asan/deep-stack-uaf-1.C -Os output pattern test, is =================================================================
FAIL: g++.dg/abi/scoped1.C -std=gnu++11 execution test
FAIL: g++.dg/abi/scoped1.C -std=gnu++14 execution test
FAIL: g++.dg/cpp0x/nsdmi-template14.C -std=c++11 (test for errors, line 4)
FAIL: g++.dg/cpp0x/nsdmi-template14.C -std=c++11 (test for errors, line 6)
FAIL: g++.dg/cpp0x/nsdmi-template14.C -std=c++14 (test for errors, line 4)
FAIL: g++.dg/cpp0x/nsdmi-template14.C -std=c++14 (test for errors, line 6)
XPASS: g++.dg/tls/thread_local-order2.C -std=c++11 execution test
XPASS: g++.dg/tls/thread_local-order2.C -std=c++14 execution test
FAIL: g++.dg/vect/pr36648.cc -std=c++11 scan-tree-dump-times vect "vectorized 1 loops" 1
FAIL: g++.dg/vect/pr36648.cc -std=c++11 scan-tree-dump-times vect "vectorizing stmts using SLP" 1
FAIL: g++.dg/vect/pr36648.cc -std=c++14 scan-tree-dump-times vect "vectorized 1 loops" 1
FAIL: g++.dg/vect/pr36648.cc -std=c++14 scan-tree-dump-times vect "vectorizing stmts using SLP" 1
FAIL: g++.dg/vect/pr36648.cc -std=c++98 scan-tree-dump-times vect "vectorized 1 loops" 1
FAIL: g++.dg/vect/pr36648.cc -std=c++98 scan-tree-dump-times vect "vectorizing stmts using SLP" 1
=== g++ Summary for unix/-m32 ===
# of expected passes 87707
# of unexpected failures 45
# of unexpected successes 2
# of expected failures 331
# of unsupported tests 3731
Running target unix/-m64
FAIL: c-c++-common/asan/asan-interface-1.c -O0 execution test
FAIL: c-c++-common/asan/asan-interface-1.c -O1 execution test
FAIL: c-c++-common/asan/asan-interface-1.c -O2 execution test
FAIL: c-c++-common/asan/asan-interface-1.c -O2 -flto -fno-use-linker-plugin -flto-partition=none execution test
FAIL: c-c++-common/asan/asan-interface-1.c -O2 -flto -fuse-linker-plugin -fno-fat-lto-objects execution test
FAIL: c-c++-common/asan/asan-interface-1.c -O3 -g execution test
FAIL: c-c++-common/asan/asan-interface-1.c -Os execution test
FAIL: c-c++-common/asan/bitfield-1.c -O0 output pattern test, is ==13348==ERROR: AddressSanitizer failed to allocate 0x4000001000 (274877911040) bytes at address 1fffffff000 (errno: 12)
FAIL: c-c++-common/asan/bitfield-1.c -O1 output pattern test, is ==13390==ERROR: AddressSanitizer failed to allocate 0x4000001000 (274877911040) bytes at address 1fffffff000 (errno: 12)
FAIL: c-c++-common/asan/bitfield-1.c -O2 output pattern test, is ==13434==ERROR: AddressSanitizer failed to allocate 0x4000001000 (274877911040) bytes at address 1fffffff000 (errno: 12)
FAIL: c-c++-common/asan/bitfield-1.c -O2 -flto -fno-use-linker-plugin -flto-partition=none output pattern test, is ==13610==ERROR: AddressSanitizer failed to allocate 0x4000001000 (274877911040) bytes at address 1fffffff000 (errno: 12)
FAIL: c-c++-common/asan/bitfield-1.c -O2 -flto -fuse-linker-plugin -fno-fat-lto-objects output pattern test, is ==13665==ERROR: AddressSanitizer failed to allocate 0x4000001000 (274877911040) bytes at address 1fffffff000 (errno: 12)
FAIL: c-c++-common/asan/bitfield-1.c -O3 -g output pattern test, is ==13482==ERROR: AddressSanitizer failed to allocate 0x4000001000 (274877911040) bytes at address 1fffffff000 (errno: 12)
FAIL: c-c++-common/asan/bitfield-1.c -Os output pattern test, is ==13525==ERROR: AddressSanitizer failed to allocate 0x4000001000 (274877911040) bytes at address 1fffffff000 (errno: 12)
FAIL: c-c++-common/asan/bitfield-2.c -O0 output pattern test, is ==13702==ERROR: AddressSanitizer failed to allocate 0x4000001000 (274877911040) bytes at address 1fffffff000 (errno: 12)
FAIL: c-c++-common/asan/bitfield-2.c -O1 output pattern test, is ==13745==ERROR: AddressSanitizer failed to allocate 0x4000001000 (274877911040) bytes at address 1fffffff000 (errno: 12)
FAIL: c-c++-common/asan/bitfield-2.c -O2 output pattern test, is ==13786==ERROR: AddressSanitizer failed to allocate 0x4000001000 (274877911040) bytes at address 1fffffff000 (errno: 12)
FAIL: c-c++-common/asan/bitfield-2.c -O2 -flto -fno-use-linker-plugin -flto-partition=none output pattern test, is ==13947==ERROR: AddressSanitizer failed to allocate 0x4000001000 (274877911040) bytes at address 1fffffff000 (errno: 12)
FAIL: c-c++-common/asan/bitfield-2.c -O2 -flto -fuse-linker-plugin -fno-fat-lto-objects output pattern test, is ==14008==ERROR: AddressSanitizer failed to allocate 0x4000001000 (274877911040) bytes at address 1fffffff000 (errno: 12)
FAIL: c-c++-common/asan/bitfield-2.c -O3 -g output pattern test, is ==13825==ERROR: AddressSanitizer failed to allocate 0x4000001000 (274877911040) bytes at address 1fffffff000 (errno: 12)
FAIL: c-c++-common/asan/bitfield-2.c -Os output pattern test, is ==13868==ERROR: AddressSanitizer failed to allocate 0x4000001000 (274877911040) bytes at address 1fffffff000 (errno: 12)
FAIL: c-c++-common/asan/bitfield-3.c -O0 output pattern test, is ==14047==ERROR: AddressSanitizer failed to allocate 0x4000001000 (274877911040) bytes at address 1fffffff000 (errno: 12)
FAIL: c-c++-common/asan/bitfield-3.c -O1 output pattern test, is ==14092==ERROR: AddressSanitizer failed to allocate 0x4000001000 (274877911040) bytes at address 1fffffff000 (errno: 12)
FAIL: c-c++-common/asan/bitfield-3.c -O2 output pattern test, is ==14130==ERROR: AddressSanitizer failed to allocate 0x4000001000 (274877911040) bytes at address 1fffffff000 (errno: 12)
FAIL: c-c++-common/asan/bitfield-3.c -O2 -flto -fno-use-linker-plugin -flto-partition=none output pattern test, is ==14321==ERROR: AddressSanitizer failed to allocate 0x4000001000 (274877911040) bytes at address 1fffffff000 (errno: 12)
FAIL: c-c++-common/asan/bitfield-3.c -O2 -flto -fuse-linker-plugin -fno-fat-lto-objects output pattern test, is ==14382==ERROR: AddressSanitizer failed to allocate 0x4000001000 (274877911040) bytes at address 1fffffff000 (errno: 12)
FAIL: c-c++-common/asan/bitfield-3.c -O3 -g output pattern test, is ==14173==ERROR: AddressSanitizer failed to allocate 0x4000001000 (274877911040) bytes at address 1fffffff000 (errno: 12)
FAIL: c-c++-common/asan/bitfield-3.c -Os output pattern test, is ==14221==ERROR: AddressSanitizer failed to allocate 0x4000001000 (274877911040) bytes at address 1fffffff000 (errno: 12)
FAIL: c-c++-common/asan/bitfield-4.c -O0 output pattern test, is ==14430==ERROR: AddressSanitizer failed to allocate 0x4000001000 (274877911040) bytes at address 1fffffff000 (errno: 12)
FAIL: c-c++-common/asan/bitfield-4.c -O1 output pattern test, is ==14473==ERROR: AddressSanitizer failed to allocate 0x4000001000 (274877911040) bytes at address 1fffffff000 (errno: 12)
FAIL: c-c++-common/asan/bitfield-4.c -O2 output pattern test, is ==14512==ERROR: AddressSanitizer failed to allocate 0x4000001000 (274877911040) bytes at address 1fffffff000 (errno: 12)
FAIL: c-c++-common/asan/bitfield-4.c -O2 -flto -fno-use-linker-plugin -flto-partition=none output pattern test, is ==14686==ERROR: AddressSanitizer failed to allocate 0x4000001000 (274877911040) bytes at address 1fffffff000 (errno: 12)
FAIL: c-c++-common/asan/bitfield-4.c -O2 -flto -fuse-linker-plugin -fno-fat-lto-objects output pattern test, is ==14725==ERROR: AddressSanitizer failed to allocate 0x4000001000 (274877911040) bytes at address 1fffffff000 (errno: 12)
FAIL: c-c++-common/asan/bitfield-4.c -O3 -g output pattern test, is ==14555==ERROR: AddressSanitizer failed to allocate 0x4000001000 (274877911040) bytes at address 1fffffff000 (errno: 12)
FAIL: c-c++-common/asan/bitfield-4.c -Os output pattern test, is ==14601==ERROR: AddressSanitizer failed to allocate 0x4000001000 (274877911040) bytes at address 1fffffff000 (errno: 12)
FAIL: c-c++-common/asan/bitfield-5.c -O0 output pattern test, is ==14757==ERROR: AddressSanitizer failed to allocate 0x4000001000 (274877911040) bytes at address 1fffffff000 (errno: 12)
FAIL: c-c++-common/asan/bitfield-5.c -O1 output pattern test, is ==14791==ERROR: AddressSanitizer failed to allocate 0x4000001000 (274877911040) bytes at address 1fffffff000 (errno: 12)
FAIL: c-c++-common/asan/bitfield-5.c -O2 output pattern test, is ==14824==ERROR: AddressSanitizer failed to allocate 0x4000001000 (274877911040) bytes at address 1fffffff000 (errno: 12)
FAIL: c-c++-common/asan/bitfield-5.c -O2 -flto -fno-use-linker-plugin -flto-partition=none output pattern test, is ==14981==ERROR: AddressSanitizer failed to allocate 0x4000001000 (274877911040) bytes at address 1fffffff000 (errno: 12)
FAIL: c-c++-common/asan/bitfield-5.c -O2 -flto -fuse-linker-plugin -fno-fat-lto-objects output pattern test, is ==15046==ERROR: AddressSanitizer failed to allocate 0x4000001000 (274877911040) bytes at address 1fffffff000 (errno: 12)
FAIL: c-c++-common/asan/bitfield-5.c -O3 -g output pattern test, is ==14858==ERROR: AddressSanitizer failed to allocate 0x4000001000 (274877911040) bytes at address 1fffffff000 (errno: 12)
FAIL: c-c++-common/asan/bitfield-5.c -Os output pattern test, is ==14893==ERROR: AddressSanitizer failed to allocate 0x4000001000 (274877911040) bytes at address 1fffffff000 (errno: 12)
FAIL: c-c++-common/asan/clone-test-1.c -O0 execution test
FAIL: c-c++-common/asan/clone-test-1.c -O1 execution test
FAIL: c-c++-common/asan/clone-test-1.c -O2 execution test
FAIL: c-c++-common/asan/clone-test-1.c -O2 -flto -fno-use-linker-plugin -flto-partition=none execution test
FAIL: c-c++-common/asan/clone-test-1.c -O2 -flto -fuse-linker-plugin -fno-fat-lto-objects execution test
FAIL: c-c++-common/asan/clone-test-1.c -O3 -fomit-frame-pointer -funroll-loops -fpeel-loops -ftracer -finline-functions execution test
FAIL: c-c++-common/asan/clone-test-1.c -O3 -g execution test
FAIL: c-c++-common/asan/clone-test-1.c -Os execution test
FAIL: c-c++-common/asan/global-overflow-1.c -O0 output pattern test, is ==15769==ERROR: AddressSanitizer failed to allocate 0x4000001000 (274877911040) bytes at address 1fffffff000 (errno: 12)
FAIL: c-c++-common/asan/global-overflow-1.c -O1 output pattern test, is ==15807==ERROR: AddressSanitizer failed to allocate 0x4000001000 (274877911040) bytes at address 1fffffff000 (errno: 12)
FAIL: c-c++-common/asan/global-overflow-1.c -O2 output pattern test, is ==15834==ERROR: AddressSanitizer failed to allocate 0x4000001000 (274877911040) bytes at address 1fffffff000 (errno: 12)
FAIL: c-c++-common/asan/global-overflow-1.c -O2 -flto -fno-use-linker-plugin -flto-partition=none output pattern test, is ==15935==ERROR: AddressSanitizer failed to allocate 0x4000001000 (274877911040) bytes at address 1fffffff000 (errno: 12)
FAIL: c-c++-common/asan/global-overflow-1.c -O2 -flto -fuse-linker-plugin -fno-fat-lto-objects output pattern test, is ==15974==ERROR: AddressSanitizer failed to allocate 0x4000001000 (274877911040) bytes at address 1fffffff000 (errno: 12)
FAIL: c-c++-common/asan/global-overflow-1.c -O3 -g output pattern test, is ==15866==ERROR: AddressSanitizer failed to allocate 0x4000001000 (274877911040) bytes at address 1fffffff000 (errno: 12)
FAIL: c-c++-common/asan/global-overflow-1.c -Os output pattern test, is ==15882==ERROR: AddressSanitizer failed to allocate 0x4000001000 (274877911040) bytes at address 1fffffff000 (errno: 12)
FAIL: c-c++-common/asan/heap-overflow-1.c -O0 output pattern test, is ==15990==ERROR: AddressSanitizer failed to allocate 0x4000001000 (274877911040) bytes at address 1fffffff000 (errno: 12)
FAIL: c-c++-common/asan/heap-overflow-1.c -O1 output pattern test, is ==16022==ERROR: AddressSanitizer failed to allocate 0x4000001000 (274877911040) bytes at address 1fffffff000 (errno: 12)
FAIL: c-c++-common/asan/heap-overflow-1.c -O2 output pattern test, is ==16038==ERROR: AddressSanitizer failed to allocate 0x4000001000 (274877911040) bytes at address 1fffffff000 (errno: 12)
FAIL: c-c++-common/asan/heap-overflow-1.c -O2 -flto -fno-use-linker-plugin -flto-partition=none output pattern test, is ==16139==ERROR: AddressSanitizer failed to allocate 0x4000001000 (274877911040) bytes at address 1fffffff000 (errno: 12)
FAIL: c-c++-common/asan/heap-overflow-1.c -O2 -flto -fuse-linker-plugin -fno-fat-lto-objects output pattern test, is ==16178==ERROR: AddressSanitizer failed to allocate 0x4000001000 (274877911040) bytes at address 1fffffff000 (errno: 12)
FAIL: c-c++-common/asan/heap-overflow-1.c -O3 -g output pattern test, is ==16070==ERROR: AddressSanitizer failed to allocate 0x4000001000 (274877911040) bytes at address 1fffffff000 (errno: 12)
FAIL: c-c++-common/asan/heap-overflow-1.c -Os output pattern test, is ==16086==ERROR: AddressSanitizer failed to allocate 0x4000001000 (274877911040) bytes at address 1fffffff000 (errno: 12)
FAIL: c-c++-common/asan/memcmp-1.c -O0 output pattern test, is ==16757==ERROR: AddressSanitizer failed to allocate 0x4000001000 (274877911040) bytes at address 1fffffff000 (errno: 12)
FAIL: c-c++-common/asan/memcmp-1.c -O1 output pattern test, is ==16807==ERROR: AddressSanitizer failed to allocate 0x4000001000 (274877911040) bytes at address 1fffffff000 (errno: 12)
FAIL: c-c++-common/asan/memcmp-1.c -O2 output pattern test, is ==16858==ERROR: AddressSanitizer failed to allocate 0x4000001000 (274877911040) bytes at address 1fffffff000 (errno: 12)
FAIL: c-c++-common/asan/memcmp-1.c -O2 -flto -fno-use-linker-plugin -flto-partition=none output pattern test, is ==17061==ERROR: AddressSanitizer failed to allocate 0x4000001000 (274877911040) bytes at address 1fffffff000 (errno: 12)
FAIL: c-c++-common/asan/memcmp-1.c -O2 -flto -fuse-linker-plugin -fno-fat-lto-objects output pattern test, is ==17122==ERROR: AddressSanitizer failed to allocate 0x4000001000 (274877911040) bytes at address 1fffffff000 (errno: 12)
FAIL: c-c++-common/asan/memcmp-1.c -O3 -g output pattern test, is ==16908==ERROR: AddressSanitizer failed to allocate 0x4000001000 (274877911040) bytes at address 1fffffff000 (errno: 12)
FAIL: c-c++-common/asan/memcmp-1.c -Os output pattern test, is ==16958==ERROR: AddressSanitizer failed to allocate 0x4000001000 (274877911040) bytes at address 1fffffff000 (errno: 12)
FAIL: c-c++-common/asan/misalign-1.c -O0 output pattern test, is ==17324==ERROR: AddressSanitizer failed to allocate 0x4000001000 (274877911040) bytes at address 1fffffff000 (errno: 12)
FAIL: c-c++-common/asan/misalign-1.c -O1 output pattern test, is ==17374==ERROR: AddressSanitizer failed to allocate 0x4000001000 (274877911040) bytes at address 1fffffff000 (errno: 12)
FAIL: c-c++-common/asan/misalign-1.c -O2 output pattern test, is ==17425==ERROR: AddressSanitizer failed to allocate 0x4000001000 (274877911040) bytes at address 1fffffff000 (errno: 12)
FAIL: c-c++-common/asan/misalign-1.c -O2 -flto -fno-use-linker-plugin -flto-partition=none output pattern test, is ==17601==ERROR: AddressSanitizer failed to allocate 0x4000001000 (274877911040) bytes at address 1fffffff000 (errno: 12)
FAIL: c-c++-common/asan/misalign-1.c -O2 -flto -fuse-linker-plugin -fno-fat-lto-objects output pattern test, is ==17658==ERROR: AddressSanitizer failed to allocate 0x4000001000 (274877911040) bytes at address 1fffffff000 (errno: 12)
FAIL: c-c++-common/asan/misalign-1.c -O3 -g output pattern test, is ==17468==ERROR: AddressSanitizer failed to allocate 0x4000001000 (274877911040) bytes at address 1fffffff000 (errno: 12)
FAIL: c-c++-common/asan/misalign-1.c -Os output pattern test, is ==17515==ERROR: AddressSanitizer failed to allocate 0x4000001000 (274877911040) bytes at address 1fffffff000 (errno: 12)
FAIL: c-c++-common/asan/misalign-2.c -O0 output pattern test, is ==17709==ERROR: AddressSanitizer failed to allocate 0x4000001000 (274877911040) bytes at address 1fffffff000 (errno: 12)
FAIL: c-c++-common/asan/misalign-2.c -O1 output pattern test, is ==17761==ERROR: AddressSanitizer failed to allocate 0x4000001000 (274877911040) bytes at address 1fffffff000 (errno: 12)
FAIL: c-c++-common/asan/misalign-2.c -O2 output pattern test, is ==17816==ERROR: AddressSanitizer failed to allocate 0x4000001000 (274877911040) bytes at address 1fffffff000 (errno: 12)
FAIL: c-c++-common/asan/misalign-2.c -O2 -flto -fno-use-linker-plugin -flto-partition=none output pattern test, is ==18022==ERROR: AddressSanitizer failed to allocate 0x4000001000 (274877911040) bytes at address 1fffffff000 (errno: 12)
FAIL: c-c++-common/asan/misalign-2.c -O2 -flto -fuse-linker-plugin -fno-fat-lto-objects output pattern test, is ==18084==ERROR: AddressSanitizer failed to allocate 0x4000001000 (274877911040) bytes at address 1fffffff000 (errno: 12)
FAIL: c-c++-common/asan/misalign-2.c -O3 -g output pattern test, is ==17866==ERROR: AddressSanitizer failed to allocate 0x4000001000 (274877911040) bytes at address 1fffffff000 (errno: 12)
FAIL: c-c++-common/asan/misalign-2.c -Os output pattern test, is ==17917==ERROR: AddressSanitizer failed to allocate 0x4000001000 (274877911040) bytes at address 1fffffff000 (errno: 12)
FAIL: c-c++-common/asan/null-deref-1.c -O0 output pattern test, is ==18779==ERROR: AddressSanitizer failed to allocate 0x4000001000 (274877911040) bytes at address 1fffffff000 (errno: 12)
FAIL: c-c++-common/asan/null-deref-1.c -O1 output pattern test, is ==18823==ERROR: AddressSanitizer failed to allocate 0x4000001000 (274877911040) bytes at address 1fffffff000 (errno: 12)
FAIL: c-c++-common/asan/null-deref-1.c -O2 output pattern test, is ==18868==ERROR: AddressSanitizer failed to allocate 0x4000001000 (274877911040) bytes at address 1fffffff000 (errno: 12)
FAIL: c-c++-common/asan/null-deref-1.c -O2 -flto -fno-use-linker-plugin -flto-partition=none output pattern test, is ==19040==ERROR: AddressSanitizer failed to allocate 0x4000001000 (274877911040) bytes at address 1fffffff000 (errno: 12)
FAIL: c-c++-common/asan/null-deref-1.c -O2 -flto -fuse-linker-plugin -fno-fat-lto-objects output pattern test, is ==19095==ERROR: AddressSanitizer failed to allocate 0x4000001000 (274877911040) bytes at address 1fffffff000 (errno: 12)
FAIL: c-c++-common/asan/null-deref-1.c -O3 -g output pattern test, is ==18912==ERROR: AddressSanitizer failed to allocate 0x4000001000 (274877911040) bytes at address 1fffffff000 (errno: 12)
FAIL: c-c++-common/asan/null-deref-1.c -Os output pattern test, is ==18955==ERROR: AddressSanitizer failed to allocate 0x4000001000 (274877911040) bytes at address 1fffffff000 (errno: 12)
FAIL: c-c++-common/asan/pr59063-1.c -O0 execution test
FAIL: c-c++-common/asan/pr59063-1.c -O1 execution test
FAIL: c-c++-common/asan/pr59063-1.c -O2 execution test
FAIL: c-c++-common/asan/pr59063-1.c -O2 -flto -fno-use-linker-plugin -flto-partition=none execution test
FAIL: c-c++-common/asan/pr59063-1.c -O2 -flto -fuse-linker-plugin -fno-fat-lto-objects execution test
FAIL: c-c++-common/asan/pr59063-1.c -O3 -g execution test
FAIL: c-c++-common/asan/pr59063-1.c -Os execution test
FAIL: c-c++-common/asan/pr59063-2.c -O0 execution test
FAIL: c-c++-common/asan/pr59063-2.c -O1 execution test
FAIL: c-c++-common/asan/pr59063-2.c -O2 execution test
FAIL: c-c++-common/asan/pr59063-2.c -O2 -flto -fno-use-linker-plugin -flto-partition=none execution test
FAIL: c-c++-common/asan/pr59063-2.c -O2 -flto -fuse-linker-plugin -fno-fat-lto-objects execution test
FAIL: c-c++-common/asan/pr59063-2.c -O3 -g execution test
FAIL: c-c++-common/asan/pr59063-2.c -Os execution test
FAIL: c-c++-common/asan/pr61530.c -O0 output pattern test, is ==20225==ERROR: AddressSanitizer failed to allocate 0x4000001000 (274877911040) bytes at address 1fffffff000 (errno: 12)
FAIL: c-c++-common/asan/pr61530.c -O1 output pattern test, is ==20262==ERROR: AddressSanitizer failed to allocate 0x4000001000 (274877911040) bytes at address 1fffffff000 (errno: 12)
FAIL: c-c++-common/asan/pr61530.c -O2 output pattern test, is ==20304==ERROR: AddressSanitizer failed to allocate 0x4000001000 (274877911040) bytes at address 1fffffff000 (errno: 12)
FAIL: c-c++-common/asan/pr61530.c -O2 -flto -fno-use-linker-plugin -flto-partition=none output pattern test, is ==20459==ERROR: AddressSanitizer failed to allocate 0x4000001000 (274877911040) bytes at address 1fffffff000 (errno: 12)
FAIL: c-c++-common/asan/pr61530.c -O2 -flto -fuse-linker-plugin -fno-fat-lto-objects output pattern test, is ==20528==ERROR: AddressSanitizer failed to allocate 0x4000001000 (274877911040) bytes at address 1fffffff000 (errno: 12)
FAIL: c-c++-common/asan/pr61530.c -O3 -g output pattern test, is ==20337==ERROR: AddressSanitizer failed to allocate 0x4000001000 (274877911040) bytes at address 1fffffff000 (errno: 12)
FAIL: c-c++-common/asan/pr61530.c -Os output pattern test, is ==20374==ERROR: AddressSanitizer failed to allocate 0x4000001000 (274877911040) bytes at address 1fffffff000 (errno: 12)
FAIL: c-c++-common/asan/pr62089.c -O0 output pattern test, is ==20578==ERROR: AddressSanitizer failed to allocate 0x4000001000 (274877911040) bytes at address 1fffffff000 (errno: 12)
FAIL: c-c++-common/asan/pr62089.c -O1 output pattern test, is ==20626==ERROR: AddressSanitizer failed to allocate 0x4000001000 (274877911040) bytes at address 1fffffff000 (errno: 12)
FAIL: c-c++-common/asan/pr62089.c -O2 output pattern test, is ==20674==ERROR: AddressSanitizer failed to allocate 0x4000001000 (274877911040) bytes at address 1fffffff000 (errno: 12)
FAIL: c-c++-common/asan/pr62089.c -O2 -flto -fno-use-linker-plugin -flto-partition=none output pattern test, is ==20829==ERROR: AddressSanitizer failed to allocate 0x4000001000 (274877911040) bytes at address 1fffffff000 (errno: 12)
FAIL: c-c++-common/asan/pr62089.c -O2 -flto -fuse-linker-plugin -fno-fat-lto-objects output pattern test, is ==20874==ERROR: AddressSanitizer failed to allocate 0x4000001000 (274877911040) bytes at address 1fffffff000 (errno: 12)
FAIL: c-c++-common/asan/pr62089.c -O3 -g output pattern test, is ==20717==ERROR: AddressSanitizer failed to allocate 0x4000001000 (274877911040) bytes at address 1fffffff000 (errno: 12)
FAIL: c-c++-common/asan/pr62089.c -Os output pattern test, is ==20749==ERROR: AddressSanitizer failed to allocate 0x4000001000 (274877911040) bytes at address 1fffffff000 (errno: 12)
FAIL: c-c++-common/asan/pr63316.c -O0 execution test
FAIL: c-c++-common/asan/pr63316.c -O1 execution test
FAIL: c-c++-common/asan/pr63316.c -O2 execution test
FAIL: c-c++-common/asan/pr63316.c -O2 -flto -fno-use-linker-plugin -flto-partition=none execution test
FAIL: c-c++-common/asan/pr63316.c -O2 -flto -fuse-linker-plugin -fno-fat-lto-objects execution test
FAIL: c-c++-common/asan/pr63316.c -O3 -g execution test
FAIL: c-c++-common/asan/pr63316.c -Os execution test
FAIL: c-c++-common/asan/pr63888.c -O0 execution test
FAIL: c-c++-common/asan/pr63888.c -O1 execution test
FAIL: c-c++-common/asan/pr63888.c -O2 execution test
FAIL: c-c++-common/asan/pr63888.c -O2 -flto -fno-use-linker-plugin -flto-partition=none execution test
FAIL: c-c++-common/asan/pr63888.c -O2 -flto -fuse-linker-plugin -fno-fat-lto-objects execution test
FAIL: c-c++-common/asan/pr63888.c -O3 -g execution test
FAIL: c-c++-common/asan/pr63888.c -Os execution test
FAIL: c-c++-common/asan/rlimit-mmap-test-1.c -O0 output pattern test, is ==22339==ERROR: AddressSanitizer failed to allocate 0x4000001000 (274877911040) bytes at address 1fffffff000 (errno: 12)
FAIL: c-c++-common/asan/sanity-check-pure-c-1.c -O0 output pattern test, is ==22496==ERROR: AddressSanitizer failed to allocate 0x4000001000 (274877911040) bytes at address 1fffffff000 (errno: 12)
FAIL: c-c++-common/asan/sanity-check-pure-c-1.c -O1 output pattern test, is ==22544==ERROR: AddressSanitizer failed to allocate 0x4000001000 (274877911040) bytes at address 1fffffff000 (errno: 12)
FAIL: c-c++-common/asan/sanity-check-pure-c-1.c -O2 output pattern test, is ==22592==ERROR: AddressSanitizer failed to allocate 0x4000001000 (274877911040) bytes at address 1fffffff000 (errno: 12)
FAIL: c-c++-common/asan/sanity-check-pure-c-1.c -O2 -flto -fno-use-linker-plugin -flto-partition=none output pattern test, is ==22784==ERROR: AddressSanitizer failed to allocate 0x4000001000 (274877911040) bytes at address 1fffffff000 (errno: 12)
FAIL: c-c++-common/asan/sanity-check-pure-c-1.c -O2 -flto -fuse-linker-plugin -fno-fat-lto-objects output pattern test, is ==22839==ERROR: AddressSanitizer failed to allocate 0x4000001000 (274877911040) bytes at address 1fffffff000 (errno: 12)
FAIL: c-c++-common/asan/sanity-check-pure-c-1.c -O3 -g output pattern test, is ==22640==ERROR: AddressSanitizer failed to allocate 0x4000001000 (274877911040) bytes at address 1fffffff000 (errno: 12)
FAIL: c-c++-common/asan/sanity-check-pure-c-1.c -Os output pattern test, is ==22688==ERROR: AddressSanitizer failed to allocate 0x4000001000 (274877911040) bytes at address 1fffffff000 (errno: 12)
FAIL: c-c++-common/asan/sleep-before-dying-1.c -O2 output pattern test, is ==22969==ERROR: AddressSanitizer failed to allocate 0x4000001000 (274877911040) bytes at address 1fffffff000 (errno: 12)
FAIL: c-c++-common/asan/sleep-before-dying-1.c -O2 -flto -fno-use-linker-plugin -flto-partition=none output pattern test, is ==23054==ERROR: AddressSanitizer failed to allocate 0x4000001000 (274877911040) bytes at address 1fffffff000 (errno: 12)
FAIL: c-c++-common/asan/sleep-before-dying-1.c -O2 -flto -fuse-linker-plugin -fno-fat-lto-objects output pattern test, is ==23124==ERROR: AddressSanitizer failed to allocate 0x4000001000 (274877911040) bytes at address 1fffffff000 (errno: 12)
FAIL: c-c++-common/asan/stack-overflow-1.c -O0 output pattern test, is ==23172==ERROR: AddressSanitizer failed to allocate 0x4000001000 (274877911040) bytes at address 1fffffff000 (errno: 12)
FAIL: c-c++-common/asan/stack-overflow-1.c -O1 output pattern test, is ==23221==ERROR: AddressSanitizer failed to allocate 0x4000001000 (274877911040) bytes at address 1fffffff000 (errno: 12)
FAIL: c-c++-common/asan/stack-overflow-1.c -O2 output pattern test, is ==23269==ERROR: AddressSanitizer failed to allocate 0x4000001000 (274877911040) bytes at address 1fffffff000 (errno: 12)
FAIL: c-c++-common/asan/stack-overflow-1.c -O2 -flto -fno-use-linker-plugin -flto-partition=none output pattern test, is ==23426==ERROR: AddressSanitizer failed to allocate 0x4000001000 (274877911040) bytes at address 1fffffff000 (errno: 12)
FAIL: c-c++-common/asan/stack-overflow-1.c -O2 -flto -fuse-linker-plugin -fno-fat-lto-objects output pattern test, is ==23472==ERROR: AddressSanitizer failed to allocate 0x4000001000 (274877911040) bytes at address 1fffffff000 (errno: 12)
FAIL: c-c++-common/asan/stack-overflow-1.c -O3 -g output pattern test, is ==23312==ERROR: AddressSanitizer failed to allocate 0x4000001000 (274877911040) bytes at address 1fffffff000 (errno: 12)
FAIL: c-c++-common/asan/stack-overflow-1.c -Os output pattern test, is ==23345==ERROR: AddressSanitizer failed to allocate 0x4000001000 (274877911040) bytes at address 1fffffff000 (errno: 12)
FAIL: c-c++-common/asan/strip-path-prefix-1.c -O2 output pattern test, is ==23511==ERROR: AddressSanitizer failed to allocate 0x4000001000 (274877911040) bytes at address 1fffffff000 (errno: 12)
FAIL: c-c++-common/asan/strip-path-prefix-1.c -O2 -flto -fno-use-linker-plugin -flto-partition=none output pattern test, is ==23614==ERROR: AddressSanitizer failed to allocate 0x4000001000 (274877911040) bytes at address 1fffffff000 (errno: 12)
FAIL: c-c++-common/asan/strip-path-prefix-1.c -O2 -flto -fuse-linker-plugin -fno-fat-lto-objects output pattern test, is ==23683==ERROR: AddressSanitizer failed to allocate 0x4000001000 (274877911040) bytes at address 1fffffff000 (errno: 12)
FAIL: c-c++-common/asan/strlen-overflow-1.c -O0 output pattern test, is ==23731==ERROR: AddressSanitizer failed to allocate 0x4000001000 (274877911040) bytes at address 1fffffff000 (errno: 12)
FAIL: c-c++-common/asan/strlen-overflow-1.c -O1 output pattern test, is ==23776==ERROR: AddressSanitizer failed to allocate 0x4000001000 (274877911040) bytes at address 1fffffff000 (errno: 12)
FAIL: c-c++-common/asan/strlen-overflow-1.c -O2 output pattern test, is ==23822==ERROR: AddressSanitizer failed to allocate 0x4000001000 (274877911040) bytes at address 1fffffff000 (errno: 12)
FAIL: c-c++-common/asan/strlen-overflow-1.c -O3 -g output pattern test, is ==23859==ERROR: AddressSanitizer failed to allocate 0x4000001000 (274877911040) bytes at address 1fffffff000 (errno: 12)
FAIL: c-c++-common/asan/strlen-overflow-1.c -Os output pattern test, is ==23907==ERROR: AddressSanitizer failed to allocate 0x4000001000 (274877911040) bytes at address 1fffffff000 (errno: 12)
FAIL: c-c++-common/asan/strncpy-overflow-1.c -O0 output pattern test, is ==23950==ERROR: AddressSanitizer failed to allocate 0x4000001000 (274877911040) bytes at address 1fffffff000 (errno: 12)
FAIL: c-c++-common/asan/strncpy-overflow-1.c -O1 output pattern test, is ==23998==ERROR: AddressSanitizer failed to allocate 0x4000001000 (274877911040) bytes at address 1fffffff000 (errno: 12)
FAIL: c-c++-common/asan/strncpy-overflow-1.c -O2 output pattern test, is ==24046==ERROR: AddressSanitizer failed to allocate 0x4000001000 (274877911040) bytes at address 1fffffff000 (errno: 12)
FAIL: c-c++-common/asan/strncpy-overflow-1.c -O2 -flto -fno-use-linker-plugin -flto-partition=none output pattern test, is ==24241==ERROR: AddressSanitizer failed to allocate 0x4000001000 (274877911040) bytes at address 1fffffff000 (errno: 12)
FAIL: c-c++-common/asan/strncpy-overflow-1.c -O2 -flto -fuse-linker-plugin -fno-fat-lto-objects output pattern test, is ==24291==ERROR: AddressSanitizer failed to allocate 0x4000001000 (274877911040) bytes at address 1fffffff000 (errno: 12)
FAIL: c-c++-common/asan/strncpy-overflow-1.c -O3 -g output pattern test, is ==24094==ERROR: AddressSanitizer failed to allocate 0x4000001000 (274877911040) bytes at address 1fffffff000 (errno: 12)
FAIL: c-c++-common/asan/strncpy-overflow-1.c -Os output pattern test, is ==24143==ERROR: AddressSanitizer failed to allocate 0x4000001000 (274877911040) bytes at address 1fffffff000 (errno: 12)
FAIL: c-c++-common/asan/swapcontext-test-1.c -O0 execution test
FAIL: c-c++-common/asan/swapcontext-test-1.c -O1 execution test
FAIL: c-c++-common/asan/swapcontext-test-1.c -O2 execution test
FAIL: c-c++-common/asan/swapcontext-test-1.c -O2 -flto -fno-use-linker-plugin -flto-partition=none execution test
FAIL: c-c++-common/asan/swapcontext-test-1.c -O2 -flto -fuse-linker-plugin -fno-fat-lto-objects execution test
FAIL: c-c++-common/asan/swapcontext-test-1.c -O3 -fomit-frame-pointer -funroll-loops -fpeel-loops -ftracer -finline-functions execution test
FAIL: c-c++-common/asan/swapcontext-test-1.c -O3 -g execution test
FAIL: c-c++-common/asan/swapcontext-test-1.c -Os execution test
FAIL: c-c++-common/asan/use-after-free-1.c -O0 output pattern test, is ==24845==ERROR: AddressSanitizer failed to allocate 0x4000001000 (274877911040) bytes at address 1fffffff000 (errno: 12)
FAIL: c-c++-common/asan/use-after-free-1.c -O1 output pattern test, is ==24900==ERROR: AddressSanitizer failed to allocate 0x4000001000 (274877911040) bytes at address 1fffffff000 (errno: 12)
FAIL: c-c++-common/asan/use-after-free-1.c -O2 output pattern test, is ==24950==ERROR: AddressSanitizer failed to allocate 0x4000001000 (274877911040) bytes at address 1fffffff000 (errno: 12)
FAIL: c-c++-common/asan/use-after-free-1.c -O2 -flto -fno-use-linker-plugin -flto-partition=none output pattern test, is ==25134==ERROR: AddressSanitizer failed to allocate 0x4000001000 (274877911040) bytes at address 1fffffff000 (errno: 12)
FAIL: c-c++-common/asan/use-after-free-1.c -O2 -flto -fuse-linker-plugin -fno-fat-lto-objects output pattern test, is ==25186==ERROR: AddressSanitizer failed to allocate 0x4000001000 (274877911040) bytes at address 1fffffff000 (errno: 12)
FAIL: c-c++-common/asan/use-after-free-1.c -O3 -g output pattern test, is ==25001==ERROR: AddressSanitizer failed to allocate 0x4000001000 (274877911040) bytes at address 1fffffff000 (errno: 12)
FAIL: c-c++-common/asan/use-after-free-1.c -Os output pattern test, is ==25049==ERROR: AddressSanitizer failed to allocate 0x4000001000 (274877911040) bytes at address 1fffffff000 (errno: 12)
FAIL: c-c++-common/asan/use-after-return-1.c -O0 output pattern test, is ==25225==ERROR: AddressSanitizer failed to allocate 0x4000001000 (274877911040) bytes at address 1fffffff000 (errno: 12)
FAIL: c-c++-common/asan/use-after-return-1.c -O1 output pattern test, is ==25264==ERROR: AddressSanitizer failed to allocate 0x4000001000 (274877911040) bytes at address 1fffffff000 (errno: 12)
FAIL: c-c++-common/asan/use-after-return-1.c -O2 output pattern test, is ==25311==ERROR: AddressSanitizer failed to allocate 0x4000001000 (274877911040) bytes at address 1fffffff000 (errno: 12)
FAIL: c-c++-common/asan/use-after-return-1.c -O2 -flto -fno-use-linker-plugin -flto-partition=none output pattern test, is ==25527==ERROR: AddressSanitizer failed to allocate 0x4000001000 (274877911040) bytes at address 1fffffff000 (errno: 12)
FAIL: c-c++-common/asan/use-after-return-1.c -O2 -flto -fuse-linker-plugin -fno-fat-lto-objects output pattern test, is ==25596==ERROR: AddressSanitizer failed to allocate 0x4000001000 (274877911040) bytes at address 1fffffff000 (errno: 12)
FAIL: c-c++-common/asan/use-after-return-1.c -O3 -g output pattern test, is ==25365==ERROR: AddressSanitizer failed to allocate 0x4000001000 (274877911040) bytes at address 1fffffff000 (errno: 12)
FAIL: c-c++-common/asan/use-after-return-1.c -Os output pattern test, is ==25415==ERROR: AddressSanitizer failed to allocate 0x4000001000 (274877911040) bytes at address 1fffffff000 (errno: 12)
FAIL: g++.dg/asan/deep-stack-uaf-1.C -O0 output pattern test, is ==25957==ERROR: AddressSanitizer failed to allocate 0x4000001000 (274877911040) bytes at address 1fffffff000 (errno: 12)
FAIL: g++.dg/asan/deep-stack-uaf-1.C -O1 output pattern test, is ==26056==ERROR: AddressSanitizer failed to allocate 0x4000001000 (274877911040) bytes at address 1fffffff000 (errno: 12)
FAIL: g++.dg/asan/deep-stack-uaf-1.C -O2 output pattern test, is ==26170==ERROR: AddressSanitizer failed to allocate 0x4000001000 (274877911040) bytes at address 1fffffff000 (errno: 12)
FAIL: g++.dg/asan/deep-stack-uaf-1.C -O3 -g output pattern test, is ==26291==ERROR: AddressSanitizer failed to allocate 0x4000001000 (274877911040) bytes at address 1fffffff000 (errno: 12)
FAIL: g++.dg/asan/deep-stack-uaf-1.C -Os output pattern test, is ==26400==ERROR: AddressSanitizer failed to allocate 0x4000001000 (274877911040) bytes at address 1fffffff000 (errno: 12)
FAIL: g++.dg/asan/deep-tail-call-1.C -O0 output pattern test, is ==26452==ERROR: AddressSanitizer failed to allocate 0x4000001000 (274877911040) bytes at address 1fffffff000 (errno: 12)
FAIL: g++.dg/asan/deep-tail-call-1.C -O1 output pattern test, is ==26502==ERROR: AddressSanitizer failed to allocate 0x4000001000 (274877911040) bytes at address 1fffffff000 (errno: 12)
FAIL: g++.dg/asan/deep-tail-call-1.C -O2 output pattern test, is ==26553==ERROR: AddressSanitizer failed to allocate 0x4000001000 (274877911040) bytes at address 1fffffff000 (errno: 12)
FAIL: g++.dg/asan/deep-tail-call-1.C -O2 -flto -fno-use-linker-plugin -flto-partition=none output pattern test, is ==26752==ERROR: AddressSanitizer failed to allocate 0x4000001000 (274877911040) bytes at address 1fffffff000 (errno: 12)
FAIL: g++.dg/asan/deep-tail-call-1.C -O2 -flto -fuse-linker-plugin -fno-fat-lto-objects output pattern test, is ==26805==ERROR: AddressSanitizer failed to allocate 0x4000001000 (274877911040) bytes at address 1fffffff000 (errno: 12)
FAIL: g++.dg/asan/deep-tail-call-1.C -O3 -g output pattern test, is ==26603==ERROR: AddressSanitizer failed to allocate 0x4000001000 (274877911040) bytes at address 1fffffff000 (errno: 12)
FAIL: g++.dg/asan/deep-tail-call-1.C -Os output pattern test, is ==26654==ERROR: AddressSanitizer failed to allocate 0x4000001000 (274877911040) bytes at address 1fffffff000 (errno: 12)
FAIL: g++.dg/asan/deep-thread-stack-1.C -O0 output pattern test, is ==26859==ERROR: AddressSanitizer failed to allocate 0x4000001000 (274877911040) bytes at address 1fffffff000 (errno: 12)
FAIL: g++.dg/asan/deep-thread-stack-1.C -O1 output pattern test, is ==26894==ERROR: AddressSanitizer failed to allocate 0x4000001000 (274877911040) bytes at address 1fffffff000 (errno: 12)
FAIL: g++.dg/asan/deep-thread-stack-1.C -O2 output pattern test, is ==26931==ERROR: AddressSanitizer failed to allocate 0x4000001000 (274877911040) bytes at address 1fffffff000 (errno: 12)
FAIL: g++.dg/asan/deep-thread-stack-1.C -O2 -flto -fno-use-linker-plugin -flto-partition=none output pattern test, is ==27128==ERROR: AddressSanitizer failed to allocate 0x4000001000 (274877911040) bytes at address 1fffffff000 (errno: 12)
FAIL: g++.dg/asan/deep-thread-stack-1.C -O2 -flto -fuse-linker-plugin -fno-fat-lto-objects output pattern test, is ==27194==ERROR: AddressSanitizer failed to allocate 0x4000001000 (274877911040) bytes at address 1fffffff000 (errno: 12)
FAIL: g++.dg/asan/deep-thread-stack-1.C -O3 -g output pattern test, is ==26974==ERROR: AddressSanitizer failed to allocate 0x4000001000 (274877911040) bytes at address 1fffffff000 (errno: 12)
FAIL: g++.dg/asan/deep-thread-stack-1.C -Os output pattern test, is ==27020==ERROR: AddressSanitizer failed to allocate 0x4000001000 (274877911040) bytes at address 1fffffff000 (errno: 12)
FAIL: g++.dg/asan/default-options-1.C -O0 execution test
FAIL: g++.dg/asan/default-options-1.C -O1 execution test
FAIL: g++.dg/asan/default-options-1.C -O2 execution test
FAIL: g++.dg/asan/default-options-1.C -O2 -flto -fno-use-linker-plugin -flto-partition=none execution test
FAIL: g++.dg/asan/default-options-1.C -O2 -flto -fuse-linker-plugin -fno-fat-lto-objects execution test
FAIL: g++.dg/asan/default-options-1.C -O3 -g execution test
FAIL: g++.dg/asan/default-options-1.C -Os execution test
FAIL: g++.dg/asan/interception-failure-test-1.C -O0 execution test
FAIL: g++.dg/asan/interception-failure-test-1.C -O1 execution test
FAIL: g++.dg/asan/interception-failure-test-1.C -O2 execution test
FAIL: g++.dg/asan/interception-failure-test-1.C -O2 -flto -fno-use-linker-plugin -flto-partition=none execution test
FAIL: g++.dg/asan/interception-failure-test-1.C -O2 -flto -fuse-linker-plugin -fno-fat-lto-objects execution test
FAIL: g++.dg/asan/interception-failure-test-1.C -O3 -g execution test
FAIL: g++.dg/asan/interception-failure-test-1.C -Os execution test
FAIL: g++.dg/asan/interception-malloc-test-1.C -O0 output pattern test, is ==28073==ERROR: AddressSanitizer failed to allocate 0x4000001000 (274877911040) bytes at address 1fffffff000 (errno: 12)
FAIL: g++.dg/asan/interception-malloc-test-1.C -O1 output pattern test, is ==28131==ERROR: AddressSanitizer failed to allocate 0x4000001000 (274877911040) bytes at address 1fffffff000 (errno: 12)
FAIL: g++.dg/asan/interception-malloc-test-1.C -O2 output pattern test, is ==28183==ERROR: AddressSanitizer failed to allocate 0x4000001000 (274877911040) bytes at address 1fffffff000 (errno: 12)
FAIL: g++.dg/asan/interception-malloc-test-1.C -O2 -flto -fno-use-linker-plugin -flto-partition=none output pattern test, is ==28388==ERROR: AddressSanitizer failed to allocate 0x4000001000 (274877911040) bytes at address 1fffffff000 (errno: 12)
FAIL: g++.dg/asan/interception-malloc-test-1.C -O2 -flto -fuse-linker-plugin -fno-fat-lto-objects output pattern test, is ==28454==ERROR: AddressSanitizer failed to allocate 0x4000001000 (274877911040) bytes at address 1fffffff000 (errno: 12)
FAIL: g++.dg/asan/interception-malloc-test-1.C -O3 -g output pattern test, is ==28233==ERROR: AddressSanitizer failed to allocate 0x4000001000 (274877911040) bytes at address 1fffffff000 (errno: 12)
FAIL: g++.dg/asan/interception-malloc-test-1.C -Os output pattern test, is ==28287==ERROR: AddressSanitizer failed to allocate 0x4000001000 (274877911040) bytes at address 1fffffff000 (errno: 12)
FAIL: g++.dg/asan/interception-test-1.C -O0 output pattern test, is ==28503==ERROR: AddressSanitizer failed to allocate 0x4000001000 (274877911040) bytes at address 1fffffff000 (errno: 12)
FAIL: g++.dg/asan/interception-test-1.C -O1 output pattern test, is ==28551==ERROR: AddressSanitizer failed to allocate 0x4000001000 (274877911040) bytes at address 1fffffff000 (errno: 12)
FAIL: g++.dg/asan/interception-test-1.C -O2 output pattern test, is ==28609==ERROR: AddressSanitizer failed to allocate 0x4000001000 (274877911040) bytes at address 1fffffff000 (errno: 12)
FAIL: g++.dg/asan/interception-test-1.C -O2 -flto -fno-use-linker-plugin -flto-partition=none output pattern test, is ==28812==ERROR: AddressSanitizer failed to allocate 0x4000001000 (274877911040) bytes at address 1fffffff000 (errno: 12)
FAIL: g++.dg/asan/interception-test-1.C -O2 -flto -fuse-linker-plugin -fno-fat-lto-objects output pattern test, is ==28883==ERROR: AddressSanitizer failed to allocate 0x4000001000 (274877911040) bytes at address 1fffffff000 (errno: 12)
FAIL: g++.dg/asan/interception-test-1.C -O3 -g output pattern test, is ==28662==ERROR: AddressSanitizer failed to allocate 0x4000001000 (274877911040) bytes at address 1fffffff000 (errno: 12)
FAIL: g++.dg/asan/interception-test-1.C -Os output pattern test, is ==28711==ERROR: AddressSanitizer failed to allocate 0x4000001000 (274877911040) bytes at address 1fffffff000 (errno: 12)
FAIL: g++.dg/asan/large-func-test-1.C -O0 output pattern test, is ==28931==ERROR: AddressSanitizer failed to allocate 0x4000001000 (274877911040) bytes at address 1fffffff000 (errno: 12)
FAIL: g++.dg/asan/large-func-test-1.C -O1 output pattern test, is ==28979==ERROR: AddressSanitizer failed to allocate 0x4000001000 (274877911040) bytes at address 1fffffff000 (errno: 12)
FAIL: g++.dg/asan/large-func-test-1.C -O2 output pattern test, is ==29038==ERROR: AddressSanitizer failed to allocate 0x4000001000 (274877911040) bytes at address 1fffffff000 (errno: 12)
FAIL: g++.dg/asan/large-func-test-1.C -O2 -flto -fno-use-linker-plugin -flto-partition=none output pattern test, is ==29263==ERROR: AddressSanitizer failed to allocate 0x4000001000 (274877911040) bytes at address 1fffffff000 (errno: 12)
FAIL: g++.dg/asan/large-func-test-1.C -O2 -flto -fuse-linker-plugin -fno-fat-lto-objects output pattern test, is ==29337==ERROR: AddressSanitizer failed to allocate 0x4000001000 (274877911040) bytes at address 1fffffff000 (errno: 12)
FAIL: g++.dg/asan/large-func-test-1.C -O3 -g output pattern test, is ==29091==ERROR: AddressSanitizer failed to allocate 0x4000001000 (274877911040) bytes at address 1fffffff000 (errno: 12)
FAIL: g++.dg/asan/large-func-test-1.C -Os output pattern test, is ==29149==ERROR: AddressSanitizer failed to allocate 0x4000001000 (274877911040) bytes at address 1fffffff000 (errno: 12)
FAIL: g++.dg/asan/pr55617.C -O0 execution test
FAIL: g++.dg/asan/pr55617.C -O1 execution test
FAIL: g++.dg/asan/pr55617.C -O2 execution test
FAIL: g++.dg/asan/pr55617.C -O2 -flto -fno-use-linker-plugin -flto-partition=none execution test
FAIL: g++.dg/asan/pr55617.C -O2 -flto -fuse-linker-plugin -fno-fat-lto-objects execution test
FAIL: g++.dg/asan/pr55617.C -O3 -g execution test
FAIL: g++.dg/asan/pr55617.C -Os execution test
FAIL: g++.dg/asan/pr62017.C -O0 execution test
FAIL: g++.dg/asan/pr62017.C -O1 execution test
FAIL: g++.dg/asan/pr62017.C -O2 execution test
FAIL: g++.dg/asan/pr62017.C -O2 -flto -fno-use-linker-plugin -flto-partition=none execution test
FAIL: g++.dg/asan/pr62017.C -O2 -flto -fuse-linker-plugin -fno-fat-lto-objects execution test
FAIL: g++.dg/asan/pr62017.C -O3 -g execution test
FAIL: g++.dg/asan/pr62017.C -Os execution test
FAIL: g++.dg/cpp0x/nsdmi-template14.C -std=c++11 (test for errors, line 4)
FAIL: g++.dg/cpp0x/nsdmi-template14.C -std=c++11 (test for errors, line 6)
FAIL: g++.dg/cpp0x/nsdmi-template14.C -std=c++14 (test for errors, line 4)
FAIL: g++.dg/cpp0x/nsdmi-template14.C -std=c++14 (test for errors, line 6)
XPASS: g++.dg/tls/thread_local-order2.C -std=c++11 execution test
XPASS: g++.dg/tls/thread_local-order2.C -std=c++14 execution test
FAIL: c-c++-common/ubsan/float-cast-overflow-8.c -O2 output pattern test, is ../../../../libsanitizer/ubsan/ubsan_handlers.cc:300: runtime error: value 0 is outside the range of representable values of type 'signed char'
FAIL: c-c++-common/ubsan/float-cast-overflow-8.c -O2 -flto -fno-use-linker-plugin -flto-partition=none output pattern test, is ../../../../libsanitizer/ubsan/ubsan_handlers.cc:300: runtime error: value 0 is outside the range of representable values of type 'signed char'
FAIL: c-c++-common/ubsan/float-cast-overflow-8.c -O2 -flto -fuse-linker-plugin -fno-fat-lto-objects output pattern test, is ../../../../libsanitizer/ubsan/ubsan_handlers.cc:300: runtime error: value 0 is outside the range of representable values of type 'signed char'
FAIL: g++.dg/vect/pr36648.cc -std=c++11 scan-tree-dump-times vect "vectorized 1 loops" 1
FAIL: g++.dg/vect/pr36648.cc -std=c++11 scan-tree-dump-times vect "vectorizing stmts using SLP" 1
FAIL: g++.dg/vect/pr36648.cc -std=c++14 scan-tree-dump-times vect "vectorized 1 loops" 1
FAIL: g++.dg/vect/pr36648.cc -std=c++14 scan-tree-dump-times vect "vectorizing stmts using SLP" 1
FAIL: g++.dg/vect/pr36648.cc -std=c++98 scan-tree-dump-times vect "vectorized 1 loops" 1
FAIL: g++.dg/vect/pr36648.cc -std=c++98 scan-tree-dump-times vect "vectorizing stmts using SLP" 1
=== g++ Summary for unix/-m64 ===
# of expected passes 89379
# of unexpected failures 270
# of unexpected successes 2
# of expected failures 331
# of unsupported tests 3689
=== g++ Summary ===
# of expected passes 177086
# of unexpected failures 315
# of unexpected successes 4
# of expected failures 662
# of unsupported tests 7420
/daten/gcc/gcc-20150801/Build/gcc/testsuite/g++/../../xg++ version 6.0.0 20150801 (experimental) [trunk revision 226462] (GCC)
=== gcc tests ===
Running target unix/-m32
FAIL: c-c++-common/asan/heap-overflow-1.c -O1 output pattern test, is =================================================================
FAIL: c-c++-common/asan/heap-overflow-1.c -O2 output pattern test, is =================================================================
FAIL: c-c++-common/asan/heap-overflow-1.c -O2 -flto -fno-use-linker-plugin -flto-partition=none output pattern test, is =================================================================
FAIL: c-c++-common/asan/heap-overflow-1.c -O2 -flto -fuse-linker-plugin -fno-fat-lto-objects output pattern test, is =================================================================
FAIL: c-c++-common/asan/heap-overflow-1.c -O3 -g output pattern test, is =================================================================
FAIL: c-c++-common/asan/heap-overflow-1.c -Os output pattern test, is =================================================================
FAIL: c-c++-common/asan/misalign-1.c -O0 output pattern test, is =================================================================
FAIL: c-c++-common/asan/misalign-1.c -O1 output pattern test, is =================================================================
FAIL: c-c++-common/asan/misalign-1.c -O2 output pattern test, is =================================================================
FAIL: c-c++-common/asan/misalign-1.c -O2 -flto -fno-use-linker-plugin -flto-partition=none output pattern test, is =================================================================
FAIL: c-c++-common/asan/misalign-1.c -O2 -flto -fuse-linker-plugin -fno-fat-lto-objects output pattern test, is =================================================================
FAIL: c-c++-common/asan/misalign-1.c -O3 -g output pattern test, is =================================================================
FAIL: c-c++-common/asan/misalign-1.c -Os output pattern test, is =================================================================
FAIL: c-c++-common/asan/misalign-2.c -O0 output pattern test, is =================================================================
FAIL: c-c++-common/asan/misalign-2.c -O1 output pattern test, is =================================================================
FAIL: c-c++-common/asan/misalign-2.c -O2 output pattern test, is =================================================================
FAIL: c-c++-common/asan/misalign-2.c -O2 -flto -fno-use-linker-plugin -flto-partition=none output pattern test, is =================================================================
FAIL: c-c++-common/asan/misalign-2.c -O2 -flto -fuse-linker-plugin -fno-fat-lto-objects output pattern test, is =================================================================
FAIL: c-c++-common/asan/misalign-2.c -O3 -g output pattern test, is =================================================================
FAIL: c-c++-common/asan/misalign-2.c -Os output pattern test, is =================================================================
FAIL: c-c++-common/asan/null-deref-1.c -O0 output pattern test, is ASAN:SIGSEGV
FAIL: c-c++-common/asan/null-deref-1.c -O1 output pattern test, is ASAN:SIGSEGV
FAIL: c-c++-common/asan/null-deref-1.c -O2 output pattern test, is ASAN:SIGSEGV
FAIL: c-c++-common/asan/null-deref-1.c -O2 -flto -fno-use-linker-plugin -flto-partition=none output pattern test, is ASAN:SIGSEGV
FAIL: c-c++-common/asan/null-deref-1.c -O2 -flto -fuse-linker-plugin -fno-fat-lto-objects output pattern test, is ASAN:SIGSEGV
FAIL: c-c++-common/asan/null-deref-1.c -O3 -g output pattern test, is ASAN:SIGSEGV
FAIL: c-c++-common/asan/null-deref-1.c -Os output pattern test, is ASAN:SIGSEGV
FAIL: c-c++-common/asan/sanity-check-pure-c-1.c -O1 output pattern test, is =================================================================
FAIL: c-c++-common/asan/sanity-check-pure-c-1.c -O2 output pattern test, is =================================================================
FAIL: c-c++-common/asan/sanity-check-pure-c-1.c -O2 -flto -fno-use-linker-plugin -flto-partition=none output pattern test, is =================================================================
FAIL: c-c++-common/asan/sanity-check-pure-c-1.c -O2 -flto -fuse-linker-plugin -fno-fat-lto-objects output pattern test, is =================================================================
FAIL: c-c++-common/asan/sanity-check-pure-c-1.c -O3 -g output pattern test, is =================================================================
FAIL: c-c++-common/asan/sanity-check-pure-c-1.c -Os output pattern test, is =================================================================
FAIL: c-c++-common/asan/strncpy-overflow-1.c -O1 output pattern test, is =================================================================
FAIL: c-c++-common/asan/strncpy-overflow-1.c -O2 output pattern test, is =================================================================
FAIL: c-c++-common/asan/strncpy-overflow-1.c -O2 -flto -fno-use-linker-plugin -flto-partition=none output pattern test, is =================================================================
FAIL: c-c++-common/asan/strncpy-overflow-1.c -O2 -flto -fuse-linker-plugin -fno-fat-lto-objects output pattern test, is =================================================================
FAIL: c-c++-common/asan/strncpy-overflow-1.c -O3 -g output pattern test, is =================================================================
FAIL: c-c++-common/asan/strncpy-overflow-1.c -Os output pattern test, is =================================================================
FAIL: c-c++-common/asan/use-after-free-1.c -O1 output pattern test, is =================================================================
FAIL: c-c++-common/asan/use-after-free-1.c -O2 output pattern test, is =================================================================
FAIL: c-c++-common/asan/use-after-free-1.c -O2 -flto -fno-use-linker-plugin -flto-partition=none output pattern test, is =================================================================
FAIL: c-c++-common/asan/use-after-free-1.c -O2 -flto -fuse-linker-plugin -fno-fat-lto-objects output pattern test, is =================================================================
FAIL: c-c++-common/asan/use-after-free-1.c -O3 -g output pattern test, is =================================================================
FAIL: c-c++-common/asan/use-after-free-1.c -Os output pattern test, is =================================================================
FAIL: gcc.dg/debug/dwarf2/stacked-qualified-types-3.c scan-assembler-times DIE \\\\([^\\n]*\\\\) DW_TAG_(?:const|volatile|atomic|restrict)_type 8
FAIL: gcc.dg/sms-8.c scan-rtl-dump-times sms "SMS succeeded" 0
XPASS: gcc.dg/graphite/vect-pr43423.c scan-tree-dump-times vect "vectorized 2 loops" 1
XPASS: gcc.dg/guality/example.c -O0 execution test
XPASS: gcc.dg/guality/example.c -O1 execution test
XPASS: gcc.dg/guality/example.c -O2 execution test
XPASS: gcc.dg/guality/example.c -O2 -flto -fno-use-linker-plugin -flto-partition=none execution test
XPASS: gcc.dg/guality/guality.c -O0 execution test
XPASS: gcc.dg/guality/guality.c -O1 execution test
XPASS: gcc.dg/guality/guality.c -O2 execution test
XPASS: gcc.dg/guality/guality.c -O2 -flto -fno-use-linker-plugin -flto-partition=none execution test
XPASS: gcc.dg/guality/guality.c -O2 -flto -fuse-linker-plugin -fno-fat-lto-objects execution test
XPASS: gcc.dg/guality/guality.c -O3 -g execution test
XPASS: gcc.dg/guality/guality.c -Os execution test
XPASS: gcc.dg/guality/inline-params.c -O2 execution test
XPASS: gcc.dg/guality/inline-params.c -O2 -flto -fno-use-linker-plugin -flto-partition=none execution test
XPASS: gcc.dg/guality/inline-params.c -O3 -g execution test
XPASS: gcc.dg/guality/inline-params.c -Os execution test
FAIL: gcc.dg/guality/pr36728-2.c -Os line 18 y == 2
XPASS: gcc.dg/guality/pr41353-1.c -O0 line 28 j == 28 + 37
FAIL: gcc.dg/guality/pr41404-1.c -O2 -flto -fuse-linker-plugin -fno-fat-lto-objects line 10 *foo == 'f'
FAIL: gcc.dg/guality/pr41404-1.c -O2 -flto -fuse-linker-plugin -fno-fat-lto-objects line 14 *foo == 'b'
FAIL: gcc.dg/guality/pr41404-1.c -O2 -flto -fuse-linker-plugin -fno-fat-lto-objects line 24 *foo == 'f'
FAIL: gcc.dg/guality/pr41616-1.c -O2 -flto -fuse-linker-plugin -fno-fat-lto-objects execution test
FAIL: gcc.dg/guality/pr43051-1.c -O1 line 34 c == &a[0]
FAIL: gcc.dg/guality/pr43051-1.c -O3 -fomit-frame-pointer -funroll-loops -fpeel-loops -ftracer -finline-functions line 34 c == &a[0]
FAIL: gcc.dg/guality/pr43479.c -O1 line 13 h == 9
FAIL: gcc.dg/guality/pr43479.c -O1 line 18 h == 9
FAIL: gcc.dg/guality/pr43479.c -O2 line 13 h == 9
FAIL: gcc.dg/guality/pr43479.c -O2 line 18 h == 9
FAIL: gcc.dg/guality/pr43479.c -O2 -flto -fno-use-linker-plugin -flto-partition=none line 13 h == 9
FAIL: gcc.dg/guality/pr43479.c -O2 -flto -fno-use-linker-plugin -flto-partition=none line 18 h == 9
FAIL: gcc.dg/guality/pr43479.c -O2 -flto -fuse-linker-plugin -fno-fat-lto-objects line 13 h == 9
FAIL: gcc.dg/guality/pr43479.c -O2 -flto -fuse-linker-plugin -fno-fat-lto-objects line 18 h == 9
FAIL: gcc.dg/guality/pr43479.c -O3 -g line 13 h == 9
FAIL: gcc.dg/guality/pr43479.c -O3 -g line 18 h == 9
FAIL: gcc.dg/guality/pr43479.c -Os line 13 h == 9
FAIL: gcc.dg/guality/pr43479.c -Os line 18 h == 9
FAIL: gcc.dg/guality/pr45882.c -O2 -flto -fuse-linker-plugin -fno-fat-lto-objects line 16 d == 112
FAIL: gcc.dg/guality/pr45882.c -O2 -flto -fuse-linker-plugin -fno-fat-lto-objects line 16 e == 142
FAIL: gcc.dg/guality/pr54200.c -O1 line 20 z == 3
FAIL: gcc.dg/guality/pr54200.c -O2 line 20 z == 3
FAIL: gcc.dg/guality/pr54200.c -O2 -flto -fno-use-linker-plugin -flto-partition=none line 20 z == 3
FAIL: gcc.dg/guality/pr54200.c -O2 -flto -fuse-linker-plugin -fno-fat-lto-objects line 20 z == 3
FAIL: gcc.dg/guality/pr54200.c -O3 -g line 20 z == 3
FAIL: gcc.dg/guality/pr54200.c -Os line 20 z == 3
FAIL: gcc.dg/guality/pr54519-1.c -O2 -flto -fno-use-linker-plugin -flto-partition=none line 20 y == 25
FAIL: gcc.dg/guality/pr54519-1.c -O2 -flto -fno-use-linker-plugin -flto-partition=none line 20 z == 6
FAIL: gcc.dg/guality/pr54519-1.c -O2 -flto -fno-use-linker-plugin -flto-partition=none line 23 y == 117
FAIL: gcc.dg/guality/pr54519-1.c -O2 -flto -fno-use-linker-plugin -flto-partition=none line 23 z == 8
FAIL: gcc.dg/guality/pr54519-2.c -O2 -flto -fno-use-linker-plugin -flto-partition=none line 17 y == 25
FAIL: gcc.dg/guality/pr54519-2.c -O2 -flto -fuse-linker-plugin -fno-fat-lto-objects line 17 y == 25
FAIL: gcc.dg/guality/pr54519-3.c -O2 -flto -fno-use-linker-plugin -flto-partition=none line 20 y == 25
FAIL: gcc.dg/guality/pr54519-3.c -O2 -flto -fno-use-linker-plugin -flto-partition=none line 20 z == 6
FAIL: gcc.dg/guality/pr54519-3.c -O2 -flto -fno-use-linker-plugin -flto-partition=none line 23 y == 117
FAIL: gcc.dg/guality/pr54519-3.c -O2 -flto -fno-use-linker-plugin -flto-partition=none line 23 z == 8
FAIL: gcc.dg/guality/pr54519-3.c -O2 -flto -fuse-linker-plugin -fno-fat-lto-objects line 20 y == 25
FAIL: gcc.dg/guality/pr54519-3.c -O2 -flto -fuse-linker-plugin -fno-fat-lto-objects line 20 z == 6
FAIL: gcc.dg/guality/pr54519-3.c -O2 -flto -fuse-linker-plugin -fno-fat-lto-objects line 23 y == 117
FAIL: gcc.dg/guality/pr54519-3.c -O2 -flto -fuse-linker-plugin -fno-fat-lto-objects line 23 z == 8
FAIL: gcc.dg/guality/pr54519-4.c -O2 -flto -fno-use-linker-plugin -flto-partition=none line 17 y == 25
FAIL: gcc.dg/guality/pr54519-4.c -O2 -flto -fuse-linker-plugin -fno-fat-lto-objects line 17 y == 25
FAIL: gcc.dg/guality/pr54519-5.c -O2 -flto -fno-use-linker-plugin -flto-partition=none line 17 y == 25
FAIL: gcc.dg/guality/pr54519-5.c -O2 -flto -fuse-linker-plugin -fno-fat-lto-objects line 17 y == 25
FAIL: gcc.dg/guality/pr54693-2.c -Os line 21 y == 20 - 2 * i
FAIL: gcc.dg/guality/pr54693-2.c -Os line 21 z == 30 - 3 * i
FAIL: gcc.dg/guality/pr54970.c -O1 line 15 a[0] == 1
FAIL: gcc.dg/guality/pr54970.c -O1 line 20 a[0] == 1
FAIL: gcc.dg/guality/pr54970.c -O1 line 25 a[0] == 1
FAIL: gcc.dg/guality/pr54970.c -O1 line 31 a[0] == 4
FAIL: gcc.dg/guality/pr54970.c -O1 line 36 a[0] == 4
FAIL: gcc.dg/guality/pr54970.c -O1 line 45 a[0] == 4
FAIL: gcc.dg/guality/pr54970.c -O1 line 45 p[-2] == 4
FAIL: gcc.dg/guality/pr54970.c -O1 line 45 q[-1] == 4
FAIL: gcc.dg/guality/pr54970.c -O2 line 15 a[0] == 1
FAIL: gcc.dg/guality/pr54970.c -O2 line 20 a[0] == 1
FAIL: gcc.dg/guality/pr54970.c -O2 line 25 a[0] == 1
FAIL: gcc.dg/guality/pr54970.c -O2 line 31 a[0] == 4
FAIL: gcc.dg/guality/pr54970.c -O2 line 36 a[0] == 4
FAIL: gcc.dg/guality/pr54970.c -O2 line 45 a[0] == 4
FAIL: gcc.dg/guality/pr54970.c -O2 line 45 p[-2] == 4
FAIL: gcc.dg/guality/pr54970.c -O2 line 45 q[-1] == 4
FAIL: gcc.dg/guality/pr54970.c -O2 -flto -fno-use-linker-plugin -flto-partition=none line 15 a[0] == 1
FAIL: gcc.dg/guality/pr54970.c -O2 -flto -fno-use-linker-plugin -flto-partition=none line 20 a[0] == 1
FAIL: gcc.dg/guality/pr54970.c -O2 -flto -fno-use-linker-plugin -flto-partition=none line 25 a[0] == 1
FAIL: gcc.dg/guality/pr54970.c -O2 -flto -fno-use-linker-plugin -flto-partition=none line 31 a[0] == 4
FAIL: gcc.dg/guality/pr54970.c -O2 -flto -fno-use-linker-plugin -flto-partition=none line 36 a[0] == 4
FAIL: gcc.dg/guality/pr54970.c -O2 -flto -fno-use-linker-plugin -flto-partition=none line 45 a[0] == 4
FAIL: gcc.dg/guality/pr54970.c -O2 -flto -fno-use-linker-plugin -flto-partition=none line 45 p[-2] == 4
FAIL: gcc.dg/guality/pr54970.c -O2 -flto -fno-use-linker-plugin -flto-partition=none line 45 q[-1] == 4
FAIL: gcc.dg/guality/pr54970.c -O2 -flto -fuse-linker-plugin -fno-fat-lto-objects line 15 a[0] == 1
FAIL: gcc.dg/guality/pr54970.c -O2 -flto -fuse-linker-plugin -fno-fat-lto-objects line 20 a[0] == 1
FAIL: gcc.dg/guality/pr54970.c -O2 -flto -fuse-linker-plugin -fno-fat-lto-objects line 25 a[0] == 1
FAIL: gcc.dg/guality/pr54970.c -O2 -flto -fuse-linker-plugin -fno-fat-lto-objects line 31 a[0] == 4
FAIL: gcc.dg/guality/pr54970.c -O2 -flto -fuse-linker-plugin -fno-fat-lto-objects line 36 a[0] == 4
FAIL: gcc.dg/guality/pr54970.c -O2 -flto -fuse-linker-plugin -fno-fat-lto-objects line 45 a[0] == 4
FAIL: gcc.dg/guality/pr54970.c -O2 -flto -fuse-linker-plugin -fno-fat-lto-objects line 45 p[-2] == 4
FAIL: gcc.dg/guality/pr54970.c -O2 -flto -fuse-linker-plugin -fno-fat-lto-objects line 45 q[-1] == 4
FAIL: gcc.dg/guality/pr54970.c -O3 -g line 15 a[0] == 1
FAIL: gcc.dg/guality/pr54970.c -O3 -g line 20 a[0] == 1
FAIL: gcc.dg/guality/pr54970.c -O3 -g line 25 a[0] == 1
FAIL: gcc.dg/guality/pr54970.c -O3 -g line 31 a[0] == 4
FAIL: gcc.dg/guality/pr54970.c -O3 -g line 36 a[0] == 4
FAIL: gcc.dg/guality/pr54970.c -O3 -g line 45 a[0] == 4
FAIL: gcc.dg/guality/pr54970.c -O3 -g line 45 p[-2] == 4
FAIL: gcc.dg/guality/pr54970.c -O3 -g line 45 q[-1] == 4
FAIL: gcc.dg/guality/pr54970.c -Os line 15 a[0] == 1
FAIL: gcc.dg/guality/pr54970.c -Os line 20 a[0] == 1
FAIL: gcc.dg/guality/pr54970.c -Os line 25 a[0] == 1
FAIL: gcc.dg/guality/pr54970.c -Os line 31 a[0] == 4
FAIL: gcc.dg/guality/pr54970.c -Os line 36 a[0] == 4
FAIL: gcc.dg/guality/pr54970.c -Os line 45 a[0] == 4
FAIL: gcc.dg/guality/pr54970.c -Os line 45 p[-2] == 4
FAIL: gcc.dg/guality/pr54970.c -Os line 45 q[-1] == 4
FAIL: gcc.dg/guality/sra-1.c -O1 line 43 a.j == 14
FAIL: gcc.dg/guality/sra-1.c -O2 line 43 a.j == 14
FAIL: gcc.dg/guality/sra-1.c -O2 -flto -fno-use-linker-plugin -flto-partition=none line 43 a.j == 14
FAIL: gcc.dg/guality/sra-1.c -O2 -flto -fuse-linker-plugin -fno-fat-lto-objects line 43 a.j == 14
FAIL: gcc.dg/guality/sra-1.c -O3 -g line 43 a.j == 14
FAIL: gcc.dg/guality/sra-1.c -Os line 43 a.i == 4
FAIL: gcc.dg/guality/sra-1.c -Os line 43 a.j == 14
FAIL: gcc.dg/guality/vla-1.c -O1 line 17 sizeof (a) == 6
FAIL: gcc.dg/guality/vla-1.c -O2 line 17 sizeof (a) == 6
FAIL: gcc.dg/guality/vla-1.c -O2 -flto -fno-use-linker-plugin -flto-partition=none line 17 sizeof (a) == 6
FAIL: gcc.dg/guality/vla-1.c -O2 -flto -fuse-linker-plugin -fno-fat-lto-objects line 17 sizeof (a) == 6
FAIL: gcc.dg/guality/vla-1.c -O3 -g line 17 sizeof (a) == 6
FAIL: gcc.dg/guality/vla-1.c -Os line 17 sizeof (a) == 6
FAIL: gcc.dg/ipa/iinline-attr.c scan-ipa-dump inline "hooray[^\\\\n]*inline copy in test"
FAIL: gcc.dg/tree-ssa/ivopts-lt-2.c scan-tree-dump-times ivopts "PHI <p_" 1
FAIL: gcc.dg/tree-ssa/ivopts-lt-2.c scan-tree-dump-times ivopts "PHI" 1
FAIL: gcc.dg/tree-ssa/ivopts-lt-2.c scan-tree-dump-times ivopts "p_[0-9]* <" 1
FAIL: gcc.dg/tree-ssa/sra-12.c scan-tree-dump-times release_ssa "l;" 0
FAIL: gcc.dg/vect/costmodel/ppc/costmodel-vect-31a.c scan-tree-dump-times vect "vectorization not profitable" 1
FAIL: gcc.dg/vect/costmodel/ppc/costmodel-vect-33.c scan-tree-dump-times vect "vectorization not profitable" 1
XPASS: gcc.dg/vect/no-scevccp-outer-11.c scan-tree-dump-times vect "OUTER LOOP VECTORIZED." 1
FAIL: gcc.dg/vect/no-vfa-vect-depend-2.c scan-tree-dump-times vect "vectorized 1 loops" 1
FAIL: gcc.dg/vect/no-vfa-vect-depend-3.c scan-tree-dump-times vect "vectorized 1 loops" 4
FAIL: gcc.dg/vect/slp-multitypes-4.c -flto -ffat-lto-objects scan-tree-dump-times vect "vectorized 1 loops" 1
FAIL: gcc.dg/vect/slp-multitypes-4.c -flto -ffat-lto-objects scan-tree-dump-times vect "vectorizing stmts using SLP" 1
FAIL: gcc.dg/vect/slp-multitypes-4.c scan-tree-dump-times vect "vectorized 1 loops" 1
FAIL: gcc.dg/vect/slp-multitypes-4.c scan-tree-dump-times vect "vectorizing stmts using SLP" 1
FAIL: gcc.dg/vect/slp-multitypes-5.c -flto -ffat-lto-objects scan-tree-dump-times vect "vectorized 1 loops" 1
FAIL: gcc.dg/vect/slp-multitypes-5.c -flto -ffat-lto-objects scan-tree-dump-times vect "vectorizing stmts using SLP" 1
FAIL: gcc.dg/vect/slp-multitypes-5.c scan-tree-dump-times vect "vectorized 1 loops" 1
FAIL: gcc.dg/vect/slp-multitypes-5.c scan-tree-dump-times vect "vectorizing stmts using SLP" 1
FAIL: gcc.dg/vect/vect-125.c -flto -ffat-lto-objects scan-tree-dump vect "vectorized 1 loops"
FAIL: gcc.dg/vect/vect-125.c scan-tree-dump vect "vectorized 1 loops"
FAIL: gcc.dg/vect/vect-31.c -flto -ffat-lto-objects scan-tree-dump-times vect "vectorized 4 loops" 1
FAIL: gcc.dg/vect/vect-31.c scan-tree-dump-times vect "vectorized 4 loops" 1
FAIL: gcc.dg/vmx/extract-vsx-be-order.c -O0 execution test
FAIL: gcc.dg/vmx/extract-vsx-be-order.c -O1 execution test
FAIL: gcc.dg/vmx/extract-vsx-be-order.c -O2 execution test
FAIL: gcc.dg/vmx/extract-vsx-be-order.c -O2 -flto -fno-use-linker-plugin -flto-partition=none execution test
FAIL: gcc.dg/vmx/extract-vsx-be-order.c -O2 -flto -fuse-linker-plugin -fno-fat-lto-objects execution test
FAIL: gcc.dg/vmx/extract-vsx-be-order.c -O3 -g execution test
FAIL: gcc.dg/vmx/extract-vsx-be-order.c -Os execution test
FAIL: gcc.dg/vmx/extract-vsx.c -O0 execution test
FAIL: gcc.dg/vmx/extract-vsx.c -O1 execution test
FAIL: gcc.dg/vmx/extract-vsx.c -O2 execution test
FAIL: gcc.dg/vmx/extract-vsx.c -O2 -flto -fno-use-linker-plugin -flto-partition=none execution test
FAIL: gcc.dg/vmx/extract-vsx.c -O2 -flto -fuse-linker-plugin -fno-fat-lto-objects execution test
FAIL: gcc.dg/vmx/extract-vsx.c -O3 -g execution test
FAIL: gcc.dg/vmx/extract-vsx.c -Os execution test
FAIL: gcc.dg/vmx/insert-vsx-be-order.c -O0 execution test
FAIL: gcc.dg/vmx/insert-vsx-be-order.c -O1 execution test
FAIL: gcc.dg/vmx/insert-vsx-be-order.c -O2 execution test
FAIL: gcc.dg/vmx/insert-vsx-be-order.c -O2 -flto -fno-use-linker-plugin -flto-partition=none execution test
FAIL: gcc.dg/vmx/insert-vsx-be-order.c -O2 -flto -fuse-linker-plugin -fno-fat-lto-objects execution test
FAIL: gcc.dg/vmx/insert-vsx-be-order.c -O3 -g execution test
FAIL: gcc.dg/vmx/insert-vsx-be-order.c -Os execution test
FAIL: gcc.dg/vmx/insert-vsx.c -O0 execution test
FAIL: gcc.dg/vmx/insert-vsx.c -O1 execution test
FAIL: gcc.dg/vmx/insert-vsx.c -O2 execution test
FAIL: gcc.dg/vmx/insert-vsx.c -O2 -flto -fno-use-linker-plugin -flto-partition=none execution test
FAIL: gcc.dg/vmx/insert-vsx.c -O2 -flto -fuse-linker-plugin -fno-fat-lto-objects execution test
FAIL: gcc.dg/vmx/insert-vsx.c -O3 -g execution test
FAIL: gcc.dg/vmx/insert-vsx.c -Os execution test
FAIL: gcc.dg/vmx/ld-vsx-be-order.c -O0 execution test
FAIL: gcc.dg/vmx/ld-vsx-be-order.c -O1 execution test
FAIL: gcc.dg/vmx/ld-vsx-be-order.c -O2 execution test
FAIL: gcc.dg/vmx/ld-vsx-be-order.c -O2 -flto -fno-use-linker-plugin -flto-partition=none execution test
FAIL: gcc.dg/vmx/ld-vsx-be-order.c -O2 -flto -fuse-linker-plugin -fno-fat-lto-objects execution test
FAIL: gcc.dg/vmx/ld-vsx-be-order.c -O3 -fomit-frame-pointer -funroll-loops -fpeel-loops -ftracer -finline-functions execution test
FAIL: gcc.dg/vmx/ld-vsx-be-order.c -O3 -g execution test
FAIL: gcc.dg/vmx/ld-vsx-be-order.c -Os execution test
FAIL: gcc.dg/vmx/ld-vsx.c -O0 execution test
FAIL: gcc.dg/vmx/ld-vsx.c -O1 execution test
FAIL: gcc.dg/vmx/ld-vsx.c -O2 execution test
FAIL: gcc.dg/vmx/ld-vsx.c -O2 -flto -fno-use-linker-plugin -flto-partition=none execution test
FAIL: gcc.dg/vmx/ld-vsx.c -O2 -flto -fuse-linker-plugin -fno-fat-lto-objects execution test
FAIL: gcc.dg/vmx/ld-vsx.c -O3 -fomit-frame-pointer -funroll-loops -fpeel-loops -ftracer -finline-functions execution test
FAIL: gcc.dg/vmx/ld-vsx.c -O3 -g execution test
FAIL: gcc.dg/vmx/ld-vsx.c -Os execution test
FAIL: gcc.dg/vmx/ldl-vsx-be-order.c -O0 execution test
FAIL: gcc.dg/vmx/ldl-vsx-be-order.c -O1 execution test
FAIL: gcc.dg/vmx/ldl-vsx-be-order.c -O2 execution test
FAIL: gcc.dg/vmx/ldl-vsx-be-order.c -O2 -flto -fno-use-linker-plugin -flto-partition=none execution test
FAIL: gcc.dg/vmx/ldl-vsx-be-order.c -O2 -flto -fuse-linker-plugin -fno-fat-lto-objects execution test
FAIL: gcc.dg/vmx/ldl-vsx-be-order.c -O3 -fomit-frame-pointer -funroll-loops -fpeel-loops -ftracer -finline-functions execution test
FAIL: gcc.dg/vmx/ldl-vsx-be-order.c -O3 -g execution test
FAIL: gcc.dg/vmx/ldl-vsx-be-order.c -Os execution test
FAIL: gcc.dg/vmx/ldl-vsx.c -O0 execution test
FAIL: gcc.dg/vmx/ldl-vsx.c -O1 execution test
FAIL: gcc.dg/vmx/ldl-vsx.c -O2 execution test
FAIL: gcc.dg/vmx/ldl-vsx.c -O2 -flto -fno-use-linker-plugin -flto-partition=none execution test
FAIL: gcc.dg/vmx/ldl-vsx.c -O2 -flto -fuse-linker-plugin -fno-fat-lto-objects execution test
FAIL: gcc.dg/vmx/ldl-vsx.c -O3 -fomit-frame-pointer -funroll-loops -fpeel-loops -ftracer -finline-functions execution test
FAIL: gcc.dg/vmx/ldl-vsx.c -O3 -g execution test
FAIL: gcc.dg/vmx/ldl-vsx.c -Os execution test
FAIL: gcc.dg/vmx/merge-vsx-be-order.c -O0 execution test
FAIL: gcc.dg/vmx/merge-vsx-be-order.c -O1 execution test
FAIL: gcc.dg/vmx/merge-vsx-be-order.c -O2 execution test
FAIL: gcc.dg/vmx/merge-vsx-be-order.c -O2 -flto -fno-use-linker-plugin -flto-partition=none execution test
FAIL: gcc.dg/vmx/merge-vsx-be-order.c -O2 -flto -fuse-linker-plugin -fno-fat-lto-objects execution test
FAIL: gcc.dg/vmx/merge-vsx-be-order.c -O3 -g execution test
FAIL: gcc.dg/vmx/merge-vsx-be-order.c -Os execution test
FAIL: gcc.dg/vmx/merge-vsx.c -O0 execution test
FAIL: gcc.dg/vmx/merge-vsx.c -O1 execution test
FAIL: gcc.dg/vmx/merge-vsx.c -O2 execution test
FAIL: gcc.dg/vmx/merge-vsx.c -O2 -flto -fno-use-linker-plugin -flto-partition=none execution test
FAIL: gcc.dg/vmx/merge-vsx.c -O2 -flto -fuse-linker-plugin -fno-fat-lto-objects execution test
FAIL: gcc.dg/vmx/merge-vsx.c -O3 -g execution test
FAIL: gcc.dg/vmx/merge-vsx.c -Os execution test
FAIL: gcc.dg/vmx/splat-vsx-be-order.c -O0 execution test
FAIL: gcc.dg/vmx/splat-vsx-be-order.c -O1 execution test
FAIL: gcc.dg/vmx/splat-vsx-be-order.c -O2 execution test
FAIL: gcc.dg/vmx/splat-vsx-be-order.c -O2 -flto -fno-use-linker-plugin -flto-partition=none execution test
FAIL: gcc.dg/vmx/splat-vsx-be-order.c -O2 -flto -fuse-linker-plugin -fno-fat-lto-objects execution test
FAIL: gcc.dg/vmx/splat-vsx-be-order.c -O3 -g execution test
FAIL: gcc.dg/vmx/splat-vsx-be-order.c -Os execution test
FAIL: gcc.dg/vmx/splat-vsx.c -O0 execution test
FAIL: gcc.dg/vmx/splat-vsx.c -O1 execution test
FAIL: gcc.dg/vmx/splat-vsx.c -O2 execution test
FAIL: gcc.dg/vmx/splat-vsx.c -O2 -flto -fno-use-linker-plugin -flto-partition=none execution test
FAIL: gcc.dg/vmx/splat-vsx.c -O2 -flto -fuse-linker-plugin -fno-fat-lto-objects execution test
FAIL: gcc.dg/vmx/splat-vsx.c -O3 -g execution test
FAIL: gcc.dg/vmx/splat-vsx.c -Os execution test
FAIL: gcc.dg/vmx/st-vsx-be-order.c -O0 execution test
FAIL: gcc.dg/vmx/st-vsx-be-order.c -O1 execution test
FAIL: gcc.dg/vmx/st-vsx-be-order.c -O2 execution test
FAIL: gcc.dg/vmx/st-vsx-be-order.c -O2 -flto -fno-use-linker-plugin -flto-partition=none execution test
FAIL: gcc.dg/vmx/st-vsx-be-order.c -O2 -flto -fuse-linker-plugin -fno-fat-lto-objects execution test
FAIL: gcc.dg/vmx/st-vsx-be-order.c -O3 -fomit-frame-pointer -funroll-loops -fpeel-loops -ftracer -finline-functions execution test
FAIL: gcc.dg/vmx/st-vsx-be-order.c -O3 -g execution test
FAIL: gcc.dg/vmx/st-vsx-be-order.c -Os execution test
FAIL: gcc.dg/vmx/st-vsx.c -O0 execution test
FAIL: gcc.dg/vmx/st-vsx.c -O1 execution test
FAIL: gcc.dg/vmx/st-vsx.c -O2 execution test
FAIL: gcc.dg/vmx/st-vsx.c -O2 -flto -fno-use-linker-plugin -flto-partition=none execution test
FAIL: gcc.dg/vmx/st-vsx.c -O2 -flto -fuse-linker-plugin -fno-fat-lto-objects execution test
FAIL: gcc.dg/vmx/st-vsx.c -O3 -fomit-frame-pointer -funroll-loops -fpeel-loops -ftracer -finline-functions execution test
FAIL: gcc.dg/vmx/st-vsx.c -O3 -g execution test
FAIL: gcc.dg/vmx/st-vsx.c -Os execution test
FAIL: gcc.dg/vmx/stl-vsx-be-order.c -O0 execution test
FAIL: gcc.dg/vmx/stl-vsx-be-order.c -O1 execution test
FAIL: gcc.dg/vmx/stl-vsx-be-order.c -O2 execution test
FAIL: gcc.dg/vmx/stl-vsx-be-order.c -O2 -flto -fno-use-linker-plugin -flto-partition=none execution test
FAIL: gcc.dg/vmx/stl-vsx-be-order.c -O2 -flto -fuse-linker-plugin -fno-fat-lto-objects execution test
FAIL: gcc.dg/vmx/stl-vsx-be-order.c -O3 -fomit-frame-pointer -funroll-loops -fpeel-loops -ftracer -finline-functions execution test
FAIL: gcc.dg/vmx/stl-vsx-be-order.c -O3 -g execution test
FAIL: gcc.dg/vmx/stl-vsx-be-order.c -Os execution test
FAIL: gcc.dg/vmx/stl-vsx.c -O0 execution test
FAIL: gcc.dg/vmx/stl-vsx.c -O1 execution test
FAIL: gcc.dg/vmx/stl-vsx.c -O2 execution test
FAIL: gcc.dg/vmx/stl-vsx.c -O2 -flto -fno-use-linker-plugin -flto-partition=none execution test
FAIL: gcc.dg/vmx/stl-vsx.c -O2 -flto -fuse-linker-plugin -fno-fat-lto-objects execution test
FAIL: gcc.dg/vmx/stl-vsx.c -O3 -fomit-frame-pointer -funroll-loops -fpeel-loops -ftracer -finline-functions execution test
FAIL: gcc.dg/vmx/stl-vsx.c -O3 -g execution test
FAIL: gcc.dg/vmx/stl-vsx.c -Os execution test
FAIL: gcc.target/powerpc/vec-cmp-sel.c (test for excess errors)
UNRESOLVED: gcc.target/powerpc/vec-cmp-sel.c scan-assembler vcmpgtsd
UNRESOLVED: gcc.target/powerpc/vec-cmp-sel.c scan-assembler-not xxlnor
=== gcc Summary for unix/-m32 ===
# of expected passes 93450
# of unexpected failures 297
# of unexpected successes 18
# of expected failures 260
# of unresolved testcases 2
# of unsupported tests 2140
Running target unix/-m64
FAIL: c-c++-common/asan/asan-interface-1.c -O0 execution test
FAIL: c-c++-common/asan/asan-interface-1.c -O1 execution test
FAIL: c-c++-common/asan/asan-interface-1.c -O2 execution test
FAIL: c-c++-common/asan/asan-interface-1.c -O2 -flto -fno-use-linker-plugin -flto-partition=none execution test
FAIL: c-c++-common/asan/asan-interface-1.c -O2 -flto -fuse-linker-plugin -fno-fat-lto-objects execution test
FAIL: c-c++-common/asan/asan-interface-1.c -O3 -g execution test
FAIL: c-c++-common/asan/asan-interface-1.c -Os execution test
FAIL: c-c++-common/asan/bitfield-1.c -O0 output pattern test, is ==25646==ERROR: AddressSanitizer failed to allocate 0x4000001000 (274877911040) bytes at address 1fffffff000 (errno: 12)
FAIL: c-c++-common/asan/bitfield-1.c -O1 output pattern test, is ==25662==ERROR: AddressSanitizer failed to allocate 0x4000001000 (274877911040) bytes at address 1fffffff000 (errno: 12)
FAIL: c-c++-common/asan/bitfield-1.c -O2 output pattern test, is ==25678==ERROR: AddressSanitizer failed to allocate 0x4000001000 (274877911040) bytes at address 1fffffff000 (errno: 12)
FAIL: c-c++-common/asan/bitfield-1.c -O2 -flto -fno-use-linker-plugin -flto-partition=none output pattern test, is ==25747==ERROR: AddressSanitizer failed to allocate 0x4000001000 (274877911040) bytes at address 1fffffff000 (errno: 12)
FAIL: c-c++-common/asan/bitfield-1.c -O2 -flto -fuse-linker-plugin -fno-fat-lto-objects output pattern test, is ==25770==ERROR: AddressSanitizer failed to allocate 0x4000001000 (274877911040) bytes at address 1fffffff000 (errno: 12)
FAIL: c-c++-common/asan/bitfield-1.c -O3 -g output pattern test, is ==25694==ERROR: AddressSanitizer failed to allocate 0x4000001000 (274877911040) bytes at address 1fffffff000 (errno: 12)
FAIL: c-c++-common/asan/bitfield-1.c -Os output pattern test, is ==25710==ERROR: AddressSanitizer failed to allocate 0x4000001000 (274877911040) bytes at address 1fffffff000 (errno: 12)
FAIL: c-c++-common/asan/bitfield-2.c -O0 output pattern test, is ==25786==ERROR: AddressSanitizer failed to allocate 0x4000001000 (274877911040) bytes at address 1fffffff000 (errno: 12)
FAIL: c-c++-common/asan/bitfield-2.c -O1 output pattern test, is ==25802==ERROR: AddressSanitizer failed to allocate 0x4000001000 (274877911040) bytes at address 1fffffff000 (errno: 12)
FAIL: c-c++-common/asan/bitfield-2.c -O2 output pattern test, is ==25818==ERROR: AddressSanitizer failed to allocate 0x4000001000 (274877911040) bytes at address 1fffffff000 (errno: 12)
FAIL: c-c++-common/asan/bitfield-2.c -O2 -flto -fno-use-linker-plugin -flto-partition=none output pattern test, is ==25887==ERROR: AddressSanitizer failed to allocate 0x4000001000 (274877911040) bytes at address 1fffffff000 (errno: 12)
FAIL: c-c++-common/asan/bitfield-2.c -O2 -flto -fuse-linker-plugin -fno-fat-lto-objects output pattern test, is ==25910==ERROR: AddressSanitizer failed to allocate 0x4000001000 (274877911040) bytes at address 1fffffff000 (errno: 12)
FAIL: c-c++-common/asan/bitfield-2.c -O3 -g output pattern test, is ==25834==ERROR: AddressSanitizer failed to allocate 0x4000001000 (274877911040) bytes at address 1fffffff000 (errno: 12)
FAIL: c-c++-common/asan/bitfield-2.c -Os output pattern test, is ==25850==ERROR: AddressSanitizer failed to allocate 0x4000001000 (274877911040) bytes at address 1fffffff000 (errno: 12)
FAIL: c-c++-common/asan/bitfield-3.c -O0 output pattern test, is ==25926==ERROR: AddressSanitizer failed to allocate 0x4000001000 (274877911040) bytes at address 1fffffff000 (errno: 12)
FAIL: c-c++-common/asan/bitfield-3.c -O1 output pattern test, is ==25942==ERROR: AddressSanitizer failed to allocate 0x4000001000 (274877911040) bytes at address 1fffffff000 (errno: 12)
FAIL: c-c++-common/asan/bitfield-3.c -O2 output pattern test, is ==25958==ERROR: AddressSanitizer failed to allocate 0x4000001000 (274877911040) bytes at address 1fffffff000 (errno: 12)
FAIL: c-c++-common/asan/bitfield-3.c -O2 -flto -fno-use-linker-plugin -flto-partition=none output pattern test, is ==26027==ERROR: AddressSanitizer failed to allocate 0x4000001000 (274877911040) bytes at address 1fffffff000 (errno: 12)
FAIL: c-c++-common/asan/bitfield-3.c -O2 -flto -fuse-linker-plugin -fno-fat-lto-objects output pattern test, is ==26050==ERROR: AddressSanitizer failed to allocate 0x4000001000 (274877911040) bytes at address 1fffffff000 (errno: 12)
FAIL: c-c++-common/asan/bitfield-3.c -O3 -g output pattern test, is ==25974==ERROR: AddressSanitizer failed to allocate 0x4000001000 (274877911040) bytes at address 1fffffff000 (errno: 12)
FAIL: c-c++-common/asan/bitfield-3.c -Os output pattern test, is ==25990==ERROR: AddressSanitizer failed to allocate 0x4000001000 (274877911040) bytes at address 1fffffff000 (errno: 12)
FAIL: c-c++-common/asan/bitfield-4.c -O0 output pattern test, is ==26066==ERROR: AddressSanitizer failed to allocate 0x4000001000 (274877911040) bytes at address 1fffffff000 (errno: 12)
FAIL: c-c++-common/asan/bitfield-4.c -O1 output pattern test, is ==26082==ERROR: AddressSanitizer failed to allocate 0x4000001000 (274877911040) bytes at address 1fffffff000 (errno: 12)
FAIL: c-c++-common/asan/bitfield-4.c -O2 output pattern test, is ==26098==ERROR: AddressSanitizer failed to allocate 0x4000001000 (274877911040) bytes at address 1fffffff000 (errno: 12)
FAIL: c-c++-common/asan/bitfield-4.c -O2 -flto -fno-use-linker-plugin -flto-partition=none output pattern test, is ==26167==ERROR: AddressSanitizer failed to allocate 0x4000001000 (274877911040) bytes at address 1fffffff000 (errno: 12)
FAIL: c-c++-common/asan/bitfield-4.c -O2 -flto -fuse-linker-plugin -fno-fat-lto-objects output pattern test, is ==26192==ERROR: AddressSanitizer failed to allocate 0x4000001000 (274877911040) bytes at address 1fffffff000 (errno: 12)
FAIL: c-c++-common/asan/bitfield-4.c -O3 -g output pattern test, is ==26114==ERROR: AddressSanitizer failed to allocate 0x4000001000 (274877911040) bytes at address 1fffffff000 (errno: 12)
FAIL: c-c++-common/asan/bitfield-4.c -Os output pattern test, is ==26130==ERROR: AddressSanitizer failed to allocate 0x4000001000 (274877911040) bytes at address 1fffffff000 (errno: 12)
FAIL: c-c++-common/asan/bitfield-5.c -O0 output pattern test, is ==26208==ERROR: AddressSanitizer failed to allocate 0x4000001000 (274877911040) bytes at address 1fffffff000 (errno: 12)
FAIL: c-c++-common/asan/bitfield-5.c -O1 output pattern test, is ==26236==ERROR: AddressSanitizer failed to allocate 0x4000001000 (274877911040) bytes at address 1fffffff000 (errno: 12)
FAIL: c-c++-common/asan/bitfield-5.c -O2 output pattern test, is ==26252==ERROR: AddressSanitizer failed to allocate 0x4000001000 (274877911040) bytes at address 1fffffff000 (errno: 12)
FAIL: c-c++-common/asan/bitfield-5.c -O2 -flto -fno-use-linker-plugin -flto-partition=none output pattern test, is ==26321==ERROR: AddressSanitizer failed to allocate 0x4000001000 (274877911040) bytes at address 1fffffff000 (errno: 12)
FAIL: c-c++-common/asan/bitfield-5.c -O2 -flto -fuse-linker-plugin -fno-fat-lto-objects output pattern test, is ==26344==ERROR: AddressSanitizer failed to allocate 0x4000001000 (274877911040) bytes at address 1fffffff000 (errno: 12)
FAIL: c-c++-common/asan/bitfield-5.c -O3 -g output pattern test, is ==26268==ERROR: AddressSanitizer failed to allocate 0x4000001000 (274877911040) bytes at address 1fffffff000 (errno: 12)
FAIL: c-c++-common/asan/bitfield-5.c -Os output pattern test, is ==26284==ERROR: AddressSanitizer failed to allocate 0x4000001000 (274877911040) bytes at address 1fffffff000 (errno: 12)
FAIL: c-c++-common/asan/clone-test-1.c -O0 execution test
FAIL: c-c++-common/asan/clone-test-1.c -O1 execution test
FAIL: c-c++-common/asan/clone-test-1.c -O2 execution test
FAIL: c-c++-common/asan/clone-test-1.c -O2 -flto -fno-use-linker-plugin -flto-partition=none execution test
FAIL: c-c++-common/asan/clone-test-1.c -O2 -flto -fuse-linker-plugin -fno-fat-lto-objects execution test
FAIL: c-c++-common/asan/clone-test-1.c -O3 -fomit-frame-pointer -funroll-loops -fpeel-loops -ftracer -finline-functions execution test
FAIL: c-c++-common/asan/clone-test-1.c -O3 -g execution test
FAIL: c-c++-common/asan/clone-test-1.c -Os execution test
FAIL: c-c++-common/asan/global-overflow-1.c -O0 output pattern test, is ==26577==ERROR: AddressSanitizer failed to allocate 0x4000001000 (274877911040) bytes at address 1fffffff000 (errno: 12)
FAIL: c-c++-common/asan/global-overflow-1.c -O1 output pattern test, is ==26593==ERROR: AddressSanitizer failed to allocate 0x4000001000 (274877911040) bytes at address 1fffffff000 (errno: 12)
FAIL: c-c++-common/asan/global-overflow-1.c -O2 output pattern test, is ==26609==ERROR: AddressSanitizer failed to allocate 0x4000001000 (274877911040) bytes at address 1fffffff000 (errno: 12)
FAIL: c-c++-common/asan/global-overflow-1.c -O2 -flto -fno-use-linker-plugin -flto-partition=none output pattern test, is ==26678==ERROR: AddressSanitizer failed to allocate 0x4000001000 (274877911040) bytes at address 1fffffff000 (errno: 12)
FAIL: c-c++-common/asan/global-overflow-1.c -O2 -flto -fuse-linker-plugin -fno-fat-lto-objects output pattern test, is ==26703==ERROR: AddressSanitizer failed to allocate 0x4000001000 (274877911040) bytes at address 1fffffff000 (errno: 12)
FAIL: c-c++-common/asan/global-overflow-1.c -O3 -g output pattern test, is ==26625==ERROR: AddressSanitizer failed to allocate 0x4000001000 (274877911040) bytes at address 1fffffff000 (errno: 12)
FAIL: c-c++-common/asan/global-overflow-1.c -Os output pattern test, is ==26641==ERROR: AddressSanitizer failed to allocate 0x4000001000 (274877911040) bytes at address 1fffffff000 (errno: 12)
FAIL: c-c++-common/asan/heap-overflow-1.c -O0 output pattern test, is ==26722==ERROR: AddressSanitizer failed to allocate 0x4000001000 (274877911040) bytes at address 1fffffff000 (errno: 12)
FAIL: c-c++-common/asan/heap-overflow-1.c -O1 output pattern test, is ==26747==ERROR: AddressSanitizer failed to allocate 0x4000001000 (274877911040) bytes at address 1fffffff000 (errno: 12)
FAIL: c-c++-common/asan/heap-overflow-1.c -O2 output pattern test, is ==26763==ERROR: AddressSanitizer failed to allocate 0x4000001000 (274877911040) bytes at address 1fffffff000 (errno: 12)
FAIL: c-c++-common/asan/heap-overflow-1.c -O2 -flto -fno-use-linker-plugin -flto-partition=none output pattern test, is ==26832==ERROR: AddressSanitizer failed to allocate 0x4000001000 (274877911040) bytes at address 1fffffff000 (errno: 12)
FAIL: c-c++-common/asan/heap-overflow-1.c -O2 -flto -fuse-linker-plugin -fno-fat-lto-objects output pattern test, is ==26855==ERROR: AddressSanitizer failed to allocate 0x4000001000 (274877911040) bytes at address 1fffffff000 (errno: 12)
FAIL: c-c++-common/asan/heap-overflow-1.c -O3 -g output pattern test, is ==26779==ERROR: AddressSanitizer failed to allocate 0x4000001000 (274877911040) bytes at address 1fffffff000 (errno: 12)
FAIL: c-c++-common/asan/heap-overflow-1.c -Os output pattern test, is ==26795==ERROR: AddressSanitizer failed to allocate 0x4000001000 (274877911040) bytes at address 1fffffff000 (errno: 12)
FAIL: c-c++-common/asan/memcmp-1.c -O0 output pattern test, is ==27125==ERROR: AddressSanitizer failed to allocate 0x4000001000 (274877911040) bytes at address 1fffffff000 (errno: 12)
FAIL: c-c++-common/asan/memcmp-1.c -O1 output pattern test, is ==27141==ERROR: AddressSanitizer failed to allocate 0x4000001000 (274877911040) bytes at address 1fffffff000 (errno: 12)
FAIL: c-c++-common/asan/memcmp-1.c -O2 output pattern test, is ==27157==ERROR: AddressSanitizer failed to allocate 0x4000001000 (274877911040) bytes at address 1fffffff000 (errno: 12)
FAIL: c-c++-common/asan/memcmp-1.c -O2 -flto -fno-use-linker-plugin -flto-partition=none output pattern test, is ==27227==ERROR: AddressSanitizer failed to allocate 0x4000001000 (274877911040) bytes at address 1fffffff000 (errno: 12)
FAIL: c-c++-common/asan/memcmp-1.c -O2 -flto -fuse-linker-plugin -fno-fat-lto-objects output pattern test, is ==27250==ERROR: AddressSanitizer failed to allocate 0x4000001000 (274877911040) bytes at address 1fffffff000 (errno: 12)
FAIL: c-c++-common/asan/memcmp-1.c -O3 -g output pattern test, is ==27173==ERROR: AddressSanitizer failed to allocate 0x4000001000 (274877911040) bytes at address 1fffffff000 (errno: 12)
FAIL: c-c++-common/asan/memcmp-1.c -Os output pattern test, is ==27190==ERROR: AddressSanitizer failed to allocate 0x4000001000 (274877911040) bytes at address 1fffffff000 (errno: 12)
FAIL: c-c++-common/asan/misalign-1.c -O0 output pattern test, is ==27320==ERROR: AddressSanitizer failed to allocate 0x4000001000 (274877911040) bytes at address 1fffffff000 (errno: 12)
FAIL: c-c++-common/asan/misalign-1.c -O1 output pattern test, is ==27336==ERROR: AddressSanitizer failed to allocate 0x4000001000 (274877911040) bytes at address 1fffffff000 (errno: 12)
FAIL: c-c++-common/asan/misalign-1.c -O2 output pattern test, is ==27352==ERROR: AddressSanitizer failed to allocate 0x4000001000 (274877911040) bytes at address 1fffffff000 (errno: 12)
FAIL: c-c++-common/asan/misalign-1.c -O2 -flto -fno-use-linker-plugin -flto-partition=none output pattern test, is ==27426==ERROR: AddressSanitizer failed to allocate 0x4000001000 (274877911040) bytes at address 1fffffff000 (errno: 12)
FAIL: c-c++-common/asan/misalign-1.c -O2 -flto -fuse-linker-plugin -fno-fat-lto-objects output pattern test, is ==27458==ERROR: AddressSanitizer failed to allocate 0x4000001000 (274877911040) bytes at address 1fffffff000 (errno: 12)
FAIL: c-c++-common/asan/misalign-1.c -O3 -g output pattern test, is ==27368==ERROR: AddressSanitizer failed to allocate 0x4000001000 (274877911040) bytes at address 1fffffff000 (errno: 12)
FAIL: c-c++-common/asan/misalign-1.c -Os output pattern test, is ==27384==ERROR: AddressSanitizer failed to allocate 0x4000001000 (274877911040) bytes at address 1fffffff000 (errno: 12)
FAIL: c-c++-common/asan/misalign-2.c -O0 output pattern test, is ==27474==ERROR: AddressSanitizer failed to allocate 0x4000001000 (274877911040) bytes at address 1fffffff000 (errno: 12)
FAIL: c-c++-common/asan/misalign-2.c -O1 output pattern test, is ==27490==ERROR: AddressSanitizer failed to allocate 0x4000001000 (274877911040) bytes at address 1fffffff000 (errno: 12)
FAIL: c-c++-common/asan/misalign-2.c -O2 output pattern test, is ==27506==ERROR: AddressSanitizer failed to allocate 0x4000001000 (274877911040) bytes at address 1fffffff000 (errno: 12)
FAIL: c-c++-common/asan/misalign-2.c -O2 -flto -fno-use-linker-plugin -flto-partition=none output pattern test, is ==27575==ERROR: AddressSanitizer failed to allocate 0x4000001000 (274877911040) bytes at address 1fffffff000 (errno: 12)
FAIL: c-c++-common/asan/misalign-2.c -O2 -flto -fuse-linker-plugin -fno-fat-lto-objects output pattern test, is ==27598==ERROR: AddressSanitizer failed to allocate 0x4000001000 (274877911040) bytes at address 1fffffff000 (errno: 12)
FAIL: c-c++-common/asan/misalign-2.c -O3 -g output pattern test, is ==27522==ERROR: AddressSanitizer failed to allocate 0x4000001000 (274877911040) bytes at address 1fffffff000 (errno: 12)
FAIL: c-c++-common/asan/misalign-2.c -Os output pattern test, is ==27538==ERROR: AddressSanitizer failed to allocate 0x4000001000 (274877911040) bytes at address 1fffffff000 (errno: 12)
FAIL: c-c++-common/asan/null-deref-1.c -O0 output pattern test, is ==28053==ERROR: AddressSanitizer failed to allocate 0x4000001000 (274877911040) bytes at address 1fffffff000 (errno: 12)
FAIL: c-c++-common/asan/null-deref-1.c -O1 output pattern test, is ==28069==ERROR: AddressSanitizer failed to allocate 0x4000001000 (274877911040) bytes at address 1fffffff000 (errno: 12)
FAIL: c-c++-common/asan/null-deref-1.c -O2 output pattern test, is ==28085==ERROR: AddressSanitizer failed to allocate 0x4000001000 (274877911040) bytes at address 1fffffff000 (errno: 12)
FAIL: c-c++-common/asan/null-deref-1.c -O2 -flto -fno-use-linker-plugin -flto-partition=none output pattern test, is ==28159==ERROR: AddressSanitizer failed to allocate 0x4000001000 (274877911040) bytes at address 1fffffff000 (errno: 12)
FAIL: c-c++-common/asan/null-deref-1.c -O2 -flto -fuse-linker-plugin -fno-fat-lto-objects output pattern test, is ==28193==ERROR: AddressSanitizer failed to allocate 0x4000001000 (274877911040) bytes at address 1fffffff000 (errno: 12)
FAIL: c-c++-common/asan/null-deref-1.c -O3 -g output pattern test, is ==28101==ERROR: AddressSanitizer failed to allocate 0x4000001000 (274877911040) bytes at address 1fffffff000 (errno: 12)
FAIL: c-c++-common/asan/null-deref-1.c -Os output pattern test, is ==28119==ERROR: AddressSanitizer failed to allocate 0x4000001000 (274877911040) bytes at address 1fffffff000 (errno: 12)
FAIL: c-c++-common/asan/pr59063-1.c -O0 execution test
FAIL: c-c++-common/asan/pr59063-1.c -O1 execution test
FAIL: c-c++-common/asan/pr59063-1.c -O2 execution test
FAIL: c-c++-common/asan/pr59063-1.c -O2 -flto -fno-use-linker-plugin -flto-partition=none execution test
FAIL: c-c++-common/asan/pr59063-1.c -O2 -flto -fuse-linker-plugin -fno-fat-lto-objects execution test
FAIL: c-c++-common/asan/pr59063-1.c -O3 -g execution test
FAIL: c-c++-common/asan/pr59063-1.c -Os execution test
FAIL: c-c++-common/asan/pr59063-2.c -O0 execution test
FAIL: c-c++-common/asan/pr59063-2.c -O1 execution test
FAIL: c-c++-common/asan/pr59063-2.c -O2 execution test
FAIL: c-c++-common/asan/pr59063-2.c -O2 -flto -fno-use-linker-plugin -flto-partition=none execution test
FAIL: c-c++-common/asan/pr59063-2.c -O2 -flto -fuse-linker-plugin -fno-fat-lto-objects execution test
FAIL: c-c++-common/asan/pr59063-2.c -O3 -g execution test
FAIL: c-c++-common/asan/pr59063-2.c -Os execution test
FAIL: c-c++-common/asan/pr61530.c -O0 output pattern test, is ==28587==ERROR: AddressSanitizer failed to allocate 0x4000001000 (274877911040) bytes at address 1fffffff000 (errno: 12)
FAIL: c-c++-common/asan/pr61530.c -O1 output pattern test, is ==28603==ERROR: AddressSanitizer failed to allocate 0x4000001000 (274877911040) bytes at address 1fffffff000 (errno: 12)
FAIL: c-c++-common/asan/pr61530.c -O2 output pattern test, is ==28619==ERROR: AddressSanitizer failed to allocate 0x4000001000 (274877911040) bytes at address 1fffffff000 (errno: 12)
FAIL: c-c++-common/asan/pr61530.c -O2 -flto -fno-use-linker-plugin -flto-partition=none output pattern test, is ==28702==ERROR: AddressSanitizer failed to allocate 0x4000001000 (274877911040) bytes at address 1fffffff000 (errno: 12)
FAIL: c-c++-common/asan/pr61530.c -O2 -flto -fuse-linker-plugin -fno-fat-lto-objects output pattern test, is ==28725==ERROR: AddressSanitizer failed to allocate 0x4000001000 (274877911040) bytes at address 1fffffff000 (errno: 12)
FAIL: c-c++-common/asan/pr61530.c -O3 -g output pattern test, is ==28635==ERROR: AddressSanitizer failed to allocate 0x4000001000 (274877911040) bytes at address 1fffffff000 (errno: 12)
FAIL: c-c++-common/asan/pr61530.c -Os output pattern test, is ==28653==ERROR: AddressSanitizer failed to allocate 0x4000001000 (274877911040) bytes at address 1fffffff000 (errno: 12)
FAIL: c-c++-common/asan/pr62089.c -O0 output pattern test, is ==28741==ERROR: AddressSanitizer failed to allocate 0x4000001000 (274877911040) bytes at address 1fffffff000 (errno: 12)
FAIL: c-c++-common/asan/pr62089.c -O1 output pattern test, is ==28757==ERROR: AddressSanitizer failed to allocate 0x4000001000 (274877911040) bytes at address 1fffffff000 (errno: 12)
FAIL: c-c++-common/asan/pr62089.c -O2 output pattern test, is ==28773==ERROR: AddressSanitizer failed to allocate 0x4000001000 (274877911040) bytes at address 1fffffff000 (errno: 12)
FAIL: c-c++-common/asan/pr62089.c -O2 -flto -fno-use-linker-plugin -flto-partition=none output pattern test, is ==28842==ERROR: AddressSanitizer failed to allocate 0x4000001000 (274877911040) bytes at address 1fffffff000 (errno: 12)
FAIL: c-c++-common/asan/pr62089.c -O2 -flto -fuse-linker-plugin -fno-fat-lto-objects output pattern test, is ==28865==ERROR: AddressSanitizer failed to allocate 0x4000001000 (274877911040) bytes at address 1fffffff000 (errno: 12)
FAIL: c-c++-common/asan/pr62089.c -O3 -g output pattern test, is ==28789==ERROR: AddressSanitizer failed to allocate 0x4000001000 (274877911040) bytes at address 1fffffff000 (errno: 12)
FAIL: c-c++-common/asan/pr62089.c -Os output pattern test, is ==28805==ERROR: AddressSanitizer failed to allocate 0x4000001000 (274877911040) bytes at address 1fffffff000 (errno: 12)
FAIL: c-c++-common/asan/pr63316.c -O0 execution test
FAIL: c-c++-common/asan/pr63316.c -O1 execution test
FAIL: c-c++-common/asan/pr63316.c -O2 execution test
FAIL: c-c++-common/asan/pr63316.c -O2 -flto -fno-use-linker-plugin -flto-partition=none execution test
FAIL: c-c++-common/asan/pr63316.c -O2 -flto -fuse-linker-plugin -fno-fat-lto-objects execution test
FAIL: c-c++-common/asan/pr63316.c -O3 -g execution test
FAIL: c-c++-common/asan/pr63316.c -Os execution test
FAIL: c-c++-common/asan/pr63888.c -O0 execution test
FAIL: c-c++-common/asan/pr63888.c -O1 execution test
FAIL: c-c++-common/asan/pr63888.c -O2 execution test
FAIL: c-c++-common/asan/pr63888.c -O2 -flto -fno-use-linker-plugin -flto-partition=none execution test
FAIL: c-c++-common/asan/pr63888.c -O2 -flto -fuse-linker-plugin -fno-fat-lto-objects execution test
FAIL: c-c++-common/asan/pr63888.c -O3 -g execution test
FAIL: c-c++-common/asan/pr63888.c -Os execution test
FAIL: c-c++-common/asan/rlimit-mmap-test-1.c -O0 output pattern test, is ==29440==ERROR: AddressSanitizer failed to allocate 0x4000001000 (274877911040) bytes at address 1fffffff000 (errno: 12)
FAIL: c-c++-common/asan/sanity-check-pure-c-1.c -O0 output pattern test, is ==29505==ERROR: AddressSanitizer failed to allocate 0x4000001000 (274877911040) bytes at address 1fffffff000 (errno: 12)
FAIL: c-c++-common/asan/sanity-check-pure-c-1.c -O1 output pattern test, is ==29521==ERROR: AddressSanitizer failed to allocate 0x4000001000 (274877911040) bytes at address 1fffffff000 (errno: 12)
FAIL: c-c++-common/asan/sanity-check-pure-c-1.c -O2 output pattern test, is ==29537==ERROR: AddressSanitizer failed to allocate 0x4000001000 (274877911040) bytes at address 1fffffff000 (errno: 12)
FAIL: c-c++-common/asan/sanity-check-pure-c-1.c -O2 -flto -fno-use-linker-plugin -flto-partition=none output pattern test, is ==29606==ERROR: AddressSanitizer failed to allocate 0x4000001000 (274877911040) bytes at address 1fffffff000 (errno: 12)
FAIL: c-c++-common/asan/sanity-check-pure-c-1.c -O2 -flto -fuse-linker-plugin -fno-fat-lto-objects output pattern test, is ==29629==ERROR: AddressSanitizer failed to allocate 0x4000001000 (274877911040) bytes at address 1fffffff000 (errno: 12)
FAIL: c-c++-common/asan/sanity-check-pure-c-1.c -O3 -g output pattern test, is ==29553==ERROR: AddressSanitizer failed to allocate 0x4000001000 (274877911040) bytes at address 1fffffff000 (errno: 12)
FAIL: c-c++-common/asan/sanity-check-pure-c-1.c -Os output pattern test, is ==29569==ERROR: AddressSanitizer failed to allocate 0x4000001000 (274877911040) bytes at address 1fffffff000 (errno: 12)
FAIL: c-c++-common/asan/sleep-before-dying-1.c -O2 output pattern test, is ==29690==ERROR: AddressSanitizer failed to allocate 0x4000001000 (274877911040) bytes at address 1fffffff000 (errno: 12)
FAIL: c-c++-common/asan/sleep-before-dying-1.c -O2 -flto -fno-use-linker-plugin -flto-partition=none output pattern test, is ==29727==ERROR: AddressSanitizer failed to allocate 0x4000001000 (274877911040) bytes at address 1fffffff000 (errno: 12)
FAIL: c-c++-common/asan/sleep-before-dying-1.c -O2 -flto -fuse-linker-plugin -fno-fat-lto-objects output pattern test, is ==29750==ERROR: AddressSanitizer failed to allocate 0x4000001000 (274877911040) bytes at address 1fffffff000 (errno: 12)
FAIL: c-c++-common/asan/stack-overflow-1.c -O0 output pattern test, is ==29766==ERROR: AddressSanitizer failed to allocate 0x4000001000 (274877911040) bytes at address 1fffffff000 (errno: 12)
FAIL: c-c++-common/asan/stack-overflow-1.c -O1 output pattern test, is ==29782==ERROR: AddressSanitizer failed to allocate 0x4000001000 (274877911040) bytes at address 1fffffff000 (errno: 12)
FAIL: c-c++-common/asan/stack-overflow-1.c -O2 output pattern test, is ==29798==ERROR: AddressSanitizer failed to allocate 0x4000001000 (274877911040) bytes at address 1fffffff000 (errno: 12)
FAIL: c-c++-common/asan/stack-overflow-1.c -O2 -flto -fno-use-linker-plugin -flto-partition=none output pattern test, is ==29867==ERROR: AddressSanitizer failed to allocate 0x4000001000 (274877911040) bytes at address 1fffffff000 (errno: 12)
FAIL: c-c++-common/asan/stack-overflow-1.c -O2 -flto -fuse-linker-plugin -fno-fat-lto-objects output pattern test, is ==29890==ERROR: AddressSanitizer failed to allocate 0x4000001000 (274877911040) bytes at address 1fffffff000 (errno: 12)
FAIL: c-c++-common/asan/stack-overflow-1.c -O3 -g output pattern test, is ==29814==ERROR: AddressSanitizer failed to allocate 0x4000001000 (274877911040) bytes at address 1fffffff000 (errno: 12)
FAIL: c-c++-common/asan/stack-overflow-1.c -Os output pattern test, is ==29830==ERROR: AddressSanitizer failed to allocate 0x4000001000 (274877911040) bytes at address 1fffffff000 (errno: 12)
FAIL: c-c++-common/asan/strip-path-prefix-1.c -O2 output pattern test, is ==29906==ERROR: AddressSanitizer failed to allocate 0x4000001000 (274877911040) bytes at address 1fffffff000 (errno: 12)
FAIL: c-c++-common/asan/strip-path-prefix-1.c -O2 -flto -fno-use-linker-plugin -flto-partition=none output pattern test, is ==29943==ERROR: AddressSanitizer failed to allocate 0x4000001000 (274877911040) bytes at address 1fffffff000 (errno: 12)
FAIL: c-c++-common/asan/strip-path-prefix-1.c -O2 -flto -fuse-linker-plugin -fno-fat-lto-objects output pattern test, is ==29966==ERROR: AddressSanitizer failed to allocate 0x4000001000 (274877911040) bytes at address 1fffffff000 (errno: 12)
FAIL: c-c++-common/asan/strlen-overflow-1.c -O0 output pattern test, is ==29982==ERROR: AddressSanitizer failed to allocate 0x4000001000 (274877911040) bytes at address 1fffffff000 (errno: 12)
FAIL: c-c++-common/asan/strlen-overflow-1.c -O1 output pattern test, is ==30000==ERROR: AddressSanitizer failed to allocate 0x4000001000 (274877911040) bytes at address 1fffffff000 (errno: 12)
FAIL: c-c++-common/asan/strlen-overflow-1.c -O2 output pattern test, is ==30019==ERROR: AddressSanitizer failed to allocate 0x4000001000 (274877911040) bytes at address 1fffffff000 (errno: 12)
FAIL: c-c++-common/asan/strlen-overflow-1.c -O3 -g output pattern test, is ==30044==ERROR: AddressSanitizer failed to allocate 0x4000001000 (274877911040) bytes at address 1fffffff000 (errno: 12)
FAIL: c-c++-common/asan/strlen-overflow-1.c -Os output pattern test, is ==30060==ERROR: AddressSanitizer failed to allocate 0x4000001000 (274877911040) bytes at address 1fffffff000 (errno: 12)
FAIL: c-c++-common/asan/strncpy-overflow-1.c -O0 output pattern test, is ==30076==ERROR: AddressSanitizer failed to allocate 0x4000001000 (274877911040) bytes at address 1fffffff000 (errno: 12)
FAIL: c-c++-common/asan/strncpy-overflow-1.c -O1 output pattern test, is ==30092==ERROR: AddressSanitizer failed to allocate 0x4000001000 (274877911040) bytes at address 1fffffff000 (errno: 12)
FAIL: c-c++-common/asan/strncpy-overflow-1.c -O2 output pattern test, is ==30108==ERROR: AddressSanitizer failed to allocate 0x4000001000 (274877911040) bytes at address 1fffffff000 (errno: 12)
FAIL: c-c++-common/asan/strncpy-overflow-1.c -O2 -flto -fno-use-linker-plugin -flto-partition=none output pattern test, is ==30177==ERROR: AddressSanitizer failed to allocate 0x4000001000 (274877911040) bytes at address 1fffffff000 (errno: 12)
FAIL: c-c++-common/asan/strncpy-overflow-1.c -O2 -flto -fuse-linker-plugin -fno-fat-lto-objects output pattern test, is ==30200==ERROR: AddressSanitizer failed to allocate 0x4000001000 (274877911040) bytes at address 1fffffff000 (errno: 12)
FAIL: c-c++-common/asan/strncpy-overflow-1.c -O3 -g output pattern test, is ==30124==ERROR: AddressSanitizer failed to allocate 0x4000001000 (274877911040) bytes at address 1fffffff000 (errno: 12)
FAIL: c-c++-common/asan/strncpy-overflow-1.c -Os output pattern test, is ==30140==ERROR: AddressSanitizer failed to allocate 0x4000001000 (274877911040) bytes at address 1fffffff000 (errno: 12)
FAIL: c-c++-common/asan/swapcontext-test-1.c -O0 execution test
FAIL: c-c++-common/asan/swapcontext-test-1.c -O1 execution test
FAIL: c-c++-common/asan/swapcontext-test-1.c -O2 execution test
FAIL: c-c++-common/asan/swapcontext-test-1.c -O2 -flto -fno-use-linker-plugin -flto-partition=none execution test
FAIL: c-c++-common/asan/swapcontext-test-1.c -O2 -flto -fuse-linker-plugin -fno-fat-lto-objects execution test
FAIL: c-c++-common/asan/swapcontext-test-1.c -O3 -fomit-frame-pointer -funroll-loops -fpeel-loops -ftracer -finline-functions execution test
FAIL: c-c++-common/asan/swapcontext-test-1.c -O3 -g execution test
FAIL: c-c++-common/asan/swapcontext-test-1.c -Os execution test
FAIL: c-c++-common/asan/use-after-free-1.c -O0 output pattern test, is ==30385==ERROR: AddressSanitizer failed to allocate 0x4000001000 (274877911040) bytes at address 1fffffff000 (errno: 12)
FAIL: c-c++-common/asan/use-after-free-1.c -O1 output pattern test, is ==30401==ERROR: AddressSanitizer failed to allocate 0x4000001000 (274877911040) bytes at address 1fffffff000 (errno: 12)
FAIL: c-c++-common/asan/use-after-free-1.c -O2 output pattern test, is ==30417==ERROR: AddressSanitizer failed to allocate 0x4000001000 (274877911040) bytes at address 1fffffff000 (errno: 12)
FAIL: c-c++-common/asan/use-after-free-1.c -O2 -flto -fno-use-linker-plugin -flto-partition=none output pattern test, is ==30486==ERROR: AddressSanitizer failed to allocate 0x4000001000 (274877911040) bytes at address 1fffffff000 (errno: 12)
FAIL: c-c++-common/asan/use-after-free-1.c -O2 -flto -fuse-linker-plugin -fno-fat-lto-objects output pattern test, is ==30509==ERROR: AddressSanitizer failed to allocate 0x4000001000 (274877911040) bytes at address 1fffffff000 (errno: 12)
FAIL: c-c++-common/asan/use-after-free-1.c -O3 -g output pattern test, is ==30433==ERROR: AddressSanitizer failed to allocate 0x4000001000 (274877911040) bytes at address 1fffffff000 (errno: 12)
FAIL: c-c++-common/asan/use-after-free-1.c -Os output pattern test, is ==30449==ERROR: AddressSanitizer failed to allocate 0x4000001000 (274877911040) bytes at address 1fffffff000 (errno: 12)
FAIL: c-c++-common/asan/use-after-return-1.c -O0 output pattern test, is ==30525==ERROR: AddressSanitizer failed to allocate 0x4000001000 (274877911040) bytes at address 1fffffff000 (errno: 12)
FAIL: c-c++-common/asan/use-after-return-1.c -O1 output pattern test, is ==30541==ERROR: AddressSanitizer failed to allocate 0x4000001000 (274877911040) bytes at address 1fffffff000 (errno: 12)
FAIL: c-c++-common/asan/use-after-return-1.c -O2 output pattern test, is ==30557==ERROR: AddressSanitizer failed to allocate 0x4000001000 (274877911040) bytes at address 1fffffff000 (errno: 12)
FAIL: c-c++-common/asan/use-after-return-1.c -O2 -flto -fno-use-linker-plugin -flto-partition=none output pattern test, is ==30640==ERROR: AddressSanitizer failed to allocate 0x4000001000 (274877911040) bytes at address 1fffffff000 (errno: 12)
FAIL: c-c++-common/asan/use-after-return-1.c -O2 -flto -fuse-linker-plugin -fno-fat-lto-objects output pattern test, is ==30663==ERROR: AddressSanitizer failed to allocate 0x4000001000 (274877911040) bytes at address 1fffffff000 (errno: 12)
FAIL: c-c++-common/asan/use-after-return-1.c -O3 -g output pattern test, is ==30575==ERROR: AddressSanitizer failed to allocate 0x4000001000 (274877911040) bytes at address 1fffffff000 (errno: 12)
FAIL: c-c++-common/asan/use-after-return-1.c -Os output pattern test, is ==30594==ERROR: AddressSanitizer failed to allocate 0x4000001000 (274877911040) bytes at address 1fffffff000 (errno: 12)
FAIL: gcc.dg/asan/nosanitize-and-inline.c -O0 execution test
FAIL: gcc.dg/asan/nosanitize-and-inline.c -O1 execution test
FAIL: gcc.dg/asan/nosanitize-and-inline.c -O2 execution test
FAIL: gcc.dg/asan/nosanitize-and-inline.c -O2 -flto -fno-use-linker-plugin -flto-partition=none execution test
FAIL: gcc.dg/asan/nosanitize-and-inline.c -O2 -flto -fuse-linker-plugin -fno-fat-lto-objects execution test
FAIL: gcc.dg/asan/nosanitize-and-inline.c -O3 -fomit-frame-pointer -funroll-loops -fpeel-loops -ftracer -finline-functions execution test
FAIL: gcc.dg/asan/nosanitize-and-inline.c -O3 -g execution test
FAIL: gcc.dg/asan/nosanitize-and-inline.c -Os execution test
FAIL: gcc.dg/debug/dwarf2/stacked-qualified-types-3.c scan-assembler-times DIE \\\\([^\\n]*\\\\) DW_TAG_(?:const|volatile|atomic|restrict)_type 8
FAIL: gcc.dg/loop-8.c scan-rtl-dump-times loop2_invariant "Decided" 1
FAIL: gcc.dg/sms-4.c scan-rtl-dump-times sms "SMS succeeded" 1
XPASS: gcc.dg/guality/example.c -O0 execution test
XPASS: gcc.dg/guality/example.c -O1 execution test
XPASS: gcc.dg/guality/guality.c -O0 execution test
XPASS: gcc.dg/guality/guality.c -O1 execution test
XPASS: gcc.dg/guality/guality.c -O2 execution test
XPASS: gcc.dg/guality/guality.c -O2 -flto -fno-use-linker-plugin -flto-partition=none execution test
XPASS: gcc.dg/guality/guality.c -O2 -flto -fuse-linker-plugin -fno-fat-lto-objects execution test
XPASS: gcc.dg/guality/guality.c -O3 -g execution test
XPASS: gcc.dg/guality/guality.c -Os execution test
XPASS: gcc.dg/guality/inline-params.c -O2 execution test
XPASS: gcc.dg/guality/inline-params.c -O2 -flto -fno-use-linker-plugin -flto-partition=none execution test
XPASS: gcc.dg/guality/inline-params.c -O3 -g execution test
XPASS: gcc.dg/guality/inline-params.c -Os execution test
FAIL: gcc.dg/guality/param-3.c -O1 line 20 str.pa == 31415927
FAIL: gcc.dg/guality/param-3.c -O1 line 20 str.pb == 27182818
FAIL: gcc.dg/guality/pr36728-1.c -O2 line 16 y == 2
FAIL: gcc.dg/guality/pr36728-1.c -O2 line 18 y == 2
FAIL: gcc.dg/guality/pr36728-1.c -O2 -flto -fno-use-linker-plugin -flto-partition=none line 16 y == 2
FAIL: gcc.dg/guality/pr36728-1.c -O2 -flto -fno-use-linker-plugin -flto-partition=none line 18 y == 2
FAIL: gcc.dg/guality/pr36728-1.c -O2 -flto -fuse-linker-plugin -fno-fat-lto-objects line 16 y == 2
FAIL: gcc.dg/guality/pr36728-1.c -O3 -g line 16 y == 2
FAIL: gcc.dg/guality/pr36728-1.c -O3 -g line 18 y == 2
XPASS: gcc.dg/guality/pr41353-1.c -O0 line 28 j == 28 + 37
FAIL: gcc.dg/guality/pr41404-1.c -O2 -flto -fuse-linker-plugin -fno-fat-lto-objects line 10 *foo == 'f'
FAIL: gcc.dg/guality/pr41404-1.c -O2 -flto -fuse-linker-plugin -fno-fat-lto-objects line 14 *foo == 'b'
FAIL: gcc.dg/guality/pr41404-1.c -O2 -flto -fuse-linker-plugin -fno-fat-lto-objects line 24 *foo == 'f'
FAIL: gcc.dg/guality/pr41616-1.c -O2 -flto -fuse-linker-plugin -fno-fat-lto-objects execution test
FAIL: gcc.dg/guality/pr43051-1.c -O1 line 34 c == &a[0]
FAIL: gcc.dg/guality/pr43051-1.c -O1 line 40 v == 1
FAIL: gcc.dg/guality/pr43051-1.c -O2 line 35 v == 1
FAIL: gcc.dg/guality/pr43051-1.c -O2 line 40 v == 1
FAIL: gcc.dg/guality/pr43051-1.c -O2 -flto -fno-use-linker-plugin -flto-partition=none line 35 v == 1
FAIL: gcc.dg/guality/pr43051-1.c -O2 -flto -fno-use-linker-plugin -flto-partition=none line 40 v == 1
FAIL: gcc.dg/guality/pr43051-1.c -O2 -flto -fuse-linker-plugin -fno-fat-lto-objects line 35 v == 1
FAIL: gcc.dg/guality/pr43051-1.c -O2 -flto -fuse-linker-plugin -fno-fat-lto-objects line 40 v == 1
FAIL: gcc.dg/guality/pr43051-1.c -O3 -fomit-frame-pointer -funroll-loops -fpeel-loops -ftracer -finline-functions line 34 c == &a[0]
FAIL: gcc.dg/guality/pr43051-1.c -O3 -fomit-frame-pointer -funroll-loops -fpeel-loops -ftracer -finline-functions line 35 v == 1
FAIL: gcc.dg/guality/pr43051-1.c -O3 -fomit-frame-pointer -funroll-loops -fpeel-loops -ftracer -finline-functions line 40 v == 1
FAIL: gcc.dg/guality/pr43051-1.c -O3 -g line 35 v == 1
FAIL: gcc.dg/guality/pr43051-1.c -O3 -g line 40 v == 1
FAIL: gcc.dg/guality/pr43051-1.c -Os line 40 v == 1
FAIL: gcc.dg/guality/pr43479.c -O1 line 13 h == 9
FAIL: gcc.dg/guality/pr43479.c -O1 line 18 h == 9
FAIL: gcc.dg/guality/pr43479.c -O2 line 13 h == 9
FAIL: gcc.dg/guality/pr43479.c -O2 line 18 h == 9
FAIL: gcc.dg/guality/pr43479.c -O2 -flto -fno-use-linker-plugin -flto-partition=none line 13 h == 9
FAIL: gcc.dg/guality/pr43479.c -O2 -flto -fno-use-linker-plugin -flto-partition=none line 18 h == 9
FAIL: gcc.dg/guality/pr43479.c -O2 -flto -fuse-linker-plugin -fno-fat-lto-objects line 13 h == 9
FAIL: gcc.dg/guality/pr43479.c -O2 -flto -fuse-linker-plugin -fno-fat-lto-objects line 18 h == 9
FAIL: gcc.dg/guality/pr43479.c -O3 -g line 13 h == 9
FAIL: gcc.dg/guality/pr43479.c -O3 -g line 18 h == 9
FAIL: gcc.dg/guality/pr43479.c -Os line 13 h == 9
FAIL: gcc.dg/guality/pr43479.c -Os line 18 h == 9
FAIL: gcc.dg/guality/pr45882.c -O2 -flto -fuse-linker-plugin -fno-fat-lto-objects line 16 d == 112
FAIL: gcc.dg/guality/pr45882.c -O2 -flto -fuse-linker-plugin -fno-fat-lto-objects line 16 e == 142
FAIL: gcc.dg/guality/pr54200.c -O1 line 20 z == 3
FAIL: gcc.dg/guality/pr54200.c -O2 line 20 z == 3
FAIL: gcc.dg/guality/pr54200.c -O2 -flto -fno-use-linker-plugin -flto-partition=none line 20 z == 3
FAIL: gcc.dg/guality/pr54200.c -O2 -flto -fuse-linker-plugin -fno-fat-lto-objects line 20 z == 3
FAIL: gcc.dg/guality/pr54200.c -O3 -g line 20 z == 3
FAIL: gcc.dg/guality/pr54200.c -Os line 20 z == 3
FAIL: gcc.dg/guality/pr54519-1.c -O1 line 20 x == 36
FAIL: gcc.dg/guality/pr54519-1.c -O1 line 20 y == 25
FAIL: gcc.dg/guality/pr54519-1.c -O1 line 23 x == 98
FAIL: gcc.dg/guality/pr54519-1.c -O1 line 23 y == 117
FAIL: gcc.dg/guality/pr54519-1.c -O2 line 20 x == 36
FAIL: gcc.dg/guality/pr54519-1.c -O2 line 23 x == 98
FAIL: gcc.dg/guality/pr54519-1.c -O2 -flto -fno-use-linker-plugin -flto-partition=none line 20 x == 36
FAIL: gcc.dg/guality/pr54519-1.c -O2 -flto -fno-use-linker-plugin -flto-partition=none line 20 y == 25
FAIL: gcc.dg/guality/pr54519-1.c -O2 -flto -fno-use-linker-plugin -flto-partition=none line 20 z == 6
FAIL: gcc.dg/guality/pr54519-1.c -O2 -flto -fno-use-linker-plugin -flto-partition=none line 23 x == 98
FAIL: gcc.dg/guality/pr54519-1.c -O2 -flto -fno-use-linker-plugin -flto-partition=none line 23 y == 117
FAIL: gcc.dg/guality/pr54519-1.c -O2 -flto -fno-use-linker-plugin -flto-partition=none line 23 z == 8
FAIL: gcc.dg/guality/pr54519-1.c -Os line 20 x == 36
FAIL: gcc.dg/guality/pr54519-1.c -Os line 23 x == 98
FAIL: gcc.dg/guality/pr54519-2.c -O1 line 17 x == 6
FAIL: gcc.dg/guality/pr54519-2.c -O2 -flto -fno-use-linker-plugin -flto-partition=none line 17 y == 25
FAIL: gcc.dg/guality/pr54519-2.c -O2 -flto -fuse-linker-plugin -fno-fat-lto-objects line 17 y == 25
FAIL: gcc.dg/guality/pr54519-3.c -O1 line 20 x == 36
FAIL: gcc.dg/guality/pr54519-3.c -O1 line 20 y == 25
FAIL: gcc.dg/guality/pr54519-3.c -O1 line 20 z == 6
FAIL: gcc.dg/guality/pr54519-3.c -O1 line 23 x == 98
FAIL: gcc.dg/guality/pr54519-3.c -O1 line 23 y == 117
FAIL: gcc.dg/guality/pr54519-3.c -O1 line 23 z == 8
FAIL: gcc.dg/guality/pr54519-3.c -O2 line 20 z == 6
FAIL: gcc.dg/guality/pr54519-3.c -O2 line 23 z == 8
FAIL: gcc.dg/guality/pr54519-3.c -O2 -flto -fno-use-linker-plugin -flto-partition=none line 20 y == 25
FAIL: gcc.dg/guality/pr54519-3.c -O2 -flto -fno-use-linker-plugin -flto-partition=none line 20 z == 6
FAIL: gcc.dg/guality/pr54519-3.c -O2 -flto -fno-use-linker-plugin -flto-partition=none line 23 y == 117
FAIL: gcc.dg/guality/pr54519-3.c -O2 -flto -fno-use-linker-plugin -flto-partition=none line 23 z == 8
FAIL: gcc.dg/guality/pr54519-3.c -O2 -flto -fuse-linker-plugin -fno-fat-lto-objects line 20 y == 25
FAIL: gcc.dg/guality/pr54519-3.c -O2 -flto -fuse-linker-plugin -fno-fat-lto-objects line 20 z == 6
FAIL: gcc.dg/guality/pr54519-3.c -O2 -flto -fuse-linker-plugin -fno-fat-lto-objects line 23 y == 117
FAIL: gcc.dg/guality/pr54519-3.c -O2 -flto -fuse-linker-plugin -fno-fat-lto-objects line 23 z == 8
FAIL: gcc.dg/guality/pr54519-3.c -O3 -g line 20 z == 6
FAIL: gcc.dg/guality/pr54519-3.c -O3 -g line 23 z == 8
FAIL: gcc.dg/guality/pr54519-3.c -Os line 20 z == 6
FAIL: gcc.dg/guality/pr54519-3.c -Os line 23 z == 8
FAIL: gcc.dg/guality/pr54519-4.c -O1 line 17 x == 6
FAIL: gcc.dg/guality/pr54519-4.c -O1 line 17 y == 25
FAIL: gcc.dg/guality/pr54519-4.c -O2 line 17 y == 25
FAIL: gcc.dg/guality/pr54519-4.c -O2 -flto -fno-use-linker-plugin -flto-partition=none line 17 y == 25
FAIL: gcc.dg/guality/pr54519-4.c -O2 -flto -fuse-linker-plugin -fno-fat-lto-objects line 17 y == 25
FAIL: gcc.dg/guality/pr54519-4.c -O3 -g line 17 y == 25
FAIL: gcc.dg/guality/pr54519-4.c -Os line 17 y == 25
FAIL: gcc.dg/guality/pr54519-5.c -O1 line 17 x == 6
FAIL: gcc.dg/guality/pr54519-5.c -O1 line 17 y == 25
FAIL: gcc.dg/guality/pr54519-5.c -O2 line 17 y == 25
FAIL: gcc.dg/guality/pr54519-5.c -O2 -flto -fno-use-linker-plugin -flto-partition=none line 17 y == 25
FAIL: gcc.dg/guality/pr54519-5.c -O2 -flto -fuse-linker-plugin -fno-fat-lto-objects line 17 y == 25
FAIL: gcc.dg/guality/pr54519-5.c -O3 -g line 17 y == 25
FAIL: gcc.dg/guality/pr54519-5.c -Os line 17 y == 25
FAIL: gcc.dg/guality/pr54551.c -O1 line 18 a == 4
FAIL: gcc.dg/guality/pr54551.c -O2 line 18 a == 4
FAIL: gcc.dg/guality/pr54551.c -O2 -flto -fno-use-linker-plugin -flto-partition=none line 18 a == 4
FAIL: gcc.dg/guality/pr54551.c -O3 -g line 18 a == 4
FAIL: gcc.dg/guality/pr54551.c -Os line 18 a == 4
FAIL: gcc.dg/guality/pr54693-2.c -O1 line 21 x == 10 - i
FAIL: gcc.dg/guality/pr54693-2.c -O2 line 21 x == 10 - i
FAIL: gcc.dg/guality/pr54693-2.c -O2 -flto -fno-use-linker-plugin -flto-partition=none line 21 x == 10 - i
FAIL: gcc.dg/guality/pr54693-2.c -O2 -flto -fuse-linker-plugin -fno-fat-lto-objects line 21 x == 10 - i
FAIL: gcc.dg/guality/pr54693-2.c -O3 -fomit-frame-pointer -funroll-loops -fpeel-loops -ftracer -finline-functions line 21 x == 10 - i
FAIL: gcc.dg/guality/pr54693-2.c -O3 -g line 21 x == 10 - i
FAIL: gcc.dg/guality/pr54693-2.c -Os line 21 y == 20 - 2 * i
FAIL: gcc.dg/guality/pr54693-2.c -Os line 21 z == 30 - 3 * i
FAIL: gcc.dg/guality/pr54693.c -O1 line 22 i == c - 48
FAIL: gcc.dg/guality/pr54693.c -O2 line 22 i == c - 48
FAIL: gcc.dg/guality/pr54693.c -O2 -flto -fno-use-linker-plugin -flto-partition=none line 22 i == c - 48
FAIL: gcc.dg/guality/pr54693.c -O2 -flto -fuse-linker-plugin -fno-fat-lto-objects line 22 i == c - 48
FAIL: gcc.dg/guality/pr54693.c -O3 -fomit-frame-pointer -funroll-loops -fpeel-loops -ftracer -finline-functions line 22 i == c - 48
FAIL: gcc.dg/guality/pr54693.c -O3 -g line 22 i == c - 48
FAIL: gcc.dg/guality/pr54693.c -Os line 22 i == c - 48
FAIL: gcc.dg/guality/pr54970.c -O1 line 15 *p == 3
FAIL: gcc.dg/guality/pr54970.c -O1 line 15 *q == 2
FAIL: gcc.dg/guality/pr54970.c -O1 line 15 a[0] == 1
FAIL: gcc.dg/guality/pr54970.c -O1 line 15 a[1] == 2
FAIL: gcc.dg/guality/pr54970.c -O1 line 15 a[2] == 3
FAIL: gcc.dg/guality/pr54970.c -O1 line 20 *p == 13
FAIL: gcc.dg/guality/pr54970.c -O1 line 20 *q == 2
FAIL: gcc.dg/guality/pr54970.c -O1 line 20 a[0] == 1
FAIL: gcc.dg/guality/pr54970.c -O1 line 20 a[1] == 2
FAIL: gcc.dg/guality/pr54970.c -O1 line 20 a[2] == 13
FAIL: gcc.dg/guality/pr54970.c -O1 line 25 *p == 13
FAIL: gcc.dg/guality/pr54970.c -O1 line 25 *q == 12
FAIL: gcc.dg/guality/pr54970.c -O1 line 25 a[0] == 1
FAIL: gcc.dg/guality/pr54970.c -O1 line 25 a[1] == 12
FAIL: gcc.dg/guality/pr54970.c -O1 line 25 a[2] == 13
FAIL: gcc.dg/guality/pr54970.c -O1 line 31 *p == 6
FAIL: gcc.dg/guality/pr54970.c -O1 line 31 *q == 5
FAIL: gcc.dg/guality/pr54970.c -O1 line 31 a[0] == 4
FAIL: gcc.dg/guality/pr54970.c -O1 line 31 a[1] == 5
FAIL: gcc.dg/guality/pr54970.c -O1 line 31 a[2] == 6
FAIL: gcc.dg/guality/pr54970.c -O1 line 36 *p == 26
FAIL: gcc.dg/guality/pr54970.c -O1 line 36 *q == 5
FAIL: gcc.dg/guality/pr54970.c -O1 line 36 a[0] == 4
FAIL: gcc.dg/guality/pr54970.c -O1 line 36 a[1] == 5
FAIL: gcc.dg/guality/pr54970.c -O1 line 36 a[2] == 26
FAIL: gcc.dg/guality/pr54970.c -O1 line 45 *p == 26
FAIL: gcc.dg/guality/pr54970.c -O1 line 45 *q == 25
FAIL: gcc.dg/guality/pr54970.c -O1 line 45 a[0] == 4
FAIL: gcc.dg/guality/pr54970.c -O1 line 45 a[1] == 25
FAIL: gcc.dg/guality/pr54970.c -O1 line 45 a[2] == 26
FAIL: gcc.dg/guality/pr54970.c -O1 line 45 p[-1] == 25
FAIL: gcc.dg/guality/pr54970.c -O1 line 45 p[-2] == 4
FAIL: gcc.dg/guality/pr54970.c -O1 line 45 q[-1] == 4
FAIL: gcc.dg/guality/pr54970.c -O1 line 45 q[1] == 26
FAIL: gcc.dg/guality/pr54970.c -O2 line 15 *p == 3
FAIL: gcc.dg/guality/pr54970.c -O2 line 15 *q == 2
FAIL: gcc.dg/guality/pr54970.c -O2 line 15 a[0] == 1
FAIL: gcc.dg/guality/pr54970.c -O2 line 15 a[1] == 2
FAIL: gcc.dg/guality/pr54970.c -O2 line 15 a[2] == 3
FAIL: gcc.dg/guality/pr54970.c -O2 line 20 *p == 13
FAIL: gcc.dg/guality/pr54970.c -O2 line 20 *q == 2
FAIL: gcc.dg/guality/pr54970.c -O2 line 20 a[0] == 1
FAIL: gcc.dg/guality/pr54970.c -O2 line 20 a[1] == 2
FAIL: gcc.dg/guality/pr54970.c -O2 line 20 a[2] == 13
FAIL: gcc.dg/guality/pr54970.c -O2 line 25 *p == 13
FAIL: gcc.dg/guality/pr54970.c -O2 line 25 *q == 12
FAIL: gcc.dg/guality/pr54970.c -O2 line 25 a[0] == 1
FAIL: gcc.dg/guality/pr54970.c -O2 line 25 a[1] == 12
FAIL: gcc.dg/guality/pr54970.c -O2 line 25 a[2] == 13
FAIL: gcc.dg/guality/pr54970.c -O2 line 31 *p == 6
FAIL: gcc.dg/guality/pr54970.c -O2 line 31 *q == 5
FAIL: gcc.dg/guality/pr54970.c -O2 line 31 a[0] == 4
FAIL: gcc.dg/guality/pr54970.c -O2 line 31 a[1] == 5
FAIL: gcc.dg/guality/pr54970.c -O2 line 31 a[2] == 6
FAIL: gcc.dg/guality/pr54970.c -O2 line 36 *p == 26
FAIL: gcc.dg/guality/pr54970.c -O2 line 36 *q == 5
FAIL: gcc.dg/guality/pr54970.c -O2 line 36 a[0] == 4
FAIL: gcc.dg/guality/pr54970.c -O2 line 36 a[1] == 5
FAIL: gcc.dg/guality/pr54970.c -O2 line 36 a[2] == 26
FAIL: gcc.dg/guality/pr54970.c -O2 line 45 *p == 26
FAIL: gcc.dg/guality/pr54970.c -O2 line 45 *q == 25
FAIL: gcc.dg/guality/pr54970.c -O2 line 45 a[0] == 4
FAIL: gcc.dg/guality/pr54970.c -O2 line 45 a[1] == 25
FAIL: gcc.dg/guality/pr54970.c -O2 line 45 a[2] == 26
FAIL: gcc.dg/guality/pr54970.c -O2 line 45 p[-1] == 25
FAIL: gcc.dg/guality/pr54970.c -O2 line 45 p[-2] == 4
FAIL: gcc.dg/guality/pr54970.c -O2 line 45 q[-1] == 4
FAIL: gcc.dg/guality/pr54970.c -O2 line 45 q[1] == 26
FAIL: gcc.dg/guality/pr54970.c -O2 -flto -fno-use-linker-plugin -flto-partition=none line 15 *p == 3
FAIL: gcc.dg/guality/pr54970.c -O2 -flto -fno-use-linker-plugin -flto-partition=none line 15 *q == 2
FAIL: gcc.dg/guality/pr54970.c -O2 -flto -fno-use-linker-plugin -flto-partition=none line 15 a[0] == 1
FAIL: gcc.dg/guality/pr54970.c -O2 -flto -fno-use-linker-plugin -flto-partition=none line 15 a[1] == 2
FAIL: gcc.dg/guality/pr54970.c -O2 -flto -fno-use-linker-plugin -flto-partition=none line 15 a[2] == 3
FAIL: gcc.dg/guality/pr54970.c -O2 -flto -fno-use-linker-plugin -flto-partition=none line 20 *p == 13
FAIL: gcc.dg/guality/pr54970.c -O2 -flto -fno-use-linker-plugin -flto-partition=none line 20 *q == 2
FAIL: gcc.dg/guality/pr54970.c -O2 -flto -fno-use-linker-plugin -flto-partition=none line 20 a[0] == 1
FAIL: gcc.dg/guality/pr54970.c -O2 -flto -fno-use-linker-plugin -flto-partition=none line 20 a[1] == 2
FAIL: gcc.dg/guality/pr54970.c -O2 -flto -fno-use-linker-plugin -flto-partition=none line 20 a[2] == 13
FAIL: gcc.dg/guality/pr54970.c -O2 -flto -fno-use-linker-plugin -flto-partition=none line 25 *p == 13
FAIL: gcc.dg/guality/pr54970.c -O2 -flto -fno-use-linker-plugin -flto-partition=none line 25 *q == 12
FAIL: gcc.dg/guality/pr54970.c -O2 -flto -fno-use-linker-plugin -flto-partition=none line 25 a[0] == 1
FAIL: gcc.dg/guality/pr54970.c -O2 -flto -fno-use-linker-plugin -flto-partition=none line 25 a[1] == 12
FAIL: gcc.dg/guality/pr54970.c -O2 -flto -fno-use-linker-plugin -flto-partition=none line 25 a[2] == 13
FAIL: gcc.dg/guality/pr54970.c -O2 -flto -fno-use-linker-plugin -flto-partition=none line 31 *p == 6
FAIL: gcc.dg/guality/pr54970.c -O2 -flto -fno-use-linker-plugin -flto-partition=none line 31 *q == 5
FAIL: gcc.dg/guality/pr54970.c -O2 -flto -fno-use-linker-plugin -flto-partition=none line 31 a[0] == 4
FAIL: gcc.dg/guality/pr54970.c -O2 -flto -fno-use-linker-plugin -flto-partition=none line 31 a[1] == 5
FAIL: gcc.dg/guality/pr54970.c -O2 -flto -fno-use-linker-plugin -flto-partition=none line 31 a[2] == 6
FAIL: gcc.dg/guality/pr54970.c -O2 -flto -fno-use-linker-plugin -flto-partition=none line 36 *p == 26
FAIL: gcc.dg/guality/pr54970.c -O2 -flto -fno-use-linker-plugin -flto-partition=none line 36 *q == 5
FAIL: gcc.dg/guality/pr54970.c -O2 -flto -fno-use-linker-plugin -flto-partition=none line 36 a[0] == 4
FAIL: gcc.dg/guality/pr54970.c -O2 -flto -fno-use-linker-plugin -flto-partition=none line 36 a[1] == 5
FAIL: gcc.dg/guality/pr54970.c -O2 -flto -fno-use-linker-plugin -flto-partition=none line 36 a[2] == 26
FAIL: gcc.dg/guality/pr54970.c -O2 -flto -fno-use-linker-plugin -flto-partition=none line 45 *p == 26
FAIL: gcc.dg/guality/pr54970.c -O2 -flto -fno-use-linker-plugin -flto-partition=none line 45 *q == 25
FAIL: gcc.dg/guality/pr54970.c -O2 -flto -fno-use-linker-plugin -flto-partition=none line 45 a[0] == 4
FAIL: gcc.dg/guality/pr54970.c -O2 -flto -fno-use-linker-plugin -flto-partition=none line 45 a[1] == 25
FAIL: gcc.dg/guality/pr54970.c -O2 -flto -fno-use-linker-plugin -flto-partition=none line 45 a[2] == 26
FAIL: gcc.dg/guality/pr54970.c -O2 -flto -fno-use-linker-plugin -flto-partition=none line 45 p[-1] == 25
FAIL: gcc.dg/guality/pr54970.c -O2 -flto -fno-use-linker-plugin -flto-partition=none line 45 p[-2] == 4
FAIL: gcc.dg/guality/pr54970.c -O2 -flto -fno-use-linker-plugin -flto-partition=none line 45 q[-1] == 4
FAIL: gcc.dg/guality/pr54970.c -O2 -flto -fno-use-linker-plugin -flto-partition=none line 45 q[1] == 26
FAIL: gcc.dg/guality/pr54970.c -O2 -flto -fuse-linker-plugin -fno-fat-lto-objects line 15 *p == 3
FAIL: gcc.dg/guality/pr54970.c -O2 -flto -fuse-linker-plugin -fno-fat-lto-objects line 15 *q == 2
FAIL: gcc.dg/guality/pr54970.c -O2 -flto -fuse-linker-plugin -fno-fat-lto-objects line 15 a[0] == 1
FAIL: gcc.dg/guality/pr54970.c -O2 -flto -fuse-linker-plugin -fno-fat-lto-objects line 15 a[1] == 2
FAIL: gcc.dg/guality/pr54970.c -O2 -flto -fuse-linker-plugin -fno-fat-lto-objects line 15 a[2] == 3
FAIL: gcc.dg/guality/pr54970.c -O2 -flto -fuse-linker-plugin -fno-fat-lto-objects line 20 *p == 13
FAIL: gcc.dg/guality/pr54970.c -O2 -flto -fuse-linker-plugin -fno-fat-lto-objects line 20 *q == 2
FAIL: gcc.dg/guality/pr54970.c -O2 -flto -fuse-linker-plugin -fno-fat-lto-objects line 20 a[0] == 1
FAIL: gcc.dg/guality/pr54970.c -O2 -flto -fuse-linker-plugin -fno-fat-lto-objects line 20 a[1] == 2
FAIL: gcc.dg/guality/pr54970.c -O2 -flto -fuse-linker-plugin -fno-fat-lto-objects line 20 a[2] == 13
FAIL: gcc.dg/guality/pr54970.c -O2 -flto -fuse-linker-plugin -fno-fat-lto-objects line 25 *p == 13
FAIL: gcc.dg/guality/pr54970.c -O2 -flto -fuse-linker-plugin -fno-fat-lto-objects line 25 *q == 12
FAIL: gcc.dg/guality/pr54970.c -O2 -flto -fuse-linker-plugin -fno-fat-lto-objects line 25 a[0] == 1
FAIL: gcc.dg/guality/pr54970.c -O2 -flto -fuse-linker-plugin -fno-fat-lto-objects line 25 a[1] == 12
FAIL: gcc.dg/guality/pr54970.c -O2 -flto -fuse-linker-plugin -fno-fat-lto-objects line 25 a[2] == 13
FAIL: gcc.dg/guality/pr54970.c -O2 -flto -fuse-linker-plugin -fno-fat-lto-objects line 31 *p == 6
FAIL: gcc.dg/guality/pr54970.c -O2 -flto -fuse-linker-plugin -fno-fat-lto-objects line 31 *q == 5
FAIL: gcc.dg/guality/pr54970.c -O2 -flto -fuse-linker-plugin -fno-fat-lto-objects line 31 a[0] == 4
FAIL: gcc.dg/guality/pr54970.c -O2 -flto -fuse-linker-plugin -fno-fat-lto-objects line 31 a[1] == 5
FAIL: gcc.dg/guality/pr54970.c -O2 -flto -fuse-linker-plugin -fno-fat-lto-objects line 31 a[2] == 6
FAIL: gcc.dg/guality/pr54970.c -O2 -flto -fuse-linker-plugin -fno-fat-lto-objects line 36 *p == 26
FAIL: gcc.dg/guality/pr54970.c -O2 -flto -fuse-linker-plugin -fno-fat-lto-objects line 36 *q == 5
FAIL: gcc.dg/guality/pr54970.c -O2 -flto -fuse-linker-plugin -fno-fat-lto-objects line 36 a[0] == 4
FAIL: gcc.dg/guality/pr54970.c -O2 -flto -fuse-linker-plugin -fno-fat-lto-objects line 36 a[1] == 5
FAIL: gcc.dg/guality/pr54970.c -O2 -flto -fuse-linker-plugin -fno-fat-lto-objects line 36 a[2] == 26
FAIL: gcc.dg/guality/pr54970.c -O2 -flto -fuse-linker-plugin -fno-fat-lto-objects line 45 *p == 26
FAIL: gcc.dg/guality/pr54970.c -O2 -flto -fuse-linker-plugin -fno-fat-lto-objects line 45 *q == 25
FAIL: gcc.dg/guality/pr54970.c -O2 -flto -fuse-linker-plugin -fno-fat-lto-objects line 45 a[0] == 4
FAIL: gcc.dg/guality/pr54970.c -O2 -flto -fuse-linker-plugin -fno-fat-lto-objects line 45 a[1] == 25
FAIL: gcc.dg/guality/pr54970.c -O2 -flto -fuse-linker-plugin -fno-fat-lto-objects line 45 a[2] == 26
FAIL: gcc.dg/guality/pr54970.c -O2 -flto -fuse-linker-plugin -fno-fat-lto-objects line 45 p[-1] == 25
FAIL: gcc.dg/guality/pr54970.c -O2 -flto -fuse-linker-plugin -fno-fat-lto-objects line 45 p[-2] == 4
FAIL: gcc.dg/guality/pr54970.c -O2 -flto -fuse-linker-plugin -fno-fat-lto-objects line 45 q[-1] == 4
FAIL: gcc.dg/guality/pr54970.c -O2 -flto -fuse-linker-plugin -fno-fat-lto-objects line 45 q[1] == 26
FAIL: gcc.dg/guality/pr54970.c -O3 -g line 15 *p == 3
FAIL: gcc.dg/guality/pr54970.c -O3 -g line 15 *q == 2
FAIL: gcc.dg/guality/pr54970.c -O3 -g line 15 a[0] == 1
FAIL: gcc.dg/guality/pr54970.c -O3 -g line 15 a[1] == 2
FAIL: gcc.dg/guality/pr54970.c -O3 -g line 15 a[2] == 3
FAIL: gcc.dg/guality/pr54970.c -O3 -g line 20 *p == 13
FAIL: gcc.dg/guality/pr54970.c -O3 -g line 20 *q == 2
FAIL: gcc.dg/guality/pr54970.c -O3 -g line 20 a[0] == 1
FAIL: gcc.dg/guality/pr54970.c -O3 -g line 20 a[1] == 2
FAIL: gcc.dg/guality/pr54970.c -O3 -g line 20 a[2] == 13
FAIL: gcc.dg/guality/pr54970.c -O3 -g line 25 *p == 13
FAIL: gcc.dg/guality/pr54970.c -O3 -g line 25 *q == 12
FAIL: gcc.dg/guality/pr54970.c -O3 -g line 25 a[0] == 1
FAIL: gcc.dg/guality/pr54970.c -O3 -g line 25 a[1] == 12
FAIL: gcc.dg/guality/pr54970.c -O3 -g line 25 a[2] == 13
FAIL: gcc.dg/guality/pr54970.c -O3 -g line 31 *p == 6
FAIL: gcc.dg/guality/pr54970.c -O3 -g line 31 *q == 5
FAIL: gcc.dg/guality/pr54970.c -O3 -g line 31 a[0] == 4
FAIL: gcc.dg/guality/pr54970.c -O3 -g line 31 a[1] == 5
FAIL: gcc.dg/guality/pr54970.c -O3 -g line 31 a[2] == 6
FAIL: gcc.dg/guality/pr54970.c -O3 -g line 36 *p == 26
FAIL: gcc.dg/guality/pr54970.c -O3 -g line 36 *q == 5
FAIL: gcc.dg/guality/pr54970.c -O3 -g line 36 a[0] == 4
FAIL: gcc.dg/guality/pr54970.c -O3 -g line 36 a[1] == 5
FAIL: gcc.dg/guality/pr54970.c -O3 -g line 36 a[2] == 26
FAIL: gcc.dg/guality/pr54970.c -O3 -g line 45 *p == 26
FAIL: gcc.dg/guality/pr54970.c -O3 -g line 45 *q == 25
FAIL: gcc.dg/guality/pr54970.c -O3 -g line 45 a[0] == 4
FAIL: gcc.dg/guality/pr54970.c -O3 -g line 45 a[1] == 25
FAIL: gcc.dg/guality/pr54970.c -O3 -g line 45 a[2] == 26
FAIL: gcc.dg/guality/pr54970.c -O3 -g line 45 p[-1] == 25
FAIL: gcc.dg/guality/pr54970.c -O3 -g line 45 p[-2] == 4
FAIL: gcc.dg/guality/pr54970.c -O3 -g line 45 q[-1] == 4
FAIL: gcc.dg/guality/pr54970.c -O3 -g line 45 q[1] == 26
FAIL: gcc.dg/guality/pr54970.c -Os line 15 *p == 3
FAIL: gcc.dg/guality/pr54970.c -Os line 15 *q == 2
FAIL: gcc.dg/guality/pr54970.c -Os line 15 a[0] == 1
FAIL: gcc.dg/guality/pr54970.c -Os line 15 a[1] == 2
FAIL: gcc.dg/guality/pr54970.c -Os line 15 a[2] == 3
FAIL: gcc.dg/guality/pr54970.c -Os line 20 *p == 13
FAIL: gcc.dg/guality/pr54970.c -Os line 20 *q == 2
FAIL: gcc.dg/guality/pr54970.c -Os line 20 a[0] == 1
FAIL: gcc.dg/guality/pr54970.c -Os line 20 a[1] == 2
FAIL: gcc.dg/guality/pr54970.c -Os line 20 a[2] == 13
FAIL: gcc.dg/guality/pr54970.c -Os line 25 *p == 13
FAIL: gcc.dg/guality/pr54970.c -Os line 25 *q == 12
FAIL: gcc.dg/guality/pr54970.c -Os line 25 a[0] == 1
FAIL: gcc.dg/guality/pr54970.c -Os line 25 a[1] == 12
FAIL: gcc.dg/guality/pr54970.c -Os line 25 a[2] == 13
FAIL: gcc.dg/guality/pr54970.c -Os line 31 *p == 6
FAIL: gcc.dg/guality/pr54970.c -Os line 31 *q == 5
FAIL: gcc.dg/guality/pr54970.c -Os line 31 a[0] == 4
FAIL: gcc.dg/guality/pr54970.c -Os line 31 a[1] == 5
FAIL: gcc.dg/guality/pr54970.c -Os line 31 a[2] == 6
FAIL: gcc.dg/guality/pr54970.c -Os line 36 *p == 26
FAIL: gcc.dg/guality/pr54970.c -Os line 36 *q == 5
FAIL: gcc.dg/guality/pr54970.c -Os line 36 a[0] == 4
FAIL: gcc.dg/guality/pr54970.c -Os line 36 a[1] == 5
FAIL: gcc.dg/guality/pr54970.c -Os line 36 a[2] == 26
FAIL: gcc.dg/guality/pr54970.c -Os line 45 *p == 26
FAIL: gcc.dg/guality/pr54970.c -Os line 45 *q == 25
FAIL: gcc.dg/guality/pr54970.c -Os line 45 a[0] == 4
FAIL: gcc.dg/guality/pr54970.c -Os line 45 a[1] == 25
FAIL: gcc.dg/guality/pr54970.c -Os line 45 a[2] == 26
FAIL: gcc.dg/guality/pr54970.c -Os line 45 p[-1] == 25
FAIL: gcc.dg/guality/pr54970.c -Os line 45 p[-2] == 4
FAIL: gcc.dg/guality/pr54970.c -Os line 45 q[-1] == 4
FAIL: gcc.dg/guality/pr54970.c -Os line 45 q[1] == 26
FAIL: gcc.dg/guality/pr56154-1.c -O1 line pr56154-1.c:20 x.a == 6
FAIL: gcc.dg/guality/pr56154-1.c -O2 line pr56154-1.c:20 x.a == 6
FAIL: gcc.dg/guality/pr56154-1.c -O2 -flto -fno-use-linker-plugin -flto-partition=none line pr56154-1.c:20 x.a == 6
FAIL: gcc.dg/guality/pr56154-1.c -O2 -flto -fuse-linker-plugin -fno-fat-lto-objects line pr56154-1.c:20 x.a == 6
FAIL: gcc.dg/guality/pr56154-1.c -O3 -g line pr56154-1.c:20 x.a == 6
FAIL: gcc.dg/guality/pr56154-1.c -Os line pr56154-1.c:20 x.a == 6
FAIL: gcc.dg/guality/sra-1.c -O1 line 43 a.j == 14
FAIL: gcc.dg/guality/sra-1.c -O2 line 43 a.j == 14
FAIL: gcc.dg/guality/sra-1.c -O2 -flto -fno-use-linker-plugin -flto-partition=none line 43 a.j == 14
FAIL: gcc.dg/guality/sra-1.c -O2 -flto -fuse-linker-plugin -fno-fat-lto-objects line 43 a.j == 14
FAIL: gcc.dg/guality/sra-1.c -O3 -g line 43 a.j == 14
FAIL: gcc.dg/guality/sra-1.c -Os line 43 a.j == 14
FAIL: gcc.dg/guality/vla-1.c -O1 line 17 sizeof (a) == 6
FAIL: gcc.dg/guality/vla-1.c -O2 line 17 sizeof (a) == 6
FAIL: gcc.dg/guality/vla-1.c -O2 -flto -fno-use-linker-plugin -flto-partition=none line 17 sizeof (a) == 6
FAIL: gcc.dg/guality/vla-1.c -O2 -flto -fuse-linker-plugin -fno-fat-lto-objects line 17 sizeof (a) == 6
FAIL: gcc.dg/guality/vla-1.c -O3 -g line 17 sizeof (a) == 6
FAIL: gcc.dg/guality/vla-1.c -Os line 17 sizeof (a) == 6
FAIL: gcc.dg/ipa/iinline-attr.c scan-ipa-dump inline "hooray[^\\\\n]*inline copy in test"
FAIL: gcc.dg/tree-ssa/ivopts-lt-2.c scan-tree-dump-times ivopts "PHI <p_" 1
FAIL: gcc.dg/tree-ssa/ivopts-lt-2.c scan-tree-dump-times ivopts "PHI" 1
FAIL: gcc.dg/tree-ssa/ivopts-lt-2.c scan-tree-dump-times ivopts "p_[0-9]* <" 1
FAIL: c-c++-common/ubsan/float-cast-overflow-8.c -O2 output pattern test, is ../../../../libsanitizer/ubsan/ubsan_handlers.cc:300: runtime error: value 0 is outside the range of representable values of type 'signed char'
FAIL: c-c++-common/ubsan/float-cast-overflow-8.c -O2 -flto -fno-use-linker-plugin -flto-partition=none output pattern test, is ../../../../libsanitizer/ubsan/ubsan_handlers.cc:300: runtime error: value 0 is outside the range of representable values of type 'signed char'
FAIL: c-c++-common/ubsan/float-cast-overflow-8.c -O2 -flto -fuse-linker-plugin -fno-fat-lto-objects output pattern test, is ../../../../libsanitizer/ubsan/ubsan_handlers.cc:300: runtime error: value 0 is outside the range of representable values of type 'signed char'
FAIL: gcc.dg/vect/costmodel/ppc/costmodel-vect-31a.c scan-tree-dump-times vect "vectorization not profitable" 1
FAIL: gcc.dg/vect/costmodel/ppc/costmodel-vect-33.c scan-tree-dump-times vect "vectorization not profitable" 1
XPASS: gcc.dg/vect/no-scevccp-outer-11.c scan-tree-dump-times vect "OUTER LOOP VECTORIZED." 1
FAIL: gcc.dg/vect/no-vfa-vect-depend-2.c scan-tree-dump-times vect "vectorized 1 loops" 1
FAIL: gcc.dg/vect/no-vfa-vect-depend-3.c scan-tree-dump-times vect "vectorized 1 loops" 4
FAIL: gcc.dg/vect/slp-multitypes-4.c -flto -ffat-lto-objects scan-tree-dump-times vect "vectorized 1 loops" 1
FAIL: gcc.dg/vect/slp-multitypes-4.c -flto -ffat-lto-objects scan-tree-dump-times vect "vectorizing stmts using SLP" 1
FAIL: gcc.dg/vect/slp-multitypes-4.c scan-tree-dump-times vect "vectorized 1 loops" 1
FAIL: gcc.dg/vect/slp-multitypes-4.c scan-tree-dump-times vect "vectorizing stmts using SLP" 1
FAIL: gcc.dg/vect/slp-multitypes-5.c -flto -ffat-lto-objects scan-tree-dump-times vect "vectorized 1 loops" 1
FAIL: gcc.dg/vect/slp-multitypes-5.c -flto -ffat-lto-objects scan-tree-dump-times vect "vectorizing stmts using SLP" 1
FAIL: gcc.dg/vect/slp-multitypes-5.c scan-tree-dump-times vect "vectorized 1 loops" 1
FAIL: gcc.dg/vect/slp-multitypes-5.c scan-tree-dump-times vect "vectorizing stmts using SLP" 1
FAIL: gcc.dg/vect/vect-125.c -flto -ffat-lto-objects scan-tree-dump vect "vectorized 1 loops"
FAIL: gcc.dg/vect/vect-125.c scan-tree-dump vect "vectorized 1 loops"
FAIL: gcc.dg/vect/vect-31.c -flto -ffat-lto-objects scan-tree-dump-times vect "vectorized 4 loops" 1
FAIL: gcc.dg/vect/vect-31.c scan-tree-dump-times vect "vectorized 4 loops" 1
FAIL: gcc.dg/vmx/extract-vsx-be-order.c -O0 execution test
FAIL: gcc.dg/vmx/extract-vsx-be-order.c -O1 execution test
FAIL: gcc.dg/vmx/extract-vsx-be-order.c -O2 execution test
FAIL: gcc.dg/vmx/extract-vsx-be-order.c -O2 -flto -fno-use-linker-plugin -flto-partition=none execution test
FAIL: gcc.dg/vmx/extract-vsx-be-order.c -O2 -flto -fuse-linker-plugin -fno-fat-lto-objects execution test
FAIL: gcc.dg/vmx/extract-vsx-be-order.c -O3 -g execution test
FAIL: gcc.dg/vmx/extract-vsx-be-order.c -Os execution test
FAIL: gcc.dg/vmx/extract-vsx.c -O0 execution test
FAIL: gcc.dg/vmx/extract-vsx.c -O1 execution test
FAIL: gcc.dg/vmx/extract-vsx.c -O2 execution test
FAIL: gcc.dg/vmx/extract-vsx.c -O2 -flto -fno-use-linker-plugin -flto-partition=none execution test
FAIL: gcc.dg/vmx/extract-vsx.c -O2 -flto -fuse-linker-plugin -fno-fat-lto-objects execution test
FAIL: gcc.dg/vmx/extract-vsx.c -O3 -g execution test
FAIL: gcc.dg/vmx/extract-vsx.c -Os execution test
FAIL: gcc.dg/vmx/insert-vsx-be-order.c -O0 execution test
FAIL: gcc.dg/vmx/insert-vsx-be-order.c -O1 execution test
FAIL: gcc.dg/vmx/insert-vsx-be-order.c -O2 execution test
FAIL: gcc.dg/vmx/insert-vsx-be-order.c -O2 -flto -fno-use-linker-plugin -flto-partition=none execution test
FAIL: gcc.dg/vmx/insert-vsx-be-order.c -O2 -flto -fuse-linker-plugin -fno-fat-lto-objects execution test
FAIL: gcc.dg/vmx/insert-vsx-be-order.c -O3 -g execution test
FAIL: gcc.dg/vmx/insert-vsx-be-order.c -Os execution test
FAIL: gcc.dg/vmx/insert-vsx.c -O0 execution test
FAIL: gcc.dg/vmx/insert-vsx.c -O1 execution test
FAIL: gcc.dg/vmx/insert-vsx.c -O2 execution test
FAIL: gcc.dg/vmx/insert-vsx.c -O2 -flto -fno-use-linker-plugin -flto-partition=none execution test
FAIL: gcc.dg/vmx/insert-vsx.c -O2 -flto -fuse-linker-plugin -fno-fat-lto-objects execution test
FAIL: gcc.dg/vmx/insert-vsx.c -O3 -g execution test
FAIL: gcc.dg/vmx/insert-vsx.c -Os execution test
FAIL: gcc.dg/vmx/ld-vsx-be-order.c -O0 execution test
FAIL: gcc.dg/vmx/ld-vsx-be-order.c -O1 execution test
FAIL: gcc.dg/vmx/ld-vsx-be-order.c -O2 execution test
FAIL: gcc.dg/vmx/ld-vsx-be-order.c -O2 -flto -fno-use-linker-plugin -flto-partition=none execution test
FAIL: gcc.dg/vmx/ld-vsx-be-order.c -O2 -flto -fuse-linker-plugin -fno-fat-lto-objects execution test
FAIL: gcc.dg/vmx/ld-vsx-be-order.c -O3 -fomit-frame-pointer -funroll-loops -fpeel-loops -ftracer -finline-functions execution test
FAIL: gcc.dg/vmx/ld-vsx-be-order.c -O3 -g execution test
FAIL: gcc.dg/vmx/ld-vsx-be-order.c -Os execution test
FAIL: gcc.dg/vmx/ld-vsx.c -O0 execution test
FAIL: gcc.dg/vmx/ld-vsx.c -O1 execution test
FAIL: gcc.dg/vmx/ld-vsx.c -O2 execution test
FAIL: gcc.dg/vmx/ld-vsx.c -O2 -flto -fno-use-linker-plugin -flto-partition=none execution test
FAIL: gcc.dg/vmx/ld-vsx.c -O2 -flto -fuse-linker-plugin -fno-fat-lto-objects execution test
FAIL: gcc.dg/vmx/ld-vsx.c -O3 -fomit-frame-pointer -funroll-loops -fpeel-loops -ftracer -finline-functions execution test
FAIL: gcc.dg/vmx/ld-vsx.c -O3 -g execution test
FAIL: gcc.dg/vmx/ld-vsx.c -Os execution test
FAIL: gcc.dg/vmx/ldl-vsx-be-order.c -O0 execution test
FAIL: gcc.dg/vmx/ldl-vsx-be-order.c -O1 execution test
FAIL: gcc.dg/vmx/ldl-vsx-be-order.c -O2 execution test
FAIL: gcc.dg/vmx/ldl-vsx-be-order.c -O2 -flto -fno-use-linker-plugin -flto-partition=none execution test
FAIL: gcc.dg/vmx/ldl-vsx-be-order.c -O2 -flto -fuse-linker-plugin -fno-fat-lto-objects execution test
FAIL: gcc.dg/vmx/ldl-vsx-be-order.c -O3 -fomit-frame-pointer -funroll-loops -fpeel-loops -ftracer -finline-functions execution test
FAIL: gcc.dg/vmx/ldl-vsx-be-order.c -O3 -g execution test
FAIL: gcc.dg/vmx/ldl-vsx-be-order.c -Os execution test
FAIL: gcc.dg/vmx/ldl-vsx.c -O0 execution test
FAIL: gcc.dg/vmx/ldl-vsx.c -O1 execution test
FAIL: gcc.dg/vmx/ldl-vsx.c -O2 execution test
FAIL: gcc.dg/vmx/ldl-vsx.c -O2 -flto -fno-use-linker-plugin -flto-partition=none execution test
FAIL: gcc.dg/vmx/ldl-vsx.c -O2 -flto -fuse-linker-plugin -fno-fat-lto-objects execution test
FAIL: gcc.dg/vmx/ldl-vsx.c -O3 -fomit-frame-pointer -funroll-loops -fpeel-loops -ftracer -finline-functions execution test
FAIL: gcc.dg/vmx/ldl-vsx.c -O3 -g execution test
FAIL: gcc.dg/vmx/ldl-vsx.c -Os execution test
FAIL: gcc.dg/vmx/merge-vsx-be-order.c -O0 execution test
FAIL: gcc.dg/vmx/merge-vsx-be-order.c -O1 execution test
FAIL: gcc.dg/vmx/merge-vsx-be-order.c -O2 execution test
FAIL: gcc.dg/vmx/merge-vsx-be-order.c -O2 -flto -fno-use-linker-plugin -flto-partition=none execution test
FAIL: gcc.dg/vmx/merge-vsx-be-order.c -O2 -flto -fuse-linker-plugin -fno-fat-lto-objects execution test
FAIL: gcc.dg/vmx/merge-vsx-be-order.c -O3 -g execution test
FAIL: gcc.dg/vmx/merge-vsx-be-order.c -Os execution test
FAIL: gcc.dg/vmx/merge-vsx.c -O0 execution test
FAIL: gcc.dg/vmx/merge-vsx.c -O1 execution test
FAIL: gcc.dg/vmx/merge-vsx.c -O2 execution test
FAIL: gcc.dg/vmx/merge-vsx.c -O2 -flto -fno-use-linker-plugin -flto-partition=none execution test
FAIL: gcc.dg/vmx/merge-vsx.c -O2 -flto -fuse-linker-plugin -fno-fat-lto-objects execution test
FAIL: gcc.dg/vmx/merge-vsx.c -O3 -g execution test
FAIL: gcc.dg/vmx/merge-vsx.c -Os execution test
FAIL: gcc.dg/vmx/splat-vsx-be-order.c -O0 execution test
FAIL: gcc.dg/vmx/splat-vsx-be-order.c -O1 execution test
FAIL: gcc.dg/vmx/splat-vsx-be-order.c -O2 execution test
FAIL: gcc.dg/vmx/splat-vsx-be-order.c -O2 -flto -fno-use-linker-plugin -flto-partition=none execution test
FAIL: gcc.dg/vmx/splat-vsx-be-order.c -O2 -flto -fuse-linker-plugin -fno-fat-lto-objects execution test
FAIL: gcc.dg/vmx/splat-vsx-be-order.c -O3 -g execution test
FAIL: gcc.dg/vmx/splat-vsx-be-order.c -Os execution test
FAIL: gcc.dg/vmx/splat-vsx.c -O0 execution test
FAIL: gcc.dg/vmx/splat-vsx.c -O1 execution test
FAIL: gcc.dg/vmx/splat-vsx.c -O2 execution test
FAIL: gcc.dg/vmx/splat-vsx.c -O2 -flto -fno-use-linker-plugin -flto-partition=none execution test
FAIL: gcc.dg/vmx/splat-vsx.c -O2 -flto -fuse-linker-plugin -fno-fat-lto-objects execution test
FAIL: gcc.dg/vmx/splat-vsx.c -O3 -g execution test
FAIL: gcc.dg/vmx/splat-vsx.c -Os execution test
FAIL: gcc.dg/vmx/st-vsx-be-order.c -O0 execution test
FAIL: gcc.dg/vmx/st-vsx-be-order.c -O1 execution test
FAIL: gcc.dg/vmx/st-vsx-be-order.c -O2 execution test
FAIL: gcc.dg/vmx/st-vsx-be-order.c -O2 -flto -fno-use-linker-plugin -flto-partition=none execution test
FAIL: gcc.dg/vmx/st-vsx-be-order.c -O2 -flto -fuse-linker-plugin -fno-fat-lto-objects execution test
FAIL: gcc.dg/vmx/st-vsx-be-order.c -O3 -fomit-frame-pointer -funroll-loops -fpeel-loops -ftracer -finline-functions execution test
FAIL: gcc.dg/vmx/st-vsx-be-order.c -O3 -g execution test
FAIL: gcc.dg/vmx/st-vsx-be-order.c -Os execution test
FAIL: gcc.dg/vmx/st-vsx.c -O0 execution test
FAIL: gcc.dg/vmx/st-vsx.c -O1 execution test
FAIL: gcc.dg/vmx/st-vsx.c -O2 execution test
FAIL: gcc.dg/vmx/st-vsx.c -O2 -flto -fno-use-linker-plugin -flto-partition=none execution test
FAIL: gcc.dg/vmx/st-vsx.c -O2 -flto -fuse-linker-plugin -fno-fat-lto-objects execution test
FAIL: gcc.dg/vmx/st-vsx.c -O3 -fomit-frame-pointer -funroll-loops -fpeel-loops -ftracer -finline-functions execution test
FAIL: gcc.dg/vmx/st-vsx.c -O3 -g execution test
FAIL: gcc.dg/vmx/st-vsx.c -Os execution test
FAIL: gcc.dg/vmx/stl-vsx-be-order.c -O0 execution test
FAIL: gcc.dg/vmx/stl-vsx-be-order.c -O1 execution test
FAIL: gcc.dg/vmx/stl-vsx-be-order.c -O2 execution test
FAIL: gcc.dg/vmx/stl-vsx-be-order.c -O2 -flto -fno-use-linker-plugin -flto-partition=none execution test
FAIL: gcc.dg/vmx/stl-vsx-be-order.c -O2 -flto -fuse-linker-plugin -fno-fat-lto-objects execution test
FAIL: gcc.dg/vmx/stl-vsx-be-order.c -O3 -fomit-frame-pointer -funroll-loops -fpeel-loops -ftracer -finline-functions execution test
FAIL: gcc.dg/vmx/stl-vsx-be-order.c -O3 -g execution test
FAIL: gcc.dg/vmx/stl-vsx-be-order.c -Os execution test
FAIL: gcc.dg/vmx/stl-vsx.c -O0 execution test
FAIL: gcc.dg/vmx/stl-vsx.c -O1 execution test
FAIL: gcc.dg/vmx/stl-vsx.c -O2 execution test
FAIL: gcc.dg/vmx/stl-vsx.c -O2 -flto -fno-use-linker-plugin -flto-partition=none execution test
FAIL: gcc.dg/vmx/stl-vsx.c -O2 -flto -fuse-linker-plugin -fno-fat-lto-objects execution test
FAIL: gcc.dg/vmx/stl-vsx.c -O3 -fomit-frame-pointer -funroll-loops -fpeel-loops -ftracer -finline-functions execution test
FAIL: gcc.dg/vmx/stl-vsx.c -O3 -g execution test
FAIL: gcc.dg/vmx/stl-vsx.c -Os execution test
FAIL: gcc.target/powerpc/20050830-1.c scan-assembler bdn
FAIL: gcc.target/powerpc/vec-cmp-sel.c (test for excess errors)
UNRESOLVED: gcc.target/powerpc/vec-cmp-sel.c scan-assembler vcmpgtsd
UNRESOLVED: gcc.target/powerpc/vec-cmp-sel.c scan-assembler-not xxlnor
=== gcc Summary for unix/-m64 ===
# of expected passes 94326
# of unexpected failures 685
# of unexpected successes 15
# of expected failures 274
# of unresolved testcases 2
# of unsupported tests 2064
=== gcc Summary ===
# of expected passes 187776
# of unexpected failures 982
# of unexpected successes 33
# of expected failures 534
# of unresolved testcases 4
# of unsupported tests 4204
/daten/gcc/gcc-20150801/Build/gcc/xgcc version 6.0.0 20150801 (experimental) [trunk revision 226462] (GCC)
=== gfortran tests ===
Running target unix/-m32
FAIL: gfortran.dg/bessel_6.f90 -O0 execution test
FAIL: gfortran.dg/bessel_6.f90 -O1 execution test
FAIL: gfortran.dg/bessel_6.f90 -O2 execution test
FAIL: gfortran.dg/bessel_6.f90 -O3 -fomit-frame-pointer -funroll-loops -fpeel-loops -ftracer -finline-functions execution test
FAIL: gfortran.dg/bessel_6.f90 -O3 -g execution test
FAIL: gfortran.dg/bessel_6.f90 -Os execution test
FAIL: gfortran.dg/default_format_denormal_2.f90 -O0 execution test
FAIL: gfortran.dg/default_format_denormal_2.f90 -O1 execution test
FAIL: gfortran.dg/default_format_denormal_2.f90 -O2 execution test
FAIL: gfortran.dg/default_format_denormal_2.f90 -O3 -fomit-frame-pointer -funroll-loops -fpeel-loops -ftracer -finline-functions execution test
FAIL: gfortran.dg/default_format_denormal_2.f90 -O3 -g execution test
FAIL: gfortran.dg/default_format_denormal_2.f90 -Os execution test
FAIL: gfortran.dg/erf_3.F90 -O0 execution test
FAIL: gfortran.dg/erf_3.F90 -O1 execution test
FAIL: gfortran.dg/erf_3.F90 -O2 execution test
FAIL: gfortran.dg/erf_3.F90 -O3 -fomit-frame-pointer -funroll-loops -fpeel-loops -ftracer -finline-functions execution test
FAIL: gfortran.dg/erf_3.F90 -O3 -g execution test
FAIL: gfortran.dg/erf_3.F90 -Os execution test
XPASS: gfortran.dg/nint_2.f90 -O0 execution test
FAIL: gfortran.dg/vect/pr48329.f90 -O scan-tree-dump-times vect "vectorized 1 loops" 1
FAIL: gfortran.dg/vect/pr62283-2.f -O scan-tree-dump slp2 "basic block vectorized"
=== gfortran Summary for unix/-m32 ===
# of expected passes 40234
# of unexpected failures 20
# of unexpected successes 1
# of expected failures 84
# of unsupported tests 201
Running target unix/-m64
FAIL: gfortran.dg/bessel_6.f90 -O0 execution test
FAIL: gfortran.dg/bessel_6.f90 -O1 execution test
FAIL: gfortran.dg/bessel_6.f90 -O2 execution test
FAIL: gfortran.dg/bessel_6.f90 -O3 -fomit-frame-pointer -funroll-loops -fpeel-loops -ftracer -finline-functions execution test
FAIL: gfortran.dg/bessel_6.f90 -O3 -g execution test
FAIL: gfortran.dg/bessel_6.f90 -Os execution test
FAIL: gfortran.dg/default_format_denormal_2.f90 -O0 execution test
FAIL: gfortran.dg/default_format_denormal_2.f90 -O1 execution test
FAIL: gfortran.dg/default_format_denormal_2.f90 -O2 execution test
FAIL: gfortran.dg/default_format_denormal_2.f90 -O3 -fomit-frame-pointer -funroll-loops -fpeel-loops -ftracer -finline-functions execution test
FAIL: gfortran.dg/default_format_denormal_2.f90 -O3 -g execution test
FAIL: gfortran.dg/default_format_denormal_2.f90 -Os execution test
FAIL: gfortran.dg/erf_3.F90 -O0 execution test
FAIL: gfortran.dg/erf_3.F90 -O1 execution test
FAIL: gfortran.dg/erf_3.F90 -O2 execution test
FAIL: gfortran.dg/erf_3.F90 -O3 -fomit-frame-pointer -funroll-loops -fpeel-loops -ftracer -finline-functions execution test
FAIL: gfortran.dg/erf_3.F90 -O3 -g execution test
FAIL: gfortran.dg/erf_3.F90 -Os execution test
XPASS: gfortran.dg/nint_2.f90 -O0 execution test
FAIL: gfortran.dg/vect/pr48329.f90 -O scan-tree-dump-times vect "vectorized 1 loops" 1
FAIL: gfortran.dg/vect/pr62283-2.f -O scan-tree-dump slp2 "basic block vectorized"
=== gfortran Summary for unix/-m64 ===
# of expected passes 40481
# of unexpected failures 20
# of unexpected successes 1
# of expected failures 84
# of unsupported tests 80
=== gfortran Summary ===
# of expected passes 80715
# of unexpected failures 40
# of unexpected successes 2
# of expected failures 168
# of unsupported tests 281
/daten/gcc/gcc-20150801/Build/gcc/testsuite/gfortran/../../gfortran version 6.0.0 20150801 (experimental) [trunk revision 226462] (GCC)
=== gnat tests ===
Running target unix/-m32
FAIL: gnat.dg/specs/addr1.ads (test for warnings, line 30)
=== gnat Summary for unix/-m32 ===
# of expected passes 1374
# of unexpected failures 1
# of expected failures 21
# of unsupported tests 15
Running target unix/-m64
FAIL: gnat.dg/opt37.adb scan-tree-dump-not optimized "alloca"
FAIL: gnat.dg/specs/addr1.ads (test for warnings, line 30)
FAIL: gnat.dg/specs/debug1.ads scan-assembler-times DW_AT_artificial 15
=== gnat Summary for unix/-m64 ===
# of expected passes 1372
# of unexpected failures 3
# of expected failures 21
# of unsupported tests 15
=== gnat Summary ===
# of expected passes 2746
# of unexpected failures 4
# of expected failures 42
# of unsupported tests 30
/daten/gcc/gcc-20150801/Build/gcc/gnatmake version 6.0.0 20150801 (experimental) [trunk revision 226462]
=== go tests ===
Running target unix/-m32
FAIL: go.test/test/ken/cplx2.go execution, -O2 -g
=== go Summary for unix/-m32 ===
# of expected passes 7359
# of unexpected failures 1
# of expected failures 1
# of untested testcases 11
# of unsupported tests 3
Running target unix/-m64
FAIL: go.test/test/fixedbugs/bug177.go execution, -O2 -g
FAIL: go.test/test/fixedbugs/bug184.go execution, -O2 -g
FAIL: go.test/test/index0.go execution
FAIL: go.test/test/ken/cplx2.go execution, -O2 -g
FAIL: go.test/test/nilptr2.go execution, -O2 -g
FAIL: go.test/test/peano.go execution, -O2 -g
FAIL: go.test/test/slice3.go execution
=== go Summary for unix/-m64 ===
# of expected passes 7237
# of unexpected failures 7
# of expected failures 1
# of untested testcases 7
# of unsupported tests 3
=== go Summary ===
# of expected passes 14596
# of unexpected failures 8
# of expected failures 2
# of untested testcases 18
# of unsupported tests 6
/daten/gcc/gcc-20150801/Build/gcc/testsuite/go/../../gccgo version 6.0.0 20150801 (experimental) [trunk revision 226462] (GCC)
=== objc tests ===
Running target unix/-m32
=== objc Summary for unix/-m32 ===
# of expected passes 2772
# of unsupported tests 68
Running target unix/-m64
=== objc Summary for unix/-m64 ===
# of expected passes 2772
# of unsupported tests 68
=== objc Summary ===
# of expected passes 5544
# of unsupported tests 136
/daten/gcc/gcc-20150801/Build/gcc/xgcc version 6.0.0 20150801 (experimental) [trunk revision 226462] (GCC)
=== boehm-gc tests ===
Running target unix/-m32
=== boehm-gc Summary for unix/-m32 ===
# of expected passes 12
# of unsupported tests 1
Running target unix/-m64
=== boehm-gc Summary for unix/-m64 ===
# of expected passes 12
# of unsupported tests 1
=== boehm-gc Summary ===
# of expected passes 24
# of unsupported tests 2
=== libatomic tests ===
Running target unix/-m32
=== libatomic Summary for unix/-m32 ===
# of expected passes 44
# of unsupported tests 5
Running target unix/-m64
=== libatomic Summary for unix/-m64 ===
# of expected passes 54
=== libatomic Summary ===
# of expected passes 98
# of unsupported tests 5
=== libffi tests ===
Running target unix/-m32
=== libffi Summary for unix/-m32 ===
# of expected passes 1914
# of unsupported tests 30
Running target unix/-m64
=== libffi Summary for unix/-m64 ===
# of expected passes 1914
# of unsupported tests 30
=== libffi Summary ===
# of expected passes 3828
# of unsupported tests 60
=== libgo tests ===
Running target unix
FAIL: bufio
FAIL: bytes
FAIL: expvar
FAIL: fmt
FAIL: log
FAIL: math
FAIL: net
FAIL: os
FAIL: reflect
FAIL: regexp
FAIL: strconv
FAIL: strings
FAIL: time
FAIL: archive/tar
FAIL: archive/zip
FAIL: crypto/cipher
FAIL: crypto/rsa
FAIL: crypto/tls
FAIL: crypto/x509
FAIL: database/sql
FAIL: database/sql/driver
FAIL: debug/dwarf
FAIL: encoding/asn1
FAIL: encoding/gob
FAIL: encoding/hex
FAIL: encoding/json
FAIL: encoding/xml
FAIL: html/template
FAIL: go/ast
FAIL: go/doc
FAIL: go/format
FAIL: go/parser
FAIL: go/scanner
FAIL: go/token
FAIL: hash/fnv
FAIL: image/png
FAIL: log/syslog
FAIL: math/big
FAIL: mime/multipart
FAIL: net/http
FAIL: net/http/cgi
FAIL: net/http/cookiejar
FAIL: net/http/fcgi
FAIL: net/http/httptest
FAIL: net/http/httputil
FAIL: net/mail
FAIL: net/rpc
FAIL: net/smtp
FAIL: net/url
FAIL: net/rpc/jsonrpc
FAIL: old/regexp
FAIL: old/template
FAIL: runtime/pprof
FAIL: text/template
FAIL: text/template/parse
FAIL: unicode/utf8
=== libgo Summary for unix ===
# of expected passes 68
# of unexpected failures 56
Running target unix/-m32
FAIL: math
FAIL: sync/atomic
=== libgo Summary for unix/-m32 ===
# of expected passes 122
# of unexpected failures 2
=== libgo Summary ===
# of expected passes 190
# of unexpected failures 58
/daten/gcc/gcc-20150801/Build/./gcc/gccgo version 6.0.0 20150801 (experimental) [trunk revision 226462] (GCC)
=== libgomp tests ===
Running target unix/-m32
=== libgomp Summary for unix/-m32 ===
# of expected passes 5062
# of expected failures 8
# of unsupported tests 301
Running target unix/-m64
=== libgomp Summary for unix/-m64 ===
# of expected passes 5062
# of expected failures 8
# of unsupported tests 301
=== libgomp Summary ===
# of expected passes 10124
# of expected failures 16
# of unsupported tests 602
=== libitm tests ===
Running target unix/-m32
=== libitm Summary for unix/-m32 ===
# of expected passes 26
# of expected failures 3
# of unsupported tests 1
Running target unix/-m64
=== libitm Summary for unix/-m64 ===
# of expected passes 26
# of expected failures 3
# of unsupported tests 1
=== libitm Summary ===
# of expected passes 52
# of expected failures 6
# of unsupported tests 2
=== libjava tests ===
Running target unix/-m32
=== libjava Summary for unix/-m32 ===
# of expected passes 2582
# of expected failures 4
Running target unix/-m64
FAIL: getlocalvartable output
=== libjava Summary for unix/-m64 ===
# of expected passes 2581
# of unexpected failures 1
# of expected failures 4
=== libjava Summary ===
# of expected passes 5163
# of unexpected failures 1
# of expected failures 8
=== libstdc++ tests ===
Running target unix/-m32
=== libstdc++ Summary for unix/-m32 ===
# of expected passes 10915
# of expected failures 66
# of unsupported tests 238
Running target unix/-m64
XPASS: 26_numerics/complex/13450.cc execution test
XPASS: 26_numerics/complex/pow.cc execution test
XPASS: 26_numerics/complex/value_operations/1.cc execution test
XPASS: 26_numerics/headers/cmath/c_math.cc execution test
FAIL: libstdc++-prettyprinters/libfundts.cc print ab
FAIL: libstdc++-prettyprinters/libfundts.cc print ai
FAIL: libstdc++-prettyprinters/libfundts.cc print am
FAIL: libstdc++-prettyprinters/libfundts.cc print ap
FAIL: libstdc++-prettyprinters/libfundts.cc print as
FAIL: libstdc++-prettyprinters/libfundts.cc print as2
=== libstdc++ Summary for unix/-m64 ===
# of expected passes 4850
# of unexpected failures 6
# of unexpected successes 4
# of expected failures 62
# of unsupported tests 238
=== libstdc++ Summary ===
# of expected passes 15765
# of unexpected failures 6
# of unexpected successes 4
# of expected failures 128
# of unsupported tests 476
Compiler version: 6.0.0 20150801 (experimental) [trunk revision 226462] (GCC)
Platform: powerpc64-suse-linux-gnu
configure flags: --prefix=/usr --build=powerpc64-suse-linux --enable-checking=release --enable-shared --with-system-zlib CFLAGS='-O2 -g' CXXFLAGS='-O2 -g' --with-cpu-64=power4 --enable-secureplt --with-long-double-128