This is the mail archive of the
gcc-testresults@gcc.gnu.org
mailing list for the GCC project.
Results for 6.0.0 20150731 (experimental) [trunk revision 226440] (GCC) testsuite on sparc-sun-solaris2.11
- From: Rainer Orth <ro at CeBiTec dot Uni-Bielefeld dot DE>
- To: gcc-testresults at gcc dot gnu dot org
- Date: Sat, 1 Aug 2015 08:26:49 +0200 (CEST)
- Subject: Results for 6.0.0 20150731 (experimental) [trunk revision 226440] (GCC) testsuite on sparc-sun-solaris2.11
- Authentication-results: sourceware.org; auth=none
LAST_UPDATED: Fri Jul 31 12:07:33 UTC 2015 (revision 226440)
=== acats tests ===
=== acats Summary ===
# of expected passes 2320
# of unexpected failures 0
Native configuration is sparc-sun-solaris2.11
=== g++ tests ===
Running target unix
=== g++ Summary for unix ===
# of expected passes 82494
# of expected failures 290
# of unsupported tests 3592
Running target unix/-m64
=== g++ Summary for unix/-m64 ===
# of expected passes 84366
# of expected failures 290
# of unsupported tests 3569
=== g++ Summary ===
# of expected passes 166860
# of expected failures 580
# of unsupported tests 7161
/var/gcc/regression/trunk/11-gcc/build/gcc/testsuite/g++/../../xg++ version 6.0.0 20150731 (experimental) [trunk revision 226440] (GCC)
=== gcc tests ===
Running target unix
FAIL: gcc.dg/debug/dwarf2/stacked-qualified-types-3.c scan-assembler-times DIE \\\\([^\\n]*\\\\) DW_TAG_(?:const|volatile|atomic|restrict)_type 8
FAIL: gcc.dg/unroll-2.c (test for warnings, line 24)
FAIL: gcc.dg/visibility-22.c execution test
XPASS: gcc.dg/graphite/vect-pr43423.c scan-tree-dump-times vect "vectorized 2 loops" 1
FAIL: gcc.dg/simulate-thread/atomic-other-int.c -O2 -g thread simulation test
FAIL: gcc.dg/simulate-thread/atomic-other-int.c -O3 -g thread simulation test
FAIL: gcc.dg/simulate-thread/speculative-store-4.c -O0 -g thread simulation test
FAIL: gcc.dg/simulate-thread/speculative-store-4.c -O2 -g thread simulation test
FAIL: gcc.dg/simulate-thread/speculative-store-4.c -O3 -g thread simulation test
FAIL: gcc.dg/simulate-thread/speculative-store.c -O0 -g thread simulation test
XPASS: gcc.dg/vect/no-scevccp-outer-11.c scan-tree-dump-times vect "OUTER LOOP VECTORIZED." 1
FAIL: gcc.dg/vect/pr20122.c -flto -ffat-lto-objects scan-tree-dump-times vect "Alignment of access forced using versioning" 2
FAIL: gcc.dg/vect/pr20122.c scan-tree-dump-times vect "Alignment of access forced using versioning" 2
=== gcc Summary for unix ===
# of expected passes 81951
# of unexpected failures 11
# of unexpected successes 2
# of expected failures 348
# of unsupported tests 1981
Running target unix/-m64
FAIL: gcc.dg/debug/dwarf2/stacked-qualified-types-3.c scan-assembler-times DIE \\\\([^\\n]*\\\\) DW_TAG_(?:const|volatile|atomic|restrict)_type 8
FAIL: gcc.dg/unroll-2.c (test for warnings, line 24)
FAIL: gcc.dg/visibility-22.c execution test
FAIL: gcc.dg/torture/tls/tls-reload-1.c -O1 -fPIC execution test
FAIL: gcc.dg/torture/tls/tls-reload-1.c -O1 -fpic execution test
FAIL: gcc.dg/torture/tls/tls-reload-1.c -O2 -fPIC execution test
FAIL: gcc.dg/torture/tls/tls-reload-1.c -O2 -fpic execution test
FAIL: gcc.dg/torture/tls/tls-reload-1.c -O3 -g -fPIC execution test
FAIL: gcc.dg/torture/tls/tls-reload-1.c -O3 -g -fpic execution test
FAIL: gcc.dg/torture/tls/tls-reload-1.c -Os -fPIC execution test
FAIL: gcc.dg/torture/tls/tls-reload-1.c -Os -fpic execution test
XPASS: gcc.dg/vect/no-scevccp-outer-11.c scan-tree-dump-times vect "OUTER LOOP VECTORIZED." 1
FAIL: gcc.dg/vect/pr20122.c -flto -ffat-lto-objects scan-tree-dump-times vect "Alignment of access forced using versioning" 2
FAIL: gcc.dg/vect/pr20122.c scan-tree-dump-times vect "Alignment of access forced using versioning" 2
=== gcc Summary for unix/-m64 ===
# of expected passes 82743
# of unexpected failures 13
# of unexpected successes 1
# of expected failures 336
# of unsupported tests 1909
=== gcc Summary ===
# of expected passes 164694
# of unexpected failures 24
# of unexpected successes 3
# of expected failures 684
# of unsupported tests 3890
/var/gcc/regression/trunk/11-gcc/build/gcc/xgcc version 6.0.0 20150731 (experimental) [trunk revision 226440] (GCC)
=== gfortran tests ===
Running target unix
FAIL: gfortran.dg/do_iterator.f90 -O changing do-iterator 3 (test for errors, line 10)
FAIL: gfortran.dg/do_iterator.f90 -O changing do-iterator 3 (test for errors, line 9)
=== gfortran Summary for unix ===
# of expected passes 40175
# of unexpected failures 2
# of expected failures 74
# of unsupported tests 225
Running target unix/-m64
FAIL: gfortran.dg/do_iterator.f90 -O changing do-iterator 3 (test for errors, line 10)
FAIL: gfortran.dg/do_iterator.f90 -O changing do-iterator 3 (test for errors, line 9)
=== gfortran Summary for unix/-m64 ===
# of expected passes 40422
# of unexpected failures 2
# of expected failures 74
# of unsupported tests 104
=== gfortran Summary ===
# of expected passes 80597
# of unexpected failures 4
# of expected failures 148
# of unsupported tests 329
/var/gcc/regression/trunk/11-gcc/build/gcc/testsuite/gfortran/../../gfortran version 6.0.0 20150731 (experimental) [trunk revision 226440] (GCC)
=== gnat tests ===
Running target unix
=== gnat Summary for unix ===
# of expected passes 1366
# of expected failures 21
# of unsupported tests 19
Running target unix/-m64
=== gnat Summary for unix/-m64 ===
# of expected passes 1366
# of expected failures 21
# of unsupported tests 19
=== gnat Summary ===
# of expected passes 2732
# of expected failures 42
# of unsupported tests 38
/var/gcc/regression/trunk/11-gcc/build/gcc/gnatmake version 6.0.0 20150731 (experimental) [trunk revision 226440]
=== go tests ===
Running target unix
FAIL: ./bug449-out.go compilation, -O0 -g -fno-var-tracking-assignments
WARNING: program timed out.
=== go Summary for unix ===
# of expected passes 7358
# of unexpected failures 1
# of expected failures 1
# of untested testcases 12
# of unsupported tests 3
Running target unix/-m64
FAIL: ./bug449-out.go compilation, -O0 -g -fno-var-tracking-assignments
WARNING: program timed out.
=== go Summary for unix/-m64 ===
# of expected passes 7238
# of unexpected failures 1
# of expected failures 1
# of untested testcases 12
# of unsupported tests 3
=== go Summary ===
# of expected passes 14596
# of unexpected failures 2
# of expected failures 2
# of untested testcases 24
# of unsupported tests 6
=== obj-c++ tests ===
Running target unix
=== obj-c++ Summary for unix ===
# of expected passes 1439
# of expected failures 2
# of unsupported tests 77
Running target unix/-m64
=== obj-c++ Summary for unix/-m64 ===
# of expected passes 1431
# of expected failures 10
# of unsupported tests 77
=== obj-c++ Summary ===
# of expected passes 2870
# of expected failures 12
# of unsupported tests 154
/var/gcc/regression/trunk/11-gcc/build/gcc/testsuite/obj-c++/../../xg++ version 6.0.0 20150731 (experimental) [trunk revision 226440] (GCC)
=== objc tests ===
Running target unix
=== objc Summary for unix ===
# of expected passes 2772
# of unsupported tests 68
Running target unix/-m64
=== objc Summary for unix/-m64 ===
# of expected passes 2772
# of unsupported tests 68
=== objc Summary ===
# of expected passes 5544
# of unsupported tests 136
/var/gcc/regression/trunk/11-gcc/build/gcc/xgcc version 6.0.0 20150731 (experimental) [trunk revision 226440] (GCC)
=== boehm-gc tests ===
Running target unix
=== boehm-gc Summary for unix ===
# of expected passes 12
# of unsupported tests 1
Running target unix/-m64
=== boehm-gc Summary for unix/-m64 ===
# of expected passes 12
# of unsupported tests 1
=== boehm-gc Summary ===
# of expected passes 24
# of unsupported tests 2
=== libatomic tests ===
Running target unix
=== libatomic Summary for unix ===
# of expected passes 44
# of unsupported tests 5
Running target unix/-m64
=== libatomic Summary for unix/-m64 ===
# of expected passes 54
=== libatomic Summary ===
# of expected passes 98
# of unsupported tests 5
=== libffi tests ===
Running target unix
=== libffi Summary for unix ===
# of expected passes 1914
# of unsupported tests 30
Running target unix/-m64
=== libffi Summary for unix/-m64 ===
# of expected passes 1914
# of unsupported tests 30
=== libffi Summary ===
# of expected passes 3828
# of unsupported tests 60
=== libgo tests ===
Running target unix
FAIL: reflect
=== libgo Summary for unix ===
# of expected passes 123
# of unexpected failures 1
Running target unix/-m64
FAIL: runtime
=== libgo Summary for unix/-m64 ===
# of expected passes 123
# of unexpected failures 1
=== libgo Summary ===
# of expected passes 246
# of unexpected failures 2
/var/gcc/regression/trunk/11-gcc/build/./gcc/gccgo version 6.0.0 20150731 (experimental) [trunk revision 226440] (GCC)
=== libgomp tests ===
Running target unix
=== libgomp Summary for unix ===
# of expected passes 5058
# of expected failures 8
# of unsupported tests 303
Running target unix/-m64
=== libgomp Summary for unix/-m64 ===
# of expected passes 5058
# of expected failures 8
# of unsupported tests 303
=== libgomp Summary ===
# of expected passes 10116
# of expected failures 16
# of unsupported tests 606
=== libitm tests ===
Running target unix
=== libitm Summary for unix ===
# of expected passes 26
# of expected failures 3
# of unsupported tests 1
Running target unix/-m64
=== libitm Summary for unix/-m64 ===
# of expected passes 26
# of expected failures 3
# of unsupported tests 1
=== libitm Summary ===
# of expected passes 52
# of expected failures 6
# of unsupported tests 2
=== libjava tests ===
Running target unix
=== libjava Summary for unix ===
# of expected passes 2582
# of expected failures 4
Running target unix/-m64
=== libjava Summary for unix/-m64 ===
# of expected passes 2582
# of expected failures 4
=== libjava Summary ===
# of expected passes 5164
# of expected failures 8
=== libstdc++ tests ===
Running target unix
FAIL: libstdc++-abi/abi_check
FAIL: 24_iterators/container_access.cc (test for excess errors)
WARNING: 24_iterators/container_access.cc compilation failed to produce executable
FAIL: 30_threads/shared_mutex/cons/1.cc (test for excess errors)
WARNING: 30_threads/shared_mutex/cons/1.cc compilation failed to produce executable
FAIL: 30_threads/shared_mutex/requirements/standard_layout.cc (test for excess errors)
FAIL: 30_threads/shared_mutex/try_lock/1.cc (test for excess errors)
WARNING: 30_threads/shared_mutex/try_lock/1.cc compilation failed to produce executable
FAIL: 30_threads/shared_mutex/try_lock/2.cc (test for excess errors)
WARNING: 30_threads/shared_mutex/try_lock/2.cc compilation failed to produce executable
=== libstdc++ Summary for unix ===
# of expected passes 9663
# of unexpected failures 6
# of expected failures 67
# of unsupported tests 617
Running target unix/-m64
FAIL: libstdc++-abi/abi_check
FAIL: 24_iterators/container_access.cc (test for excess errors)
WARNING: 24_iterators/container_access.cc compilation failed to produce executable
FAIL: 30_threads/shared_mutex/cons/1.cc (test for excess errors)
WARNING: 30_threads/shared_mutex/cons/1.cc compilation failed to produce executable
FAIL: 30_threads/shared_mutex/requirements/standard_layout.cc (test for excess errors)
FAIL: 30_threads/shared_mutex/try_lock/1.cc (test for excess errors)
WARNING: 30_threads/shared_mutex/try_lock/1.cc compilation failed to produce executable
FAIL: 30_threads/shared_mutex/try_lock/2.cc (test for excess errors)
WARNING: 30_threads/shared_mutex/try_lock/2.cc compilation failed to produce executable
FAIL: ext/pb_ds/regression/tree_map_rand.cc (test for excess errors)
WARNING: ext/pb_ds/regression/tree_map_rand.cc compilation failed to produce executable
WARNING: program timed out.
=== libstdc++ Summary for unix/-m64 ===
# of expected passes 9661
# of unexpected failures 7
# of expected failures 67
# of unsupported tests 617
=== libstdc++ Summary ===
# of expected passes 19324
# of unexpected failures 13
# of expected failures 134
# of unsupported tests 1234
Compiler version: 6.0.0 20150731 (experimental) [trunk revision 226440] (GCC)
Platform: sparc-sun-solaris2.11
configure flags: --prefix=/vol/gcc --target=sparc-sun-solaris2.11 --enable-objc-gc --enable-libmudflap --with-as=/usr/ccs/bin/as --without-gnu-as --with-gmp-include=/vol/gcc/include --with-gmp-lib=/vol/gcc/lib --with-mpfr-include=/vol/gcc/include --with-mpfr-lib=/vol/gcc/lib --with-mpc-include=/vol/gcc/include --with-mpc-lib=/vol/gcc/lib --enable-languages=all,ada,obj-c++,go --with-isl-include=/vol/gcc/include --with-isl-lib=/vol/gcc/lib --with-cloog-include=/vol/gcc/include --with-cloog-lib=/vol/gcc/lib --enable-cloog-backend=isl
BOOT_CFLAGS=-g -O2