This is the mail archive of the
gcc-testresults@gcc.gnu.org
mailing list for the GCC project.
Results for 4.9.3 (tgcware 4.9.3-1) testsuite on sparc-sun-solaris2.9
- From: "Tom G. Christensen" <tgc at jupiterrise dot com>
- To: gcc-testresults at gcc dot gnu dot org
- Date: Thu, 30 Jul 2015 13:51:32 +0200
- Subject: Results for 4.9.3 (tgcware 4.9.3-1) testsuite on sparc-sun-solaris2.9
- Authentication-results: sourceware.org; auth=none
Built with:
GNU as 2.25
Sun ld 5.9-1.401 (112963-36)
gmp 6.0.0a
mpfr 3.1.2p11
mpc 1.0.3
isl 0.11.2
cloog 0.18.0
CONFIG_SHELL=/bin/ksh
Bootstrap compiler:
Using built-in specs.
COLLECT_GCC=/usr/tgcware/gcc48/bin/gcc
COLLECT_LTO_WRAPPER=/usr/tgcware/libexec/gcc/sparc-sun-solaris2.9/4.8.5/lto-wrapper
Target: sparc-sun-solaris2.9
Configured with: ../gcc-4.8.5/configure --prefix=/usr/tgcware --with-local-prefix=/usr/tgcware/gcc48 --bindir=/usr/tgcware/gcc48/bin --mandir=/usr/tgcware/gcc48/man --infodir=/usr/tgcware/gcc48/info --disable-nls --enable-shared --enable-threads=posix --with-gmp=/usr/tgcware --with-mpfr=/usr/tgcware --with-mpc=/usr/tgcware --with-cloog=/usr/tgcware --with-isl=/usr/tgcware --with-cloog-backend=isl --without-gnu-ld --with-ld=/usr/ccs/bin/ld --with-gnu-as --with-as=/usr/tgcware/bin/gas --enable-languages=all,ada,obj-c++,go --with-x --enable-java-awt=xlib --with-cpu=v9 --with-pkgversion='tgcware 4.8.5-1' --with-bugurl=http://jupiterrise.com/tgcware
Thread model: posix
gcc version 4.8.5 (tgcware 4.8.5-1)
LAST_UPDATED: Obtained from SVN: tags/gcc_4_9_3_release revision 225078
=== acats tests ===
=== acats Summary ===
# of expected passes 2320
# of unexpected failures 0
Native configuration is sparc-sun-solaris2.9
=== g++ tests ===
Running target unix
=== g++ Summary for unix ===
# of expected passes 79562
# of expected failures 448
# of unsupported tests 3268
Running target unix/-m64
=== g++ Summary for unix/-m64 ===
# of expected passes 81380
# of expected failures 448
# of unsupported tests 3288
=== g++ Summary ===
# of expected passes 160942
# of expected failures 896
# of unsupported tests 6556
/export/home/tgc/buildpkg/gcc49/src/all_native/gcc/testsuite/g++/../../xg++ version 4.9.3 (tgcware 4.9.3-1)
=== gcc tests ===
Running target unix
=== gcc Summary for unix ===
# of expected passes 88408
# of expected failures 325
# of unsupported tests 1878
Running target unix/-m64
=== gcc Summary for unix/-m64 ===
# of expected passes 89117
# of expected failures 314
# of unsupported tests 1873
=== gcc Summary ===
# of expected passes 177525
# of expected failures 639
# of unsupported tests 3751
/export/home/tgc/buildpkg/gcc49/src/all_native/gcc/xgcc version 4.9.3 (tgcware 4.9.3-1)
=== gfortran tests ===
Running target unix
=== gfortran Summary for unix ===
# of expected passes 45523
# of expected failures 54
# of unsupported tests 452
Running target unix/-m64
=== gfortran Summary for unix/-m64 ===
# of expected passes 45787
# of expected failures 54
# of unsupported tests 330
=== gfortran Summary ===
# of expected passes 91310
# of expected failures 108
# of unsupported tests 782
/export/home/tgc/buildpkg/gcc49/src/all_native/gcc/testsuite/gfortran/../../gfortran version 4.9.3 (tgcware 4.9.3-1)
=== gnat tests ===
Running target unix
=== gnat Summary for unix ===
# of expected passes 1220
# of expected failures 18
# of unsupported tests 14
Running target unix/-m64
=== gnat Summary for unix/-m64 ===
# of expected passes 1220
# of expected failures 18
# of unsupported tests 14
=== gnat Summary ===
# of expected passes 2440
# of expected failures 36
# of unsupported tests 28
/export/home/tgc/buildpkg/gcc49/src/all_native/gcc/gnatmake version 4.9.3
=== go tests ===
Running target unix
FAIL: go.test/test/recover.go execution, -O2 -g
=== go Summary for unix ===
# of expected passes 7367
# of unexpected failures 1
# of expected failures 1
# of untested testcases 10
# of unsupported tests 3
Running target unix/-m64
FAIL: go.test/test/fixedbugs/issue4348.go -O (test for excess errors)
FAIL: go.test/test/recover.go execution, -O2 -g
=== go Summary for unix/-m64 ===
# of expected passes 7246
# of unexpected failures 2
# of expected failures 1
# of untested testcases 10
# of unsupported tests 3
=== go Summary ===
# of expected passes 14613
# of unexpected failures 3
# of expected failures 2
# of untested testcases 20
# of unsupported tests 6
/export/home/tgc/buildpkg/gcc49/src/all_native/gcc/testsuite/go/../../gccgo version 4.9.3 (tgcware 4.9.3-1)
=== obj-c++ tests ===
Running target unix
=== obj-c++ Summary for unix ===
# of expected passes 1449
# of expected failures 2
# of unsupported tests 86
Running target unix/-m64
=== obj-c++ Summary for unix/-m64 ===
# of expected passes 1441
# of expected failures 10
# of unsupported tests 86
=== obj-c++ Summary ===
# of expected passes 2890
# of expected failures 12
# of unsupported tests 172
/export/home/tgc/buildpkg/gcc49/src/all_native/gcc/testsuite/obj-c++/../../xg++ version 4.9.3 (tgcware 4.9.3-1)
=== objc tests ===
Running target unix
=== objc Summary for unix ===
# of expected passes 2994
# of unsupported tests 74
Running target unix/-m64
=== objc Summary for unix/-m64 ===
# of expected passes 2994
# of unsupported tests 74
=== objc Summary ===
# of expected passes 5988
# of unsupported tests 148
/export/home/tgc/buildpkg/gcc49/src/all_native/gcc/xgcc version 4.9.3 (tgcware 4.9.3-1)
=== boehm-gc tests ===
Running target unix
=== boehm-gc Summary for unix ===
# of expected passes 12
# of unsupported tests 1
Running target unix/-m64
=== boehm-gc Summary for unix/-m64 ===
# of expected passes 12
# of unsupported tests 1
=== boehm-gc Summary ===
# of expected passes 24
# of unsupported tests 2
=== libatomic tests ===
Running target unix
=== libatomic Summary for unix ===
# of expected passes 44
# of unsupported tests 5
Running target unix/-m64
=== libatomic Summary for unix/-m64 ===
# of expected passes 54
=== libatomic Summary ===
# of expected passes 98
# of unsupported tests 5
=== libffi tests ===
Running target unix
=== libffi Summary for unix ===
# of expected passes 1819
# of unsupported tests 55
Running target unix/-m64
=== libffi Summary for unix/-m64 ===
# of expected passes 1819
# of unsupported tests 55
=== libffi Summary ===
# of expected passes 3638
# of unsupported tests 110
=== libgo tests ===
Running target unix
FAIL: net
FAIL: runtime
FAIL: log/syslog
FAIL: text/template
FAIL: testing/quick
=== libgo Summary for unix ===
# of expected passes 117
# of unexpected failures 5
Running target unix/-m64
FAIL: net
FAIL: log/syslog
FAIL: runtime/pprof
=== libgo Summary for unix/-m64 ===
# of expected passes 119
# of unexpected failures 3
=== libgo Summary ===
# of expected passes 236
# of unexpected failures 8
/export/home/tgc/buildpkg/gcc49/src/all_native/./gcc/gccgo version 4.9.3 (tgcware 4.9.3-1)
=== libgomp tests ===
Running target unix
=== libgomp Summary for unix ===
# of expected passes 3309
# of unsupported tests 38
Running target unix/-m64
=== libgomp Summary for unix/-m64 ===
# of expected passes 3309
# of unsupported tests 38
=== libgomp Summary ===
# of expected passes 6618
# of unsupported tests 76
=== libitm tests ===
Running target unix
=== libitm Summary for unix ===
# of expected passes 26
# of expected failures 3
# of unsupported tests 1
Running target unix/-m64
=== libitm Summary for unix/-m64 ===
# of expected passes 26
# of expected failures 3
# of unsupported tests 1
=== libitm Summary ===
# of expected passes 52
# of expected failures 6
# of unsupported tests 2
=== libjava tests ===
Running target unix
=== libjava Summary for unix ===
# of expected passes 2582
# of expected failures 4
Running target unix/-m64
=== libjava Summary for unix/-m64 ===
# of expected passes 2582
# of expected failures 4
=== libjava Summary ===
# of expected passes 5164
# of expected failures 8
=== libstdc++ tests ===
Running target unix
FAIL: 30_threads/shared_lock/cons/5.cc (test for excess errors)
UNRESOLVED: 30_threads/shared_lock/cons/5.cc compilation failed to produce executable
FAIL: 30_threads/shared_lock/cons/6.cc (test for excess errors)
UNRESOLVED: 30_threads/shared_lock/cons/6.cc compilation failed to produce executable
FAIL: 30_threads/shared_lock/locking/3.cc (test for excess errors)
UNRESOLVED: 30_threads/shared_lock/locking/3.cc compilation failed to produce executable
FAIL: 30_threads/shared_lock/locking/4.cc (test for excess errors)
UNRESOLVED: 30_threads/shared_lock/locking/4.cc compilation failed to produce executable
FAIL: 30_threads/this_thread/58038.cc (test for excess errors)
UNRESOLVED: 30_threads/this_thread/58038.cc compilation failed to produce executable
FAIL: 30_threads/this_thread/60421.cc (test for excess errors)
UNRESOLVED: 30_threads/this_thread/60421.cc compilation failed to produce executable
=== libstdc++ Summary for unix ===
# of expected passes 8310
# of unexpected failures 6
# of expected failures 43
# of unresolved testcases 6
# of unsupported tests 942
Running target unix/-m64
FAIL: 30_threads/shared_lock/cons/5.cc (test for excess errors)
UNRESOLVED: 30_threads/shared_lock/cons/5.cc compilation failed to produce executable
FAIL: 30_threads/shared_lock/cons/6.cc (test for excess errors)
UNRESOLVED: 30_threads/shared_lock/cons/6.cc compilation failed to produce executable
FAIL: 30_threads/shared_lock/locking/3.cc (test for excess errors)
UNRESOLVED: 30_threads/shared_lock/locking/3.cc compilation failed to produce executable
FAIL: 30_threads/shared_lock/locking/4.cc (test for excess errors)
UNRESOLVED: 30_threads/shared_lock/locking/4.cc compilation failed to produce executable
FAIL: 30_threads/this_thread/58038.cc (test for excess errors)
UNRESOLVED: 30_threads/this_thread/58038.cc compilation failed to produce executable
FAIL: 30_threads/this_thread/60421.cc (test for excess errors)
UNRESOLVED: 30_threads/this_thread/60421.cc compilation failed to produce executable
=== libstdc++ Summary for unix/-m64 ===
# of expected passes 8310
# of unexpected failures 6
# of expected failures 43
# of unresolved testcases 6
# of unsupported tests 942
=== libstdc++ Summary ===
# of expected passes 16620
# of unexpected failures 12
# of expected failures 86
# of unresolved testcases 12
# of unsupported tests 1884
Compiler version: 4.9.3 (tgcware 4.9.3-1)
Platform: sparc-sun-solaris2.9
configure flags: --enable-obsolete --prefix=/usr/tgcware --with-local-prefix=/usr/tgcware/gcc49 --bindir=/usr/tgcware/gcc49/bin --mandir=/usr/tgcware/gcc49/man --infodir=/usr/tgcware/gcc49/info --disable-nls --enable-shared --enable-threads=posix --with-gmp=/usr/tgcware --with-mpfr=/usr/tgcware --with-mpc=/usr/tgcware --with-cloog=/usr/tgcware --with-isl=/usr/tgcware --with-cloog-backend=isl --without-gnu-ld --with-ld=/usr/ccs/bin/ld --with-gnu-as --with-as=/usr/tgcware/bin/gas --enable-languages=all,ada,obj-c++,go --with-x --enable-java-awt=xlib --with-cpu=v9 --with-pkgversion='tgcware 4.9.3-1' --with-bugurl=http://jupiterrise.com/tgcware