This is the mail archive of the
gcc-testresults@gcc.gnu.org
mailing list for the GCC project.
Results for 6.0.0 20150718 (experimental) (GCC) testsuite on x86_64-test-dragonfly4.3
- From: <root at muscles dot dragonflybsd dot org>
- To: gcc-testresults at gcc dot gnu dot org
- Date: Sat, 18 Jul 2015 15:04:36 -0700
- Subject: Results for 6.0.0 20150718 (experimental) (GCC) testsuite on x86_64-test-dragonfly4.3
- Authentication-results: sourceware.org; auth=none
=== acats tests ===
=== acats Summary ===
# of expected passes 2320
# of unexpected failures 0
Native configuration is x86_64-test-dragonfly4.3
=== g++ tests ===
Running target unix
FAIL: g++.dg/cpp0x/nsdmi-template14.C -std=c++11 (test for errors, line 4)
FAIL: g++.dg/cpp0x/nsdmi-template14.C -std=c++11 (test for errors, line 6)
FAIL: g++.dg/cpp0x/nsdmi-template14.C -std=c++14 (test for errors, line 4)
FAIL: g++.dg/cpp0x/nsdmi-template14.C -std=c++14 (test for errors, line 6)
FAIL: g++.dg/init/new39.C -std=c++98 execution test
FAIL: g++.dg/init/new39.C -std=c++11 execution test
FAIL: g++.dg/init/new39.C -std=c++14 execution test
FAIL: g++.dg/tls/thread_local-order1.C -std=c++11 execution test
FAIL: g++.dg/tls/thread_local-order1.C -std=c++14 execution test
FAIL: g++.dg/tls/thread_local6.C -std=c++11 execution test
FAIL: g++.dg/tls/thread_local6.C -std=c++14 execution test
FAIL: g++.dg/tls/thread_local6g.C -std=c++11 execution test
FAIL: g++.dg/tls/thread_local6g.C -std=c++14 execution test
FAIL: g++.old-deja/g++.other/init18.C -std=c++98 execution test
FAIL: g++.old-deja/g++.other/init18.C -std=c++11 execution test
FAIL: g++.old-deja/g++.other/init18.C -std=c++14 execution test
FAIL: g++.old-deja/g++.other/init19.C -std=c++98 execution test
FAIL: g++.old-deja/g++.other/init19.C -std=c++11 execution test
FAIL: g++.old-deja/g++.other/init19.C -std=c++14 execution test
=== g++ Summary ===
# of expected passes 87088
# of unexpected failures 19
# of expected failures 287
# of unsupported tests 3346
/build/home/marino-huge/gcc-test-area/build/gcc/testsuite/g++/../../xg++ version 6.0.0 20150718 (experimental) (GCC)
=== gcc tests ===
Running target unix
FAIL: gcc.c-torture/compile/pr37669-2.c -O1 (test for excess errors)
FAIL: gcc.c-torture/compile/pr37669-2.c -O2 (test for excess errors)
FAIL: gcc.c-torture/compile/pr37669-2.c -O3 -g (test for excess errors)
FAIL: gcc.c-torture/compile/pr37669-2.c -Os (test for excess errors)
FAIL: gcc.c-torture/compile/pr37669-2.c -O2 -flto -fno-use-linker-plugin -flto-partition=none (test for excess errors)
WARNING: program timed out.
WARNING: program timed out.
WARNING: program timed out.
WARNING: program timed out.
WARNING: program timed out.
FAIL: gcc.c-torture/execute/20030125-1.c -O1 execution test
FAIL: gcc.c-torture/execute/20030125-1.c -O2 execution test
FAIL: gcc.c-torture/execute/20030125-1.c -O3 -g execution test
FAIL: gcc.c-torture/execute/20030125-1.c -Os execution test
FAIL: gcc.c-torture/execute/20030125-1.c -O2 -flto -fno-use-linker-plugin -flto-partition=none execution test
FAIL: gcc.c-torture/execute/20030125-1.c -O2 -flto -fuse-linker-plugin -fno-fat-lto-objects execution test
FAIL: gcc.dg/debug/dwarf2/stacked-qualified-types-3.c scan-assembler-times DIE \\\\([^\\n]*\\\\) DW_TAG_(?:const|volatile|atomic|restrict)_type 8
FAIL: gcc.dg/builtins-20.c (test for excess errors)
FAIL: gcc.dg/builtins-57.c (test for excess errors)
FAIL: gcc.dg/builtins-58.c scan-assembler-not pow\\\\M
FAIL: gcc.dg/builtins-59.c scan-tree-dump gimple "__builtin_cexpi"
FAIL: gcc.dg/builtins-59.c scan-tree-dump-not gimple "sincos"
FAIL: gcc.dg/builtins-61.c scan-tree-dump optimized "cexpi"
FAIL: gcc.dg/builtins-61.c scan-tree-dump optimized "sin"
FAIL: gcc.dg/builtins-61.c scan-tree-dump optimized "cos"
FAIL: gcc.dg/builtins-61.c scan-tree-dump optimized "return 0.0"
FAIL: gcc.dg/builtins-62.c scan-tree-dump-times optimized "cexpi" 3
FAIL: gcc.dg/builtins-65.c (test for excess errors)
FAIL: gcc.dg/utf-array-short-wchar.c (test for errors, line 39)
FAIL: gcc.dg/utf-array-short-wchar.c (test for errors, line 41)
FAIL: gcc.dg/utf-array-short-wchar.c (test for excess errors)
FAIL: gcc.dg/gomp/notify-new-function-3.c scan-tree-dump-times ompexpssa "Added new ssa gimple function foo\\\\._loopfn\\\\.0 to callgraph" 1
FAIL: gcc.dg/pch/largefile.c -O0 -g assembly comparison
FAIL: gcc.dg/pch/largefile.c -O0 assembly comparison
FAIL: gcc.dg/pch/largefile.c -O1 assembly comparison
FAIL: gcc.dg/pch/largefile.c -O2 assembly comparison
FAIL: gcc.dg/pch/largefile.c -O3 -g assembly comparison
FAIL: gcc.dg/pch/largefile.c -Os assembly comparison
FAIL: largefile.c -O0 -g -I. -Dwith_PCH (test for excess errors)
FAIL: largefile.c -O0 -I. -Dwith_PCH (test for excess errors)
FAIL: largefile.c -O1 -I. -Dwith_PCH (test for excess errors)
FAIL: largefile.c -O2 -I. -Dwith_PCH (test for excess errors)
FAIL: largefile.c -O3 -g -I. -Dwith_PCH (test for excess errors)
FAIL: largefile.c -Os -I. -Dwith_PCH (test for excess errors)
WARNING: program timed out.
WARNING: program timed out.
WARNING: program timed out.
WARNING: program timed out.
WARNING: program timed out.
WARNING: program timed out.
FAIL: gcc.dg/torture/builtin-convert-1.c -O1 (test for excess errors)
FAIL: gcc.dg/torture/builtin-convert-1.c -O2 (test for excess errors)
FAIL: gcc.dg/torture/builtin-convert-1.c -O3 -g (test for excess errors)
FAIL: gcc.dg/torture/builtin-convert-1.c -Os (test for excess errors)
FAIL: gcc.dg/torture/builtin-convert-1.c -O2 -flto -fno-use-linker-plugin -flto-partition=none (test for excess errors)
FAIL: gcc.dg/torture/builtin-convert-2.c -O1 (test for excess errors)
FAIL: gcc.dg/torture/builtin-convert-2.c -O2 (test for excess errors)
FAIL: gcc.dg/torture/builtin-convert-2.c -O3 -g (test for excess errors)
FAIL: gcc.dg/torture/builtin-convert-2.c -Os (test for excess errors)
FAIL: gcc.dg/torture/builtin-convert-2.c -O2 -flto -fno-use-linker-plugin -flto-partition=none (test for excess errors)
FAIL: gcc.dg/torture/builtin-convert-3.c -O1 (test for excess errors)
FAIL: gcc.dg/torture/builtin-convert-3.c -O2 (test for excess errors)
FAIL: gcc.dg/torture/builtin-convert-3.c -O3 -g (test for excess errors)
FAIL: gcc.dg/torture/builtin-convert-3.c -Os (test for excess errors)
FAIL: gcc.dg/torture/builtin-convert-3.c -O2 -flto -fno-use-linker-plugin -flto-partition=none (test for excess errors)
FAIL: gcc.dg/torture/builtin-power-1.c -O2 -flto -fno-use-linker-plugin -flto-partition=none (test for excess errors)
FAIL: gcc.dg/torture/pr60092.c -O0 execution test
FAIL: gcc.dg/torture/pr60092.c -O1 execution test
FAIL: gcc.dg/torture/pr60092.c -O2 execution test
FAIL: gcc.dg/torture/pr60092.c -O3 -g execution test
FAIL: gcc.dg/torture/pr60092.c -Os execution test
FAIL: gcc.dg/torture/pr60092.c -O2 -flto -fno-use-linker-plugin -flto-partition=none execution test
FAIL: gcc.dg/torture/pr60092.c -O2 -flto -fuse-linker-plugin -fno-fat-lto-objects execution test
XPASS: gcc.dg/vect/no-scevccp-outer-11.c scan-tree-dump-times vect "OUTER LOOP VECTORIZED." 1
FAIL: gcc.target/i386/avx512f-ceil-sfix-vec-2.c scan-assembler-times vrndscalepd[^\\n]*zmm[0-9](?:\\n|[ \\\\t]+#) 2
FAIL: gcc.target/i386/avx512f-ceil-sfix-vec-2.c scan-assembler-times vcvttpd2dq[^\\n]*zmm[0-9].{7}(?:\\n|[ \\\\t]+#) 2
FAIL: gcc.target/i386/avx512f-floor-sfix-vec-2.c scan-assembler-times vrndscalepd[^\\n]*zmm[0-9](?:\\n|[ \\\\t]+#) 2
FAIL: gcc.target/i386/avx512f-floor-sfix-vec-2.c scan-assembler-times vcvttpd2dq[^\\n]*zmm[0-9].{7}(?:\\n|[ \\\\t]+#) 2
FAIL: gcc.target/i386/pr49781-1.c scan-assembler-not lea[lq]?[ \\t]\\\\((%|)r[a-z0-9]*
FAIL: gcc.target/i386/pr61403.c scan-assembler blend
=== gcc Summary ===
# of expected passes 100918
# of unexpected failures 68
# of unexpected successes 1
# of expected failures 259
# of unsupported tests 1629
/build/home/marino-huge/gcc-test-area/build/gcc/xgcc version 6.0.0 20150718 (experimental) (GCC)
=== gfortran tests ===
Running target unix
UNRESOLVED: gfortran.dg/derived_constructor_comps_6.f90 -O0 scan-tree-dump-times original "__builtin_malloc" 15
UNRESOLVED: gfortran.dg/derived_constructor_comps_6.f90 -O0 scan-tree-dump-times original "__builtin_free" 33
UNRESOLVED: gfortran.dg/derived_constructor_comps_6.f90 -O1 scan-tree-dump-times original "__builtin_malloc" 15
UNRESOLVED: gfortran.dg/derived_constructor_comps_6.f90 -O1 scan-tree-dump-times original "__builtin_free" 33
UNRESOLVED: gfortran.dg/derived_constructor_comps_6.f90 -O2 scan-tree-dump-times original "__builtin_malloc" 15
UNRESOLVED: gfortran.dg/derived_constructor_comps_6.f90 -O2 scan-tree-dump-times original "__builtin_free" 33
UNRESOLVED: gfortran.dg/derived_constructor_comps_6.f90 -O3 -fomit-frame-pointer -funroll-loops -fpeel-loops -ftracer -finline-functions scan-tree-dump-times original "__builtin_malloc" 15
UNRESOLVED: gfortran.dg/derived_constructor_comps_6.f90 -O3 -fomit-frame-pointer -funroll-loops -fpeel-loops -ftracer -finline-functions scan-tree-dump-times original "__builtin_free" 33
UNRESOLVED: gfortran.dg/derived_constructor_comps_6.f90 -O3 -g scan-tree-dump-times original "__builtin_malloc" 15
UNRESOLVED: gfortran.dg/derived_constructor_comps_6.f90 -O3 -g scan-tree-dump-times original "__builtin_free" 33
UNRESOLVED: gfortran.dg/derived_constructor_comps_6.f90 -Os scan-tree-dump-times original "__builtin_malloc" 15
UNRESOLVED: gfortran.dg/derived_constructor_comps_6.f90 -Os scan-tree-dump-times original "__builtin_free" 33
=== gfortran Summary ===
# of expected passes 40429
# of expected failures 58
# of unresolved testcases 12
# of unsupported tests 67
/build/home/marino-huge/gcc-test-area/build/gcc/testsuite/gfortran/../../gfortran version 6.0.0 20150718 (experimental) (GCC)
=== gnat tests ===
Running target unix
FAIL: gnat.dg/specs/addr1.ads (test for warnings, line 30)
=== gnat Summary ===
# of expected passes 1392
# of unexpected failures 1
# of expected failures 21
# of unsupported tests 6
/build/home/marino-huge/gcc-test-area/build/gcc/gnatmake version 6.0.0 20150718 (experimental)
=== objc tests ===
Running target unix
=== objc Summary ===
# of expected passes 2766
# of expected failures 6
# of unsupported tests 68
/build/home/marino-huge/gcc-test-area/build/gcc/xgcc version 6.0.0 20150718 (experimental) (GCC)
=== libatomic tests ===
Running target unix
=== libatomic Summary ===
# of expected passes 54
=== libgomp tests ===
Running target unix
FAIL: libgomp.c/examples-4/target-3.c execution test
FAIL: libgomp.c/pr33880.c execution test
FAIL: libgomp.c/sort-1.c execution test
WARNING: program timed out.
FAIL: libgomp.fortran/examples-4/simd-7.f90 -O0 execution test
=== libgomp Summary ===
# of expected passes 5086
# of unexpected failures 4
# of expected failures 8
# of unsupported tests 261
=== libitm tests ===
Running target unix
=== libitm Summary ===
# of expected passes 26
# of expected failures 3
# of unsupported tests 1
=== libstdc++ tests ===
Running target unix
FAIL: 22_locale/codecvt/encoding/wchar_t/wrapped_env.cc execution test
FAIL: 22_locale/codecvt/max_length/wchar_t/wrapped_env.cc execution test
FAIL: 22_locale/collate/compare/char/2.cc execution test
FAIL: 22_locale/collate/compare/char/3.cc execution test
FAIL: 22_locale/collate/compare/char/wrapped_env.cc execution test
FAIL: 22_locale/collate/compare/wchar_t/2.cc execution test
FAIL: 22_locale/collate/compare/wchar_t/3.cc execution test
FAIL: 22_locale/collate/compare/wchar_t/wrapped_env.cc execution test
FAIL: 22_locale/collate/transform/char/2.cc execution test
FAIL: 22_locale/collate/transform/char/3.cc execution test
FAIL: 22_locale/collate/transform/char/wrapped_env.cc execution test
FAIL: 22_locale/collate/transform/wchar_t/2.cc execution test
FAIL: 22_locale/collate/transform/wchar_t/3.cc execution test
FAIL: 22_locale/collate/transform/wchar_t/wrapped_env.cc execution test
FAIL: 22_locale/collate_byname/named_equivalence.cc execution test
FAIL: 22_locale/ctype/cons/char/1.cc execution test
FAIL: 22_locale/ctype/cons/char/wrapped_env.cc execution test
FAIL: 22_locale/ctype/is/char/1.cc execution test
FAIL: 22_locale/ctype/is/char/wrapped_env.cc execution test
FAIL: 22_locale/ctype/is/wchar_t/wrapped_env.cc execution test
FAIL: 22_locale/ctype/scan/char/1.cc execution test
FAIL: 22_locale/ctype/scan/char/wrapped_env.cc execution test
FAIL: 22_locale/ctype/to/char/1.cc execution test
FAIL: 22_locale/ctype/to/char/wrapped_env.cc execution test
FAIL: 22_locale/locale/cons/12352.cc execution test
FAIL: 22_locale/locale/cons/12438.cc execution test
FAIL: 22_locale/locale/cons/12658_thread-2.cc execution test
FAIL: 22_locale/locale/cons/29217.cc execution test
FAIL: 22_locale/locale/cons/38368.cc execution test
FAIL: 22_locale/locale/cons/7.cc execution test
FAIL: 22_locale/locale/global_locale_objects/14071.cc execution test
FAIL: 22_locale/messages/13631.cc execution test
FAIL: 22_locale/messages/members/char/1.cc execution test
FAIL: 22_locale/messages/members/char/2.cc execution test
FAIL: 22_locale/messages/members/char/wrapped_env.cc execution test
FAIL: 22_locale/messages_byname/named_equivalence.cc execution test
FAIL: 22_locale/money_get/get/char/10.cc execution test
FAIL: 22_locale/money_get/get/char/11528.cc execution test
FAIL: 22_locale/money_get/get/wchar_t/10.cc execution test
FAIL: 22_locale/money_get/get/wchar_t/11528.cc execution test
FAIL: 22_locale/money_put/put/char/9780-3.cc execution test
FAIL: 22_locale/moneypunct/members/char/2.cc execution test
FAIL: 22_locale/moneypunct/members/char/wrapped_env.cc execution test
FAIL: 22_locale/moneypunct/members/wchar_t/2.cc execution test
FAIL: 22_locale/moneypunct/members/wchar_t/wrapped_env.cc execution test
FAIL: 22_locale/moneypunct_byname/named_equivalence.cc execution test
FAIL: 22_locale/num_get/get/char/1.cc execution test
FAIL: 22_locale/num_get/get/char/5.cc execution test
FAIL: 22_locale/num_get/get/char/6.cc execution test
FAIL: 22_locale/num_get/get/wchar_t/1.cc execution test
FAIL: 22_locale/num_get/get/wchar_t/5.cc execution test
FAIL: 22_locale/num_get/get/wchar_t/6.cc execution test
FAIL: 22_locale/num_put/put/char/1.cc execution test
FAIL: 22_locale/num_put/put/char/20914.cc execution test
FAIL: 22_locale/num_put/put/wchar_t/1.cc execution test
FAIL: 22_locale/num_put/put/wchar_t/20914.cc execution test
FAIL: 22_locale/numpunct/members/char/2.cc execution test
FAIL: 22_locale/numpunct/members/char/wrapped_env.cc execution test
FAIL: 22_locale/numpunct/members/wchar_t/2.cc execution test
FAIL: 22_locale/numpunct/members/wchar_t/wrapped_env.cc execution test
FAIL: 22_locale/numpunct_byname/named_equivalence.cc execution test
FAIL: 22_locale/time_get/get_date/char/12750.cc execution test
FAIL: 22_locale/time_get/get_date/char/26701.cc execution test
FAIL: 22_locale/time_get/get_date/wchar_t/12750.cc execution test
FAIL: 22_locale/time_get/get_date/wchar_t/26701.cc execution test
FAIL: 22_locale/time_get/get_date/wchar_t/4.cc execution test
FAIL: 22_locale/time_put/put/char/4.cc execution test
FAIL: 22_locale/time_put/put/wchar_t/4.cc execution test
FAIL: 26_numerics/headers/cmath/c99_classification_macros_c.cc (test for excess errors)
FAIL: 27_io/basic_filebuf/overflow/wchar_t/11305-1.cc execution test
FAIL: 27_io/basic_filebuf/overflow/wchar_t/11305-2.cc execution test
FAIL: 27_io/basic_filebuf/overflow/wchar_t/11305-3.cc execution test
FAIL: 27_io/basic_filebuf/overflow/wchar_t/11305-4.cc execution test
FAIL: 27_io/headers/cstdio/types_std.cc (test for excess errors)
FAIL: 27_io/manipulators/extended/get_money/char/51288.cc execution test
FAIL: 27_io/manipulators/extended/get_money/wchar_t/51288.cc execution test
FAIL: 28_regex/algorithms/regex_match/extended/wstring_locale.cc execution test
FAIL: 28_regex/iterators/regex_token_iterator/wchar_t/wstring_02.cc execution test
FAIL: ext/mt_allocator/deallocate_global_thread-1.cc execution test
FAIL: ext/mt_allocator/deallocate_global_thread-3.cc execution test
WARNING: program timed out.
=== libstdc++ Summary ===
# of expected passes 9844
# of unexpected failures 80
# of expected failures 68
# of unsupported tests 489
Compiler version: 6.0.0 20150718 (experimental) (GCC)
Platform: x86_64-test-dragonfly4.3
configure flags: --enable-languages=c,c++,ada,fortran,objc --build=x86_64-test-dragonfly4.3 --prefix=/usr/local/gcc5-test --with-system-zlib --with-gmp=/usr/local --with-mpfr=/usr/local --with-mpc=/usr/local --enable-shared --enable-threads=posix --enable-checking=release --enable-libquadmath --disable-werror --disable-nls --with-ld=/usr/bin/ld --with-as=/usr/bin/as