This is the mail archive of the
gcc-testresults@gcc.gnu.org
mailing list for the GCC project.
FW: Results for 6.0.0 20150606 (experimental) (GCC) testsuite on x86_64-unknown-linux-gnu
- From: "Pinski, Andrew" <Andrew dot Pinski at caviumnetworks dot com>
- To: "gcc-testresults at gcc dot gnu dot org" <gcc-testresults at gcc dot gnu dot org>
- Date: Sat, 6 Jun 2015 17:34:25 +0000
- Subject: FW: Results for 6.0.0 20150606 (experimental) (GCC) testsuite on x86_64-unknown-linux-gnu
- Authentication-results: sourceware.org; auth=none
- Authentication-results: gcc.gnu.org; dkim=none (message not signed) header.d=none;
- Auto-submitted: auto-generated
- References: <201506061734 dot t56HYHjT003624 at toolchainslave3 dot caveonetworks dot com>
________________________________________
From: jenkins
Sent: Saturday, June 6, 2015 10:34:17 AM (UTC-08:00) Pacific Time (US & Canada)
To: apinski@cavium.com
Subject: Results for 6.0.0 20150606 (experimental) (GCC) testsuite on x86_64-unknown-linux-gnu
Native configuration is x86_64-unknown-linux-gnu
=== gcc tests ===
Running target unix//-m32
FAIL: gcc.dg/debug/dwarf2/stacked-qualified-types-3.c scan-assembler-times DIE \\\\([^\\n]*\\\\) DW_TAG_(?:const|volatile|atomic|restrict)_type 8
UNRESOLVED: /home/jenkins/workspace/GCCupstream/gcc/testsuite/gcc.dg/lto/c-compatible-types_0.c: syntax error in target selector "target target short_enums" for " dg-skip-if 3 "require -fno-short-enums to work" {target short_enums} "
WARNING: lto.exp does not support dg-do
WARNING: lto.exp does not support dg-options in primary source file
ERROR: src: syntax error in target selector "target target short_enums" for " dg-skip-if 3 "require -fno-short-enums to work" {target short_enums} "
FAIL: gcc.dg/torture/tls/run-ld.c -O1 -pie -fPIE execution test
FAIL: gcc.dg/torture/tls/run-ld.c -O1 -pie -fpie execution test
FAIL: gcc.dg/torture/tls/run-ld.c -O2 -pie -fPIE execution test
FAIL: gcc.dg/torture/tls/run-ld.c -O2 -pie -fpie execution test
FAIL: gcc.dg/torture/tls/run-ld.c -O3 -fomit-frame-pointer -pie -fPIE execution test
FAIL: gcc.dg/torture/tls/run-ld.c -O3 -fomit-frame-pointer -pie -fpie execution test
FAIL: gcc.dg/torture/tls/run-ld.c -O3 -g -pie -fPIE execution test
FAIL: gcc.dg/torture/tls/run-ld.c -O3 -g -pie -fpie execution test
FAIL: gcc.dg/torture/tls/run-ld.c -Os -pie -fPIE execution test
FAIL: gcc.dg/torture/tls/run-ld.c -Os -pie -fpie execution test
FAIL: gcc.target/i386/noplt-1.c scan-assembler call[ \\t]\\\\*.*foo.*@GOTPCREL\\\\(%rip\\\\)
FAIL: gcc.target/i386/noplt-2.c scan-assembler jmp[ \\t]\\\\*.*foo.*@GOTPCREL\\\\(%rip\\\\)
FAIL: gcc.target/i386/noplt-3.c scan-assembler call[ \\t]\\\\*.*foo.*@GOTPCREL\\\\(%rip\\\\)
FAIL: gcc.target/i386/noplt-4.c scan-assembler jmp[ \\t]\\\\*.*foo.*@GOTPCREL\\\\(%rip\\\\)
=== gcc Summary for unix//-m32 ===
# of expected passes 111506
# of unexpected failures 15
# of expected failures 259
# of unresolved testcases 1
# of unsupported tests 2855
Running target unix//-m64
FAIL: gcc.dg/debug/dwarf2/stacked-qualified-types-3.c scan-assembler-times DIE \\\\([^\\n]*\\\\) DW_TAG_(?:const|volatile|atomic|restrict)_type 8
UNRESOLVED: /home/jenkins/workspace/GCCupstream/gcc/testsuite/gcc.dg/lto/c-compatible-types_0.c: syntax error in target selector "target target short_enums" for " dg-skip-if 3 "require -fno-short-enums to work" {target short_enums} "
WARNING: lto.exp does not support dg-do
WARNING: lto.exp does not support dg-options in primary source file
ERROR: src: syntax error in target selector "target target short_enums" for " dg-skip-if 3 "require -fno-short-enums to work" {target short_enums} "
FAIL: gcc.target/i386/pr49781-1.c scan-assembler-not lea[lq]?[ \\t]\\\\((%|)r[a-z0-9]*
FAIL: gcc.target/i386/pr56114.c (test for excess errors)
=== gcc Summary for unix//-m64 ===
# of expected passes 112552
# of unexpected failures 3
# of expected failures 258
# of unresolved testcases 1
# of unsupported tests 3067
=== gcc Summary ===
# of expected passes 224058
# of unexpected failures 18
# of expected failures 517
# of unresolved testcases 2
# of unsupported tests 5922
/home/jenkins/workspace/GCCupstream/objdir/gcc/xgcc version 6.0.0 20150606 (experimental) (GCC)
=== gfortran tests ===
Running target unix//-m32
=== gfortran Summary for unix//-m32 ===
# of expected passes 48467
# of expected failures 64
# of unsupported tests 225
Running target unix//-m64
=== gfortran Summary for unix//-m64 ===
# of expected passes 48756
# of expected failures 64
# of unsupported tests 85
=== gfortran Summary ===
# of expected passes 97223
# of expected failures 128
# of unsupported tests 310
/home/jenkins/workspace/GCCupstream/objdir/gcc/testsuite/gfortran/../../gfortran version 6.0.0 20150606 (experimental) (GCC)
=== g++ tests ===
Running target unix//-m32
UNRESOLVED: g++.dg/abi/mangle-regparm.C -std=gnu++11 scan-assembler _Z18IndirectExternCallIPU7stdcallU7regparmILi3EEFviiEiEvT_T0_S3_
UNRESOLVED: g++.dg/abi/mangle-regparm.C -std=gnu++14 scan-assembler _Z18IndirectExternCallIPU7stdcallU7regparmILi3EEFviiEiEvT_T0_S3_
UNRESOLVED: g++.dg/abi/mangle-regparm.C -std=gnu++98 scan-assembler _Z18IndirectExternCallIPU7stdcallU7regparmILi3EEFviiEiEvT_T0_S3_
FAIL: g++.dg/ipa/ipa-icf-4.C -std=gnu++11 scan-ipa-dump icf "Equal symbols: [67]"
FAIL: g++.dg/ipa/ipa-icf-4.C -std=gnu++14 scan-ipa-dump icf "Equal symbols: [67]"
FAIL: g++.dg/ipa/ipa-icf-4.C -std=gnu++98 scan-ipa-dump icf "Equal symbols: [67]"
FAIL: g++.dg/other/anon5.C -std=gnu++11 (test for excess errors)
FAIL: g++.dg/other/anon5.C -std=gnu++14 (test for excess errors)
FAIL: g++.dg/other/anon5.C -std=gnu++98 (test for excess errors)
FAIL: g++.dg/other/pr59492.C -std=gnu++11 (test for excess errors)
FAIL: g++.dg/other/pr59492.C -std=gnu++14 (test for excess errors)
FAIL: g++.dg/other/pr59492.C -std=gnu++98 (test for excess errors)
UNRESOLVED: g++.dg/lto/pr65276 cp_lto_pr65276_0.o-cp_lto_pr65276_1.o execute -flto -O0 -std=c++11
FAIL: g++.dg/lto/pr65276 cp_lto_pr65276_0.o-cp_lto_pr65276_1.o link, -flto -O0 -std=c++11
=== g++ Summary for unix//-m32 ===
# of expected passes 92595
# of unexpected failures 10
# of expected failures 341
# of unresolved testcases 4
# of unsupported tests 3475
Running target unix//-m64
FAIL: g++.dg/ipa/ipa-icf-4.C -std=gnu++11 scan-ipa-dump icf "Equal symbols: [67]"
FAIL: g++.dg/ipa/ipa-icf-4.C -std=gnu++14 scan-ipa-dump icf "Equal symbols: [67]"
FAIL: g++.dg/ipa/ipa-icf-4.C -std=gnu++98 scan-ipa-dump icf "Equal symbols: [67]"
FAIL: g++.dg/other/anon5.C -std=gnu++11 (test for excess errors)
FAIL: g++.dg/other/anon5.C -std=gnu++14 (test for excess errors)
FAIL: g++.dg/other/anon5.C -std=gnu++98 (test for excess errors)
UNRESOLVED: g++.dg/lto/pr65276 cp_lto_pr65276_0.o-cp_lto_pr65276_1.o execute -flto -O0 -std=c++11
FAIL: g++.dg/lto/pr65276 cp_lto_pr65276_0.o-cp_lto_pr65276_1.o link, -flto -O0 -std=c++11
=== g++ Summary for unix//-m64 ===
# of expected passes 94153
# of unexpected failures 7
# of expected failures 341
# of unresolved testcases 1
# of unsupported tests 3738
=== g++ Summary ===
# of expected passes 186748
# of unexpected failures 17
# of expected failures 682
# of unresolved testcases 5
# of unsupported tests 7213
/home/jenkins/workspace/GCCupstream/objdir/gcc/testsuite/g++/../../xg++ version 6.0.0 20150606 (experimental) (GCC)
=== objc tests ===
Running target unix//-m32
=== objc Summary for unix//-m32 ===
# of expected passes 3010
# of expected failures 6
# of unsupported tests 74
Running target unix//-m64
=== objc Summary for unix//-m64 ===
# of expected passes 3010
# of expected failures 6
# of unsupported tests 74
=== objc Summary ===
# of expected passes 6020
# of expected failures 12
# of unsupported tests 148
/home/jenkins/workspace/GCCupstream/objdir/gcc/xgcc version 6.0.0 20150606 (experimental) (GCC)
=== boehm-gc tests ===
Running target unix//-m32
=== boehm-gc Summary for unix//-m32 ===
# of expected passes 12
# of unsupported tests 1
Running target unix//-m64
=== boehm-gc Summary for unix//-m64 ===
# of expected passes 12
# of unsupported tests 1
=== boehm-gc Summary ===
# of expected passes 24
# of unsupported tests 2
=== libatomic tests ===
Running target unix//-m32
=== libatomic Summary for unix//-m32 ===
# of expected passes 44
# of unsupported tests 5
Running target unix//-m64
=== libatomic Summary for unix//-m64 ===
# of expected passes 54
=== libatomic Summary ===
# of expected passes 98
# of unsupported tests 5
=== libffi tests ===
Running target unix//-m32
=== libffi Summary for unix//-m32 ===
# of expected passes 2439
# of unsupported tests 30
Running target unix//-m64
=== libffi Summary for unix//-m64 ===
# of expected passes 1914
# of unsupported tests 30
=== libffi Summary ===
# of expected passes 4353
# of unsupported tests 60
=== libgomp tests ===
Running target unix//-m32
FAIL: libgomp.oacc-c/../libgomp.oacc-c-c++-common/lib-3.c -DACC_DEVICE_TYPE_host_nonshm=1 -DACC_MEM_SHARED=0 output pattern test, is
FAIL: libgomp.oacc-c/../libgomp.oacc-c-c++-common/lib-42.c -DACC_DEVICE_TYPE_host_nonshm=1 -DACC_MEM_SHARED=0 output pattern test, is , should match \\[[0-9a-fA-FxX]+,256\\] is not mapped
FAIL: libgomp.oacc-c/../libgomp.oacc-c-c++-common/lib-62.c -DACC_DEVICE_TYPE_host_nonshm=1 -DACC_MEM_SHARED=0 output pattern test, is
FAIL: libgomp.oacc-c/../libgomp.oacc-c-c++-common/lib-3.c -DACC_DEVICE_TYPE_host=1 -DACC_MEM_SHARED=1 output pattern test, is
FAIL: libgomp.oacc-c/../libgomp.oacc-c-c++-common/lib-42.c -DACC_DEVICE_TYPE_host=1 -DACC_MEM_SHARED=1 output pattern test, is , should match \\[[0-9a-fA-FxX]+,256\\] is not mapped
FAIL: libgomp.oacc-c/../libgomp.oacc-c-c++-common/lib-62.c -DACC_DEVICE_TYPE_host=1 -DACC_MEM_SHARED=1 output pattern test, is
FAIL: libgomp.oacc-c++/../libgomp.oacc-c-c++-common/lib-3.c -DACC_DEVICE_TYPE_host_nonshm=1 -DACC_MEM_SHARED=0 output pattern test, is
FAIL: libgomp.oacc-c++/../libgomp.oacc-c-c++-common/lib-42.c -DACC_DEVICE_TYPE_host_nonshm=1 -DACC_MEM_SHARED=0 output pattern test, is , should match \\[[0-9a-fA-FxX]+,256\\] is not mapped
FAIL: libgomp.oacc-c++/../libgomp.oacc-c-c++-common/lib-62.c -DACC_DEVICE_TYPE_host_nonshm=1 -DACC_MEM_SHARED=0 output pattern test, is
FAIL: libgomp.oacc-c++/../libgomp.oacc-c-c++-common/lib-3.c -DACC_DEVICE_TYPE_host=1 -DACC_MEM_SHARED=1 output pattern test, is
FAIL: libgomp.oacc-c++/../libgomp.oacc-c-c++-common/lib-42.c -DACC_DEVICE_TYPE_host=1 -DACC_MEM_SHARED=1 output pattern test, is , should match \\[[0-9a-fA-FxX]+,256\\] is not mapped
FAIL: libgomp.oacc-c++/../libgomp.oacc-c-c++-common/lib-62.c -DACC_DEVICE_TYPE_host=1 -DACC_MEM_SHARED=1 output pattern test, is
=== libgomp Summary for unix//-m32 ===
# of expected passes 5852
# of unexpected failures 12
# of unsupported tests 299
Running target unix//-m64
FAIL: libgomp.oacc-c/../libgomp.oacc-c-c++-common/lib-3.c -DACC_DEVICE_TYPE_host_nonshm=1 -DACC_MEM_SHARED=0 output pattern test, is
FAIL: libgomp.oacc-c/../libgomp.oacc-c-c++-common/lib-42.c -DACC_DEVICE_TYPE_host_nonshm=1 -DACC_MEM_SHARED=0 output pattern test, is , should match \\[[0-9a-fA-FxX]+,256\\] is not mapped
FAIL: libgomp.oacc-c/../libgomp.oacc-c-c++-common/lib-62.c -DACC_DEVICE_TYPE_host_nonshm=1 -DACC_MEM_SHARED=0 output pattern test, is
FAIL: libgomp.oacc-c/../libgomp.oacc-c-c++-common/lib-3.c -DACC_DEVICE_TYPE_host=1 -DACC_MEM_SHARED=1 output pattern test, is
FAIL: libgomp.oacc-c/../libgomp.oacc-c-c++-common/lib-42.c -DACC_DEVICE_TYPE_host=1 -DACC_MEM_SHARED=1 output pattern test, is , should match \\[[0-9a-fA-FxX]+,256\\] is not mapped
FAIL: libgomp.oacc-c/../libgomp.oacc-c-c++-common/lib-62.c -DACC_DEVICE_TYPE_host=1 -DACC_MEM_SHARED=1 output pattern test, is
FAIL: libgomp.oacc-c++/../libgomp.oacc-c-c++-common/lib-3.c -DACC_DEVICE_TYPE_host_nonshm=1 -DACC_MEM_SHARED=0 output pattern test, is
FAIL: libgomp.oacc-c++/../libgomp.oacc-c-c++-common/lib-42.c -DACC_DEVICE_TYPE_host_nonshm=1 -DACC_MEM_SHARED=0 output pattern test, is , should match \\[[0-9a-fA-FxX]+,256\\] is not mapped
FAIL: libgomp.oacc-c++/../libgomp.oacc-c-c++-common/lib-62.c -DACC_DEVICE_TYPE_host_nonshm=1 -DACC_MEM_SHARED=0 output pattern test, is
FAIL: libgomp.oacc-c++/../libgomp.oacc-c-c++-common/lib-3.c -DACC_DEVICE_TYPE_host=1 -DACC_MEM_SHARED=1 output pattern test, is
FAIL: libgomp.oacc-c++/../libgomp.oacc-c-c++-common/lib-42.c -DACC_DEVICE_TYPE_host=1 -DACC_MEM_SHARED=1 output pattern test, is , should match \\[[0-9a-fA-FxX]+,256\\] is not mapped
FAIL: libgomp.oacc-c++/../libgomp.oacc-c-c++-common/lib-62.c -DACC_DEVICE_TYPE_host=1 -DACC_MEM_SHARED=1 output pattern test, is
=== libgomp Summary for unix//-m64 ===
# of expected passes 5852
# of unexpected failures 12
# of unsupported tests 299
=== libgomp Summary ===
# of expected passes 11704
# of unexpected failures 24
# of unsupported tests 598
=== libitm tests ===
Running target unix//-m32
=== libitm Summary for unix//-m32 ===
# of expected passes 26
# of expected failures 3
# of unsupported tests 1
Running target unix//-m64
=== libitm Summary for unix//-m64 ===
# of expected passes 26
# of expected failures 3
# of unsupported tests 1
=== libitm Summary ===
# of expected passes 52
# of expected failures 6
# of unsupported tests 2
=== libjava tests ===
Running target unix//-m32
=== libjava Summary for unix//-m32 ===
# of expected passes 2582
# of expected failures 4
Running target unix//-m64
=== libjava Summary for unix//-m64 ===
# of expected passes 2582
# of expected failures 4
=== libjava Summary ===
# of expected passes 5164
# of expected failures 8
=== libstdc++ tests ===
Running target unix//-m32
=== libstdc++ Summary for unix//-m32 ===
# of expected passes 9897
# of expected failures 65
# of unsupported tests 542
Running target unix//-m64
=== libstdc++ Summary for unix//-m64 ===
# of expected passes 9889
# of expected failures 65
# of unsupported tests 546
=== libstdc++ Summary ===
# of expected passes 19786
# of expected failures 130
# of unsupported tests 1088
Compiler version: 6.0.0 20150606 (experimental) (GCC)
Platform: x86_64-unknown-linux-gnu
configure flags: --prefix=/home/jenkins/workspace/GCCupstream/objdir/install