This is the mail archive of the
gcc-testresults@gcc.gnu.org
mailing list for the GCC project.
Results for 4.9.2 (GCC) testsuite on x86_64-unknown-linux-gnu
- From: steven Wang <steven at ks dot uiuc dot edu>
- To: gcc-testresults at gcc dot gnu dot org
- Date: Fri, 05 Jun 2015 17:48:25 -0500
- Subject: Results for 4.9.2 (GCC) testsuite on x86_64-unknown-linux-gnu
- Authentication-results: sourceware.org; auth=none
LAST_UPDATED: Obtained from SVN: tags/gcc_4_9_2_release revision 216910
Native configuration is x86_64-unknown-linux-gnu
=== gcc tests ===
Running target unix
=== gcc Summary ===
# of expected passes 105540
# of expected failures 256
# of unsupported tests 2028
/Scr/scr-test-steven/Programs/GCC/build_gcc-4.9.2/gcc/xgcc version 4.9.2 (GCC)
=== gfortran tests ===
Running target unix
FAIL: gfortran.dg/guality/pr41558.f90 -O2 line 7 s == 'foo'
FAIL: gfortran.dg/guality/pr41558.f90 -O3 -fomit-frame-pointer line 7 s == 'foo'
FAIL: gfortran.dg/guality/pr41558.f90 -O3 -fomit-frame-pointer -funroll-loops line 7 s == 'foo'
FAIL: gfortran.dg/guality/pr41558.f90 -O3 -fomit-frame-pointer -funroll-all-loops -finline-functions line 7 s == 'foo'
FAIL: gfortran.dg/guality/pr41558.f90 -O3 -g line 7 s == 'foo'
FAIL: gfortran.dg/guality/pr41558.f90 -Os line 7 s == 'foo'
=== gfortran Summary ===
# of expected passes 46057
# of unexpected failures 6
# of expected failures 52
# of unsupported tests 75
/Scr/scr-test-steven/Programs/GCC/build_gcc-4.9.2/gcc/testsuite/gfortran/../../gfortran version 4.9.2 (GCC)
=== g++ tests ===
Running target unix
=== g++ Summary ===
# of expected passes 88567
# of expected failures 445
# of unsupported tests 3072
/Scr/scr-test-steven/Programs/GCC/build_gcc-4.9.2/gcc/testsuite/g++/../../xg++ version 4.9.2 (GCC)
=== objc tests ===
Running target unix
=== objc Summary ===
# of expected passes 2988
# of expected failures 6
# of unsupported tests 74
/Scr/scr-test-steven/Programs/GCC/build_gcc-4.9.2/gcc/xgcc version 4.9.2 (GCC)
=== boehm-gc tests ===
Running target unix
=== boehm-gc Summary ===
# of expected passes 12
# of unsupported tests 1
=== libatomic tests ===
Running target unix
=== libatomic Summary ===
# of expected passes 54
=== libffi tests ===
Running target unix
=== libffi Summary ===
# of expected passes 1819
# of unsupported tests 55
=== libgomp tests ===
Running target unix
=== libgomp Summary ===
# of expected passes 3247
# of unsupported tests 35
=== libitm tests ===
Running target unix
=== libitm Summary ===
# of expected passes 26
# of expected failures 3
# of unsupported tests 1
=== libjava tests ===
Running target unix
XPASS: sourcelocation -O3 -findirect-dispatch output - source compiled test
=== libjava Summary ===
# of expected passes 2582
# of unexpected successes 1
# of expected failures 3
=== libstdc++ tests ===
Running target unix
=== libstdc++ Summary ===
# of expected passes 9958
# of expected failures 41
# of unsupported tests 226
Compiler version: 4.9.2 (GCC)
Platform: x86_64-unknown-linux-gnu
configure flags: --prefix=/Scr/scr-test-steven/install/install/gcc/4.9.2 --disable-multilib --with-gmp=/Scr/scr-test-steven/install/libgmp/4.3.2 --with-mpfr=/Scr/scr-test-steven/install/libmpfr/2.4.2 --with-mpc=/Scr/scr-test-steven/install/libmpc/0.8.1 --with-cloog=/Scr/scr-test-steven/install/libcloog/0.18.1 --with-isl=/Scr/scr-test-steven/install/libisl/0.12.2 CC=/Scr/scr-test-steven/install/gcc/4.7.4/bin/gcc CXX=/Scr/scr-test-steven/install/gcc/4.7.4/bin/g++ CPPFLAGS=-I/Scr/scr-test-steven/install/gcc/4.7.4/include LDFLAGS=-L/Scr/scr-test-steven/install/gcc/4.7.4/lib64