This is the mail archive of the
gcc-testresults@gcc.gnu.org
mailing list for the GCC project.
Results for 5.1.0 (GCC) testsuite on powerpc-unknown-linux-gnu
- From: Aaro Koskinen <aaro dot koskinen at iki dot fi>
- To: gcc-testresults at gcc dot gnu dot org
- Date: Thu, 14 May 2015 21:49:34 +0300
- Subject: Results for 5.1.0 (GCC) testsuite on powerpc-unknown-linux-gnu
- Authentication-results: sourceware.org; auth=none
-- Build environment ----------------------------------------------------------
Distro: los.git rootfs=eeef native=eeef
Kernel: Linux g5-xserve-c 4.1.0-rc3-g5-los_1197 #1 SMP Thu May 14 13:47:07 EEST 2015 ppc64 GNU/Linux
CPU: processor : 0
cpu : PPC970FX, altivec supported
clock : 2300.000000MHz
revision : 3.0 (pvr 003c 0300)
processor : 1
cpu : PPC970FX, altivec supported
clock : 2300.000000MHz
revision : 3.0 (pvr 003c 0300)
timebase : 33333333
platform : PowerMac
model : RackMac3,1
machine : RackMac3,1
motherboard : RackMac3,1 MacRISC4 Power Macintosh
detected as : 339 (XServe G5)
pmac flags : 00000000
L2 cache : 512K unified
pmac-generation : NewWorld
-- Time consumed --------------------------------------------------------------
Build: real 4h 10m 34s
user 7h 30m 43s
sys 21m 38.85s
Test: real 3h 45m 06s
user 5h 36m 33s
sys 1h 50m 57s
-------------------------------------------------------------------------------
LAST_UPDATED: Obtained from SVN: tags/gcc_5_1_0_release revision 222317
Native configuration is powerpc-unknown-linux-gnu
=== g++ tests ===
Running target unix
FAIL: c-c++-common/asan/null-deref-1.c -O2 output pattern test, is ASAN:SIGSEGV
FAIL: c-c++-common/asan/null-deref-1.c -O2 -flto -fno-use-linker-plugin -flto-partition=none output pattern test, is ASAN:SIGSEGV
FAIL: c-c++-common/asan/null-deref-1.c -O2 -flto -fuse-linker-plugin -fno-fat-lto-objects output pattern test, is ASAN:SIGSEGV
FAIL: c-c++-common/asan/null-deref-1.c -O3 -fomit-frame-pointer output pattern test, is ASAN:SIGSEGV
FAIL: c-c++-common/asan/null-deref-1.c -O3 -g output pattern test, is ASAN:SIGSEGV
FAIL: g++.dg/abi/scoped1.C -std=gnu++11 execution test
FAIL: g++.dg/abi/scoped1.C -std=gnu++14 execution test
XPASS: g++.dg/tls/thread_local-order2.C -std=c++11 execution test
XPASS: g++.dg/tls/thread_local-order2.C -std=c++14 execution test
FAIL: g++.dg/vect/pr36648.cc -std=c++11 scan-tree-dump-times vect "vectorized 1 loops" 1
FAIL: g++.dg/vect/pr36648.cc -std=c++11 scan-tree-dump-times vect "vectorizing stmts using SLP" 1
FAIL: g++.dg/vect/pr36648.cc -std=c++14 scan-tree-dump-times vect "vectorized 1 loops" 1
FAIL: g++.dg/vect/pr36648.cc -std=c++14 scan-tree-dump-times vect "vectorizing stmts using SLP" 1
FAIL: g++.dg/vect/pr36648.cc -std=c++98 scan-tree-dump-times vect "vectorized 1 loops" 1
FAIL: g++.dg/vect/pr36648.cc -std=c++98 scan-tree-dump-times vect "vectorizing stmts using SLP" 1
=== g++ Summary ===
# of expected passes 87161
# of unexpected failures 13
# of unexpected successes 2
# of expected failures 339
# of unsupported tests 3948
/home/aaro/gcctest/build/gcc/testsuite/g++/../../xg++ version 5.1.0 (GCC)
=== gcc tests ===
Running target unix
FAIL: c-c++-common/asan/misalign-1.c -O0 output pattern test, is =================================================================
FAIL: c-c++-common/asan/misalign-1.c -O1 output pattern test, is =================================================================
FAIL: c-c++-common/asan/misalign-1.c -O2 output pattern test, is =================================================================
FAIL: c-c++-common/asan/misalign-1.c -O2 -flto -fno-use-linker-plugin -flto-partition=none output pattern test, is =================================================================
FAIL: c-c++-common/asan/misalign-1.c -O2 -flto -fuse-linker-plugin -fno-fat-lto-objects output pattern test, is =================================================================
FAIL: c-c++-common/asan/misalign-1.c -O3 -fomit-frame-pointer output pattern test, is =================================================================
FAIL: c-c++-common/asan/misalign-1.c -O3 -g output pattern test, is =================================================================
FAIL: c-c++-common/asan/misalign-1.c -Os output pattern test, is =================================================================
FAIL: c-c++-common/asan/misalign-2.c -O0 output pattern test, is =================================================================
FAIL: c-c++-common/asan/misalign-2.c -O1 output pattern test, is =================================================================
FAIL: c-c++-common/asan/misalign-2.c -O2 output pattern test, is =================================================================
FAIL: c-c++-common/asan/misalign-2.c -O2 -flto -fno-use-linker-plugin -flto-partition=none output pattern test, is =================================================================
FAIL: c-c++-common/asan/misalign-2.c -O2 -flto -fuse-linker-plugin -fno-fat-lto-objects output pattern test, is =================================================================
FAIL: c-c++-common/asan/misalign-2.c -O3 -fomit-frame-pointer output pattern test, is =================================================================
FAIL: c-c++-common/asan/misalign-2.c -O3 -g output pattern test, is =================================================================
FAIL: c-c++-common/asan/misalign-2.c -Os output pattern test, is =================================================================
FAIL: c-c++-common/asan/null-deref-1.c -O0 output pattern test, is ASAN:SIGSEGV
FAIL: c-c++-common/asan/null-deref-1.c -O1 output pattern test, is ASAN:SIGSEGV
FAIL: c-c++-common/asan/null-deref-1.c -O2 output pattern test, is ASAN:SIGSEGV
FAIL: c-c++-common/asan/null-deref-1.c -O2 -flto -fno-use-linker-plugin -flto-partition=none output pattern test, is ASAN:SIGSEGV
FAIL: c-c++-common/asan/null-deref-1.c -O2 -flto -fuse-linker-plugin -fno-fat-lto-objects output pattern test, is ASAN:SIGSEGV
FAIL: c-c++-common/asan/null-deref-1.c -O3 -fomit-frame-pointer output pattern test, is ASAN:SIGSEGV
FAIL: c-c++-common/asan/null-deref-1.c -O3 -g output pattern test, is ASAN:SIGSEGV
FAIL: c-c++-common/asan/null-deref-1.c -Os output pattern test, is ASAN:SIGSEGV
FAIL: gcc.dg/sms-8.c scan-rtl-dump-times sms "SMS succeeded" 0
XPASS: gcc.dg/guality/example.c -O0 execution test
XPASS: gcc.dg/guality/example.c -O1 execution test
XPASS: gcc.dg/guality/guality.c -O0 execution test
XPASS: gcc.dg/guality/guality.c -O1 execution test
XPASS: gcc.dg/guality/guality.c -O2 execution test
XPASS: gcc.dg/guality/guality.c -O2 -flto -fno-use-linker-plugin -flto-partition=none execution test
XPASS: gcc.dg/guality/guality.c -O2 -flto -fuse-linker-plugin -fno-fat-lto-objects execution test
XPASS: gcc.dg/guality/guality.c -O3 -fomit-frame-pointer execution test
XPASS: gcc.dg/guality/guality.c -O3 -g execution test
XPASS: gcc.dg/guality/guality.c -Os execution test
XPASS: gcc.dg/guality/inline-params.c -O2 execution test
XPASS: gcc.dg/guality/inline-params.c -O2 -flto -fno-use-linker-plugin -flto-partition=none execution test
XPASS: gcc.dg/guality/inline-params.c -O3 -fomit-frame-pointer execution test
XPASS: gcc.dg/guality/inline-params.c -O3 -g execution test
XPASS: gcc.dg/guality/inline-params.c -Os execution test
FAIL: gcc.dg/guality/pr36728-1.c -O2 line 16 y == 2
FAIL: gcc.dg/guality/pr36728-1.c -O2 -flto -fno-use-linker-plugin -flto-partition=none line 16 y == 2
FAIL: gcc.dg/guality/pr36728-1.c -O3 -fomit-frame-pointer line 16 y == 2
FAIL: gcc.dg/guality/pr36728-1.c -O3 -g line 16 y == 2
FAIL: gcc.dg/guality/pr36728-1.c -Os line 16 y == 2
FAIL: gcc.dg/guality/pr36728-2.c -Os line 18 y == 2
XPASS: gcc.dg/guality/pr41353-1.c -O0 line 28 j == 28 + 37
FAIL: gcc.dg/guality/pr41404-1.c -O2 -flto -fuse-linker-plugin -fno-fat-lto-objects line 10 *foo == 'f'
FAIL: gcc.dg/guality/pr41404-1.c -O2 -flto -fuse-linker-plugin -fno-fat-lto-objects line 14 *foo == 'b'
FAIL: gcc.dg/guality/pr41404-1.c -O2 -flto -fuse-linker-plugin -fno-fat-lto-objects line 24 *foo == 'f'
FAIL: gcc.dg/guality/pr41616-1.c -O2 -flto -fuse-linker-plugin -fno-fat-lto-objects execution test
FAIL: gcc.dg/guality/pr43051-1.c -O1 line 34 c == &a[0]
FAIL: gcc.dg/guality/pr43051-1.c -O2 line 34 c == &a[0]
FAIL: gcc.dg/guality/pr43051-1.c -O2 -flto -fno-use-linker-plugin -flto-partition=none line 34 c == &a[0]
FAIL: gcc.dg/guality/pr43051-1.c -O2 -flto -fuse-linker-plugin -fno-fat-lto-objects line 34 c == &a[0]
FAIL: gcc.dg/guality/pr43051-1.c -O3 -fomit-frame-pointer -funroll-all-loops -finline-functions line 34 c == &a[0]
FAIL: gcc.dg/guality/pr43051-1.c -O3 -fomit-frame-pointer -funroll-loops line 34 c == &a[0]
FAIL: gcc.dg/guality/pr45882.c -O2 -flto -fuse-linker-plugin -fno-fat-lto-objects line 16 d == 112
FAIL: gcc.dg/guality/pr45882.c -O2 -flto -fuse-linker-plugin -fno-fat-lto-objects line 16 e == 142
FAIL: gcc.dg/guality/pr54200.c -O1 line 20 z == 3
FAIL: gcc.dg/guality/pr54200.c -O2 line 20 z == 3
FAIL: gcc.dg/guality/pr54200.c -O2 -flto -fno-use-linker-plugin -flto-partition=none line 20 z == 3
FAIL: gcc.dg/guality/pr54200.c -O2 -flto -fuse-linker-plugin -fno-fat-lto-objects line 20 z == 3
FAIL: gcc.dg/guality/pr54200.c -O3 -fomit-frame-pointer line 20 z == 3
FAIL: gcc.dg/guality/pr54200.c -O3 -g line 20 z == 3
FAIL: gcc.dg/guality/pr54200.c -Os line 20 z == 3
FAIL: gcc.dg/guality/pr54519-1.c -O2 -flto -fno-use-linker-plugin -flto-partition=none line 20 y == 25
FAIL: gcc.dg/guality/pr54519-1.c -O2 -flto -fno-use-linker-plugin -flto-partition=none line 20 z == 6
FAIL: gcc.dg/guality/pr54519-1.c -O2 -flto -fno-use-linker-plugin -flto-partition=none line 23 y == 117
FAIL: gcc.dg/guality/pr54519-1.c -O2 -flto -fno-use-linker-plugin -flto-partition=none line 23 z == 8
FAIL: gcc.dg/guality/pr54519-2.c -O2 -flto -fno-use-linker-plugin -flto-partition=none line 17 y == 25
FAIL: gcc.dg/guality/pr54519-2.c -O2 -flto -fuse-linker-plugin -fno-fat-lto-objects line 17 y == 25
FAIL: gcc.dg/guality/pr54519-3.c -O2 -flto -fno-use-linker-plugin -flto-partition=none line 20 y == 25
FAIL: gcc.dg/guality/pr54519-3.c -O2 -flto -fno-use-linker-plugin -flto-partition=none line 20 z == 6
FAIL: gcc.dg/guality/pr54519-3.c -O2 -flto -fno-use-linker-plugin -flto-partition=none line 23 y == 117
FAIL: gcc.dg/guality/pr54519-3.c -O2 -flto -fno-use-linker-plugin -flto-partition=none line 23 z == 8
FAIL: gcc.dg/guality/pr54519-3.c -O2 -flto -fuse-linker-plugin -fno-fat-lto-objects line 20 y == 25
FAIL: gcc.dg/guality/pr54519-3.c -O2 -flto -fuse-linker-plugin -fno-fat-lto-objects line 20 z == 6
FAIL: gcc.dg/guality/pr54519-3.c -O2 -flto -fuse-linker-plugin -fno-fat-lto-objects line 23 y == 117
FAIL: gcc.dg/guality/pr54519-3.c -O2 -flto -fuse-linker-plugin -fno-fat-lto-objects line 23 z == 8
FAIL: gcc.dg/guality/pr54519-4.c -O2 -flto -fno-use-linker-plugin -flto-partition=none line 17 y == 25
FAIL: gcc.dg/guality/pr54519-4.c -O2 -flto -fuse-linker-plugin -fno-fat-lto-objects line 17 y == 25
FAIL: gcc.dg/guality/pr54519-5.c -O2 -flto -fno-use-linker-plugin -flto-partition=none line 17 y == 25
FAIL: gcc.dg/guality/pr54519-5.c -O2 -flto -fuse-linker-plugin -fno-fat-lto-objects line 17 y == 25
FAIL: gcc.dg/guality/pr54693-2.c -Os line 21 y == 20 - 2 * i
FAIL: gcc.dg/guality/pr54693-2.c -Os line 21 z == 30 - 3 * i
FAIL: gcc.dg/guality/pr54970.c -O1 line 15 a[0] == 1
FAIL: gcc.dg/guality/pr54970.c -O1 line 20 a[0] == 1
FAIL: gcc.dg/guality/pr54970.c -O1 line 25 a[0] == 1
FAIL: gcc.dg/guality/pr54970.c -O1 line 31 a[0] == 4
FAIL: gcc.dg/guality/pr54970.c -O1 line 36 a[0] == 4
FAIL: gcc.dg/guality/pr54970.c -O1 line 45 a[0] == 4
FAIL: gcc.dg/guality/pr54970.c -O1 line 45 p[-2] == 4
FAIL: gcc.dg/guality/pr54970.c -O1 line 45 q[-1] == 4
FAIL: gcc.dg/guality/pr54970.c -O2 line 15 a[0] == 1
FAIL: gcc.dg/guality/pr54970.c -O2 line 20 a[0] == 1
FAIL: gcc.dg/guality/pr54970.c -O2 line 25 a[0] == 1
FAIL: gcc.dg/guality/pr54970.c -O2 line 31 a[0] == 4
FAIL: gcc.dg/guality/pr54970.c -O2 line 36 a[0] == 4
FAIL: gcc.dg/guality/pr54970.c -O2 line 45 a[0] == 4
FAIL: gcc.dg/guality/pr54970.c -O2 line 45 p[-2] == 4
FAIL: gcc.dg/guality/pr54970.c -O2 line 45 q[-1] == 4
FAIL: gcc.dg/guality/pr54970.c -O2 -flto -fno-use-linker-plugin -flto-partition=none line 15 a[0] == 1
FAIL: gcc.dg/guality/pr54970.c -O2 -flto -fno-use-linker-plugin -flto-partition=none line 20 a[0] == 1
FAIL: gcc.dg/guality/pr54970.c -O2 -flto -fno-use-linker-plugin -flto-partition=none line 25 a[0] == 1
FAIL: gcc.dg/guality/pr54970.c -O2 -flto -fno-use-linker-plugin -flto-partition=none line 31 a[0] == 4
FAIL: gcc.dg/guality/pr54970.c -O2 -flto -fno-use-linker-plugin -flto-partition=none line 36 a[0] == 4
FAIL: gcc.dg/guality/pr54970.c -O2 -flto -fno-use-linker-plugin -flto-partition=none line 45 a[0] == 4
FAIL: gcc.dg/guality/pr54970.c -O2 -flto -fno-use-linker-plugin -flto-partition=none line 45 p[-2] == 4
FAIL: gcc.dg/guality/pr54970.c -O2 -flto -fno-use-linker-plugin -flto-partition=none line 45 q[-1] == 4
FAIL: gcc.dg/guality/pr54970.c -O2 -flto -fuse-linker-plugin -fno-fat-lto-objects line 15 a[0] == 1
FAIL: gcc.dg/guality/pr54970.c -O2 -flto -fuse-linker-plugin -fno-fat-lto-objects line 20 a[0] == 1
FAIL: gcc.dg/guality/pr54970.c -O2 -flto -fuse-linker-plugin -fno-fat-lto-objects line 25 a[0] == 1
FAIL: gcc.dg/guality/pr54970.c -O2 -flto -fuse-linker-plugin -fno-fat-lto-objects line 31 a[0] == 4
FAIL: gcc.dg/guality/pr54970.c -O2 -flto -fuse-linker-plugin -fno-fat-lto-objects line 36 a[0] == 4
FAIL: gcc.dg/guality/pr54970.c -O2 -flto -fuse-linker-plugin -fno-fat-lto-objects line 45 a[0] == 4
FAIL: gcc.dg/guality/pr54970.c -O2 -flto -fuse-linker-plugin -fno-fat-lto-objects line 45 p[-2] == 4
FAIL: gcc.dg/guality/pr54970.c -O2 -flto -fuse-linker-plugin -fno-fat-lto-objects line 45 q[-1] == 4
FAIL: gcc.dg/guality/pr54970.c -O3 -fomit-frame-pointer line 15 a[0] == 1
FAIL: gcc.dg/guality/pr54970.c -O3 -fomit-frame-pointer line 20 a[0] == 1
FAIL: gcc.dg/guality/pr54970.c -O3 -fomit-frame-pointer line 25 a[0] == 1
FAIL: gcc.dg/guality/pr54970.c -O3 -fomit-frame-pointer line 31 a[0] == 4
FAIL: gcc.dg/guality/pr54970.c -O3 -fomit-frame-pointer line 36 a[0] == 4
FAIL: gcc.dg/guality/pr54970.c -O3 -fomit-frame-pointer line 45 a[0] == 4
FAIL: gcc.dg/guality/pr54970.c -O3 -fomit-frame-pointer line 45 p[-2] == 4
FAIL: gcc.dg/guality/pr54970.c -O3 -fomit-frame-pointer line 45 q[-1] == 4
FAIL: gcc.dg/guality/pr54970.c -O3 -g line 15 a[0] == 1
FAIL: gcc.dg/guality/pr54970.c -O3 -g line 20 a[0] == 1
FAIL: gcc.dg/guality/pr54970.c -O3 -g line 25 a[0] == 1
FAIL: gcc.dg/guality/pr54970.c -O3 -g line 31 a[0] == 4
FAIL: gcc.dg/guality/pr54970.c -O3 -g line 36 a[0] == 4
FAIL: gcc.dg/guality/pr54970.c -O3 -g line 45 a[0] == 4
FAIL: gcc.dg/guality/pr54970.c -O3 -g line 45 p[-2] == 4
FAIL: gcc.dg/guality/pr54970.c -O3 -g line 45 q[-1] == 4
FAIL: gcc.dg/guality/pr54970.c -Os line 15 a[0] == 1
FAIL: gcc.dg/guality/pr54970.c -Os line 20 a[0] == 1
FAIL: gcc.dg/guality/pr54970.c -Os line 25 a[0] == 1
FAIL: gcc.dg/guality/pr54970.c -Os line 31 a[0] == 4
FAIL: gcc.dg/guality/pr54970.c -Os line 36 a[0] == 4
FAIL: gcc.dg/guality/pr54970.c -Os line 45 a[0] == 4
FAIL: gcc.dg/guality/pr54970.c -Os line 45 p[-2] == 4
FAIL: gcc.dg/guality/pr54970.c -Os line 45 q[-1] == 4
FAIL: gcc.dg/guality/sra-1.c -O1 line 43 a.j == 14
FAIL: gcc.dg/guality/sra-1.c -O2 line 43 a.j == 14
FAIL: gcc.dg/guality/sra-1.c -O2 -flto -fno-use-linker-plugin -flto-partition=none line 43 a.j == 14
FAIL: gcc.dg/guality/sra-1.c -O2 -flto -fuse-linker-plugin -fno-fat-lto-objects line 43 a.j == 14
FAIL: gcc.dg/guality/sra-1.c -O3 -fomit-frame-pointer line 43 a.j == 14
FAIL: gcc.dg/guality/sra-1.c -O3 -g line 43 a.j == 14
FAIL: gcc.dg/guality/sra-1.c -Os line 43 a.i == 4
FAIL: gcc.dg/guality/sra-1.c -Os line 43 a.j == 14
FAIL: gcc.dg/guality/vla-1.c -O1 line 17 sizeof (a) == 6
FAIL: gcc.dg/guality/vla-1.c -O2 line 17 sizeof (a) == 6
FAIL: gcc.dg/guality/vla-1.c -O2 -flto -fno-use-linker-plugin -flto-partition=none line 17 sizeof (a) == 6
FAIL: gcc.dg/guality/vla-1.c -O2 -flto -fuse-linker-plugin -fno-fat-lto-objects line 17 sizeof (a) == 6
FAIL: gcc.dg/guality/vla-1.c -O3 -fomit-frame-pointer line 17 sizeof (a) == 6
FAIL: gcc.dg/guality/vla-1.c -O3 -g line 17 sizeof (a) == 6
FAIL: gcc.dg/guality/vla-1.c -Os line 17 sizeof (a) == 6
FAIL: gcc.dg/tree-ssa/ivopts-lt-2.c scan-tree-dump-times ivopts "PHI <p_" 1
FAIL: gcc.dg/tree-ssa/ivopts-lt-2.c scan-tree-dump-times ivopts "PHI" 1
FAIL: gcc.dg/tree-ssa/ivopts-lt-2.c scan-tree-dump-times ivopts "p_[0-9]* <" 1
FAIL: gcc.dg/tree-ssa/sra-12.c scan-tree-dump-times release_ssa "l;" 0
FAIL: gcc.dg/vect/costmodel/ppc/costmodel-vect-31a.c scan-tree-dump-times vect "vectorization not profitable" 1
FAIL: gcc.dg/vect/costmodel/ppc/costmodel-vect-33.c scan-tree-dump-times vect "vectorization not profitable" 1
FAIL: gcc.dg/vect/no-vfa-vect-depend-2.c scan-tree-dump-times vect "vectorized 1 loops" 1
FAIL: gcc.dg/vect/no-vfa-vect-depend-3.c scan-tree-dump-times vect "vectorized 1 loops" 4
FAIL: gcc.dg/vect/vect-31.c -flto -ffat-lto-objects scan-tree-dump-times vect "vectorized 4 loops" 1
FAIL: gcc.dg/vect/vect-31.c scan-tree-dump-times vect "vectorized 4 loops" 1
FAIL: gcc.dg/vmx/extract-vsx-be-order.c -O0 execution test
FAIL: gcc.dg/vmx/extract-vsx.c -O0 execution test
FAIL: gcc.dg/vmx/insert-vsx-be-order.c -O0 execution test
FAIL: gcc.dg/vmx/insert-vsx-be-order.c -O1 execution test
FAIL: gcc.dg/vmx/insert-vsx-be-order.c -O2 execution test
FAIL: gcc.dg/vmx/insert-vsx-be-order.c -O2 -flto -fno-use-linker-plugin -flto-partition=none execution test
FAIL: gcc.dg/vmx/insert-vsx-be-order.c -O2 -flto -fuse-linker-plugin -fno-fat-lto-objects execution test
FAIL: gcc.dg/vmx/insert-vsx-be-order.c -O3 -fomit-frame-pointer execution test
FAIL: gcc.dg/vmx/insert-vsx-be-order.c -O3 -g execution test
FAIL: gcc.dg/vmx/insert-vsx-be-order.c -Os execution test
FAIL: gcc.dg/vmx/insert-vsx.c -O0 execution test
FAIL: gcc.dg/vmx/insert-vsx.c -O1 execution test
FAIL: gcc.dg/vmx/insert-vsx.c -O2 execution test
FAIL: gcc.dg/vmx/insert-vsx.c -O2 -flto -fno-use-linker-plugin -flto-partition=none execution test
FAIL: gcc.dg/vmx/insert-vsx.c -O2 -flto -fuse-linker-plugin -fno-fat-lto-objects execution test
FAIL: gcc.dg/vmx/insert-vsx.c -O3 -fomit-frame-pointer execution test
FAIL: gcc.dg/vmx/insert-vsx.c -O3 -g execution test
FAIL: gcc.dg/vmx/insert-vsx.c -Os execution test
FAIL: gcc.dg/vmx/ld-vsx-be-order.c -O0 execution test
FAIL: gcc.dg/vmx/ld-vsx-be-order.c -O1 execution test
FAIL: gcc.dg/vmx/ld-vsx-be-order.c -O2 execution test
FAIL: gcc.dg/vmx/ld-vsx-be-order.c -O2 -flto -fno-use-linker-plugin -flto-partition=none execution test
FAIL: gcc.dg/vmx/ld-vsx-be-order.c -O2 -flto -fuse-linker-plugin -fno-fat-lto-objects execution test
FAIL: gcc.dg/vmx/ld-vsx-be-order.c -O3 -fomit-frame-pointer execution test
FAIL: gcc.dg/vmx/ld-vsx-be-order.c -O3 -fomit-frame-pointer -funroll-all-loops -finline-functions execution test
FAIL: gcc.dg/vmx/ld-vsx-be-order.c -O3 -fomit-frame-pointer -funroll-loops execution test
FAIL: gcc.dg/vmx/ld-vsx-be-order.c -O3 -g execution test
FAIL: gcc.dg/vmx/ld-vsx-be-order.c -Os execution test
FAIL: gcc.dg/vmx/ld-vsx.c -O0 execution test
FAIL: gcc.dg/vmx/ld-vsx.c -O1 execution test
FAIL: gcc.dg/vmx/ld-vsx.c -O2 execution test
FAIL: gcc.dg/vmx/ld-vsx.c -O2 -flto -fno-use-linker-plugin -flto-partition=none execution test
FAIL: gcc.dg/vmx/ld-vsx.c -O2 -flto -fuse-linker-plugin -fno-fat-lto-objects execution test
FAIL: gcc.dg/vmx/ld-vsx.c -O3 -fomit-frame-pointer execution test
FAIL: gcc.dg/vmx/ld-vsx.c -O3 -fomit-frame-pointer -funroll-all-loops -finline-functions execution test
FAIL: gcc.dg/vmx/ld-vsx.c -O3 -fomit-frame-pointer -funroll-loops execution test
FAIL: gcc.dg/vmx/ld-vsx.c -O3 -g execution test
FAIL: gcc.dg/vmx/ld-vsx.c -Os execution test
FAIL: gcc.dg/vmx/ldl-vsx-be-order.c -O0 execution test
FAIL: gcc.dg/vmx/ldl-vsx-be-order.c -O1 execution test
FAIL: gcc.dg/vmx/ldl-vsx-be-order.c -O2 execution test
FAIL: gcc.dg/vmx/ldl-vsx-be-order.c -O2 -flto -fno-use-linker-plugin -flto-partition=none execution test
FAIL: gcc.dg/vmx/ldl-vsx-be-order.c -O2 -flto -fuse-linker-plugin -fno-fat-lto-objects execution test
FAIL: gcc.dg/vmx/ldl-vsx-be-order.c -O3 -fomit-frame-pointer execution test
FAIL: gcc.dg/vmx/ldl-vsx-be-order.c -O3 -fomit-frame-pointer -funroll-all-loops -finline-functions execution test
FAIL: gcc.dg/vmx/ldl-vsx-be-order.c -O3 -fomit-frame-pointer -funroll-loops execution test
FAIL: gcc.dg/vmx/ldl-vsx-be-order.c -O3 -g execution test
FAIL: gcc.dg/vmx/ldl-vsx-be-order.c -Os execution test
FAIL: gcc.dg/vmx/ldl-vsx.c -O0 execution test
FAIL: gcc.dg/vmx/ldl-vsx.c -O1 execution test
FAIL: gcc.dg/vmx/ldl-vsx.c -O2 execution test
FAIL: gcc.dg/vmx/ldl-vsx.c -O2 -flto -fno-use-linker-plugin -flto-partition=none execution test
FAIL: gcc.dg/vmx/ldl-vsx.c -O2 -flto -fuse-linker-plugin -fno-fat-lto-objects execution test
FAIL: gcc.dg/vmx/ldl-vsx.c -O3 -fomit-frame-pointer execution test
FAIL: gcc.dg/vmx/ldl-vsx.c -O3 -fomit-frame-pointer -funroll-all-loops -finline-functions execution test
FAIL: gcc.dg/vmx/ldl-vsx.c -O3 -fomit-frame-pointer -funroll-loops execution test
FAIL: gcc.dg/vmx/ldl-vsx.c -O3 -g execution test
FAIL: gcc.dg/vmx/ldl-vsx.c -Os execution test
FAIL: gcc.dg/vmx/merge-vsx-be-order.c -O0 execution test
FAIL: gcc.dg/vmx/merge-vsx-be-order.c -O1 execution test
FAIL: gcc.dg/vmx/merge-vsx-be-order.c -O2 execution test
FAIL: gcc.dg/vmx/merge-vsx-be-order.c -O2 -flto -fno-use-linker-plugin -flto-partition=none execution test
FAIL: gcc.dg/vmx/merge-vsx-be-order.c -O2 -flto -fuse-linker-plugin -fno-fat-lto-objects execution test
FAIL: gcc.dg/vmx/merge-vsx-be-order.c -O3 -fomit-frame-pointer execution test
FAIL: gcc.dg/vmx/merge-vsx-be-order.c -O3 -g execution test
FAIL: gcc.dg/vmx/merge-vsx-be-order.c -Os execution test
FAIL: gcc.dg/vmx/merge-vsx.c -O0 execution test
FAIL: gcc.dg/vmx/merge-vsx.c -O1 execution test
FAIL: gcc.dg/vmx/merge-vsx.c -O2 execution test
FAIL: gcc.dg/vmx/merge-vsx.c -O2 -flto -fno-use-linker-plugin -flto-partition=none execution test
FAIL: gcc.dg/vmx/merge-vsx.c -O2 -flto -fuse-linker-plugin -fno-fat-lto-objects execution test
FAIL: gcc.dg/vmx/merge-vsx.c -O3 -fomit-frame-pointer execution test
FAIL: gcc.dg/vmx/merge-vsx.c -O3 -g execution test
FAIL: gcc.dg/vmx/merge-vsx.c -Os execution test
FAIL: gcc.dg/vmx/splat-vsx-be-order.c -O0 execution test
FAIL: gcc.dg/vmx/splat-vsx-be-order.c -O1 execution test
FAIL: gcc.dg/vmx/splat-vsx-be-order.c -O2 execution test
FAIL: gcc.dg/vmx/splat-vsx-be-order.c -O2 -flto -fno-use-linker-plugin -flto-partition=none execution test
FAIL: gcc.dg/vmx/splat-vsx-be-order.c -O2 -flto -fuse-linker-plugin -fno-fat-lto-objects execution test
FAIL: gcc.dg/vmx/splat-vsx-be-order.c -O3 -fomit-frame-pointer execution test
FAIL: gcc.dg/vmx/splat-vsx-be-order.c -O3 -g execution test
FAIL: gcc.dg/vmx/splat-vsx-be-order.c -Os execution test
FAIL: gcc.dg/vmx/splat-vsx.c -O0 execution test
FAIL: gcc.dg/vmx/splat-vsx.c -O1 execution test
FAIL: gcc.dg/vmx/splat-vsx.c -O2 execution test
FAIL: gcc.dg/vmx/splat-vsx.c -O2 -flto -fno-use-linker-plugin -flto-partition=none execution test
FAIL: gcc.dg/vmx/splat-vsx.c -O2 -flto -fuse-linker-plugin -fno-fat-lto-objects execution test
FAIL: gcc.dg/vmx/splat-vsx.c -O3 -fomit-frame-pointer execution test
FAIL: gcc.dg/vmx/splat-vsx.c -O3 -g execution test
FAIL: gcc.dg/vmx/splat-vsx.c -Os execution test
FAIL: gcc.dg/vmx/st-vsx-be-order.c -O0 execution test
FAIL: gcc.dg/vmx/st-vsx-be-order.c -O1 execution test
FAIL: gcc.dg/vmx/st-vsx-be-order.c -O2 execution test
FAIL: gcc.dg/vmx/st-vsx-be-order.c -O2 -flto -fno-use-linker-plugin -flto-partition=none execution test
FAIL: gcc.dg/vmx/st-vsx-be-order.c -O2 -flto -fuse-linker-plugin -fno-fat-lto-objects execution test
FAIL: gcc.dg/vmx/st-vsx-be-order.c -O3 -fomit-frame-pointer execution test
FAIL: gcc.dg/vmx/st-vsx-be-order.c -O3 -fomit-frame-pointer -funroll-all-loops -finline-functions execution test
FAIL: gcc.dg/vmx/st-vsx-be-order.c -O3 -fomit-frame-pointer -funroll-loops execution test
FAIL: gcc.dg/vmx/st-vsx-be-order.c -O3 -g execution test
FAIL: gcc.dg/vmx/st-vsx-be-order.c -Os execution test
FAIL: gcc.dg/vmx/st-vsx.c -O0 execution test
FAIL: gcc.dg/vmx/st-vsx.c -O1 execution test
FAIL: gcc.dg/vmx/st-vsx.c -O2 execution test
FAIL: gcc.dg/vmx/st-vsx.c -O2 -flto -fno-use-linker-plugin -flto-partition=none execution test
FAIL: gcc.dg/vmx/st-vsx.c -O2 -flto -fuse-linker-plugin -fno-fat-lto-objects execution test
FAIL: gcc.dg/vmx/st-vsx.c -O3 -fomit-frame-pointer execution test
FAIL: gcc.dg/vmx/st-vsx.c -O3 -fomit-frame-pointer -funroll-all-loops -finline-functions execution test
FAIL: gcc.dg/vmx/st-vsx.c -O3 -fomit-frame-pointer -funroll-loops execution test
FAIL: gcc.dg/vmx/st-vsx.c -O3 -g execution test
FAIL: gcc.dg/vmx/st-vsx.c -Os execution test
FAIL: gcc.dg/vmx/stl-vsx-be-order.c -O0 execution test
FAIL: gcc.dg/vmx/stl-vsx-be-order.c -O1 execution test
FAIL: gcc.dg/vmx/stl-vsx-be-order.c -O2 execution test
FAIL: gcc.dg/vmx/stl-vsx-be-order.c -O2 -flto -fno-use-linker-plugin -flto-partition=none execution test
FAIL: gcc.dg/vmx/stl-vsx-be-order.c -O2 -flto -fuse-linker-plugin -fno-fat-lto-objects execution test
FAIL: gcc.dg/vmx/stl-vsx-be-order.c -O3 -fomit-frame-pointer execution test
FAIL: gcc.dg/vmx/stl-vsx-be-order.c -O3 -fomit-frame-pointer -funroll-all-loops -finline-functions execution test
FAIL: gcc.dg/vmx/stl-vsx-be-order.c -O3 -fomit-frame-pointer -funroll-loops execution test
FAIL: gcc.dg/vmx/stl-vsx-be-order.c -O3 -g execution test
FAIL: gcc.dg/vmx/stl-vsx-be-order.c -Os execution test
FAIL: gcc.dg/vmx/stl-vsx.c -O0 execution test
FAIL: gcc.dg/vmx/stl-vsx.c -O1 execution test
FAIL: gcc.dg/vmx/stl-vsx.c -O2 execution test
FAIL: gcc.dg/vmx/stl-vsx.c -O2 -flto -fno-use-linker-plugin -flto-partition=none execution test
FAIL: gcc.dg/vmx/stl-vsx.c -O2 -flto -fuse-linker-plugin -fno-fat-lto-objects execution test
FAIL: gcc.dg/vmx/stl-vsx.c -O3 -fomit-frame-pointer execution test
FAIL: gcc.dg/vmx/stl-vsx.c -O3 -fomit-frame-pointer -funroll-all-loops -finline-functions execution test
FAIL: gcc.dg/vmx/stl-vsx.c -O3 -fomit-frame-pointer -funroll-loops execution test
FAIL: gcc.dg/vmx/stl-vsx.c -O3 -g execution test
FAIL: gcc.dg/vmx/stl-vsx.c -Os execution test
=== gcc Summary ===
# of expected passes 101652
# of unexpected failures 281
# of unexpected successes 16
# of expected failures 240
# of unsupported tests 2348
/home/aaro/gcctest/build/gcc/xgcc version 5.1.0 (GCC)
=== libatomic tests ===
Running target unix
=== libatomic Summary ===
# of expected passes 44
# of unsupported tests 5
=== libgomp tests ===
Running target unix
FAIL: libgomp.c/cancel-for-1.c execution test
FAIL: libgomp.c/cancel-for-2.c execution test
FAIL: libgomp.c/cancel-parallel-1.c execution test
FAIL: libgomp.c/cancel-parallel-2.c execution test
FAIL: libgomp.c/cancel-sections-1.c execution test
FAIL: libgomp.c/omp-loop03.c execution test
FAIL: libgomp.c++/cancel-for-1.C execution test
FAIL: libgomp.c++/cancel-for-2.C execution test
FAIL: libgomp.c++/cancel-parallel-1.C execution test
FAIL: libgomp.c++/cancel-parallel-2.C execution test
FAIL: libgomp.c++/cancel-sections-1.C execution test
FAIL: libgomp.c++/loop-3.C execution test
FAIL: libgomp.oacc-c/../libgomp.oacc-c-c++-common/acc_on_device-1.c -DACC_DEVICE_TYPE_host_nonshm=1 -DACC_MEM_SHARED=0 execution test
FAIL: libgomp.oacc-c/../libgomp.oacc-c-c++-common/if-1.c -DACC_DEVICE_TYPE_host_nonshm=1 -DACC_MEM_SHARED=0 execution test
FAIL: libgomp.oacc-c++/../libgomp.oacc-c-c++-common/acc_on_device-1.c -DACC_DEVICE_TYPE_host_nonshm=1 -DACC_MEM_SHARED=0 execution test
FAIL: libgomp.oacc-c++/../libgomp.oacc-c-c++-common/if-1.c -DACC_DEVICE_TYPE_host_nonshm=1 -DACC_MEM_SHARED=0 execution test
=== libgomp Summary ===
# of expected passes 1583
# of unexpected failures 16
# of unsupported tests 172
=== libitm tests ===
Running target unix
=== libitm Summary ===
# of expected passes 26
# of expected failures 3
# of unsupported tests 1
=== libstdc++ tests ===
Running target unix
FAIL: 26_numerics/headers/cmath/types_std_c++0x_neg.cc (test for errors, line 47)
FAIL: 26_numerics/headers/cmath/types_std_c++0x_neg.cc (test for errors, line 48)
FAIL: 26_numerics/headers/cmath/types_std_c++0x_neg.cc (test for excess errors)
=== libstdc++ Summary ===
# of expected passes 9692
# of unexpected failures 3
# of expected failures 65
# of unsupported tests 555
Compiler version: 5.1.0 (GCC)
Platform: powerpc-unknown-linux-gnu
configure flags: --with-cpu-32=G4 --with-cpu-64=G5 --enable-targets=powerpc64-unknown-linux-gnu --disable-nls --enable-languages=c,c++ --host=powerpc-unknown-linux-gnu --build=powerpc-unknown-linux-gnu --target=powerpc-unknown-linux-gnu --with-system-zlib --with-sysroot=/