This is the mail archive of the
gcc-testresults@gcc.gnu.org
mailing list for the GCC project.
Results for 5.0.0 20150412 (experimental) (GCC) testsuite on x86_64-unknown-freebsd8.4
- From: Gerald Pfeifer <gerald at FreeBSD dot org>
- To: gcc-testresults at gcc dot gnu dot org
- Date: Sun, 12 Apr 2015 20:18:03 GMT
- Subject: Results for 5.0.0 20150412 (experimental) (GCC) testsuite on x86_64-unknown-freebsd8.4
- Authentication-results: sourceware.org; auth=none
Native configuration is x86_64-unknown-freebsd8.4
=== g++ tests ===
Running target unix
FAIL: g++.old-deja/g++.other/init18.C -std=c++11 execution test
FAIL: g++.old-deja/g++.other/init18.C -std=c++14 execution test
FAIL: g++.old-deja/g++.other/init18.C -std=c++98 execution test
FAIL: g++.old-deja/g++.other/init19.C -std=c++11 execution test
FAIL: g++.old-deja/g++.other/init19.C -std=c++14 execution test
FAIL: g++.old-deja/g++.other/init19.C -std=c++98 execution test
=== g++ Summary ===
# of expected passes 85916
# of unexpected failures 6
# of expected failures 285
# of unsupported tests 3620
/scratch/tmp/gerald/OBJ-0412-1848/gcc/testsuite/g++/../../xg++ version 5.0.0 20150412 (experimental) (GCC)
=== gcc tests ===
Running target unix
FAIL: gcc.dg/c99-stdint-1.c (test for excess errors)
FAIL: gcc.dg/c99-stdint-2.c (test for excess errors)
FAIL: gcc.dg/c99-stdint-5.c (test for excess errors)
FAIL: gcc.dg/c99-stdint-6.c (test for excess errors)
FAIL: gcc.dg/mallign.c execution test
FAIL: gcc.dg/utf-array-short-wchar.c (test for errors, line 39)
FAIL: gcc.dg/utf-array-short-wchar.c (test for errors, line 41)
FAIL: gcc.dg/utf-array-short-wchar.c (test for excess errors)
FAIL: gcc.target/i386/avx512f-ceil-sfix-vec-2.c scan-assembler-times vcvttpd2dq[^\\n]*zmm[0-9].{7}(?:\\n|[ \\\\t]+#) 2
FAIL: gcc.target/i386/avx512f-ceil-sfix-vec-2.c scan-assembler-times vrndscalepd[^\\n]*zmm[0-9](?:\\n|[ \\\\t]+#) 2
FAIL: gcc.target/i386/avx512f-floor-sfix-vec-2.c scan-assembler-times vcvttpd2dq[^\\n]*zmm[0-9].{7}(?:\\n|[ \\\\t]+#) 2
FAIL: gcc.target/i386/avx512f-floor-sfix-vec-2.c scan-assembler-times vrndscalepd[^\\n]*zmm[0-9](?:\\n|[ \\\\t]+#) 2
=== gcc Summary ===
# of expected passes 106187
# of unexpected failures 12
# of expected failures 259
# of unsupported tests 2717
/scratch/tmp/gerald/OBJ-0412-1848/gcc/xgcc version 5.0.0 20150412 (experimental) (GCC)
=== gfortran tests ===
Running target unix
UNRESOLVED: gfortran.dg/large_real_kind_2.F90 -O0 compilation failed to produce executable
UNRESOLVED: gfortran.dg/large_real_kind_2.F90 -O1 compilation failed to produce executable
UNRESOLVED: gfortran.dg/large_real_kind_2.F90 -O2 compilation failed to produce executable
UNRESOLVED: gfortran.dg/large_real_kind_2.F90 -O3 -fomit-frame-pointer compilation failed to produce executable
UNRESOLVED: gfortran.dg/large_real_kind_2.F90 -O3 -fomit-frame-pointer -funroll-all-loops -finline-functions compilation failed to produce executable
UNRESOLVED: gfortran.dg/large_real_kind_2.F90 -O3 -fomit-frame-pointer -funroll-loops compilation failed to produce executable
UNRESOLVED: gfortran.dg/large_real_kind_2.F90 -O3 -g compilation failed to produce executable
UNRESOLVED: gfortran.dg/large_real_kind_2.F90 -Os compilation failed to produce executable
UNRESOLVED: gfortran.dg/large_real_kind_3.F90 -O0 compilation failed to produce executable
XPASS: gfortran.dg/large_real_kind_3.F90 -O1 (test for excess errors)
XPASS: gfortran.dg/large_real_kind_3.F90 -O2 (test for excess errors)
XPASS: gfortran.dg/large_real_kind_3.F90 -O3 -fomit-frame-pointer (test for excess errors)
XPASS: gfortran.dg/large_real_kind_3.F90 -O3 -fomit-frame-pointer -funroll-all-loops -finline-functions (test for excess errors)
XPASS: gfortran.dg/large_real_kind_3.F90 -O3 -fomit-frame-pointer -funroll-loops (test for excess errors)
XPASS: gfortran.dg/large_real_kind_3.F90 -O3 -g (test for excess errors)
XPASS: gfortran.dg/large_real_kind_3.F90 -Os (test for excess errors)
=== gfortran Summary ===
# of expected passes 48296
# of unexpected successes 7
# of expected failures 73
# of unresolved testcases 9
# of unsupported tests 86
/scratch/tmp/gerald/OBJ-0412-1848/gcc/testsuite/gfortran/../../gfortran version 5.0.0 20150412 (experimental) (GCC)
=== objc tests ===
Running target unix
=== objc Summary ===
# of expected passes 3010
# of expected failures 6
# of unsupported tests 74
/scratch/tmp/gerald/OBJ-0412-1848/gcc/xgcc version 5.0.0 20150412 (experimental) (GCC)
=== boehm-gc tests ===
Running target unix
=== boehm-gc Summary ===
# of expected passes 12
# of unsupported tests 1
=== libatomic tests ===
Running target unix
=== libatomic Summary ===
# of expected passes 54
=== libffi tests ===
Running target unix
=== libffi Summary ===
# of expected passes 1914
# of unsupported tests 30
=== libgomp tests ===
Running target unix
FAIL: libgomp.c/examples-4/e.50.3.c execution test
=== libgomp Summary ===
# of expected passes 4681
# of unexpected failures 1
# of unsupported tests 204
=== libitm tests ===
Running target unix
=== libitm Summary ===
# of expected passes 26
# of expected failures 3
# of unsupported tests 1
=== libjava tests ===
Running target unix
FAIL: PR16923.c compilation
FAIL: Throw_2 execution - source compiled test
FAIL: Throw_2 -findirect-dispatch execution - source compiled test
FAIL: Throw_2 -O3 execution - source compiled test
FAIL: Throw_2 -O3 -findirect-dispatch execution - source compiled test
=== libjava Summary ===
# of expected passes 2572
# of unexpected failures 5
# of expected failures 4
# of untested testcases 4
=== libstdc++ tests ===
Running target unix
FAIL: 26_numerics/complex/56111.cc (test for excess errors)
FAIL: 26_numerics/complex/c99.cc (test for excess errors)
FAIL: 26_numerics/headers/cmath/c99_classification_macros_c.cc (test for excess errors)
FAIL: 27_io/basic_istream/extractors_arithmetic/char/12.cc execution test
FAIL: 27_io/basic_istream/extractors_arithmetic/wchar_t/12.cc execution test
=== libstdc++ Summary ===
# of expected passes 9198
# of unexpected failures 5
# of expected failures 64
# of unsupported tests 669
Compiler version: 5.0.0 20150412 (experimental) (GCC)
Platform: x86_64-unknown-freebsd8.4
configure flags: --prefix=/scratch/tmp/gerald/gcc-ref8-amd64 --with-gmp=/home/gerald/8-amd64 --with-as=/home/gerald/8-amd64/bin/as --with-ld=/home/gerald/8-amd64/bin/ld