This is the mail archive of the
gcc-testresults@gcc.gnu.org
mailing list for the GCC project.
Results for 5.0.0 20150412 (experimental) [trunk revision 222016] testsuite on hppa-unknown-linux-gnu
- From: John David Anglin <dave dot anglin at bell dot net>
- To: dave dot anglin at bell dot net, gcc-testresults at gcc dot gnu dot org
- Date: Sun, 12 Apr 2015 15:15:08 -0400
- Subject: Results for 5.0.0 20150412 (experimental) [trunk revision 222016] testsuite on hppa-unknown-linux-gnu
- Authentication-results: sourceware.org; auth=none
LAST_UPDATED: Sun Apr 12 01:46:59 UTC 2015 (revision 222016)
=== acats tests ===
=== acats Summary ===
# of expected passes 2320
# of unexpected failures 0
Native configuration is hppa-unknown-linux-gnu
=== gcc tests ===
Running target unix
FAIL: gcc.dg/atomic/c11-atomic-exec-5.c -O0 execution test
FAIL: gcc.dg/atomic/c11-atomic-exec-5.c -O1 execution test
FAIL: gcc.dg/atomic/c11-atomic-exec-5.c -O2 execution test
FAIL: gcc.dg/atomic/c11-atomic-exec-5.c -O3 -fomit-frame-pointer execution test
FAIL: gcc.dg/atomic/c11-atomic-exec-5.c -O3 -fomit-frame-pointer -funroll-loops execution test
FAIL: gcc.dg/atomic/c11-atomic-exec-5.c -O3 -fomit-frame-pointer -funroll-all-loops -finline-functions execution test
FAIL: gcc.dg/atomic/c11-atomic-exec-5.c -O3 -g execution test
FAIL: gcc.dg/atomic/c11-atomic-exec-5.c -Os execution test
FAIL: gcc.dg/atomic/c11-atomic-exec-5.c -O2 -flto -fno-use-linker-plugin -flto-partition=none execution test
FAIL: gcc.dg/atomic/c11-atomic-exec-5.c -O2 -flto -fuse-linker-plugin -fno-fat-lto-objects execution test
=== gnat tests ===
Running target unix
=== gnat Summary ===
# of expected passes 1314
# of expected failures 20
# of unsupported tests 15
/home/dave/gnu/gcc/objdir/gcc/gnatmake version 5.0.0 20150412 (experimental) [trunk revision 222016]
Compiler version: 5.0.0 20150412 (experimental) [trunk revision 222016]
Platform: hppa-unknown-linux-gnu
configure flags: --with-gnu-as --with-gnu-ld --enable-shared --enable-multiarch --enable-linker-build-id --build=hppa-linux-gnu --host=hppa-linux-gnu --target=hppa-linux-gnu --prefix=/home/dave/opt/gnu/gcc/gcc-5.0 --with-local-prefix=/home/dave/opt/gnu --enable-threads=posix --enable-__cxa_atexit --build=hppa-linux-gnu --enable-clocale=gnu --enable-java-gc=boehm --enable-checking=release --enable-languages=c,c++,objc,fortran,obj-c++,java,ada,lto