This is the mail archive of the
gcc-testresults@gcc.gnu.org
mailing list for the GCC project.
Results for 5.0.0 20150405 (experimental) [trunk revision 221872] (GCC) testsuite on i686-pc-linux-gnu
- From: ia32 at gnu-1 dot sc dot intel dot com (H.J. Lu (ia32))
- To: gcc-testresults at gcc dot gnu dot org
- Date: Sun, 05 Apr 2015 13:10:39 -0700
- Subject: Results for 5.0.0 20150405 (experimental) [trunk revision 221872] (GCC) testsuite on i686-pc-linux-gnu
- Authentication-results: sourceware.org; auth=none
Native configuration is i686-pc-linux-gnu
=== gcc tests ===
Running target unix
FAIL: gcc.dg/overflow-warn-3.c (test for warnings, line 101)
FAIL: gcc.dg/overflow-warn-3.c (test for warnings, line 102)
FAIL: gcc.dg/overflow-warn-3.c (test for warnings, line 79)
FAIL: gcc.dg/overflow-warn-3.c (test for warnings, line 85)
FAIL: gcc.dg/overflow-warn-3.c (test for warnings, line 94)
FAIL: gcc.dg/overflow-warn-3.c (test for warnings, line 95)
FAIL: gcc.dg/overflow-warn-3.c (test for warnings, line 96)
FAIL: gcc.dg/overflow-warn-3.c (test for warnings, line 97)
FAIL: gcc.dg/overflow-warn-3.c (test for warnings, line 99)
FAIL: gcc.dg/overflow-warn-3.c (test for excess errors)
FAIL: gcc.dg/pointer-arith-4.c (test for errors, line 38)
FAIL: gcc.dg/pointer-arith-4.c (test for errors, line 39)
FAIL: gcc.dg/pointer-arith-4.c (test for errors, line 40)
FAIL: gcc.dg/pointer-arith-4.c (test for excess errors)
FAIL: gcc.dg/redecl-1.c (test for errors, line 101)
FAIL: gcc.dg/redecl-1.c (test for warnings, line 97)
FAIL: gcc.dg/redecl-1.c (test for excess errors)
FAIL: gcc.dg/redecl-1.c implicit (test for warnings, line 97)
XPASS: gcc.dg/guality/example.c -O0 execution test
XPASS: gcc.dg/guality/example.c -O1 execution test
XPASS: gcc.dg/guality/guality.c -O0 execution test
XPASS: gcc.dg/guality/guality.c -O1 execution test
XPASS: gcc.dg/guality/guality.c -O2 execution test
XPASS: gcc.dg/guality/guality.c -O2 -flto -fno-use-linker-plugin -flto-partition=none execution test
XPASS: gcc.dg/guality/guality.c -O2 -flto -fuse-linker-plugin -fno-fat-lto-objects execution test
XPASS: gcc.dg/guality/guality.c -O3 -fomit-frame-pointer execution test
XPASS: gcc.dg/guality/guality.c -O3 -g execution test
XPASS: gcc.dg/guality/guality.c -Os execution test
XPASS: gcc.dg/guality/inline-params.c -O2 execution test
XPASS: gcc.dg/guality/inline-params.c -O2 -flto -fno-use-linker-plugin -flto-partition=none execution test
XPASS: gcc.dg/guality/inline-params.c -O3 -fomit-frame-pointer execution test
XPASS: gcc.dg/guality/inline-params.c -O3 -g execution test
XPASS: gcc.dg/guality/inline-params.c -Os execution test
XPASS: gcc.dg/guality/pr41353-1.c -O0 line 28 j == 28 + 37
XPASS: gcc.dg/guality/pr41353-1.c -Os line 28 j == 28 + 37
FAIL: gcc.dg/guality/pr41447-1.c -O2 execution test
FAIL: gcc.dg/guality/pr41447-1.c -O2 -flto -fno-use-linker-plugin -flto-partition=none execution test
FAIL: gcc.dg/guality/pr41447-1.c -O3 -fomit-frame-pointer execution test
FAIL: gcc.dg/guality/pr41447-1.c -O3 -g execution test
FAIL: gcc.dg/guality/pr41616-1.c -O2 -flto -fuse-linker-plugin -fno-fat-lto-objects execution test
FAIL: gcc.dg/guality/pr43177.c -O2 -flto -fuse-linker-plugin -fno-fat-lto-objects line 15 l == 10
FAIL: gcc.dg/guality/pr43177.c -O2 -flto -fuse-linker-plugin -fno-fat-lto-objects line 15 x == 7
FAIL: gcc.dg/guality/pr43479.c -O1 line 13 h == 9
FAIL: gcc.dg/guality/pr43479.c -O1 line 18 h == 9
FAIL: gcc.dg/guality/pr43479.c -O2 line 13 h == 9
FAIL: gcc.dg/guality/pr43479.c -O2 line 18 h == 9
FAIL: gcc.dg/guality/pr43479.c -O2 -flto -fno-use-linker-plugin -flto-partition=none line 13 h == 9
FAIL: gcc.dg/guality/pr43479.c -O2 -flto -fno-use-linker-plugin -flto-partition=none line 18 h == 9
FAIL: gcc.dg/guality/pr43479.c -O2 -flto -fuse-linker-plugin -fno-fat-lto-objects line 13 h == 9
FAIL: gcc.dg/guality/pr43479.c -O2 -flto -fuse-linker-plugin -fno-fat-lto-objects line 18 h == 9
FAIL: gcc.dg/guality/pr43479.c -O3 -fomit-frame-pointer line 13 h == 9
FAIL: gcc.dg/guality/pr43479.c -O3 -fomit-frame-pointer line 18 h == 9
FAIL: gcc.dg/guality/pr43479.c -O3 -g line 13 h == 9
FAIL: gcc.dg/guality/pr43479.c -O3 -g line 18 h == 9
FAIL: gcc.dg/guality/pr43479.c -Os line 13 h == 9
FAIL: gcc.dg/guality/pr43479.c -Os line 18 h == 9
FAIL: gcc.dg/guality/pr45882.c -O2 -flto -fuse-linker-plugin -fno-fat-lto-objects line 16 d == 112
FAIL: gcc.dg/guality/pr45882.c -O2 -flto -fuse-linker-plugin -fno-fat-lto-objects line 16 e == 142
FAIL: gcc.dg/guality/pr54200.c -O2 -flto -fuse-linker-plugin -fno-fat-lto-objects line 20 z == 3
FAIL: gcc.dg/guality/pr54519-1.c -O2 -flto -fno-use-linker-plugin -flto-partition=none line 20 y == 25
FAIL: gcc.dg/guality/pr54519-1.c -O2 -flto -fno-use-linker-plugin -flto-partition=none line 20 z == 6
FAIL: gcc.dg/guality/pr54519-1.c -O2 -flto -fno-use-linker-plugin -flto-partition=none line 23 y == 117
FAIL: gcc.dg/guality/pr54519-1.c -O2 -flto -fno-use-linker-plugin -flto-partition=none line 23 z == 8
FAIL: gcc.dg/guality/pr54519-2.c -O2 -flto -fno-use-linker-plugin -flto-partition=none line 17 y == 25
FAIL: gcc.dg/guality/pr54519-2.c -O2 -flto -fuse-linker-plugin -fno-fat-lto-objects line 17 y == 25
FAIL: gcc.dg/guality/pr54519-3.c -O2 -flto -fno-use-linker-plugin -flto-partition=none line 20 y == 25
FAIL: gcc.dg/guality/pr54519-3.c -O2 -flto -fno-use-linker-plugin -flto-partition=none line 20 z == 6
FAIL: gcc.dg/guality/pr54519-3.c -O2 -flto -fno-use-linker-plugin -flto-partition=none line 23 y == 117
FAIL: gcc.dg/guality/pr54519-3.c -O2 -flto -fno-use-linker-plugin -flto-partition=none line 23 z == 8
FAIL: gcc.dg/guality/pr54519-3.c -O2 -flto -fuse-linker-plugin -fno-fat-lto-objects line 20 y == 25
FAIL: gcc.dg/guality/pr54519-3.c -O2 -flto -fuse-linker-plugin -fno-fat-lto-objects line 20 z == 6
FAIL: gcc.dg/guality/pr54519-3.c -O2 -flto -fuse-linker-plugin -fno-fat-lto-objects line 23 y == 117
FAIL: gcc.dg/guality/pr54519-3.c -O2 -flto -fuse-linker-plugin -fno-fat-lto-objects line 23 z == 8
FAIL: gcc.dg/guality/pr54519-4.c -O2 -flto -fno-use-linker-plugin -flto-partition=none line 17 y == 25
FAIL: gcc.dg/guality/pr54519-4.c -O2 -flto -fuse-linker-plugin -fno-fat-lto-objects line 17 y == 25
FAIL: gcc.dg/guality/pr54519-5.c -O2 -flto -fno-use-linker-plugin -flto-partition=none line 17 y == 25
FAIL: gcc.dg/guality/pr54519-5.c -O2 -flto -fuse-linker-plugin -fno-fat-lto-objects line 17 y == 25
FAIL: gcc.dg/guality/pr54970.c -Os line 15 a[0] == 1
FAIL: gcc.dg/guality/pr54970.c -Os line 20 a[0] == 1
FAIL: gcc.dg/guality/pr54970.c -Os line 25 a[0] == 1
FAIL: gcc.dg/guality/pr54970.c -Os line 31 a[0] == 4
FAIL: gcc.dg/guality/pr54970.c -Os line 36 a[0] == 4
FAIL: gcc.dg/guality/pr54970.c -Os line 45 a[0] == 4
FAIL: gcc.dg/guality/pr54970.c -Os line 45 p[-2] == 4
FAIL: gcc.dg/guality/pr54970.c -Os line 45 q[-1] == 4
FAIL: gcc.dg/guality/sra-1.c -O2 line 21 a.i == 4
FAIL: gcc.dg/guality/sra-1.c -O2 line 32 a[0] == 4
FAIL: gcc.dg/guality/sra-1.c -O2 line 43 a.i == 4
FAIL: gcc.dg/guality/sra-1.c -O2 -flto -fno-use-linker-plugin -flto-partition=none line 21 a.i == 4
FAIL: gcc.dg/guality/sra-1.c -O2 -flto -fno-use-linker-plugin -flto-partition=none line 32 a[0] == 4
FAIL: gcc.dg/guality/sra-1.c -O2 -flto -fno-use-linker-plugin -flto-partition=none line 43 a.i == 4
FAIL: gcc.dg/guality/sra-1.c -O2 -flto -fuse-linker-plugin -fno-fat-lto-objects line 21 a.i == 4
FAIL: gcc.dg/guality/sra-1.c -O3 -fomit-frame-pointer line 21 a.i == 4
FAIL: gcc.dg/guality/sra-1.c -O3 -fomit-frame-pointer line 32 a[0] == 4
FAIL: gcc.dg/guality/sra-1.c -O3 -fomit-frame-pointer line 43 a.i == 4
FAIL: gcc.dg/guality/sra-1.c -O3 -g line 21 a.i == 4
FAIL: gcc.dg/guality/sra-1.c -O3 -g line 32 a[0] == 4
FAIL: gcc.dg/guality/sra-1.c -O3 -g line 43 a.i == 4
FAIL: gcc.dg/guality/sra-1.c -Os line 21 a.i == 4
FAIL: gcc.dg/guality/sra-1.c -Os line 32 a[0] == 4
FAIL: gcc.dg/guality/sra-1.c -Os line 43 a.i == 4
FAIL: gcc.dg/lto/pr55113 c_lto_pr55113_0.o assemble, -flto -fshort-double -O0 (internal compiler error)
UNRESOLVED: gcc.dg/lto/pr55113 c_lto_pr55113_0.o-c_lto_pr55113_0.o execute -flto -fshort-double -O0
UNRESOLVED: gcc.dg/lto/pr55113 c_lto_pr55113_0.o-c_lto_pr55113_0.o link -flto -fshort-double -O0
=== gcc Summary ===
# of expected passes 115804
# of unexpected failures 85
# of unexpected successes 17
# of expected failures 273
# of unresolved testcases 2
# of unsupported tests 1759
/export/gnu/import/git/gcc-test-ia32/bld/gcc/xgcc version 5.0.0 20150405 (experimental) [trunk revision 221872] (GCC)
=== gfortran tests ===
Running target unix
FAIL: gfortran.dg/min_max_conformance.f90 -O (test for errors, line 32)
FAIL: gfortran.dg/min_max_conformance.f90 -O (test for errors, line 33)
FAIL: gfortran.dg/min_max_conformance.f90 -O (test for errors, line 34)
FAIL: gfortran.dg/min_max_conformance.f90 -O (test for errors, line 35)
FAIL: gfortran.dg/min_max_conformance.f90 -O (test for errors, line 38)
FAIL: gfortran.dg/min_max_conformance.f90 -O (test for errors, line 39)
FAIL: gfortran.dg/min_max_conformance.f90 -O (test for errors, line 40)
FAIL: gfortran.dg/min_max_conformance.f90 -O (test for errors, line 41)
FAIL: gfortran.dg/min_max_conformance.f90 -O (test for errors, line 42)
FAIL: gfortran.dg/min_max_conformance.f90 -O (test for errors, line 43)
FAIL: gfortran.dg/min_max_conformance.f90 -O (test for errors, line 45)
FAIL: gfortran.dg/min_max_conformance.f90 -O (test for errors, line 46)
FAIL: gfortran.dg/min_max_conformance.f90 -O (test for errors, line 47)
FAIL: gfortran.dg/min_max_conformance.f90 -O (test for errors, line 48)
FAIL: gfortran.dg/min_max_conformance.f90 -O (test for errors, line 49)
FAIL: gfortran.dg/min_max_conformance.f90 -O (test for errors, line 50)
FAIL: gfortran.dg/min_max_conformance.f90 -O (test for excess errors)
=== gfortran Summary ===
# of expected passes 47990
# of unexpected failures 17
# of expected failures 64
# of unsupported tests 209
/export/gnu/import/git/gcc-test-ia32/bld/gcc/testsuite/gfortran/../../gfortran version 5.0.0 20150405 (experimental) [trunk revision 221872] (GCC)
=== g++ tests ===
Running target unix
FAIL: g++.dg/cpp0x/gnu_fext-numeric-literals.C -std=gnu++14 (test for errors, line 89)
FAIL: g++.dg/cpp0x/gnu_fext-numeric-literals.C -std=gnu++14 (test for errors, line 90)
FAIL: g++.dg/cpp0x/gnu_fext-numeric-literals.C -std=gnu++14 (test for errors, line 91)
FAIL: g++.dg/cpp0x/gnu_fext-numeric-literals.C -std=gnu++14 (test for errors, line 92)
FAIL: g++.dg/cpp0x/gnu_fext-numeric-literals.C -std=gnu++14 (test for warnings, line 51)
FAIL: g++.dg/cpp0x/gnu_fext-numeric-literals.C -std=gnu++14 (test for warnings, line 55)
FAIL: g++.dg/cpp0x/gnu_fext-numeric-literals.C -std=gnu++14 (test for warnings, line 55)
FAIL: g++.dg/cpp0x/gnu_fext-numeric-literals.C -std=gnu++14 (test for warnings, line 61)
FAIL: g++.dg/cpp0x/gnu_fext-numeric-literals.C -std=gnu++14 (test for warnings, line 61)
FAIL: g++.dg/cpp0x/gnu_fext-numeric-literals.C -std=gnu++14 (test for warnings, line 65)
FAIL: g++.dg/cpp0x/gnu_fext-numeric-literals.C -std=gnu++14 (test for warnings, line 65)
FAIL: g++.dg/cpp0x/gnu_fext-numeric-literals.C -std=gnu++14 (test for warnings, line 69)
FAIL: g++.dg/cpp0x/gnu_fext-numeric-literals.C -std=gnu++14 (test for warnings, line 69)
FAIL: g++.dg/cpp0x/gnu_fext-numeric-literals.C -std=gnu++14 (test for warnings, line 73)
FAIL: g++.dg/cpp0x/gnu_fext-numeric-literals.C -std=gnu++14 (test for warnings, line 73)
FAIL: g++.dg/cpp0x/gnu_fext-numeric-literals.C -std=gnu++14 (test for excess errors)
FAIL: g++.dg/init/pr25811.C -std=c++11 (test for errors, line 101)
FAIL: g++.dg/init/pr25811.C -std=c++11 (test for errors, line 107)
FAIL: g++.dg/init/pr25811.C -std=c++11 (test for errors, line 118)
FAIL: g++.dg/init/pr25811.C -std=c++11 (test for errors, line 127)
FAIL: g++.dg/init/pr25811.C -std=c++11 (test for errors, line 165)
FAIL: g++.dg/init/pr25811.C -std=c++11 (test for errors, line 170)
FAIL: g++.dg/init/pr25811.C -std=c++11 (test for errors, line 175)
FAIL: g++.dg/init/pr25811.C -std=c++11 (test for errors, line 185)
FAIL: g++.dg/init/pr25811.C -std=c++11 (test for errors, line 190)
FAIL: g++.dg/init/pr25811.C -std=c++11 (test for errors, line 195)
FAIL: g++.dg/init/pr25811.C -std=c++11 (test for errors, line 200)
FAIL: g++.dg/init/pr25811.C -std=c++11 (test for errors, line 205)
FAIL: g++.dg/init/pr25811.C -std=c++11 (test for errors, line 210)
FAIL: g++.dg/init/pr25811.C -std=c++11 (test for errors, line 35)
FAIL: g++.dg/init/pr25811.C -std=c++11 (test for errors, line 41)
FAIL: g++.dg/init/pr25811.C -std=c++11 (test for errors, line 47)
FAIL: g++.dg/init/pr25811.C -std=c++11 (test for errors, line 53)
FAIL: g++.dg/init/pr25811.C -std=c++11 (test for errors, line 67)
FAIL: g++.dg/init/pr25811.C -std=c++11 (test for errors, line 73)
FAIL: g++.dg/init/pr25811.C -std=c++11 (test for errors, line 78)
FAIL: g++.dg/init/pr25811.C -std=c++11 (test for errors, line 84)
FAIL: g++.dg/init/pr25811.C -std=c++11 (test for errors, line 89)
FAIL: g++.dg/init/pr25811.C -std=c++11 (test for errors, line 95)
FAIL: g++.dg/init/pr25811.C -std=c++11 (test for warnings, line 101)
FAIL: g++.dg/init/pr25811.C -std=c++11 (test for warnings, line 104)
FAIL: g++.dg/init/pr25811.C -std=c++11 (test for warnings, line 107)
FAIL: g++.dg/init/pr25811.C -std=c++11 (test for warnings, line 110)
FAIL: g++.dg/init/pr25811.C -std=c++11 (test for warnings, line 127)
FAIL: g++.dg/init/pr25811.C -std=c++11 (test for warnings, line 130)
FAIL: g++.dg/init/pr25811.C -std=c++11 (test for warnings, line 35)
FAIL: g++.dg/init/pr25811.C -std=c++11 (test for warnings, line 38)
FAIL: g++.dg/init/pr25811.C -std=c++11 (test for warnings, line 41)
FAIL: g++.dg/init/pr25811.C -std=c++11 (test for warnings, line 44)
FAIL: g++.dg/init/pr25811.C -std=c++11 (test for warnings, line 47)
FAIL: g++.dg/init/pr25811.C -std=c++11 (test for warnings, line 50)
FAIL: g++.dg/init/pr25811.C -std=c++11 (test for warnings, line 53)
FAIL: g++.dg/init/pr25811.C -std=c++11 (test for warnings, line 56)
FAIL: g++.dg/init/pr25811.C -std=c++11 (test for warnings, line 57)
FAIL: g++.dg/init/pr25811.C -std=c++11 (test for warnings, line 67)
FAIL: g++.dg/init/pr25811.C -std=c++11 (test for warnings, line 70)
FAIL: g++.dg/init/pr25811.C -std=c++11 (test for warnings, line 78)
FAIL: g++.dg/init/pr25811.C -std=c++11 (test for warnings, line 81)
FAIL: g++.dg/init/pr25811.C -std=c++11 (test for warnings, line 89)
FAIL: g++.dg/init/pr25811.C -std=c++11 (test for warnings, line 92)
FAIL: g++.dg/init/pr25811.C -std=c++11 (test for warnings, line 95)
FAIL: g++.dg/init/pr25811.C -std=c++11 (test for warnings, line 98)
FAIL: g++.dg/init/pr25811.C -std=c++11 (test for excess errors)
FAIL: g++.dg/parse/parser-pr14875-2.C -std=gnu++11 (test for errors, line 19)
FAIL: g++.dg/parse/parser-pr14875-2.C -std=gnu++11 (test for errors, line 22)
FAIL: g++.dg/parse/parser-pr14875-2.C -std=gnu++11 (test for errors, line 25)
FAIL: g++.dg/parse/parser-pr14875-2.C -std=gnu++11 (test for excess errors)
FAIL: g++.dg/parse/parser-pr14875-2.C -std=gnu++98 (test for errors, line 19)
FAIL: g++.dg/parse/parser-pr14875-2.C -std=gnu++98 (test for errors, line 22)
FAIL: g++.dg/parse/parser-pr14875-2.C -std=gnu++98 (test for errors, line 25)
FAIL: g++.dg/parse/parser-pr14875-2.C -std=gnu++98 (test for excess errors)
FAIL: g++.dg/gomp/clause-3.C -std=c++98 (test for errors, line 81)
FAIL: g++.dg/gomp/clause-3.C -std=c++98 (test for errors, line 83)
FAIL: g++.dg/gomp/clause-3.C -std=c++98 (test for errors, line 85)
FAIL: g++.dg/gomp/clause-3.C -std=c++98 (test for errors, line 89)
FAIL: g++.dg/gomp/clause-3.C -std=c++98 (test for errors, line 92)
FAIL: g++.dg/gomp/clause-3.C -std=c++98 (test for excess errors)
FAIL: g++.dg/guality/pr55665.C -O2 line 23 p == 40
FAIL: g++.dg/guality/pr55665.C -O3 -fomit-frame-pointer line 23 p == 40
FAIL: g++.dg/guality/pr55665.C -O3 -g line 23 p == 40
XPASS: g++.dg/tls/thread_local-order2.C -std=c++11 execution test
XPASS: g++.dg/tls/thread_local-order2.C -std=c++14 execution test
=== g++ Summary ===
# of expected passes 91655
# of unexpected failures 80
# of unexpected successes 2
# of expected failures 339
# of unsupported tests 3414
/export/gnu/import/git/gcc-test-ia32/bld/gcc/testsuite/g++/../../xg++ version 5.0.0 20150405 (experimental) [trunk revision 221872] (GCC)
=== objc tests ===
Running target unix
=== objc Summary ===
# of expected passes 3010
# of expected failures 6
# of unsupported tests 74
/export/gnu/import/git/gcc-test-ia32/bld/gcc/xgcc version 5.0.0 20150405 (experimental) [trunk revision 221872] (GCC)
=== boehm-gc tests ===
Running target unix
=== boehm-gc Summary ===
# of expected passes 12
# of unsupported tests 1
=== libatomic tests ===
Running target unix
=== libatomic Summary ===
# of expected passes 44
# of unsupported tests 5
=== libffi tests ===
Running target unix
=== libffi Summary ===
# of expected passes 2439
# of unsupported tests 30
=== libgomp tests ===
Running target unix
=== libgomp Summary ===
# of expected passes 5780
# of unsupported tests 254
=== libitm tests ===
Running target unix
=== libitm Summary ===
# of expected passes 26
# of expected failures 3
# of unsupported tests 1
=== libjava tests ===
Running target unix
=== libjava Summary ===
# of expected passes 2582
# of expected failures 4
=== libstdc++ tests ===
Running target unix
=== libstdc++ Summary ===
# of expected passes 10494
# of expected failures 65
# of unsupported tests 225
Compiler version: 5.0.0 20150405 (experimental) [trunk revision 221872] (GCC)
Platform: i686-pc-linux-gnu
configure flags: --prefix=/usr/5.0.0 --enable-clocale=gnu --with-system-zlib --enable-shared --with-demangler-in-ld i686-linux --with-fpmath=sse --enable-languages=c,c++,fortran,java,lto,objc