This is the mail archive of the
gcc-testresults@gcc.gnu.org
mailing list for the GCC project.
Results for 5.0.0 20150405 (experimental) [trunk revision 221872] (GCC) testsuite on x86_64-unknown-linux-gnu
- From: intel64corei7 at gnu-34 dot sc dot intel dot com (H.J. Lu (Intel64 Core i7))
- To: gcc-testresults at gcc dot gnu dot org
- Date: Sun, 05 Apr 2015 12:33:21 -0700
- Subject: Results for 5.0.0 20150405 (experimental) [trunk revision 221872] (GCC) testsuite on x86_64-unknown-linux-gnu
- Authentication-results: sourceware.org; auth=none
Native configuration is x86_64-unknown-linux-gnu
=== gcc tests ===
Running target unix
FAIL: gcc.dg/cpp/redef4.c (test for warnings, line 198)
FAIL: gcc.dg/cpp/redef4.c (test for warnings, line 201)
FAIL: gcc.dg/cpp/redef4.c (test for warnings, line 202)
FAIL: gcc.dg/cpp/redef4.c (test for warnings, line 204)
FAIL: gcc.dg/cpp/redef4.c (test for warnings, line 205)
FAIL: gcc.dg/cpp/redef4.c (test for warnings, line 207)
FAIL: gcc.dg/cpp/redef4.c (test for warnings, line 208)
FAIL: gcc.dg/cpp/redef4.c (test for warnings, line 210)
FAIL: gcc.dg/cpp/redef4.c (test for warnings, line 211)
FAIL: gcc.dg/cpp/redef4.c (test for warnings, line 213)
FAIL: gcc.dg/cpp/redef4.c (test for warnings, line 214)
FAIL: gcc.dg/cpp/redef4.c (test for warnings, line 216)
FAIL: gcc.dg/cpp/redef4.c (test for warnings, line 217)
FAIL: gcc.dg/cpp/redef4.c (test for warnings, line 219)
FAIL: gcc.dg/cpp/redef4.c (test for warnings, line 220)
FAIL: gcc.dg/cpp/redef4.c (test for warnings, line 222)
FAIL: gcc.dg/cpp/redef4.c (test for warnings, line 223)
FAIL: gcc.dg/cpp/redef4.c (test for warnings, line 251)
FAIL: gcc.dg/cpp/redef4.c (test for warnings, line 252)
FAIL: gcc.dg/cpp/redef4.c (test for warnings, line 254)
FAIL: gcc.dg/cpp/redef4.c (test for warnings, line 255)
FAIL: gcc.dg/cpp/redef4.c (test for warnings, line 257)
FAIL: gcc.dg/cpp/redef4.c (test for warnings, line 258)
FAIL: gcc.dg/cpp/redef4.c (test for warnings, line 260)
FAIL: gcc.dg/cpp/redef4.c (test for warnings, line 261)
FAIL: gcc.dg/cpp/redef4.c (test for warnings, line 263)
FAIL: gcc.dg/cpp/redef4.c (test for warnings, line 264)
FAIL: gcc.dg/cpp/redef4.c (test for warnings, line 266)
FAIL: gcc.dg/cpp/redef4.c (test for warnings, line 267)
FAIL: gcc.dg/cpp/redef4.c (test for warnings, line 269)
FAIL: gcc.dg/cpp/redef4.c (test for warnings, line 270)
FAIL: gcc.dg/cpp/redef4.c (test for warnings, line 272)
FAIL: gcc.dg/cpp/redef4.c (test for warnings, line 273)
FAIL: gcc.dg/cpp/redef4.c (test for warnings, line 275)
FAIL: gcc.dg/cpp/redef4.c (test for warnings, line 276)
FAIL: gcc.dg/cpp/redef4.c (test for warnings, line 278)
FAIL: gcc.dg/cpp/redef4.c (test for warnings, line 279)
FAIL: gcc.dg/cpp/redef4.c (test for warnings, line 281)
FAIL: gcc.dg/cpp/redef4.c (test for warnings, line 282)
FAIL: gcc.dg/cpp/redef4.c (test for warnings, line 284)
FAIL: gcc.dg/cpp/redef4.c (test for warnings, line 285)
FAIL: gcc.dg/cpp/redef4.c (test for warnings, line 287)
FAIL: gcc.dg/cpp/redef4.c (test for warnings, line 288)
FAIL: gcc.dg/cpp/redef4.c (test for warnings, line 290)
FAIL: gcc.dg/cpp/redef4.c (test for warnings, line 291)
FAIL: gcc.dg/cpp/redef4.c (test for warnings, line 293)
FAIL: gcc.dg/cpp/redef4.c (test for warnings, line 294)
FAIL: gcc.dg/cpp/redef4.c (test for warnings, line 296)
FAIL: gcc.dg/cpp/redef4.c (test for warnings, line 297)
FAIL: gcc.dg/cpp/redef4.c (test for warnings, line 299)
FAIL: gcc.dg/cpp/redef4.c (test for warnings, line 300)
FAIL: gcc.dg/cpp/redef4.c (test for warnings, line 302)
FAIL: gcc.dg/cpp/redef4.c (test for warnings, line 303)
FAIL: gcc.dg/cpp/redef4.c (test for warnings, line 305)
FAIL: gcc.dg/cpp/redef4.c (test for warnings, line 306)
FAIL: gcc.dg/cpp/redef4.c (test for warnings, line 308)
FAIL: gcc.dg/cpp/redef4.c (test for warnings, line 309)
FAIL: gcc.dg/cpp/redef4.c (test for warnings, line 311)
FAIL: gcc.dg/cpp/redef4.c (test for warnings, line 312)
FAIL: gcc.dg/cpp/redef4.c (test for warnings, line 314)
FAIL: gcc.dg/cpp/redef4.c (test for warnings, line 315)
FAIL: gcc.dg/cpp/redef4.c (test for warnings, line 317)
FAIL: gcc.dg/cpp/redef4.c (test for warnings, line 318)
FAIL: gcc.dg/cpp/redef4.c (test for warnings, line 320)
FAIL: gcc.dg/cpp/redef4.c (test for warnings, line 321)
FAIL: gcc.dg/cpp/redef4.c (test for warnings, line 323)
FAIL: gcc.dg/cpp/redef4.c (test for warnings, line 324)
FAIL: gcc.dg/cpp/redef4.c (test for warnings, line 326)
FAIL: gcc.dg/cpp/redef4.c (test for warnings, line 327)
FAIL: gcc.dg/cpp/redef4.c (test for warnings, line 329)
FAIL: gcc.dg/cpp/redef4.c (test for warnings, line 330)
FAIL: gcc.dg/cpp/redef4.c (test for warnings, line 332)
FAIL: gcc.dg/cpp/redef4.c (test for warnings, line 333)
FAIL: gcc.dg/cpp/redef4.c (test for warnings, line 335)
FAIL: gcc.dg/cpp/redef4.c (test for warnings, line 336)
FAIL: gcc.dg/cpp/redef4.c (test for warnings, line 338)
FAIL: gcc.dg/cpp/redef4.c (test for warnings, line 339)
FAIL: gcc.dg/cpp/redef4.c (test for warnings, line 341)
FAIL: gcc.dg/cpp/redef4.c (test for warnings, line 342)
FAIL: gcc.dg/cpp/redef4.c (test for warnings, line 344)
FAIL: gcc.dg/cpp/redef4.c (test for warnings, line 345)
FAIL: gcc.dg/cpp/redef4.c (test for warnings, line 347)
FAIL: gcc.dg/cpp/redef4.c (test for warnings, line 348)
FAIL: gcc.dg/cpp/redef4.c (test for warnings, line 350)
FAIL: gcc.dg/cpp/redef4.c (test for warnings, line 351)
FAIL: gcc.dg/cpp/redef4.c (test for warnings, line 353)
FAIL: gcc.dg/cpp/redef4.c (test for warnings, line 354)
FAIL: gcc.dg/cpp/redef4.c (test for warnings, line 356)
FAIL: gcc.dg/cpp/redef4.c (test for warnings, line 357)
FAIL: gcc.dg/cpp/redef4.c (test for warnings, line 359)
FAIL: gcc.dg/cpp/redef4.c (test for warnings, line 360)
FAIL: gcc.dg/cpp/redef4.c (test for warnings, line 362)
FAIL: gcc.dg/cpp/redef4.c (test for warnings, line 363)
FAIL: gcc.dg/cpp/redef4.c (test for warnings, line 365)
FAIL: gcc.dg/cpp/redef4.c (test for warnings, line 366)
FAIL: gcc.dg/cpp/redef4.c (test for warnings, line 368)
FAIL: gcc.dg/cpp/redef4.c (test for warnings, line 369)
FAIL: gcc.dg/cpp/redef4.c (test for warnings, line 371)
FAIL: gcc.dg/cpp/redef4.c (test for warnings, line 372)
FAIL: gcc.dg/cpp/redef4.c (test for warnings, line 374)
FAIL: gcc.dg/cpp/redef4.c (test for warnings, line 375)
FAIL: gcc.dg/cpp/redef4.c (test for warnings, line 377)
FAIL: gcc.dg/cpp/redef4.c (test for warnings, line 378)
FAIL: gcc.dg/cpp/redef4.c (test for warnings, line 380)
FAIL: gcc.dg/cpp/redef4.c (test for warnings, line 381)
FAIL: gcc.dg/cpp/redef4.c (test for warnings, line 383)
FAIL: gcc.dg/cpp/redef4.c (test for warnings, line 384)
FAIL: gcc.dg/cpp/redef4.c (test for warnings, line 386)
FAIL: gcc.dg/cpp/redef4.c (test for warnings, line 387)
FAIL: gcc.dg/cpp/redef4.c (test for warnings, line 389)
FAIL: gcc.dg/cpp/redef4.c (test for warnings, line 390)
FAIL: gcc.dg/cpp/redef4.c (test for warnings, line 392)
FAIL: gcc.dg/cpp/redef4.c (test for warnings, line 393)
FAIL: gcc.dg/cpp/redef4.c (test for warnings, line 395)
FAIL: gcc.dg/cpp/redef4.c (test for warnings, line 396)
FAIL: gcc.dg/cpp/redef4.c (test for warnings, line 398)
FAIL: gcc.dg/cpp/redef4.c (test for warnings, line 399)
FAIL: gcc.dg/cpp/redef4.c (test for warnings, line 401)
FAIL: gcc.dg/cpp/redef4.c (test for warnings, line 402)
FAIL: gcc.dg/cpp/redef4.c (test for warnings, line 404)
FAIL: gcc.dg/cpp/redef4.c (test for warnings, line 405)
FAIL: gcc.dg/cpp/redef4.c (test for warnings, line 407)
FAIL: gcc.dg/cpp/redef4.c (test for warnings, line 408)
FAIL: gcc.dg/cpp/redef4.c (test for warnings, line 410)
FAIL: gcc.dg/cpp/redef4.c (test for warnings, line 411)
FAIL: gcc.dg/cpp/redef4.c (test for warnings, line 413)
FAIL: gcc.dg/cpp/redef4.c (test for warnings, line 414)
FAIL: gcc.dg/cpp/redef4.c (test for warnings, line 416)
FAIL: gcc.dg/cpp/redef4.c (test for warnings, line 417)
FAIL: gcc.dg/cpp/redef4.c (test for warnings, line 445)
FAIL: gcc.dg/cpp/redef4.c (test for warnings, line 446)
FAIL: gcc.dg/cpp/redef4.c (test for warnings, line 449)
FAIL: gcc.dg/cpp/redef4.c (test for warnings, line 450)
FAIL: gcc.dg/cpp/redef4.c (test for warnings, line 453)
FAIL: gcc.dg/cpp/redef4.c (test for warnings, line 454)
FAIL: gcc.dg/cpp/redef4.c (test for warnings, line 457)
FAIL: gcc.dg/cpp/redef4.c (test for warnings, line 458)
FAIL: gcc.dg/cpp/redef4.c (test for warnings, line 461)
FAIL: gcc.dg/cpp/redef4.c (test for warnings, line 462)
FAIL: gcc.dg/cpp/redef4.c (test for warnings, line 465)
FAIL: gcc.dg/cpp/redef4.c (test for warnings, line 466)
FAIL: gcc.dg/cpp/redef4.c (test for excess errors)
XPASS: gcc.dg/guality/example.c -O0 execution test
XPASS: gcc.dg/guality/example.c -O1 execution test
XPASS: gcc.dg/guality/example.c -O2 execution test
XPASS: gcc.dg/guality/example.c -O2 -flto -fno-use-linker-plugin -flto-partition=none execution test
XPASS: gcc.dg/guality/guality.c -O0 execution test
XPASS: gcc.dg/guality/guality.c -O1 execution test
XPASS: gcc.dg/guality/guality.c -O2 execution test
XPASS: gcc.dg/guality/guality.c -O2 -flto -fno-use-linker-plugin -flto-partition=none execution test
XPASS: gcc.dg/guality/guality.c -O2 -flto -fuse-linker-plugin -fno-fat-lto-objects execution test
XPASS: gcc.dg/guality/guality.c -O3 -fomit-frame-pointer execution test
XPASS: gcc.dg/guality/guality.c -O3 -g execution test
XPASS: gcc.dg/guality/guality.c -Os execution test
XPASS: gcc.dg/guality/inline-params.c -O2 execution test
XPASS: gcc.dg/guality/inline-params.c -O2 -flto -fno-use-linker-plugin -flto-partition=none execution test
XPASS: gcc.dg/guality/inline-params.c -O3 -fomit-frame-pointer execution test
XPASS: gcc.dg/guality/inline-params.c -O3 -g execution test
XPASS: gcc.dg/guality/inline-params.c -Os execution test
XPASS: gcc.dg/guality/pr41353-1.c -O0 line 28 j == 28 + 37
FAIL: gcc.dg/guality/pr41616-1.c -O2 -flto -fuse-linker-plugin -fno-fat-lto-objects execution test
FAIL: gcc.dg/guality/pr43051-1.c -O2 line 35 v == 1
FAIL: gcc.dg/guality/pr43051-1.c -O2 line 36 e == &a[1]
FAIL: gcc.dg/guality/pr43051-1.c -O2 line 39 c == &a[0]
FAIL: gcc.dg/guality/pr43051-1.c -O2 line 40 v == 1
FAIL: gcc.dg/guality/pr43051-1.c -O2 line 41 e == &a[1]
FAIL: gcc.dg/guality/pr43051-1.c -O2 -flto -fno-use-linker-plugin -flto-partition=none line 35 v == 1
FAIL: gcc.dg/guality/pr43051-1.c -O2 -flto -fno-use-linker-plugin -flto-partition=none line 36 e == &a[1]
FAIL: gcc.dg/guality/pr43051-1.c -O2 -flto -fno-use-linker-plugin -flto-partition=none line 39 c == &a[0]
FAIL: gcc.dg/guality/pr43051-1.c -O2 -flto -fno-use-linker-plugin -flto-partition=none line 40 v == 1
FAIL: gcc.dg/guality/pr43051-1.c -O2 -flto -fno-use-linker-plugin -flto-partition=none line 41 e == &a[1]
FAIL: gcc.dg/guality/pr43051-1.c -O2 -flto -fuse-linker-plugin -fno-fat-lto-objects line 35 v == 1
FAIL: gcc.dg/guality/pr43051-1.c -O2 -flto -fuse-linker-plugin -fno-fat-lto-objects line 36 e == &a[1]
FAIL: gcc.dg/guality/pr43051-1.c -O2 -flto -fuse-linker-plugin -fno-fat-lto-objects line 39 c == &a[0]
FAIL: gcc.dg/guality/pr43051-1.c -O2 -flto -fuse-linker-plugin -fno-fat-lto-objects line 40 v == 1
FAIL: gcc.dg/guality/pr43051-1.c -O2 -flto -fuse-linker-plugin -fno-fat-lto-objects line 41 e == &a[1]
FAIL: gcc.dg/guality/pr43051-1.c -O3 -fomit-frame-pointer line 35 v == 1
FAIL: gcc.dg/guality/pr43051-1.c -O3 -fomit-frame-pointer line 36 e == &a[1]
FAIL: gcc.dg/guality/pr43051-1.c -O3 -fomit-frame-pointer line 39 c == &a[0]
FAIL: gcc.dg/guality/pr43051-1.c -O3 -fomit-frame-pointer line 40 v == 1
FAIL: gcc.dg/guality/pr43051-1.c -O3 -fomit-frame-pointer line 41 e == &a[1]
FAIL: gcc.dg/guality/pr43051-1.c -O3 -fomit-frame-pointer -funroll-all-loops -finline-functions line 35 v == 1
FAIL: gcc.dg/guality/pr43051-1.c -O3 -fomit-frame-pointer -funroll-all-loops -finline-functions line 36 e == &a[1]
FAIL: gcc.dg/guality/pr43051-1.c -O3 -fomit-frame-pointer -funroll-all-loops -finline-functions line 39 c == &a[0]
FAIL: gcc.dg/guality/pr43051-1.c -O3 -fomit-frame-pointer -funroll-all-loops -finline-functions line 40 v == 1
FAIL: gcc.dg/guality/pr43051-1.c -O3 -fomit-frame-pointer -funroll-all-loops -finline-functions line 41 e == &a[1]
FAIL: gcc.dg/guality/pr43051-1.c -O3 -fomit-frame-pointer -funroll-loops line 35 v == 1
FAIL: gcc.dg/guality/pr43051-1.c -O3 -fomit-frame-pointer -funroll-loops line 36 e == &a[1]
FAIL: gcc.dg/guality/pr43051-1.c -O3 -fomit-frame-pointer -funroll-loops line 39 c == &a[0]
FAIL: gcc.dg/guality/pr43051-1.c -O3 -fomit-frame-pointer -funroll-loops line 40 v == 1
FAIL: gcc.dg/guality/pr43051-1.c -O3 -fomit-frame-pointer -funroll-loops line 41 e == &a[1]
FAIL: gcc.dg/guality/pr43051-1.c -O3 -g line 35 v == 1
FAIL: gcc.dg/guality/pr43051-1.c -O3 -g line 36 e == &a[1]
FAIL: gcc.dg/guality/pr43051-1.c -O3 -g line 39 c == &a[0]
FAIL: gcc.dg/guality/pr43051-1.c -O3 -g line 40 v == 1
FAIL: gcc.dg/guality/pr43051-1.c -O3 -g line 41 e == &a[1]
FAIL: gcc.dg/guality/pr43051-1.c -Os line 35 v == 1
FAIL: gcc.dg/guality/pr43051-1.c -Os line 36 e == &a[1]
FAIL: gcc.dg/guality/pr43051-1.c -Os line 39 c == &a[0]
FAIL: gcc.dg/guality/pr43051-1.c -Os line 40 v == 1
FAIL: gcc.dg/guality/pr43051-1.c -Os line 41 e == &a[1]
FAIL: gcc.dg/guality/pr43177.c -O2 line 15 l == 10
FAIL: gcc.dg/guality/pr43177.c -O2 line 15 x == 7
FAIL: gcc.dg/guality/pr43177.c -O2 line 24 l == 10
FAIL: gcc.dg/guality/pr43177.c -O2 line 24 x == 7
FAIL: gcc.dg/guality/pr43177.c -O2 -flto -fno-use-linker-plugin -flto-partition=none line 15 l == 10
FAIL: gcc.dg/guality/pr43177.c -O2 -flto -fno-use-linker-plugin -flto-partition=none line 15 x == 7
FAIL: gcc.dg/guality/pr43177.c -O2 -flto -fno-use-linker-plugin -flto-partition=none line 24 l == 10
FAIL: gcc.dg/guality/pr43177.c -O2 -flto -fno-use-linker-plugin -flto-partition=none line 24 x == 7
FAIL: gcc.dg/guality/pr43177.c -O2 -flto -fuse-linker-plugin -fno-fat-lto-objects line 15 l == 10
FAIL: gcc.dg/guality/pr43177.c -O2 -flto -fuse-linker-plugin -fno-fat-lto-objects line 15 x == 7
FAIL: gcc.dg/guality/pr43177.c -O2 -flto -fuse-linker-plugin -fno-fat-lto-objects line 24 l == 10
FAIL: gcc.dg/guality/pr43177.c -O2 -flto -fuse-linker-plugin -fno-fat-lto-objects line 24 x == 7
FAIL: gcc.dg/guality/pr43177.c -O3 -fomit-frame-pointer line 15 l == 10
FAIL: gcc.dg/guality/pr43177.c -O3 -fomit-frame-pointer line 15 x == 7
FAIL: gcc.dg/guality/pr43177.c -O3 -fomit-frame-pointer line 24 l == 10
FAIL: gcc.dg/guality/pr43177.c -O3 -fomit-frame-pointer line 24 x == 7
FAIL: gcc.dg/guality/pr43177.c -O3 -g line 15 l == 10
FAIL: gcc.dg/guality/pr43177.c -O3 -g line 15 x == 7
FAIL: gcc.dg/guality/pr43177.c -O3 -g line 24 l == 10
FAIL: gcc.dg/guality/pr43177.c -O3 -g line 24 x == 7
FAIL: gcc.dg/guality/pr43177.c -Os line 15 l == 10
FAIL: gcc.dg/guality/pr43177.c -Os line 15 x == 7
FAIL: gcc.dg/guality/pr43177.c -Os line 24 l == 10
FAIL: gcc.dg/guality/pr43177.c -Os line 24 x == 7
FAIL: gcc.dg/guality/pr43479.c -O1 line 13 h == 9
FAIL: gcc.dg/guality/pr43479.c -O1 line 18 h == 9
FAIL: gcc.dg/guality/pr43479.c -O2 line 13 h == 9
FAIL: gcc.dg/guality/pr43479.c -O2 line 18 h == 9
FAIL: gcc.dg/guality/pr43479.c -O2 -flto -fno-use-linker-plugin -flto-partition=none line 13 h == 9
FAIL: gcc.dg/guality/pr43479.c -O2 -flto -fno-use-linker-plugin -flto-partition=none line 18 h == 9
FAIL: gcc.dg/guality/pr43479.c -O2 -flto -fuse-linker-plugin -fno-fat-lto-objects line 13 h == 9
FAIL: gcc.dg/guality/pr43479.c -O2 -flto -fuse-linker-plugin -fno-fat-lto-objects line 18 h == 9
FAIL: gcc.dg/guality/pr43479.c -O3 -fomit-frame-pointer line 13 h == 9
FAIL: gcc.dg/guality/pr43479.c -O3 -fomit-frame-pointer line 18 h == 9
FAIL: gcc.dg/guality/pr43479.c -O3 -g line 13 h == 9
FAIL: gcc.dg/guality/pr43479.c -O3 -g line 18 h == 9
FAIL: gcc.dg/guality/pr43479.c -Os line 13 h == 9
FAIL: gcc.dg/guality/pr43479.c -Os line 18 h == 9
FAIL: gcc.dg/guality/pr45003-2.c -O2 -flto -fuse-linker-plugin -fno-fat-lto-objects line 10 a == 0x8078
FAIL: gcc.dg/guality/pr45882.c -O2 -flto -fuse-linker-plugin -fno-fat-lto-objects line 16 d == 112
FAIL: gcc.dg/guality/pr45882.c -O2 -flto -fuse-linker-plugin -fno-fat-lto-objects line 16 e == 142
FAIL: gcc.dg/guality/pr54200.c -Os line 20 z == 3
FAIL: gcc.dg/guality/pr54519-1.c -O2 -flto -fno-use-linker-plugin -flto-partition=none line 20 y == 25
FAIL: gcc.dg/guality/pr54519-1.c -O2 -flto -fno-use-linker-plugin -flto-partition=none line 20 z == 6
FAIL: gcc.dg/guality/pr54519-1.c -O2 -flto -fno-use-linker-plugin -flto-partition=none line 23 y == 117
FAIL: gcc.dg/guality/pr54519-1.c -O2 -flto -fno-use-linker-plugin -flto-partition=none line 23 z == 8
FAIL: gcc.dg/guality/pr54519-2.c -O2 -flto -fno-use-linker-plugin -flto-partition=none line 17 y == 25
FAIL: gcc.dg/guality/pr54519-2.c -O2 -flto -fuse-linker-plugin -fno-fat-lto-objects line 17 y == 25
FAIL: gcc.dg/guality/pr54519-3.c -O2 -flto -fno-use-linker-plugin -flto-partition=none line 20 y == 25
FAIL: gcc.dg/guality/pr54519-3.c -O2 -flto -fno-use-linker-plugin -flto-partition=none line 20 z == 6
FAIL: gcc.dg/guality/pr54519-3.c -O2 -flto -fno-use-linker-plugin -flto-partition=none line 23 y == 117
FAIL: gcc.dg/guality/pr54519-3.c -O2 -flto -fno-use-linker-plugin -flto-partition=none line 23 z == 8
FAIL: gcc.dg/guality/pr54519-3.c -O2 -flto -fuse-linker-plugin -fno-fat-lto-objects line 20 x == 36
FAIL: gcc.dg/guality/pr54519-3.c -O2 -flto -fuse-linker-plugin -fno-fat-lto-objects line 20 y == 25
FAIL: gcc.dg/guality/pr54519-3.c -O2 -flto -fuse-linker-plugin -fno-fat-lto-objects line 20 z == 6
FAIL: gcc.dg/guality/pr54519-3.c -O2 -flto -fuse-linker-plugin -fno-fat-lto-objects line 23 x == 98
FAIL: gcc.dg/guality/pr54519-3.c -O2 -flto -fuse-linker-plugin -fno-fat-lto-objects line 23 y == 117
FAIL: gcc.dg/guality/pr54519-3.c -O2 -flto -fuse-linker-plugin -fno-fat-lto-objects line 23 z == 8
FAIL: gcc.dg/guality/pr54519-4.c -O2 -flto -fno-use-linker-plugin -flto-partition=none line 17 y == 25
FAIL: gcc.dg/guality/pr54519-4.c -O2 -flto -fuse-linker-plugin -fno-fat-lto-objects line 17 x == 6
FAIL: gcc.dg/guality/pr54519-4.c -O2 -flto -fuse-linker-plugin -fno-fat-lto-objects line 17 y == 25
FAIL: gcc.dg/guality/pr54519-5.c -O2 -flto -fno-use-linker-plugin -flto-partition=none line 17 y == 25
FAIL: gcc.dg/guality/pr54519-5.c -O2 -flto -fuse-linker-plugin -fno-fat-lto-objects line 17 y == 25
FAIL: gcc.dg/guality/sra-1.c -O2 line 21 a.i == 4
FAIL: gcc.dg/guality/sra-1.c -O2 line 21 a.j == 14
FAIL: gcc.dg/guality/sra-1.c -O2 line 43 a.i == 4
FAIL: gcc.dg/guality/sra-1.c -O2 line 43 a.j == 14
FAIL: gcc.dg/guality/sra-1.c -O2 -flto -fno-use-linker-plugin -flto-partition=none line 21 a.i == 4
FAIL: gcc.dg/guality/sra-1.c -O2 -flto -fno-use-linker-plugin -flto-partition=none line 21 a.j == 14
FAIL: gcc.dg/guality/sra-1.c -O2 -flto -fno-use-linker-plugin -flto-partition=none line 43 a.i == 4
FAIL: gcc.dg/guality/sra-1.c -O2 -flto -fno-use-linker-plugin -flto-partition=none line 43 a.j == 14
FAIL: gcc.dg/guality/sra-1.c -O2 -flto -fuse-linker-plugin -fno-fat-lto-objects line 21 a.i == 4
FAIL: gcc.dg/guality/sra-1.c -O2 -flto -fuse-linker-plugin -fno-fat-lto-objects line 21 a.j == 14
FAIL: gcc.dg/guality/sra-1.c -O2 -flto -fuse-linker-plugin -fno-fat-lto-objects line 43 a.i == 4
FAIL: gcc.dg/guality/sra-1.c -O2 -flto -fuse-linker-plugin -fno-fat-lto-objects line 43 a.j == 14
FAIL: gcc.dg/guality/sra-1.c -O3 -fomit-frame-pointer line 21 a.i == 4
FAIL: gcc.dg/guality/sra-1.c -O3 -fomit-frame-pointer line 21 a.j == 14
FAIL: gcc.dg/guality/sra-1.c -O3 -fomit-frame-pointer line 43 a.i == 4
FAIL: gcc.dg/guality/sra-1.c -O3 -fomit-frame-pointer line 43 a.j == 14
FAIL: gcc.dg/guality/sra-1.c -O3 -g line 21 a.i == 4
FAIL: gcc.dg/guality/sra-1.c -O3 -g line 21 a.j == 14
FAIL: gcc.dg/guality/sra-1.c -O3 -g line 43 a.i == 4
FAIL: gcc.dg/guality/sra-1.c -O3 -g line 43 a.j == 14
FAIL: gcc.dg/guality/sra-1.c -Os line 21 a.i == 4
FAIL: gcc.dg/guality/sra-1.c -Os line 21 a.j == 14
FAIL: gcc.dg/guality/sra-1.c -Os line 43 a.i == 4
FAIL: gcc.dg/guality/sra-1.c -Os line 43 a.j == 14
FAIL: gcc.dg/guality/vla-2.c -O2 line 25 sizeof (a) == 6 * sizeof (int)
FAIL: gcc.dg/guality/vla-2.c -O2 -flto -fno-use-linker-plugin -flto-partition=none line 25 sizeof (a) == 6 * sizeof (int)
FAIL: gcc.dg/guality/vla-2.c -O2 -flto -fuse-linker-plugin -fno-fat-lto-objects line 25 sizeof (a) == 6 * sizeof (int)
FAIL: gcc.dg/guality/vla-2.c -O3 -fomit-frame-pointer line 25 sizeof (a) == 6 * sizeof (int)
FAIL: gcc.dg/guality/vla-2.c -O3 -g line 25 sizeof (a) == 6 * sizeof (int)
FAIL: gcc.dg/guality/vla-2.c -Os line 25 sizeof (a) == 6 * sizeof (int)
FAIL: c-c++-common/ubsan/object-size-9.c -O2 -flto -fuse-linker-plugin -fno-fat-lto-objects output pattern test
=== gcc Summary for unix ===
# of expected passes 117354
# of unexpected failures 277
# of unexpected successes 18
# of expected failures 273
# of unsupported tests 1873
Running target unix/-m32
XPASS: gcc.dg/guality/example.c -O0 execution test
XPASS: gcc.dg/guality/example.c -O1 execution test
XPASS: gcc.dg/guality/guality.c -O0 execution test
XPASS: gcc.dg/guality/guality.c -O1 execution test
XPASS: gcc.dg/guality/guality.c -O2 execution test
XPASS: gcc.dg/guality/guality.c -O2 -flto -fno-use-linker-plugin -flto-partition=none execution test
XPASS: gcc.dg/guality/guality.c -O2 -flto -fuse-linker-plugin -fno-fat-lto-objects execution test
XPASS: gcc.dg/guality/guality.c -O3 -fomit-frame-pointer execution test
XPASS: gcc.dg/guality/guality.c -O3 -g execution test
XPASS: gcc.dg/guality/guality.c -Os execution test
XPASS: gcc.dg/guality/inline-params.c -O2 execution test
XPASS: gcc.dg/guality/inline-params.c -O2 -flto -fno-use-linker-plugin -flto-partition=none execution test
XPASS: gcc.dg/guality/inline-params.c -O3 -fomit-frame-pointer execution test
XPASS: gcc.dg/guality/inline-params.c -O3 -g execution test
XPASS: gcc.dg/guality/inline-params.c -Os execution test
XPASS: gcc.dg/guality/pr41353-1.c -O0 line 28 j == 28 + 37
XPASS: gcc.dg/guality/pr41353-1.c -Os line 28 j == 28 + 37
FAIL: gcc.dg/guality/pr41447-1.c -O2 execution test
FAIL: gcc.dg/guality/pr41447-1.c -O2 -flto -fno-use-linker-plugin -flto-partition=none execution test
FAIL: gcc.dg/guality/pr41447-1.c -O3 -fomit-frame-pointer execution test
FAIL: gcc.dg/guality/pr41447-1.c -O3 -g execution test
FAIL: gcc.dg/guality/pr41616-1.c -O2 -flto -fuse-linker-plugin -fno-fat-lto-objects execution test
FAIL: gcc.dg/guality/pr43177.c -O2 -flto -fuse-linker-plugin -fno-fat-lto-objects line 15 l == 10
FAIL: gcc.dg/guality/pr43177.c -O2 -flto -fuse-linker-plugin -fno-fat-lto-objects line 15 x == 7
FAIL: gcc.dg/guality/pr43479.c -O1 line 13 h == 9
FAIL: gcc.dg/guality/pr43479.c -O1 line 18 h == 9
FAIL: gcc.dg/guality/pr43479.c -O2 line 13 h == 9
FAIL: gcc.dg/guality/pr43479.c -O2 line 18 h == 9
FAIL: gcc.dg/guality/pr43479.c -O2 -flto -fno-use-linker-plugin -flto-partition=none line 13 h == 9
FAIL: gcc.dg/guality/pr43479.c -O2 -flto -fno-use-linker-plugin -flto-partition=none line 18 h == 9
FAIL: gcc.dg/guality/pr43479.c -O2 -flto -fuse-linker-plugin -fno-fat-lto-objects line 13 h == 9
FAIL: gcc.dg/guality/pr43479.c -O2 -flto -fuse-linker-plugin -fno-fat-lto-objects line 18 h == 9
FAIL: gcc.dg/guality/pr43479.c -O3 -fomit-frame-pointer line 13 h == 9
FAIL: gcc.dg/guality/pr43479.c -O3 -fomit-frame-pointer line 18 h == 9
FAIL: gcc.dg/guality/pr43479.c -O3 -g line 13 h == 9
FAIL: gcc.dg/guality/pr43479.c -O3 -g line 18 h == 9
FAIL: gcc.dg/guality/pr43479.c -Os line 13 h == 9
FAIL: gcc.dg/guality/pr43479.c -Os line 18 h == 9
FAIL: gcc.dg/guality/pr45882.c -O2 -flto -fuse-linker-plugin -fno-fat-lto-objects line 16 d == 112
FAIL: gcc.dg/guality/pr45882.c -O2 -flto -fuse-linker-plugin -fno-fat-lto-objects line 16 e == 142
FAIL: gcc.dg/guality/pr54200.c -O2 -flto -fuse-linker-plugin -fno-fat-lto-objects line 20 z == 3
FAIL: gcc.dg/guality/pr54519-1.c -O2 -flto -fno-use-linker-plugin -flto-partition=none line 20 y == 25
FAIL: gcc.dg/guality/pr54519-1.c -O2 -flto -fno-use-linker-plugin -flto-partition=none line 20 z == 6
FAIL: gcc.dg/guality/pr54519-1.c -O2 -flto -fno-use-linker-plugin -flto-partition=none line 23 y == 117
FAIL: gcc.dg/guality/pr54519-1.c -O2 -flto -fno-use-linker-plugin -flto-partition=none line 23 z == 8
FAIL: gcc.dg/guality/pr54519-2.c -O2 -flto -fno-use-linker-plugin -flto-partition=none line 17 y == 25
FAIL: gcc.dg/guality/pr54519-2.c -O2 -flto -fuse-linker-plugin -fno-fat-lto-objects line 17 y == 25
FAIL: gcc.dg/guality/pr54519-3.c -O2 -flto -fno-use-linker-plugin -flto-partition=none line 20 y == 25
FAIL: gcc.dg/guality/pr54519-3.c -O2 -flto -fno-use-linker-plugin -flto-partition=none line 20 z == 6
FAIL: gcc.dg/guality/pr54519-3.c -O2 -flto -fno-use-linker-plugin -flto-partition=none line 23 y == 117
FAIL: gcc.dg/guality/pr54519-3.c -O2 -flto -fno-use-linker-plugin -flto-partition=none line 23 z == 8
FAIL: gcc.dg/guality/pr54519-3.c -O2 -flto -fuse-linker-plugin -fno-fat-lto-objects line 20 y == 25
FAIL: gcc.dg/guality/pr54519-3.c -O2 -flto -fuse-linker-plugin -fno-fat-lto-objects line 20 z == 6
FAIL: gcc.dg/guality/pr54519-3.c -O2 -flto -fuse-linker-plugin -fno-fat-lto-objects line 23 y == 117
FAIL: gcc.dg/guality/pr54519-3.c -O2 -flto -fuse-linker-plugin -fno-fat-lto-objects line 23 z == 8
FAIL: gcc.dg/guality/pr54519-4.c -O2 -flto -fno-use-linker-plugin -flto-partition=none line 17 y == 25
FAIL: gcc.dg/guality/pr54519-4.c -O2 -flto -fuse-linker-plugin -fno-fat-lto-objects line 17 y == 25
FAIL: gcc.dg/guality/pr54519-5.c -O2 -flto -fno-use-linker-plugin -flto-partition=none line 17 y == 25
FAIL: gcc.dg/guality/pr54519-5.c -O2 -flto -fuse-linker-plugin -fno-fat-lto-objects line 17 y == 25
FAIL: gcc.dg/guality/pr54970.c -Os line 15 a[0] == 1
FAIL: gcc.dg/guality/pr54970.c -Os line 20 a[0] == 1
FAIL: gcc.dg/guality/pr54970.c -Os line 25 a[0] == 1
FAIL: gcc.dg/guality/pr54970.c -Os line 31 a[0] == 4
FAIL: gcc.dg/guality/pr54970.c -Os line 36 a[0] == 4
FAIL: gcc.dg/guality/pr54970.c -Os line 45 a[0] == 4
FAIL: gcc.dg/guality/pr54970.c -Os line 45 p[-2] == 4
FAIL: gcc.dg/guality/pr54970.c -Os line 45 q[-1] == 4
FAIL: gcc.dg/guality/sra-1.c -O2 line 21 a.i == 4
FAIL: gcc.dg/guality/sra-1.c -O2 line 32 a[0] == 4
FAIL: gcc.dg/guality/sra-1.c -O2 line 43 a.i == 4
FAIL: gcc.dg/guality/sra-1.c -O2 -flto -fno-use-linker-plugin -flto-partition=none line 21 a.i == 4
FAIL: gcc.dg/guality/sra-1.c -O2 -flto -fno-use-linker-plugin -flto-partition=none line 32 a[0] == 4
FAIL: gcc.dg/guality/sra-1.c -O2 -flto -fno-use-linker-plugin -flto-partition=none line 43 a.i == 4
FAIL: gcc.dg/guality/sra-1.c -O2 -flto -fuse-linker-plugin -fno-fat-lto-objects line 21 a.i == 4
FAIL: gcc.dg/guality/sra-1.c -O3 -fomit-frame-pointer line 21 a.i == 4
FAIL: gcc.dg/guality/sra-1.c -O3 -fomit-frame-pointer line 32 a[0] == 4
FAIL: gcc.dg/guality/sra-1.c -O3 -fomit-frame-pointer line 43 a.i == 4
FAIL: gcc.dg/guality/sra-1.c -O3 -g line 21 a.i == 4
FAIL: gcc.dg/guality/sra-1.c -O3 -g line 32 a[0] == 4
FAIL: gcc.dg/guality/sra-1.c -O3 -g line 43 a.i == 4
FAIL: gcc.dg/guality/sra-1.c -Os line 21 a.i == 4
FAIL: gcc.dg/guality/sra-1.c -Os line 32 a[0] == 4
FAIL: gcc.dg/guality/sra-1.c -Os line 43 a.i == 4
=== gcc Summary for unix/-m32 ===
# of expected passes 115822
# of unexpected failures 66
# of unexpected successes 17
# of expected failures 273
# of unsupported tests 1760
=== gcc Summary ===
# of expected passes 233176
# of unexpected failures 343
# of unexpected successes 35
# of expected failures 546
# of unsupported tests 3633
/export/gnu/import/git/gcc-test-intel64corei7/bld/gcc/xgcc version 5.0.0 20150405 (experimental) [trunk revision 221872] (GCC)
=== gfortran tests ===
Running target unix
=== gfortran Summary for unix ===
# of expected passes 48296
# of expected failures 64
# of unsupported tests 69
Running target unix/-m32
=== gfortran Summary for unix/-m32 ===
# of expected passes 48007
# of expected failures 64
# of unsupported tests 209
=== gfortran Summary ===
# of expected passes 96303
# of expected failures 128
# of unsupported tests 278
/export/gnu/import/git/gcc-test-intel64corei7/bld/gcc/testsuite/gfortran/../../gfortran version 5.0.0 20150405 (experimental) [trunk revision 221872] (GCC)
=== g++ tests ===
Running target unix
FAIL: g++.dg/ext/attrib23.C -std=c++11 (test for errors, line 11)
FAIL: g++.dg/ext/attrib23.C -std=c++11 (test for excess errors)
FAIL: g++.dg/guality/pr55665.C -O2 line 23 p == 40
FAIL: g++.dg/guality/pr55665.C -O3 -fomit-frame-pointer line 23 p == 40
FAIL: g++.dg/guality/pr55665.C -O3 -g line 23 p == 40
XPASS: g++.dg/tls/thread_local-order2.C -std=c++11 execution test
XPASS: g++.dg/tls/thread_local-order2.C -std=c++14 execution test
=== g++ Summary for unix ===
# of expected passes 93300
# of unexpected failures 5
# of unexpected successes 2
# of expected failures 339
# of unsupported tests 3668
Running target unix/-m32
FAIL: g++.dg/cpp0x/rv2n.C -std=gnu++14 (test for errors, line 356)
FAIL: g++.dg/cpp0x/rv2n.C -std=gnu++14 (test for errors, line 366)
FAIL: g++.dg/cpp0x/rv2n.C -std=gnu++14 (test for errors, line 368)
FAIL: g++.dg/cpp0x/rv2n.C -std=gnu++14 (test for errors, line 369)
FAIL: g++.dg/cpp0x/rv2n.C -std=gnu++14 (test for errors, line 370)
FAIL: g++.dg/cpp0x/rv2n.C -std=gnu++14 (test for errors, line 371)
FAIL: g++.dg/cpp0x/rv2n.C -std=gnu++14 (test for errors, line 372)
FAIL: g++.dg/cpp0x/rv2n.C -std=gnu++14 (test for errors, line 373)
FAIL: g++.dg/cpp0x/rv2n.C -std=gnu++14 (test for errors, line 374)
FAIL: g++.dg/cpp0x/rv2n.C -std=gnu++14 (test for errors, line 384)
FAIL: g++.dg/cpp0x/rv2n.C -std=gnu++14 (test for errors, line 386)
FAIL: g++.dg/cpp0x/rv2n.C -std=gnu++14 (test for errors, line 387)
FAIL: g++.dg/cpp0x/rv2n.C -std=gnu++14 (test for errors, line 388)
FAIL: g++.dg/cpp0x/rv2n.C -std=gnu++14 (test for errors, line 389)
FAIL: g++.dg/cpp0x/rv2n.C -std=gnu++14 (test for errors, line 390)
FAIL: g++.dg/cpp0x/rv2n.C -std=gnu++14 (test for errors, line 391)
FAIL: g++.dg/cpp0x/rv2n.C -std=gnu++14 (test for errors, line 392)
FAIL: g++.dg/cpp0x/rv2n.C -std=gnu++14 (test for errors, line 402)
FAIL: g++.dg/cpp0x/rv2n.C -std=gnu++14 (test for errors, line 404)
FAIL: g++.dg/cpp0x/rv2n.C -std=gnu++14 (test for errors, line 405)
FAIL: g++.dg/cpp0x/rv2n.C -std=gnu++14 (test for errors, line 406)
FAIL: g++.dg/cpp0x/rv2n.C -std=gnu++14 (test for errors, line 407)
FAIL: g++.dg/cpp0x/rv2n.C -std=gnu++14 (test for errors, line 408)
FAIL: g++.dg/cpp0x/rv2n.C -std=gnu++14 (test for errors, line 417)
FAIL: g++.dg/cpp0x/rv2n.C -std=gnu++14 (test for errors, line 419)
FAIL: g++.dg/cpp0x/rv2n.C -std=gnu++14 (test for errors, line 420)
FAIL: g++.dg/cpp0x/rv2n.C -std=gnu++14 (test for errors, line 421)
FAIL: g++.dg/cpp0x/rv2n.C -std=gnu++14 (test for errors, line 422)
FAIL: g++.dg/cpp0x/rv2n.C -std=gnu++14 (test for errors, line 423)
FAIL: g++.dg/cpp0x/rv2n.C -std=gnu++14 (test for errors, line 424)
FAIL: g++.dg/cpp0x/rv2n.C -std=gnu++14 (test for errors, line 425)
FAIL: g++.dg/cpp0x/rv2n.C -std=gnu++14 (test for errors, line 435)
FAIL: g++.dg/cpp0x/rv2n.C -std=gnu++14 (test for errors, line 437)
FAIL: g++.dg/cpp0x/rv2n.C -std=gnu++14 (test for errors, line 438)
FAIL: g++.dg/cpp0x/rv2n.C -std=gnu++14 (test for errors, line 439)
FAIL: g++.dg/cpp0x/rv2n.C -std=gnu++14 (test for errors, line 440)
FAIL: g++.dg/cpp0x/rv2n.C -std=gnu++14 (test for errors, line 441)
FAIL: g++.dg/cpp0x/rv2n.C -std=gnu++14 (test for errors, line 450)
FAIL: g++.dg/cpp0x/rv2n.C -std=gnu++14 (test for errors, line 452)
FAIL: g++.dg/cpp0x/rv2n.C -std=gnu++14 (test for errors, line 453)
FAIL: g++.dg/cpp0x/rv2n.C -std=gnu++14 (test for errors, line 454)
FAIL: g++.dg/cpp0x/rv2n.C -std=gnu++14 (test for errors, line 455)
FAIL: g++.dg/cpp0x/rv2n.C -std=gnu++14 (test for errors, line 456)
FAIL: g++.dg/cpp0x/rv2n.C -std=gnu++14 (test for excess errors)
FAIL: g++.dg/cpp0x/rv3n.C -std=gnu++11 (test for errors, line 793)
FAIL: g++.dg/cpp0x/rv3n.C -std=gnu++11 (test for errors, line 795)
FAIL: g++.dg/cpp0x/rv3n.C -std=gnu++11 (test for errors, line 796)
FAIL: g++.dg/cpp0x/rv3n.C -std=gnu++11 (test for errors, line 797)
FAIL: g++.dg/cpp0x/rv3n.C -std=gnu++11 (test for errors, line 798)
FAIL: g++.dg/cpp0x/rv3n.C -std=gnu++11 (test for errors, line 799)
FAIL: g++.dg/cpp0x/rv3n.C -std=gnu++11 (test for errors, line 810)
FAIL: g++.dg/cpp0x/rv3n.C -std=gnu++11 (test for errors, line 812)
FAIL: g++.dg/cpp0x/rv3n.C -std=gnu++11 (test for errors, line 813)
FAIL: g++.dg/cpp0x/rv3n.C -std=gnu++11 (test for errors, line 814)
FAIL: g++.dg/cpp0x/rv3n.C -std=gnu++11 (test for errors, line 815)
FAIL: g++.dg/cpp0x/rv3n.C -std=gnu++11 (test for errors, line 816)
FAIL: g++.dg/cpp0x/rv3n.C -std=gnu++11 (test for errors, line 827)
FAIL: g++.dg/cpp0x/rv3n.C -std=gnu++11 (test for errors, line 829)
FAIL: g++.dg/cpp0x/rv3n.C -std=gnu++11 (test for errors, line 830)
FAIL: g++.dg/cpp0x/rv3n.C -std=gnu++11 (test for errors, line 831)
FAIL: g++.dg/cpp0x/rv3n.C -std=gnu++11 (test for errors, line 832)
FAIL: g++.dg/cpp0x/rv3n.C -std=gnu++11 (test for errors, line 833)
FAIL: g++.dg/cpp0x/rv3n.C -std=gnu++11 (test for errors, line 834)
FAIL: g++.dg/cpp0x/rv3n.C -std=gnu++14 (test for errors, line 733)
FAIL: g++.dg/cpp0x/rv3n.C -std=gnu++14 (test for errors, line 734)
FAIL: g++.dg/cpp0x/rv3n.C -std=gnu++14 (test for errors, line 745)
FAIL: g++.dg/cpp0x/rv3n.C -std=gnu++14 (test for errors, line 747)
FAIL: g++.dg/cpp0x/rv3n.C -std=gnu++14 (test for errors, line 748)
FAIL: g++.dg/cpp0x/rv3n.C -std=gnu++14 (test for errors, line 749)
FAIL: g++.dg/cpp0x/rv3n.C -std=gnu++14 (test for errors, line 760)
FAIL: g++.dg/cpp0x/rv3n.C -std=gnu++14 (test for errors, line 762)
FAIL: g++.dg/cpp0x/rv3n.C -std=gnu++14 (test for errors, line 763)
FAIL: g++.dg/cpp0x/rv3n.C -std=gnu++14 (test for errors, line 764)
FAIL: g++.dg/cpp0x/rv3n.C -std=gnu++14 (test for errors, line 775)
FAIL: g++.dg/cpp0x/rv3n.C -std=gnu++14 (test for errors, line 777)
FAIL: g++.dg/cpp0x/rv3n.C -std=gnu++14 (test for errors, line 778)
FAIL: g++.dg/cpp0x/rv3n.C -std=gnu++14 (test for errors, line 779)
FAIL: g++.dg/cpp0x/rv3n.C -std=gnu++14 (test for errors, line 780)
FAIL: g++.dg/cpp0x/rv3n.C -std=gnu++14 (test for errors, line 781)
FAIL: g++.dg/cpp0x/rv3n.C -std=gnu++14 (test for errors, line 782)
FAIL: g++.dg/cpp0x/rv3n.C -std=gnu++14 (test for errors, line 793)
FAIL: g++.dg/cpp0x/rv3n.C -std=gnu++14 (test for errors, line 795)
FAIL: g++.dg/cpp0x/rv3n.C -std=gnu++14 (test for errors, line 796)
FAIL: g++.dg/cpp0x/rv3n.C -std=gnu++14 (test for errors, line 797)
FAIL: g++.dg/cpp0x/rv3n.C -std=gnu++14 (test for errors, line 798)
FAIL: g++.dg/cpp0x/rv3n.C -std=gnu++14 (test for errors, line 799)
FAIL: g++.dg/cpp0x/rv3n.C -std=gnu++14 (test for errors, line 810)
FAIL: g++.dg/cpp0x/rv3n.C -std=gnu++14 (test for errors, line 812)
FAIL: g++.dg/cpp0x/rv3n.C -std=gnu++14 (test for errors, line 813)
FAIL: g++.dg/cpp0x/rv3n.C -std=gnu++14 (test for errors, line 814)
FAIL: g++.dg/cpp0x/rv3n.C -std=gnu++14 (test for errors, line 815)
FAIL: g++.dg/cpp0x/rv3n.C -std=gnu++14 (test for errors, line 816)
FAIL: g++.dg/cpp0x/rv3n.C -std=gnu++14 (test for errors, line 827)
FAIL: g++.dg/cpp0x/rv3n.C -std=gnu++14 (test for errors, line 829)
FAIL: g++.dg/cpp0x/rv3n.C -std=gnu++14 (test for errors, line 830)
FAIL: g++.dg/cpp0x/rv3n.C -std=gnu++14 (test for errors, line 831)
FAIL: g++.dg/cpp0x/rv3n.C -std=gnu++14 (test for errors, line 832)
FAIL: g++.dg/cpp0x/rv3n.C -std=gnu++14 (test for errors, line 833)
FAIL: g++.dg/cpp0x/rv3n.C -std=gnu++14 (test for errors, line 834)
FAIL: g++.dg/cpp0x/rv3n.C -std=gnu++14 (test for excess errors)
FAIL: g++.dg/guality/pr55665.C -O2 line 23 p == 40
FAIL: g++.dg/guality/pr55665.C -O3 -fomit-frame-pointer line 23 p == 40
FAIL: g++.dg/guality/pr55665.C -O3 -g line 23 p == 40
XPASS: g++.dg/tls/thread_local-order2.C -std=c++11 execution test
XPASS: g++.dg/tls/thread_local-order2.C -std=c++14 execution test
=== g++ Summary for unix/-m32 ===
# of expected passes 91635
# of unexpected failures 103
# of unexpected successes 2
# of expected failures 339
# of unsupported tests 3411
=== g++ Summary ===
# of expected passes 184935
# of unexpected failures 108
# of unexpected successes 4
# of expected failures 678
# of unsupported tests 7079
/export/gnu/import/git/gcc-test-intel64corei7/bld/gcc/testsuite/g++/../../xg++ version 5.0.0 20150405 (experimental) [trunk revision 221872] (GCC)
=== objc tests ===
Running target unix
=== objc Summary for unix ===
# of expected passes 3010
# of expected failures 6
# of unsupported tests 74
Running target unix/-m32
=== objc Summary for unix/-m32 ===
# of expected passes 3010
# of expected failures 6
# of unsupported tests 74
=== objc Summary ===
# of expected passes 6020
# of expected failures 12
# of unsupported tests 148
/export/gnu/import/git/gcc-test-intel64corei7/bld/gcc/xgcc version 5.0.0 20150405 (experimental) [trunk revision 221872] (GCC)
=== boehm-gc tests ===
Running target unix/-m32
=== boehm-gc Summary for unix/-m32 ===
# of expected passes 12
# of unsupported tests 1
Running target unix
=== boehm-gc Summary for unix ===
# of expected passes 12
# of unsupported tests 1
=== boehm-gc Summary ===
# of expected passes 24
# of unsupported tests 2
=== libatomic tests ===
Running target unix/-m32
=== libatomic Summary for unix/-m32 ===
# of expected passes 44
# of unsupported tests 5
Running target unix
=== libatomic Summary for unix ===
# of expected passes 54
=== libatomic Summary ===
# of expected passes 98
# of unsupported tests 5
=== libffi tests ===
Running target unix/-m32
=== libffi Summary for unix/-m32 ===
# of expected passes 2439
# of unsupported tests 30
Running target unix
=== libffi Summary for unix ===
# of expected passes 1914
# of unsupported tests 30
=== libffi Summary ===
# of expected passes 4353
# of unsupported tests 60
=== libgomp tests ===
Running target unix/-m32
=== libgomp Summary for unix/-m32 ===
# of expected passes 5780
# of unsupported tests 254
Running target unix
=== libgomp Summary for unix ===
# of expected passes 5780
# of unsupported tests 254
=== libgomp Summary ===
# of expected passes 11560
# of unsupported tests 508
=== libitm tests ===
Running target unix/-m32
=== libitm Summary for unix/-m32 ===
# of expected passes 26
# of expected failures 3
# of unsupported tests 1
Running target unix
=== libitm Summary for unix ===
# of expected passes 26
# of expected failures 3
# of unsupported tests 1
=== libitm Summary ===
# of expected passes 52
# of expected failures 6
# of unsupported tests 2
=== libjava tests ===
Running target unix/-m32
=== libjava Summary for unix/-m32 ===
# of expected passes 2582
# of expected failures 4
Running target unix
=== libjava Summary for unix ===
# of expected passes 2582
# of expected failures 4
=== libjava Summary ===
# of expected passes 5164
# of expected failures 8
=== libstdc++ tests ===
Running target unix
XPASS: 26_numerics/headers/cmath/c_math.cc execution test
=== libstdc++ Summary for unix ===
# of expected passes 4563
# of unexpected successes 1
# of expected failures 61
# of unsupported tests 229
Running target unix/-m32
=== libstdc++ Summary for unix/-m32 ===
# of expected passes 10494
# of expected failures 65
# of unsupported tests 225
=== libstdc++ Summary ===
# of expected passes 15057
# of unexpected successes 1
# of expected failures 126
# of unsupported tests 454
Compiler version: 5.0.0 20150405 (experimental) [trunk revision 221872] (GCC)
Platform: x86_64-unknown-linux-gnu
configure flags: --with-arch=corei7 --with-cpu=corei7 --prefix=/usr/5.0.0 --enable-clocale=gnu --with-system-zlib --enable-shared --with-demangler-in-ld --with-fpmath=sse --enable-languages=c,c++,fortran,java,lto,objc