This is the mail archive of the
gcc-testresults@gcc.gnu.org
mailing list for the GCC project.
Results for 5.0.0 20150403 (experimental) [trunk revision 221848] (GCC) testsuite on x86_64-unknown-linux-gnu
- From: intel64 at gnu-5 dot sc dot intel dot com (H.J. Lu (Intel64 -fpic -mcmodel=medium -mcmodel=large))
- To: gcc-testresults at gcc dot gnu dot org
- Date: Fri, 03 Apr 2015 03:06:03 -0700
- Subject: Results for 5.0.0 20150403 (experimental) [trunk revision 221848] (GCC) testsuite on x86_64-unknown-linux-gnu
- Authentication-results: sourceware.org; auth=none
Native configuration is x86_64-unknown-linux-gnu
=== g++ tests ===
Running target unix/-fpic
FAIL: g++.dg/ext/unary_trait_incomplete.C -std=c++11 (test for errors, line 48)
FAIL: g++.dg/ext/unary_trait_incomplete.C -std=c++11 (test for errors, line 50)
FAIL: g++.dg/ext/unary_trait_incomplete.C -std=c++11 (test for errors, line 54)
FAIL: g++.dg/ext/unary_trait_incomplete.C -std=c++11 (test for errors, line 56)
FAIL: g++.dg/ext/unary_trait_incomplete.C -std=c++11 (test for errors, line 60)
FAIL: g++.dg/ext/unary_trait_incomplete.C -std=c++11 (test for errors, line 62)
FAIL: g++.dg/ext/unary_trait_incomplete.C -std=c++11 (test for errors, line 66)
FAIL: g++.dg/ext/unary_trait_incomplete.C -std=c++11 (test for errors, line 68)
FAIL: g++.dg/ext/unary_trait_incomplete.C -std=c++11 (test for errors, line 72)
FAIL: g++.dg/ext/unary_trait_incomplete.C -std=c++11 (test for errors, line 74)
FAIL: g++.dg/ext/unary_trait_incomplete.C -std=c++11 (test for excess errors)
FAIL: g++.dg/ipa/devirt-40.C -std=gnu++11 scan-tree-dump-not fre2 "\\\\n OBJ_TYPE_REF"
FAIL: g++.dg/ipa/devirt-40.C -std=gnu++14 scan-tree-dump-not fre2 "\\\\n OBJ_TYPE_REF"
FAIL: g++.dg/ipa/devirt-40.C -std=gnu++98 scan-tree-dump-not fre2 "\\\\n OBJ_TYPE_REF"
FAIL: g++.dg/ipa/devirt-42.C -std=gnu++11 scan-ipa-dump-times inline "Discovered a virtual call to a known target" 2
FAIL: g++.dg/ipa/devirt-42.C -std=gnu++11 scan-tree-dump-times optimized "return 2" 3
FAIL: g++.dg/ipa/devirt-42.C -std=gnu++14 scan-ipa-dump-times inline "Discovered a virtual call to a known target" 2
FAIL: g++.dg/ipa/devirt-42.C -std=gnu++14 scan-tree-dump-times optimized "return 2" 3
FAIL: g++.dg/ipa/devirt-42.C -std=gnu++98 scan-ipa-dump-times inline "Discovered a virtual call to a known target" 2
FAIL: g++.dg/ipa/devirt-42.C -std=gnu++98 scan-tree-dump-times optimized "return 2" 3
FAIL: g++.dg/ipa/devirt-c-8.C -std=gnu++11 scan-ipa-dump cp "Discovered a virtual call to a known target.*A::foo"
FAIL: g++.dg/ipa/devirt-c-8.C -std=gnu++11 scan-tree-dump-times optimized "OBJ_TYPE_REF" 0
FAIL: g++.dg/ipa/devirt-c-8.C -std=gnu++14 scan-ipa-dump cp "Discovered a virtual call to a known target.*A::foo"
FAIL: g++.dg/ipa/devirt-c-8.C -std=gnu++14 scan-tree-dump-times optimized "OBJ_TYPE_REF" 0
FAIL: g++.dg/ipa/devirt-c-8.C -std=gnu++98 scan-ipa-dump cp "Discovered a virtual call to a known target.*A::foo"
FAIL: g++.dg/ipa/devirt-c-8.C -std=gnu++98 scan-tree-dump-times optimized "OBJ_TYPE_REF" 0
FAIL: g++.dg/ipa/ipa-icf-3.C -std=gnu++11 scan-ipa-dump icf "Equal symbols: 2"
FAIL: g++.dg/ipa/ipa-icf-3.C -std=gnu++11 scan-ipa-dump icf "Semantic equality hit:.*bar.*->.*foo.*"
FAIL: g++.dg/ipa/ipa-icf-3.C -std=gnu++14 scan-ipa-dump icf "Equal symbols: 2"
FAIL: g++.dg/ipa/ipa-icf-3.C -std=gnu++14 scan-ipa-dump icf "Semantic equality hit:.*bar.*->.*foo.*"
FAIL: g++.dg/ipa/ipa-icf-3.C -std=gnu++98 scan-ipa-dump icf "Equal symbols: 2"
FAIL: g++.dg/ipa/ipa-icf-3.C -std=gnu++98 scan-ipa-dump icf "Semantic equality hit:.*bar.*->.*foo.*"
FAIL: g++.dg/other/error15.C -std=c++98 (test for warnings, line 54)
FAIL: g++.dg/other/error15.C -std=c++98 (test for excess errors)
FAIL: g++.dg/template/pr16564.C -std=c++98 (test for errors, line 4)
FAIL: g++.dg/template/pr16564.C -std=c++98 (test for excess errors)
FAIL: c-c++-common/gomp/cancel-1.c -std=gnu++98 (test for errors, line 264)
FAIL: c-c++-common/gomp/cancel-1.c -std=gnu++98 (test for errors, line 265)
FAIL: c-c++-common/gomp/cancel-1.c -std=gnu++98 (test for errors, line 266)
FAIL: c-c++-common/gomp/cancel-1.c -std=gnu++98 (test for errors, line 267)
FAIL: c-c++-common/gomp/cancel-1.c -std=gnu++98 (test for errors, line 272)
FAIL: c-c++-common/gomp/cancel-1.c -std=gnu++98 (test for errors, line 273)
FAIL: c-c++-common/gomp/cancel-1.c -std=gnu++98 (test for errors, line 275)
FAIL: c-c++-common/gomp/cancel-1.c -std=gnu++98 (test for errors, line 276)
FAIL: c-c++-common/gomp/cancel-1.c -std=gnu++98 (test for errors, line 277)
FAIL: c-c++-common/gomp/cancel-1.c -std=gnu++98 (test for errors, line 279)
FAIL: c-c++-common/gomp/cancel-1.c -std=gnu++98 (test for errors, line 283)
FAIL: c-c++-common/gomp/cancel-1.c -std=gnu++98 (test for errors, line 284)
FAIL: c-c++-common/gomp/cancel-1.c -std=gnu++98 (test for errors, line 286)
FAIL: c-c++-common/gomp/cancel-1.c -std=gnu++98 (test for errors, line 287)
FAIL: c-c++-common/gomp/cancel-1.c -std=gnu++98 (test for errors, line 288)
FAIL: c-c++-common/gomp/cancel-1.c -std=gnu++98 (test for errors, line 290)
FAIL: c-c++-common/gomp/cancel-1.c -std=gnu++98 (test for errors, line 297)
FAIL: c-c++-common/gomp/cancel-1.c -std=gnu++98 (test for errors, line 298)
FAIL: c-c++-common/gomp/cancel-1.c -std=gnu++98 (test for errors, line 299)
FAIL: c-c++-common/gomp/cancel-1.c -std=gnu++98 (test for errors, line 300)
FAIL: c-c++-common/gomp/cancel-1.c -std=gnu++98 (test for errors, line 301)
FAIL: c-c++-common/gomp/cancel-1.c -std=gnu++98 (test for errors, line 302)
FAIL: c-c++-common/gomp/cancel-1.c -std=gnu++98 (test for errors, line 303)
FAIL: c-c++-common/gomp/cancel-1.c -std=gnu++98 (test for errors, line 304)
FAIL: c-c++-common/gomp/cancel-1.c -std=gnu++98 (test for errors, line 309)
FAIL: c-c++-common/gomp/cancel-1.c -std=gnu++98 (test for errors, line 310)
FAIL: c-c++-common/gomp/cancel-1.c -std=gnu++98 (test for errors, line 311)
FAIL: c-c++-common/gomp/cancel-1.c -std=gnu++98 (test for errors, line 312)
FAIL: c-c++-common/gomp/cancel-1.c -std=gnu++98 (test for errors, line 313)
FAIL: c-c++-common/gomp/cancel-1.c -std=gnu++98 (test for errors, line 314)
FAIL: c-c++-common/gomp/cancel-1.c -std=gnu++98 (test for errors, line 315)
FAIL: c-c++-common/gomp/cancel-1.c -std=gnu++98 (test for errors, line 316)
FAIL: c-c++-common/gomp/cancel-1.c -std=gnu++98 (test for errors, line 323)
FAIL: c-c++-common/gomp/cancel-1.c -std=gnu++98 (test for errors, line 324)
FAIL: c-c++-common/gomp/cancel-1.c -std=gnu++98 (test for errors, line 325)
FAIL: c-c++-common/gomp/cancel-1.c -std=gnu++98 (test for errors, line 326)
FAIL: c-c++-common/gomp/cancel-1.c -std=gnu++98 (test for errors, line 327)
FAIL: c-c++-common/gomp/cancel-1.c -std=gnu++98 (test for errors, line 328)
FAIL: c-c++-common/gomp/cancel-1.c -std=gnu++98 (test for errors, line 329)
FAIL: c-c++-common/gomp/cancel-1.c -std=gnu++98 (test for errors, line 330)
FAIL: c-c++-common/gomp/cancel-1.c -std=gnu++98 (test for errors, line 335)
FAIL: c-c++-common/gomp/cancel-1.c -std=gnu++98 (test for errors, line 336)
FAIL: c-c++-common/gomp/cancel-1.c -std=gnu++98 (test for errors, line 337)
FAIL: c-c++-common/gomp/cancel-1.c -std=gnu++98 (test for errors, line 338)
FAIL: c-c++-common/gomp/cancel-1.c -std=gnu++98 (test for errors, line 339)
FAIL: c-c++-common/gomp/cancel-1.c -std=gnu++98 (test for errors, line 340)
FAIL: c-c++-common/gomp/cancel-1.c -std=gnu++98 (test for errors, line 341)
FAIL: c-c++-common/gomp/cancel-1.c -std=gnu++98 (test for errors, line 342)
FAIL: c-c++-common/gomp/cancel-1.c -std=gnu++98 (test for errors, line 347)
FAIL: c-c++-common/gomp/cancel-1.c -std=gnu++98 (test for errors, line 348)
FAIL: c-c++-common/gomp/cancel-1.c -std=gnu++98 (test for errors, line 349)
FAIL: c-c++-common/gomp/cancel-1.c -std=gnu++98 (test for errors, line 351)
FAIL: c-c++-common/gomp/cancel-1.c -std=gnu++98 (test for errors, line 352)
FAIL: c-c++-common/gomp/cancel-1.c -std=gnu++98 (test for errors, line 353)
FAIL: c-c++-common/gomp/cancel-1.c -std=gnu++98 (test for errors, line 357)
FAIL: c-c++-common/gomp/cancel-1.c -std=gnu++98 (test for errors, line 358)
FAIL: c-c++-common/gomp/cancel-1.c -std=gnu++98 (test for errors, line 359)
FAIL: c-c++-common/gomp/cancel-1.c -std=gnu++98 (test for errors, line 360)
FAIL: c-c++-common/gomp/cancel-1.c -std=gnu++98 (test for errors, line 361)
FAIL: c-c++-common/gomp/cancel-1.c -std=gnu++98 (test for errors, line 362)
FAIL: c-c++-common/gomp/cancel-1.c -std=gnu++98 (test for errors, line 363)
FAIL: c-c++-common/gomp/cancel-1.c -std=gnu++98 (test for errors, line 364)
FAIL: c-c++-common/gomp/cancel-1.c -std=gnu++98 (test for warnings, line 376)
FAIL: c-c++-common/gomp/cancel-1.c -std=gnu++98 (test for warnings, line 381)
FAIL: c-c++-common/gomp/cancel-1.c -std=gnu++98 (test for warnings, line 385)
FAIL: c-c++-common/gomp/cancel-1.c -std=gnu++98 (test for warnings, line 391)
FAIL: c-c++-common/gomp/cancel-1.c -std=gnu++98 (test for excess errors)
FAIL: g++.dg/gomp/declare-simd-2.C -std=c++14 (test for errors, line 91)
FAIL: g++.dg/gomp/declare-simd-2.C -std=c++14 (test for errors, line 93)
FAIL: g++.dg/gomp/declare-simd-2.C -std=c++14 (test for excess errors)
XPASS: g++.dg/tls/thread_local-order2.C -std=c++11 execution test
XPASS: g++.dg/tls/thread_local-order2.C -std=c++14 execution test
FAIL: g++.dg/torture/pr64378.C -O2 -flto -fno-use-linker-plugin -flto-partition=none (internal compiler error)
FAIL: g++.dg/torture/pr64378.C -O2 -flto -fno-use-linker-plugin -flto-partition=none (test for excess errors)
FAIL: c-c++-common/ubsan/object-size-9.c -O2 output pattern test
FAIL: c-c++-common/ubsan/object-size-9.c -O2 -flto -fno-use-linker-plugin -flto-partition=none output pattern test
=== g++ Summary for unix/-fpic ===
# of expected passes 93089
# of unexpected failures 110
# of unexpected successes 2
# of expected failures 333
# of unsupported tests 3698
Running target unix/-fpic -mcmodel=medium
FAIL: g++.dg/cpp0x/rv3n.C -std=gnu++11 (test for errors, line 827)
FAIL: g++.dg/cpp0x/rv3n.C -std=gnu++11 (test for errors, line 829)
FAIL: g++.dg/cpp0x/rv3n.C -std=gnu++11 (test for errors, line 830)
FAIL: g++.dg/cpp0x/rv3n.C -std=gnu++11 (test for errors, line 831)
FAIL: g++.dg/cpp0x/rv3n.C -std=gnu++11 (test for errors, line 832)
FAIL: g++.dg/cpp0x/rv3n.C -std=gnu++11 (test for errors, line 833)
FAIL: g++.dg/cpp0x/rv3n.C -std=gnu++11 (test for errors, line 834)
FAIL: g++.dg/cpp0x/rv3n.C -std=gnu++11 (test for excess errors)
FAIL: g++.dg/ext/gnu-inline-global-reject.C -std=gnu++11 (test for errors, line 56)
FAIL: g++.dg/ext/gnu-inline-global-reject.C -std=gnu++11 (test for warnings, line 54)
FAIL: g++.dg/ext/gnu-inline-global-reject.C -std=gnu++11 (test for excess errors)
FAIL: g++.dg/ipa/devirt-40.C -std=gnu++11 scan-tree-dump-not fre2 "\\\\n OBJ_TYPE_REF"
FAIL: g++.dg/ipa/devirt-40.C -std=gnu++14 scan-tree-dump-not fre2 "\\\\n OBJ_TYPE_REF"
FAIL: g++.dg/ipa/devirt-40.C -std=gnu++98 scan-tree-dump-not fre2 "\\\\n OBJ_TYPE_REF"
FAIL: g++.dg/ipa/devirt-42.C -std=gnu++11 scan-ipa-dump-times inline "Discovered a virtual call to a known target" 2
FAIL: g++.dg/ipa/devirt-42.C -std=gnu++11 scan-tree-dump-times optimized "return 2" 3
FAIL: g++.dg/ipa/devirt-42.C -std=gnu++14 scan-ipa-dump-times inline "Discovered a virtual call to a known target" 2
FAIL: g++.dg/ipa/devirt-42.C -std=gnu++14 scan-tree-dump-times optimized "return 2" 3
FAIL: g++.dg/ipa/devirt-42.C -std=gnu++98 scan-ipa-dump-times inline "Discovered a virtual call to a known target" 2
FAIL: g++.dg/ipa/devirt-42.C -std=gnu++98 scan-tree-dump-times optimized "return 2" 3
FAIL: g++.dg/ipa/devirt-c-8.C -std=gnu++11 scan-ipa-dump cp "Discovered a virtual call to a known target.*A::foo"
FAIL: g++.dg/ipa/devirt-c-8.C -std=gnu++11 scan-tree-dump-times optimized "OBJ_TYPE_REF" 0
FAIL: g++.dg/ipa/devirt-c-8.C -std=gnu++14 scan-ipa-dump cp "Discovered a virtual call to a known target.*A::foo"
FAIL: g++.dg/ipa/devirt-c-8.C -std=gnu++14 scan-tree-dump-times optimized "OBJ_TYPE_REF" 0
FAIL: g++.dg/ipa/devirt-c-8.C -std=gnu++98 scan-ipa-dump cp "Discovered a virtual call to a known target.*A::foo"
FAIL: g++.dg/ipa/devirt-c-8.C -std=gnu++98 scan-tree-dump-times optimized "OBJ_TYPE_REF" 0
FAIL: g++.dg/ipa/ipa-icf-3.C -std=gnu++11 scan-ipa-dump icf "Equal symbols: 2"
FAIL: g++.dg/ipa/ipa-icf-3.C -std=gnu++11 scan-ipa-dump icf "Semantic equality hit:.*bar.*->.*foo.*"
FAIL: g++.dg/ipa/ipa-icf-3.C -std=gnu++14 scan-ipa-dump icf "Equal symbols: 2"
FAIL: g++.dg/ipa/ipa-icf-3.C -std=gnu++14 scan-ipa-dump icf "Semantic equality hit:.*bar.*->.*foo.*"
FAIL: g++.dg/ipa/ipa-icf-3.C -std=gnu++98 scan-ipa-dump icf "Equal symbols: 2"
FAIL: g++.dg/ipa/ipa-icf-3.C -std=gnu++98 scan-ipa-dump icf "Semantic equality hit:.*bar.*->.*foo.*"
FAIL: c-c++-common/goacc-gomp/nesting-fail-1.c -std=c++14 (test for errors, line 220)
FAIL: c-c++-common/goacc-gomp/nesting-fail-1.c -std=c++14 (test for errors, line 225)
FAIL: c-c++-common/goacc-gomp/nesting-fail-1.c -std=c++14 (test for errors, line 231)
FAIL: c-c++-common/goacc-gomp/nesting-fail-1.c -std=c++14 (test for errors, line 233)
FAIL: c-c++-common/goacc-gomp/nesting-fail-1.c -std=c++14 (test for errors, line 235)
FAIL: c-c++-common/goacc-gomp/nesting-fail-1.c -std=c++14 (test for errors, line 244)
FAIL: c-c++-common/goacc-gomp/nesting-fail-1.c -std=c++14 (test for errors, line 250)
FAIL: c-c++-common/goacc-gomp/nesting-fail-1.c -std=c++14 (test for errors, line 257)
FAIL: c-c++-common/goacc-gomp/nesting-fail-1.c -std=c++14 (test for errors, line 265)
FAIL: c-c++-common/goacc-gomp/nesting-fail-1.c -std=c++14 (test for errors, line 271)
FAIL: c-c++-common/goacc-gomp/nesting-fail-1.c -std=c++14 (test for errors, line 277)
FAIL: c-c++-common/goacc-gomp/nesting-fail-1.c -std=c++14 (test for errors, line 283)
FAIL: c-c++-common/goacc-gomp/nesting-fail-1.c -std=c++14 (test for errors, line 290)
FAIL: c-c++-common/goacc-gomp/nesting-fail-1.c -std=c++14 (test for errors, line 295)
FAIL: c-c++-common/goacc-gomp/nesting-fail-1.c -std=c++14 (test for errors, line 301)
FAIL: c-c++-common/goacc-gomp/nesting-fail-1.c -std=c++14 (test for errors, line 303)
FAIL: c-c++-common/goacc-gomp/nesting-fail-1.c -std=c++14 (test for errors, line 305)
FAIL: c-c++-common/goacc-gomp/nesting-fail-1.c -std=c++14 (test for errors, line 314)
FAIL: c-c++-common/goacc-gomp/nesting-fail-1.c -std=c++14 (test for errors, line 320)
FAIL: c-c++-common/goacc-gomp/nesting-fail-1.c -std=c++14 (test for errors, line 327)
FAIL: c-c++-common/goacc-gomp/nesting-fail-1.c -std=c++14 (test for errors, line 335)
FAIL: c-c++-common/goacc-gomp/nesting-fail-1.c -std=c++14 (test for errors, line 341)
FAIL: c-c++-common/goacc-gomp/nesting-fail-1.c -std=c++14 (test for errors, line 347)
FAIL: c-c++-common/goacc-gomp/nesting-fail-1.c -std=c++14 (test for errors, line 353)
FAIL: c-c++-common/goacc-gomp/nesting-fail-1.c -std=c++14 (test for errors, line 360)
FAIL: c-c++-common/goacc-gomp/nesting-fail-1.c -std=c++14 (test for errors, line 365)
FAIL: c-c++-common/goacc-gomp/nesting-fail-1.c -std=c++14 (test for errors, line 371)
FAIL: c-c++-common/goacc-gomp/nesting-fail-1.c -std=c++14 (test for errors, line 373)
FAIL: c-c++-common/goacc-gomp/nesting-fail-1.c -std=c++14 (test for errors, line 375)
FAIL: c-c++-common/goacc-gomp/nesting-fail-1.c -std=c++14 (test for errors, line 385)
FAIL: c-c++-common/goacc-gomp/nesting-fail-1.c -std=c++14 (test for errors, line 392)
FAIL: c-c++-common/goacc-gomp/nesting-fail-1.c -std=c++14 (test for errors, line 400)
FAIL: c-c++-common/goacc-gomp/nesting-fail-1.c -std=c++14 (test for errors, line 409)
FAIL: c-c++-common/goacc-gomp/nesting-fail-1.c -std=c++14 (test for errors, line 416)
FAIL: c-c++-common/goacc-gomp/nesting-fail-1.c -std=c++14 (test for errors, line 423)
FAIL: c-c++-common/goacc-gomp/nesting-fail-1.c -std=c++14 (test for errors, line 430)
FAIL: c-c++-common/goacc-gomp/nesting-fail-1.c -std=c++14 (test for errors, line 438)
FAIL: c-c++-common/goacc-gomp/nesting-fail-1.c -std=c++14 (test for errors, line 444)
FAIL: c-c++-common/goacc-gomp/nesting-fail-1.c -std=c++14 (test for errors, line 451)
FAIL: c-c++-common/goacc-gomp/nesting-fail-1.c -std=c++14 (test for errors, line 453)
FAIL: c-c++-common/goacc-gomp/nesting-fail-1.c -std=c++14 (test for errors, line 455)
FAIL: c-c++-common/goacc-gomp/nesting-fail-1.c -std=c++14 (test for excess errors)
XPASS: g++.dg/tls/thread_local-order2.C -std=c++11 execution test
XPASS: g++.dg/tls/thread_local-order2.C -std=c++14 execution test
FAIL: g++.dg/torture/pr64378.C -O2 -flto -fno-use-linker-plugin -flto-partition=none (internal compiler error)
FAIL: g++.dg/torture/pr64378.C -O2 -flto -fno-use-linker-plugin -flto-partition=none (test for excess errors)
FAIL: c-c++-common/ubsan/object-size-9.c -O2 output pattern test
FAIL: c-c++-common/ubsan/object-size-9.c -O2 -flto -fno-use-linker-plugin -flto-partition=none output pattern test
=== g++ Summary for unix/-fpic -mcmodel=medium ===
# of expected passes 93118
# of unexpected failures 78
# of unexpected successes 2
# of expected failures 333
# of unsupported tests 3701
Running target unix/-mcmodel=medium
FAIL: g++.dg/cilk-plus/CK/fib-opr-overload.cc -g -fcilkplus execution test
WARNING: program timed out.
FAIL: g++.dg/cpp0x/rv4n.C -std=gnu++11 (test for errors, line 641)
FAIL: g++.dg/cpp0x/rv4n.C -std=gnu++11 (test for errors, line 642)
FAIL: g++.dg/cpp0x/rv4n.C -std=gnu++11 (test for errors, line 643)
FAIL: g++.dg/cpp0x/rv4n.C -std=gnu++11 (test for errors, line 655)
FAIL: g++.dg/cpp0x/rv4n.C -std=gnu++11 (test for errors, line 657)
FAIL: g++.dg/cpp0x/rv4n.C -std=gnu++11 (test for errors, line 658)
FAIL: g++.dg/cpp0x/rv4n.C -std=gnu++11 (test for errors, line 659)
FAIL: g++.dg/cpp0x/rv4n.C -std=gnu++11 (test for errors, line 660)
FAIL: g++.dg/cpp0x/rv4n.C -std=gnu++11 (test for errors, line 661)
FAIL: g++.dg/cpp0x/rv4n.C -std=gnu++11 (test for errors, line 673)
FAIL: g++.dg/cpp0x/rv4n.C -std=gnu++11 (test for errors, line 675)
FAIL: g++.dg/cpp0x/rv4n.C -std=gnu++11 (test for errors, line 676)
FAIL: g++.dg/cpp0x/rv4n.C -std=gnu++11 (test for errors, line 677)
FAIL: g++.dg/cpp0x/rv4n.C -std=gnu++11 (test for errors, line 689)
FAIL: g++.dg/cpp0x/rv4n.C -std=gnu++11 (test for errors, line 691)
FAIL: g++.dg/cpp0x/rv4n.C -std=gnu++11 (test for errors, line 692)
FAIL: g++.dg/cpp0x/rv4n.C -std=gnu++11 (test for errors, line 693)
FAIL: g++.dg/cpp0x/rv4n.C -std=gnu++11 (test for errors, line 705)
FAIL: g++.dg/cpp0x/rv4n.C -std=gnu++11 (test for errors, line 707)
FAIL: g++.dg/cpp0x/rv4n.C -std=gnu++11 (test for errors, line 708)
FAIL: g++.dg/cpp0x/rv4n.C -std=gnu++11 (test for errors, line 709)
FAIL: g++.dg/cpp0x/rv4n.C -std=gnu++11 (test for errors, line 721)
FAIL: g++.dg/cpp0x/rv4n.C -std=gnu++11 (test for errors, line 723)
FAIL: g++.dg/cpp0x/rv4n.C -std=gnu++11 (test for errors, line 724)
FAIL: g++.dg/cpp0x/rv4n.C -std=gnu++11 (test for errors, line 736)
FAIL: g++.dg/cpp0x/rv4n.C -std=gnu++11 (test for errors, line 738)
FAIL: g++.dg/cpp0x/rv4n.C -std=gnu++11 (test for errors, line 739)
FAIL: g++.dg/cpp0x/rv4n.C -std=gnu++11 (test for errors, line 740)
FAIL: g++.dg/cpp0x/rv4n.C -std=gnu++11 (test for errors, line 752)
FAIL: g++.dg/cpp0x/rv4n.C -std=gnu++11 (test for errors, line 754)
FAIL: g++.dg/cpp0x/rv4n.C -std=gnu++11 (test for errors, line 755)
FAIL: g++.dg/cpp0x/rv4n.C -std=gnu++11 (test for errors, line 756)
FAIL: g++.dg/cpp0x/rv4n.C -std=gnu++11 (test for errors, line 757)
FAIL: g++.dg/cpp0x/rv4n.C -std=gnu++11 (test for errors, line 769)
FAIL: g++.dg/cpp0x/rv4n.C -std=gnu++11 (test for errors, line 771)
FAIL: g++.dg/cpp0x/rv4n.C -std=gnu++11 (test for errors, line 772)
FAIL: g++.dg/cpp0x/rv4n.C -std=gnu++11 (test for errors, line 773)
FAIL: g++.dg/cpp0x/rv4n.C -std=gnu++11 (test for errors, line 785)
FAIL: g++.dg/cpp0x/rv4n.C -std=gnu++11 (test for errors, line 787)
FAIL: g++.dg/cpp0x/rv4n.C -std=gnu++11 (test for errors, line 788)
FAIL: g++.dg/cpp0x/rv4n.C -std=gnu++11 (test for errors, line 789)
FAIL: g++.dg/cpp0x/rv4n.C -std=gnu++11 (test for errors, line 801)
FAIL: g++.dg/cpp0x/rv4n.C -std=gnu++11 (test for errors, line 803)
FAIL: g++.dg/cpp0x/rv4n.C -std=gnu++11 (test for errors, line 804)
FAIL: g++.dg/cpp0x/rv4n.C -std=gnu++11 (test for errors, line 805)
FAIL: g++.dg/cpp0x/rv4n.C -std=gnu++11 (test for errors, line 806)
FAIL: g++.dg/cpp0x/rv4n.C -std=gnu++11 (test for errors, line 818)
FAIL: g++.dg/cpp0x/rv4n.C -std=gnu++11 (test for errors, line 820)
FAIL: g++.dg/cpp0x/rv4n.C -std=gnu++11 (test for errors, line 821)
FAIL: g++.dg/cpp0x/rv4n.C -std=gnu++11 (test for errors, line 822)
FAIL: g++.dg/cpp0x/rv4n.C -std=gnu++11 (test for errors, line 834)
FAIL: g++.dg/cpp0x/rv4n.C -std=gnu++11 (test for errors, line 836)
FAIL: g++.dg/cpp0x/rv4n.C -std=gnu++11 (test for errors, line 837)
FAIL: g++.dg/cpp0x/rv4n.C -std=gnu++11 (test for errors, line 838)
FAIL: g++.dg/cpp0x/rv4n.C -std=gnu++11 (test for errors, line 850)
FAIL: g++.dg/cpp0x/rv4n.C -std=gnu++11 (test for errors, line 852)
FAIL: g++.dg/cpp0x/rv4n.C -std=gnu++11 (test for errors, line 853)
FAIL: g++.dg/cpp0x/rv4n.C -std=gnu++11 (test for errors, line 854)
FAIL: g++.dg/cpp0x/rv4n.C -std=gnu++11 (test for errors, line 866)
FAIL: g++.dg/cpp0x/rv4n.C -std=gnu++11 (test for errors, line 868)
FAIL: g++.dg/cpp0x/rv4n.C -std=gnu++11 (test for errors, line 869)
FAIL: g++.dg/cpp0x/rv4n.C -std=gnu++11 (test for errors, line 870)
FAIL: g++.dg/cpp0x/rv4n.C -std=gnu++11 (test for errors, line 871)
FAIL: g++.dg/cpp0x/rv4n.C -std=gnu++11 (test for errors, line 883)
FAIL: g++.dg/cpp0x/rv4n.C -std=gnu++11 (test for errors, line 885)
FAIL: g++.dg/cpp0x/rv4n.C -std=gnu++11 (test for errors, line 886)
FAIL: g++.dg/cpp0x/rv4n.C -std=gnu++11 (test for errors, line 887)
FAIL: g++.dg/cpp0x/rv4n.C -std=gnu++11 (test for errors, line 899)
FAIL: g++.dg/cpp0x/rv4n.C -std=gnu++11 (test for errors, line 901)
FAIL: g++.dg/cpp0x/rv4n.C -std=gnu++11 (test for errors, line 902)
FAIL: g++.dg/cpp0x/rv4n.C -std=gnu++11 (test for errors, line 903)
FAIL: g++.dg/cpp0x/rv4n.C -std=gnu++11 (test for errors, line 915)
FAIL: g++.dg/cpp0x/rv4n.C -std=gnu++11 (test for errors, line 917)
FAIL: g++.dg/cpp0x/rv4n.C -std=gnu++11 (test for errors, line 918)
FAIL: g++.dg/cpp0x/rv4n.C -std=gnu++11 (test for errors, line 919)
FAIL: g++.dg/cpp0x/rv4n.C -std=gnu++11 (test for errors, line 920)
FAIL: g++.dg/cpp0x/rv4n.C -std=gnu++11 (test for errors, line 932)
FAIL: g++.dg/cpp0x/rv4n.C -std=gnu++11 (test for errors, line 934)
FAIL: g++.dg/cpp0x/rv4n.C -std=gnu++11 (test for errors, line 935)
FAIL: g++.dg/cpp0x/rv4n.C -std=gnu++11 (test for errors, line 947)
FAIL: g++.dg/cpp0x/rv4n.C -std=gnu++11 (test for errors, line 949)
FAIL: g++.dg/cpp0x/rv4n.C -std=gnu++11 (test for errors, line 950)
FAIL: g++.dg/cpp0x/rv4n.C -std=gnu++11 (test for errors, line 962)
FAIL: g++.dg/cpp0x/rv4n.C -std=gnu++11 (test for errors, line 964)
FAIL: g++.dg/cpp0x/rv4n.C -std=gnu++11 (test for errors, line 965)
FAIL: g++.dg/cpp0x/rv4n.C -std=gnu++11 (test for errors, line 966)
FAIL: g++.dg/cpp0x/rv4n.C -std=gnu++11 (test for errors, line 967)
FAIL: g++.dg/cpp0x/rv4n.C -std=gnu++11 (test for errors, line 968)
FAIL: g++.dg/cpp0x/rv4n.C -std=gnu++11 (test for warnings, line 764)
FAIL: g++.dg/cpp0x/rv4n.C -std=gnu++11 (test for warnings, line 779)
FAIL: g++.dg/cpp0x/rv4n.C -std=gnu++11 (test for warnings, line 780)
FAIL: g++.dg/cpp0x/rv4n.C -std=gnu++11 (test for warnings, line 877)
FAIL: g++.dg/cpp0x/rv4n.C -std=gnu++11 (test for warnings, line 878)
FAIL: g++.dg/cpp0x/rv4n.C -std=gnu++11 (test for warnings, line 894)
FAIL: g++.dg/cpp0x/rv4n.C -std=gnu++11 (test for warnings, line 954)
FAIL: g++.dg/cpp0x/rv4n.C -std=gnu++11 (test for warnings, line 955)
FAIL: g++.dg/cpp0x/rv4n.C -std=gnu++11 (test for warnings, line 956)
FAIL: g++.dg/cpp0x/rv4n.C -std=gnu++11 (test for warnings, line 957)
FAIL: g++.dg/cpp0x/std_fext-numeric-literals.C -std=gnu++11 (test for errors, line 89)
FAIL: g++.dg/cpp0x/std_fext-numeric-literals.C -std=gnu++11 (test for errors, line 90)
FAIL: g++.dg/cpp0x/std_fext-numeric-literals.C -std=gnu++11 (test for errors, line 91)
FAIL: g++.dg/cpp0x/std_fext-numeric-literals.C -std=gnu++11 (test for errors, line 92)
FAIL: g++.dg/cpp0x/std_fext-numeric-literals.C -std=gnu++11 (test for warnings, line 65)
FAIL: g++.dg/cpp0x/std_fext-numeric-literals.C -std=gnu++11 (test for warnings, line 69)
FAIL: g++.dg/cpp0x/std_fext-numeric-literals.C -std=gnu++11 (test for warnings, line 69)
FAIL: g++.dg/cpp0x/std_fext-numeric-literals.C -std=gnu++11 (test for warnings, line 73)
FAIL: g++.dg/cpp0x/std_fext-numeric-literals.C -std=gnu++11 (test for warnings, line 73)
FAIL: g++.dg/cpp0x/std_fext-numeric-literals.C -std=gnu++11 (test for excess errors)
FAIL: g++.dg/ext/gnu-inline-global-reject.C -std=gnu++11 (test for errors, line 56)
FAIL: g++.dg/ext/gnu-inline-global-reject.C -std=gnu++11 (test for warnings, line 54)
FAIL: g++.dg/template/pr16564.C -std=c++11 (test for errors, line 4)
FAIL: g++.dg/template/pr16564.C -std=c++11 (test for excess errors)
FAIL: g++.dg/template/pr16564.C -std=c++98 (test for errors, line 4)
FAIL: g++.dg/template/pr16564.C -std=c++98 (test for excess errors)
FAIL: g++.dg/warn/overflow-warn-4.C -std=gnu++98 (test for warnings, line 101)
FAIL: g++.dg/warn/overflow-warn-4.C -std=gnu++98 (test for warnings, line 103)
FAIL: g++.dg/warn/overflow-warn-4.C -std=gnu++98 (test for warnings, line 104)
FAIL: g++.dg/warn/overflow-warn-4.C -std=gnu++98 (test for warnings, line 81)
FAIL: g++.dg/warn/overflow-warn-4.C -std=gnu++98 (test for warnings, line 87)
FAIL: g++.dg/warn/overflow-warn-4.C -std=gnu++98 (test for warnings, line 96)
FAIL: g++.dg/warn/overflow-warn-4.C -std=gnu++98 (test for warnings, line 97)
FAIL: g++.dg/warn/overflow-warn-4.C -std=gnu++98 (test for warnings, line 98)
FAIL: g++.dg/warn/overflow-warn-4.C -std=gnu++98 (test for warnings, line 99)
FAIL: g++.dg/warn/overflow-warn-4.C -std=gnu++98 (test for excess errors)
FAIL: g++.dg/guality/pr55665.C -O2 line 23 p == 40
FAIL: g++.dg/guality/pr55665.C -O3 -fomit-frame-pointer line 23 p == 40
FAIL: g++.dg/guality/pr55665.C -O3 -g line 23 p == 40
XPASS: g++.dg/tls/thread_local-order2.C -std=c++11 execution test
XPASS: g++.dg/tls/thread_local-order2.C -std=c++14 execution test
FAIL: g++.dg/torture/pr64378.C -O2 -flto -fno-use-linker-plugin -flto-partition=none (internal compiler error)
FAIL: g++.dg/torture/pr64378.C -O2 -flto -fno-use-linker-plugin -flto-partition=none (test for excess errors)
FAIL: g++.dg/ubsan/pr63956.C -O3 -fomit-frame-pointer (test for errors, line 113)
FAIL: g++.dg/ubsan/pr63956.C -O3 -fomit-frame-pointer (test for errors, line 124)
FAIL: g++.dg/ubsan/pr63956.C -O3 -fomit-frame-pointer (test for errors, line 127)
FAIL: g++.dg/ubsan/pr63956.C -O3 -fomit-frame-pointer (test for errors, line 142)
FAIL: g++.dg/ubsan/pr63956.C -O3 -fomit-frame-pointer (test for errors, line 143)
FAIL: g++.dg/ubsan/pr63956.C -O3 -fomit-frame-pointer (test for errors, line 159)
FAIL: g++.dg/ubsan/pr63956.C -O3 -fomit-frame-pointer (test for errors, line 165)
FAIL: g++.dg/ubsan/pr63956.C -O3 -fomit-frame-pointer (test for excess errors)
=== g++ Summary for unix/-mcmodel=medium ===
# of expected passes 93156
# of unexpected failures 138
# of unexpected successes 2
# of expected failures 339
# of unsupported tests 3669
=== g++ Summary ===
# of expected passes 279363
# of unexpected failures 326
# of unexpected successes 6
# of expected failures 1005
# of unsupported tests 11068
/export/gnu/import/git/gcc-test-intel64/bld/gcc/testsuite/g++/../../xg++ version 5.0.0 20150403 (experimental) [trunk revision 221848] (GCC)
=== gcc tests ===
Running target unix/-fpic
FAIL: gcc.dg/gomp/clause-1.c (test for errors, line 85)
FAIL: gcc.dg/gomp/clause-1.c (test for errors, line 89)
FAIL: gcc.dg/gomp/clause-1.c (test for errors, line 92)
FAIL: gcc.dg/gomp/clause-1.c (test for excess errors)
XPASS: gcc.dg/guality/example.c -O0 execution test
XPASS: gcc.dg/guality/example.c -O1 execution test
XPASS: gcc.dg/guality/guality.c -O0 execution test
XPASS: gcc.dg/guality/guality.c -O1 execution test
XPASS: gcc.dg/guality/guality.c -O2 execution test
XPASS: gcc.dg/guality/guality.c -O2 -flto -fno-use-linker-plugin -flto-partition=none execution test
XPASS: gcc.dg/guality/guality.c -O2 -flto -fuse-linker-plugin -fno-fat-lto-objects execution test
XPASS: gcc.dg/guality/guality.c -O3 -fomit-frame-pointer execution test
XPASS: gcc.dg/guality/guality.c -O3 -g execution test
XPASS: gcc.dg/guality/guality.c -Os execution test
XPASS: gcc.dg/guality/inline-params.c -O2 execution test
XPASS: gcc.dg/guality/inline-params.c -O2 -flto -fno-use-linker-plugin -flto-partition=none execution test
XPASS: gcc.dg/guality/inline-params.c -O3 -fomit-frame-pointer execution test
XPASS: gcc.dg/guality/inline-params.c -O3 -g execution test
XPASS: gcc.dg/guality/inline-params.c -Os execution test
FAIL: gcc.dg/guality/pr36728-2.c -O1 line 18 *x == (char) 25
FAIL: gcc.dg/guality/pr36728-2.c -O2 line 18 *x == (char) 25
FAIL: gcc.dg/guality/pr36728-2.c -O2 -flto -fno-use-linker-plugin -flto-partition=none line 18 *x == (char) 25
FAIL: gcc.dg/guality/pr36728-2.c -O3 -fomit-frame-pointer line 18 *x == (char) 25
FAIL: gcc.dg/guality/pr36728-2.c -O3 -g line 18 *x == (char) 25
FAIL: gcc.dg/guality/pr36728-2.c -Os line 18 *x == (char) 25
XPASS: gcc.dg/guality/pr41353-1.c -O0 line 28 j == 28 + 37
FAIL: gcc.dg/guality/pr41447-1.c -O2 execution test
FAIL: gcc.dg/guality/pr41447-1.c -O2 -flto -fno-use-linker-plugin -flto-partition=none execution test
FAIL: gcc.dg/guality/pr41447-1.c -O3 -fomit-frame-pointer execution test
FAIL: gcc.dg/guality/pr41447-1.c -O3 -g execution test
FAIL: gcc.dg/guality/pr41447-1.c -Os execution test
FAIL: gcc.dg/guality/pr41616-1.c -O2 -flto -fuse-linker-plugin -fno-fat-lto-objects execution test
FAIL: gcc.dg/guality/pr43051-1.c -O2 line 35 v == 1
FAIL: gcc.dg/guality/pr43051-1.c -O2 line 36 e == &a[1]
FAIL: gcc.dg/guality/pr43051-1.c -O2 line 39 c == &a[0]
FAIL: gcc.dg/guality/pr43051-1.c -O2 line 40 v == 1
FAIL: gcc.dg/guality/pr43051-1.c -O2 line 41 e == &a[1]
FAIL: gcc.dg/guality/pr43051-1.c -O2 -flto -fno-use-linker-plugin -flto-partition=none line 35 v == 1
FAIL: gcc.dg/guality/pr43051-1.c -O2 -flto -fno-use-linker-plugin -flto-partition=none line 36 e == &a[1]
FAIL: gcc.dg/guality/pr43051-1.c -O2 -flto -fno-use-linker-plugin -flto-partition=none line 39 c == &a[0]
FAIL: gcc.dg/guality/pr43051-1.c -O2 -flto -fno-use-linker-plugin -flto-partition=none line 40 v == 1
FAIL: gcc.dg/guality/pr43051-1.c -O2 -flto -fno-use-linker-plugin -flto-partition=none line 41 e == &a[1]
FAIL: gcc.dg/guality/pr43051-1.c -O2 -flto -fuse-linker-plugin -fno-fat-lto-objects line 35 v == 1
FAIL: gcc.dg/guality/pr43051-1.c -O2 -flto -fuse-linker-plugin -fno-fat-lto-objects line 36 e == &a[1]
FAIL: gcc.dg/guality/pr43051-1.c -O2 -flto -fuse-linker-plugin -fno-fat-lto-objects line 39 c == &a[0]
FAIL: gcc.dg/guality/pr43051-1.c -O2 -flto -fuse-linker-plugin -fno-fat-lto-objects line 40 v == 1
FAIL: gcc.dg/guality/pr43051-1.c -O2 -flto -fuse-linker-plugin -fno-fat-lto-objects line 41 e == &a[1]
FAIL: gcc.dg/guality/pr43051-1.c -O3 -fomit-frame-pointer line 35 v == 1
FAIL: gcc.dg/guality/pr43051-1.c -O3 -fomit-frame-pointer line 36 e == &a[1]
FAIL: gcc.dg/guality/pr43051-1.c -O3 -fomit-frame-pointer line 39 c == &a[0]
FAIL: gcc.dg/guality/pr43051-1.c -O3 -fomit-frame-pointer line 40 v == 1
FAIL: gcc.dg/guality/pr43051-1.c -O3 -fomit-frame-pointer line 41 e == &a[1]
FAIL: gcc.dg/guality/pr43051-1.c -O3 -fomit-frame-pointer -funroll-all-loops -finline-functions line 35 v == 1
FAIL: gcc.dg/guality/pr43051-1.c -O3 -fomit-frame-pointer -funroll-all-loops -finline-functions line 36 e == &a[1]
FAIL: gcc.dg/guality/pr43051-1.c -O3 -fomit-frame-pointer -funroll-all-loops -finline-functions line 39 c == &a[0]
FAIL: gcc.dg/guality/pr43051-1.c -O3 -fomit-frame-pointer -funroll-all-loops -finline-functions line 40 v == 1
FAIL: gcc.dg/guality/pr43051-1.c -O3 -fomit-frame-pointer -funroll-all-loops -finline-functions line 41 e == &a[1]
FAIL: gcc.dg/guality/pr43051-1.c -O3 -fomit-frame-pointer -funroll-loops line 35 v == 1
FAIL: gcc.dg/guality/pr43051-1.c -O3 -fomit-frame-pointer -funroll-loops line 36 e == &a[1]
FAIL: gcc.dg/guality/pr43051-1.c -O3 -fomit-frame-pointer -funroll-loops line 39 c == &a[0]
FAIL: gcc.dg/guality/pr43051-1.c -O3 -fomit-frame-pointer -funroll-loops line 40 v == 1
FAIL: gcc.dg/guality/pr43051-1.c -O3 -fomit-frame-pointer -funroll-loops line 41 e == &a[1]
FAIL: gcc.dg/guality/pr43051-1.c -O3 -g line 35 v == 1
FAIL: gcc.dg/guality/pr43051-1.c -O3 -g line 36 e == &a[1]
FAIL: gcc.dg/guality/pr43051-1.c -O3 -g line 39 c == &a[0]
FAIL: gcc.dg/guality/pr43051-1.c -O3 -g line 40 v == 1
FAIL: gcc.dg/guality/pr43051-1.c -O3 -g line 41 e == &a[1]
FAIL: gcc.dg/guality/pr43051-1.c -Os line 35 v == 1
FAIL: gcc.dg/guality/pr43051-1.c -Os line 36 e == &a[1]
FAIL: gcc.dg/guality/pr43051-1.c -Os line 39 c == &a[0]
FAIL: gcc.dg/guality/pr43051-1.c -Os line 40 v == 1
FAIL: gcc.dg/guality/pr43051-1.c -Os line 41 e == &a[1]
FAIL: gcc.dg/guality/pr43177.c -O2 -flto -fuse-linker-plugin -fno-fat-lto-objects line 15 l == 10
FAIL: gcc.dg/guality/pr43177.c -O2 -flto -fuse-linker-plugin -fno-fat-lto-objects line 15 x == 7
FAIL: gcc.dg/guality/pr43177.c -O2 -flto -fuse-linker-plugin -fno-fat-lto-objects line 24 l == 10
FAIL: gcc.dg/guality/pr43177.c -O2 -flto -fuse-linker-plugin -fno-fat-lto-objects line 24 x == 7
FAIL: gcc.dg/guality/pr43479.c -O1 line 13 h == 9
FAIL: gcc.dg/guality/pr43479.c -O1 line 18 h == 9
FAIL: gcc.dg/guality/pr43479.c -O2 line 13 h == 9
FAIL: gcc.dg/guality/pr43479.c -O2 line 18 h == 9
FAIL: gcc.dg/guality/pr43479.c -O2 -flto -fno-use-linker-plugin -flto-partition=none line 13 h == 9
FAIL: gcc.dg/guality/pr43479.c -O2 -flto -fno-use-linker-plugin -flto-partition=none line 18 h == 9
FAIL: gcc.dg/guality/pr43479.c -O2 -flto -fuse-linker-plugin -fno-fat-lto-objects line 13 h == 9
FAIL: gcc.dg/guality/pr43479.c -O2 -flto -fuse-linker-plugin -fno-fat-lto-objects line 18 h == 9
FAIL: gcc.dg/guality/pr43479.c -O3 -fomit-frame-pointer line 13 h == 9
FAIL: gcc.dg/guality/pr43479.c -O3 -fomit-frame-pointer line 18 h == 9
FAIL: gcc.dg/guality/pr43479.c -O3 -g line 13 h == 9
FAIL: gcc.dg/guality/pr43479.c -O3 -g line 18 h == 9
FAIL: gcc.dg/guality/pr43479.c -Os line 13 h == 9
FAIL: gcc.dg/guality/pr43479.c -Os line 18 h == 9
FAIL: gcc.dg/guality/pr45003-2.c -O2 -flto -fuse-linker-plugin -fno-fat-lto-objects line 10 a == 0x8078
FAIL: gcc.dg/guality/pr45882.c -O2 -flto -fuse-linker-plugin -fno-fat-lto-objects line 16 d == 112
FAIL: gcc.dg/guality/pr45882.c -O2 -flto -fuse-linker-plugin -fno-fat-lto-objects line 16 e == 142
FAIL: gcc.dg/guality/pr54200.c -Os line 20 z == 3
FAIL: gcc.dg/guality/pr54519-1.c -O2 -flto -fno-use-linker-plugin -flto-partition=none line 20 y == 25
FAIL: gcc.dg/guality/pr54519-1.c -O2 -flto -fno-use-linker-plugin -flto-partition=none line 20 z == 6
FAIL: gcc.dg/guality/pr54519-1.c -O2 -flto -fno-use-linker-plugin -flto-partition=none line 23 y == 117
FAIL: gcc.dg/guality/pr54519-1.c -O2 -flto -fno-use-linker-plugin -flto-partition=none line 23 z == 8
FAIL: gcc.dg/guality/pr54519-2.c -O2 -flto -fno-use-linker-plugin -flto-partition=none line 17 y == 25
FAIL: gcc.dg/guality/pr54519-2.c -O2 -flto -fuse-linker-plugin -fno-fat-lto-objects line 17 y == 25
FAIL: gcc.dg/guality/pr54519-3.c -O2 -flto -fno-use-linker-plugin -flto-partition=none line 20 y == 25
FAIL: gcc.dg/guality/pr54519-3.c -O2 -flto -fno-use-linker-plugin -flto-partition=none line 20 z == 6
FAIL: gcc.dg/guality/pr54519-3.c -O2 -flto -fno-use-linker-plugin -flto-partition=none line 23 y == 117
FAIL: gcc.dg/guality/pr54519-3.c -O2 -flto -fno-use-linker-plugin -flto-partition=none line 23 z == 8
FAIL: gcc.dg/guality/pr54519-3.c -O2 -flto -fuse-linker-plugin -fno-fat-lto-objects line 20 x == 36
FAIL: gcc.dg/guality/pr54519-3.c -O2 -flto -fuse-linker-plugin -fno-fat-lto-objects line 20 y == 25
FAIL: gcc.dg/guality/pr54519-3.c -O2 -flto -fuse-linker-plugin -fno-fat-lto-objects line 20 z == 6
FAIL: gcc.dg/guality/pr54519-3.c -O2 -flto -fuse-linker-plugin -fno-fat-lto-objects line 23 x == 98
FAIL: gcc.dg/guality/pr54519-3.c -O2 -flto -fuse-linker-plugin -fno-fat-lto-objects line 23 y == 117
FAIL: gcc.dg/guality/pr54519-3.c -O2 -flto -fuse-linker-plugin -fno-fat-lto-objects line 23 z == 8
FAIL: gcc.dg/guality/pr54519-4.c -O2 -flto -fno-use-linker-plugin -flto-partition=none line 17 y == 25
FAIL: gcc.dg/guality/pr54519-4.c -O2 -flto -fuse-linker-plugin -fno-fat-lto-objects line 17 x == 6
FAIL: gcc.dg/guality/pr54519-4.c -O2 -flto -fuse-linker-plugin -fno-fat-lto-objects line 17 y == 25
FAIL: gcc.dg/guality/pr54519-5.c -O2 -flto -fno-use-linker-plugin -flto-partition=none line 17 y == 25
FAIL: gcc.dg/guality/pr54519-5.c -O2 -flto -fuse-linker-plugin -fno-fat-lto-objects line 17 y == 25
FAIL: gcc.dg/guality/sra-1.c -O2 line 43 a.j == 14
FAIL: gcc.dg/guality/sra-1.c -O2 -flto -fno-use-linker-plugin -flto-partition=none line 43 a.j == 14
FAIL: gcc.dg/guality/sra-1.c -O2 -flto -fuse-linker-plugin -fno-fat-lto-objects line 21 a.i == 4
FAIL: gcc.dg/guality/sra-1.c -O2 -flto -fuse-linker-plugin -fno-fat-lto-objects line 21 a.j == 14
FAIL: gcc.dg/guality/sra-1.c -O2 -flto -fuse-linker-plugin -fno-fat-lto-objects line 43 a.i == 4
FAIL: gcc.dg/guality/sra-1.c -O2 -flto -fuse-linker-plugin -fno-fat-lto-objects line 43 a.j == 14
FAIL: gcc.dg/guality/sra-1.c -O3 -fomit-frame-pointer line 43 a.j == 14
FAIL: gcc.dg/guality/sra-1.c -O3 -g line 43 a.j == 14
FAIL: gcc.dg/guality/sra-1.c -Os line 43 a.j == 14
FAIL: gcc.dg/guality/vla-1.c -O1 line 17 sizeof (a) == 6
FAIL: gcc.dg/guality/vla-1.c -O2 line 17 sizeof (a) == 6
FAIL: gcc.dg/guality/vla-1.c -O2 -flto -fno-use-linker-plugin -flto-partition=none line 17 sizeof (a) == 6
FAIL: gcc.dg/guality/vla-1.c -O2 -flto -fuse-linker-plugin -fno-fat-lto-objects line 17 sizeof (a) == 6
FAIL: gcc.dg/guality/vla-1.c -O3 -fomit-frame-pointer line 17 sizeof (a) == 6
FAIL: gcc.dg/guality/vla-1.c -O3 -g line 17 sizeof (a) == 6
FAIL: gcc.dg/guality/vla-1.c -Os line 17 sizeof (a) == 6
FAIL: gcc.dg/guality/vla-2.c -O2 -flto -fuse-linker-plugin -fno-fat-lto-objects line 25 sizeof (a) == 6 * sizeof (int)
FAIL: gcc.dg/ipa/inline-7.c scan-tree-dump-times einline "Inlining a into m" 1
FAIL: gcc.dg/tree-prof/inliner-1.c scan-tree-dump optimized "cold_function ..;"
FAIL: gcc.dg/tree-ssa/inline-10.c scan-tree-dump-not optimized "do_something \\\\(70\\\\)"
FAIL: gcc.dg/tree-ssa/inline-10.c scan-tree-dump-times optimized "do_something2" 1
FAIL: gcc.dg/tree-ssa/inline-10.c scan-tree-dump-times optimized "do_something3" 1
FAIL: gcc.dg/tree-ssa/inline-8.c scan-tree-dump-times einline "Inlining" 5
FAIL: gcc.dg/tree-ssa/inline-9.c scan-tree-dump-times optimized "q \\\\(15\\\\)" 1
FAIL: gcc.dg/tree-ssa/ipa-split-6.c scan-tree-dump optimized "part"
FAIL: gcc.dg/vect/costmodel/i386/costmodel-vect-31.c scan-tree-dump-times vect "vectorized 4 loops" 1
FAIL: gcc.dg/vect/costmodel/x86_64/costmodel-vect-31.c scan-tree-dump-times vect "vectorized 4 loops" 1
FAIL: gcc.target/i386/avx256-unaligned-load-4.c scan-assembler (avx_loadups256|vmovups[^\\n\\r]*movv8sf_internal)
FAIL: gcc.target/i386/pr61599-1.c (test for excess errors)
UNRESOLVED: gcc.target/i386/pr61599-1.c compilation failed to produce executable
FAIL: gcc.target/i386/sse-13.c (test for excess errors)
=== gcc Summary for unix/-fpic ===
# of expected passes 117346
# of unexpected failures 129
# of unexpected successes 16
# of expected failures 275
# of unresolved testcases 1
# of unsupported tests 1911
Running target unix/-fpic -mcmodel=medium
FAIL: c-c++-common/int128-types-1.c -Wc++-compat (test for errors, line 517)
FAIL: c-c++-common/int128-types-1.c -Wc++-compat (test for errors, line 518)
FAIL: c-c++-common/int128-types-1.c -Wc++-compat (test for errors, line 519)
FAIL: c-c++-common/int128-types-1.c -Wc++-compat (test for errors, line 520)
FAIL: c-c++-common/int128-types-1.c -Wc++-compat (test for errors, line 521)
FAIL: c-c++-common/int128-types-1.c -Wc++-compat (test for errors, line 522)
FAIL: c-c++-common/int128-types-1.c -Wc++-compat (test for errors, line 523)
FAIL: c-c++-common/int128-types-1.c -Wc++-compat (test for errors, line 524)
FAIL: c-c++-common/int128-types-1.c -Wc++-compat (test for errors, line 525)
FAIL: c-c++-common/int128-types-1.c -Wc++-compat (test for errors, line 526)
FAIL: c-c++-common/int128-types-1.c -Wc++-compat (test for errors, line 527)
FAIL: c-c++-common/int128-types-1.c -Wc++-compat (test for errors, line 528)
FAIL: c-c++-common/int128-types-1.c -Wc++-compat (test for errors, line 529)
FAIL: c-c++-common/int128-types-1.c -Wc++-compat (test for errors, line 530)
FAIL: c-c++-common/int128-types-1.c -Wc++-compat (test for errors, line 531)
FAIL: c-c++-common/int128-types-1.c -Wc++-compat (test for errors, line 532)
FAIL: c-c++-common/int128-types-1.c -Wc++-compat (test for errors, line 533)
FAIL: c-c++-common/int128-types-1.c -Wc++-compat (test for errors, line 534)
FAIL: c-c++-common/int128-types-1.c -Wc++-compat (test for errors, line 535)
FAIL: c-c++-common/int128-types-1.c -Wc++-compat (test for errors, line 536)
FAIL: c-c++-common/int128-types-1.c -Wc++-compat (test for errors, line 537)
FAIL: c-c++-common/int128-types-1.c -Wc++-compat (test for errors, line 538)
FAIL: c-c++-common/int128-types-1.c -Wc++-compat (test for errors, line 539)
FAIL: c-c++-common/int128-types-1.c -Wc++-compat (test for errors, line 540)
FAIL: c-c++-common/int128-types-1.c -Wc++-compat (test for errors, line 541)
FAIL: c-c++-common/int128-types-1.c -Wc++-compat (test for errors, line 542)
FAIL: c-c++-common/int128-types-1.c -Wc++-compat (test for errors, line 543)
FAIL: c-c++-common/int128-types-1.c -Wc++-compat (test for errors, line 544)
FAIL: c-c++-common/int128-types-1.c -Wc++-compat (test for errors, line 545)
FAIL: c-c++-common/int128-types-1.c -Wc++-compat (test for errors, line 546)
FAIL: c-c++-common/int128-types-1.c -Wc++-compat (test for errors, line 547)
FAIL: c-c++-common/int128-types-1.c -Wc++-compat (test for errors, line 548)
FAIL: c-c++-common/int128-types-1.c -Wc++-compat (test for errors, line 549)
FAIL: c-c++-common/int128-types-1.c -Wc++-compat (test for errors, line 550)
FAIL: c-c++-common/int128-types-1.c -Wc++-compat (test for errors, line 551)
FAIL: c-c++-common/int128-types-1.c -Wc++-compat (test for errors, line 552)
FAIL: c-c++-common/int128-types-1.c -Wc++-compat (test for errors, line 553)
FAIL: c-c++-common/int128-types-1.c -Wc++-compat (test for errors, line 554)
FAIL: c-c++-common/int128-types-1.c -Wc++-compat (test for errors, line 555)
FAIL: c-c++-common/int128-types-1.c -Wc++-compat (test for errors, line 556)
FAIL: c-c++-common/int128-types-1.c -Wc++-compat (test for errors, line 557)
FAIL: c-c++-common/int128-types-1.c -Wc++-compat (test for errors, line 558)
FAIL: c-c++-common/int128-types-1.c -Wc++-compat (test for errors, line 559)
FAIL: c-c++-common/int128-types-1.c -Wc++-compat (test for errors, line 560)
FAIL: c-c++-common/int128-types-1.c -Wc++-compat (test for errors, line 561)
FAIL: c-c++-common/int128-types-1.c -Wc++-compat (test for errors, line 562)
FAIL: c-c++-common/int128-types-1.c -Wc++-compat (test for errors, line 563)
FAIL: c-c++-common/int128-types-1.c -Wc++-compat (test for errors, line 564)
FAIL: c-c++-common/int128-types-1.c -Wc++-compat (test for errors, line 565)
FAIL: c-c++-common/int128-types-1.c -Wc++-compat (test for errors, line 566)
FAIL: c-c++-common/int128-types-1.c -Wc++-compat (test for errors, line 567)
FAIL: c-c++-common/int128-types-1.c -Wc++-compat (test for errors, line 568)
FAIL: c-c++-common/int128-types-1.c -Wc++-compat (test for errors, line 569)
FAIL: c-c++-common/int128-types-1.c -Wc++-compat (test for errors, line 570)
FAIL: c-c++-common/int128-types-1.c -Wc++-compat (test for errors, line 571)
FAIL: c-c++-common/int128-types-1.c -Wc++-compat (test for errors, line 572)
FAIL: c-c++-common/int128-types-1.c -Wc++-compat (test for errors, line 573)
FAIL: c-c++-common/int128-types-1.c -Wc++-compat (test for errors, line 574)
FAIL: c-c++-common/int128-types-1.c -Wc++-compat (test for errors, line 575)
FAIL: c-c++-common/int128-types-1.c -Wc++-compat (test for errors, line 576)
FAIL: c-c++-common/int128-types-1.c -Wc++-compat (test for errors, line 577)
FAIL: c-c++-common/int128-types-1.c -Wc++-compat (test for errors, line 578)
FAIL: c-c++-common/int128-types-1.c -Wc++-compat (test for errors, line 579)
FAIL: c-c++-common/int128-types-1.c -Wc++-compat (test for errors, line 580)
FAIL: c-c++-common/int128-types-1.c -Wc++-compat (test for errors, line 581)
FAIL: c-c++-common/int128-types-1.c -Wc++-compat (test for errors, line 582)
FAIL: c-c++-common/int128-types-1.c -Wc++-compat (test for errors, line 583)
FAIL: c-c++-common/int128-types-1.c -Wc++-compat (test for errors, line 584)
FAIL: c-c++-common/int128-types-1.c -Wc++-compat (test for errors, line 585)
FAIL: c-c++-common/int128-types-1.c -Wc++-compat (test for errors, line 586)
FAIL: c-c++-common/int128-types-1.c -Wc++-compat (test for errors, line 587)
FAIL: c-c++-common/int128-types-1.c -Wc++-compat (test for errors, line 588)
FAIL: c-c++-common/int128-types-1.c -Wc++-compat (test for errors, line 589)
FAIL: c-c++-common/int128-types-1.c -Wc++-compat (test for errors, line 590)
FAIL: c-c++-common/int128-types-1.c -Wc++-compat (test for errors, line 591)
FAIL: c-c++-common/int128-types-1.c -Wc++-compat (test for errors, line 592)
FAIL: c-c++-common/int128-types-1.c -Wc++-compat (test for errors, line 593)
FAIL: c-c++-common/int128-types-1.c -Wc++-compat (test for errors, line 594)
FAIL: c-c++-common/int128-types-1.c -Wc++-compat (test for errors, line 595)
FAIL: c-c++-common/int128-types-1.c -Wc++-compat (test for errors, line 596)
FAIL: c-c++-common/int128-types-1.c -Wc++-compat (test for errors, line 597)
FAIL: c-c++-common/int128-types-1.c -Wc++-compat (test for errors, line 598)
FAIL: c-c++-common/int128-types-1.c -Wc++-compat (test for errors, line 599)
FAIL: c-c++-common/int128-types-1.c -Wc++-compat (test for errors, line 600)
FAIL: c-c++-common/int128-types-1.c -Wc++-compat (test for errors, line 601)
FAIL: c-c++-common/int128-types-1.c -Wc++-compat (test for errors, line 602)
FAIL: c-c++-common/int128-types-1.c -Wc++-compat (test for errors, line 603)
FAIL: c-c++-common/int128-types-1.c -Wc++-compat (test for errors, line 604)
FAIL: c-c++-common/int128-types-1.c -Wc++-compat (test for errors, line 605)
FAIL: c-c++-common/int128-types-1.c -Wc++-compat (test for errors, line 606)
FAIL: c-c++-common/int128-types-1.c -Wc++-compat (test for errors, line 607)
FAIL: c-c++-common/int128-types-1.c -Wc++-compat (test for errors, line 608)
FAIL: c-c++-common/int128-types-1.c -Wc++-compat (test for errors, line 609)
FAIL: c-c++-common/int128-types-1.c -Wc++-compat (test for errors, line 610)
FAIL: c-c++-common/int128-types-1.c -Wc++-compat (test for errors, line 611)
FAIL: c-c++-common/int128-types-1.c -Wc++-compat (test for errors, line 612)
FAIL: c-c++-common/int128-types-1.c -Wc++-compat (test for errors, line 613)
FAIL: c-c++-common/int128-types-1.c -Wc++-compat (test for errors, line 614)
FAIL: c-c++-common/int128-types-1.c -Wc++-compat (test for errors, line 615)
FAIL: c-c++-common/int128-types-1.c -Wc++-compat (test for errors, line 616)
FAIL: c-c++-common/int128-types-1.c -Wc++-compat (test for errors, line 617)
FAIL: c-c++-common/int128-types-1.c -Wc++-compat (test for errors, line 618)
FAIL: c-c++-common/int128-types-1.c -Wc++-compat (test for errors, line 619)
FAIL: c-c++-common/int128-types-1.c -Wc++-compat (test for errors, line 620)
FAIL: c-c++-common/int128-types-1.c -Wc++-compat (test for errors, line 621)
FAIL: c-c++-common/int128-types-1.c -Wc++-compat (test for errors, line 622)
FAIL: c-c++-common/int128-types-1.c -Wc++-compat (test for errors, line 623)
FAIL: c-c++-common/int128-types-1.c -Wc++-compat (test for errors, line 624)
FAIL: c-c++-common/int128-types-1.c -Wc++-compat (test for errors, line 625)
FAIL: c-c++-common/int128-types-1.c -Wc++-compat (test for errors, line 626)
FAIL: c-c++-common/int128-types-1.c -Wc++-compat (test for errors, line 627)
FAIL: c-c++-common/int128-types-1.c -Wc++-compat (test for errors, line 628)
FAIL: c-c++-common/int128-types-1.c -Wc++-compat (test for errors, line 629)
FAIL: c-c++-common/int128-types-1.c -Wc++-compat (test for errors, line 630)
FAIL: c-c++-common/int128-types-1.c -Wc++-compat (test for errors, line 631)
FAIL: c-c++-common/int128-types-1.c -Wc++-compat (test for errors, line 632)
FAIL: c-c++-common/int128-types-1.c -Wc++-compat (test for errors, line 633)
FAIL: c-c++-common/int128-types-1.c -Wc++-compat (test for errors, line 634)
FAIL: c-c++-common/int128-types-1.c -Wc++-compat (test for errors, line 635)
FAIL: c-c++-common/int128-types-1.c -Wc++-compat (test for errors, line 636)
FAIL: c-c++-common/int128-types-1.c -Wc++-compat (test for errors, line 637)
FAIL: c-c++-common/int128-types-1.c -Wc++-compat (test for errors, line 638)
FAIL: c-c++-common/int128-types-1.c -Wc++-compat (test for errors, line 639)
FAIL: c-c++-common/int128-types-1.c -Wc++-compat (test for errors, line 640)
FAIL: c-c++-common/int128-types-1.c -Wc++-compat (test for errors, line 641)
FAIL: c-c++-common/int128-types-1.c -Wc++-compat (test for errors, line 642)
FAIL: c-c++-common/int128-types-1.c -Wc++-compat (test for errors, line 643)
FAIL: c-c++-common/int128-types-1.c -Wc++-compat (test for errors, line 644)
FAIL: c-c++-common/int128-types-1.c -Wc++-compat (test for errors, line 645)
FAIL: c-c++-common/int128-types-1.c -Wc++-compat (test for errors, line 646)
FAIL: c-c++-common/int128-types-1.c -Wc++-compat (test for errors, line 647)
FAIL: c-c++-common/int128-types-1.c -Wc++-compat (test for errors, line 648)
FAIL: c-c++-common/int128-types-1.c -Wc++-compat (test for errors, line 649)
FAIL: c-c++-common/int128-types-1.c -Wc++-compat (test for errors, line 650)
FAIL: c-c++-common/int128-types-1.c -Wc++-compat (test for errors, line 651)
FAIL: c-c++-common/int128-types-1.c -Wc++-compat (test for errors, line 652)
FAIL: c-c++-common/int128-types-1.c -Wc++-compat (test for errors, line 653)
FAIL: c-c++-common/int128-types-1.c -Wc++-compat (test for errors, line 654)
FAIL: c-c++-common/int128-types-1.c -Wc++-compat (test for errors, line 655)
FAIL: c-c++-common/int128-types-1.c -Wc++-compat (test for errors, line 656)
FAIL: c-c++-common/int128-types-1.c -Wc++-compat (test for errors, line 657)
FAIL: c-c++-common/int128-types-1.c -Wc++-compat (test for errors, line 658)
FAIL: c-c++-common/int128-types-1.c -Wc++-compat (test for errors, line 659)
FAIL: c-c++-common/int128-types-1.c -Wc++-compat (test for errors, line 660)
FAIL: c-c++-common/int128-types-1.c -Wc++-compat (test for errors, line 661)
FAIL: c-c++-common/int128-types-1.c -Wc++-compat (test for errors, line 662)
FAIL: c-c++-common/int128-types-1.c -Wc++-compat (test for errors, line 663)
FAIL: c-c++-common/int128-types-1.c -Wc++-compat (test for errors, line 664)
FAIL: c-c++-common/int128-types-1.c -Wc++-compat (test for errors, line 665)
FAIL: c-c++-common/int128-types-1.c -Wc++-compat (test for errors, line 666)
FAIL: c-c++-common/int128-types-1.c -Wc++-compat (test for excess errors)
FAIL: gcc.dg/c11-align-3.c (test for errors, line 43)
FAIL: gcc.dg/c11-align-3.c (test for excess errors)
FAIL: gcc.dg/ira-shrinkwrap-prep-2.c scan-rtl-dump pro_and_epilogue "Performing shrink-wrapping"
FAIL: gcc.dg/pointer-array-quals-2.c (test for errors, line 100)
FAIL: gcc.dg/pointer-array-quals-2.c (test for errors, line 47)
FAIL: gcc.dg/pointer-array-quals-2.c (test for errors, line 50)
FAIL: gcc.dg/pointer-array-quals-2.c (test for errors, line 51)
FAIL: gcc.dg/pointer-array-quals-2.c (test for errors, line 52)
FAIL: gcc.dg/pointer-array-quals-2.c (test for errors, line 53)
FAIL: gcc.dg/pointer-array-quals-2.c (test for errors, line 56)
FAIL: gcc.dg/pointer-array-quals-2.c (test for errors, line 57)
FAIL: gcc.dg/pointer-array-quals-2.c (test for errors, line 58)
FAIL: gcc.dg/pointer-array-quals-2.c (test for errors, line 59)
FAIL: gcc.dg/pointer-array-quals-2.c (test for errors, line 60)
FAIL: gcc.dg/pointer-array-quals-2.c (test for errors, line 63)
FAIL: gcc.dg/pointer-array-quals-2.c (test for errors, line 64)
FAIL: gcc.dg/pointer-array-quals-2.c (test for errors, line 67)
FAIL: gcc.dg/pointer-array-quals-2.c (test for errors, line 68)
FAIL: gcc.dg/pointer-array-quals-2.c (test for errors, line 71)
FAIL: gcc.dg/pointer-array-quals-2.c (test for errors, line 72)
FAIL: gcc.dg/pointer-array-quals-2.c (test for errors, line 74)
FAIL: gcc.dg/pointer-array-quals-2.c (test for errors, line 75)
FAIL: gcc.dg/pointer-array-quals-2.c (test for errors, line 77)
FAIL: gcc.dg/pointer-array-quals-2.c (test for errors, line 78)
FAIL: gcc.dg/pointer-array-quals-2.c (test for errors, line 81)
FAIL: gcc.dg/pointer-array-quals-2.c (test for errors, line 82)
FAIL: gcc.dg/pointer-array-quals-2.c (test for errors, line 83)
FAIL: gcc.dg/pointer-array-quals-2.c (test for errors, line 84)
FAIL: gcc.dg/pointer-array-quals-2.c (test for errors, line 85)
FAIL: gcc.dg/pointer-array-quals-2.c (test for errors, line 86)
FAIL: gcc.dg/pointer-array-quals-2.c (test for errors, line 87)
FAIL: gcc.dg/pointer-array-quals-2.c (test for errors, line 88)
FAIL: gcc.dg/pointer-array-quals-2.c (test for errors, line 89)
FAIL: gcc.dg/pointer-array-quals-2.c (test for errors, line 90)
FAIL: gcc.dg/pointer-array-quals-2.c (test for errors, line 91)
FAIL: gcc.dg/pointer-array-quals-2.c (test for errors, line 92)
FAIL: gcc.dg/pointer-array-quals-2.c (test for errors, line 93)
FAIL: gcc.dg/pointer-array-quals-2.c (test for errors, line 94)
FAIL: gcc.dg/pointer-array-quals-2.c (test for errors, line 95)
FAIL: gcc.dg/pointer-array-quals-2.c (test for errors, line 98)
FAIL: gcc.dg/pointer-array-quals-2.c (test for errors, line 99)
FAIL: gcc.dg/pointer-array-quals-2.c (test for warnings, line 96)
FAIL: gcc.dg/pointer-array-quals-2.c (test for warnings, line 97)
FAIL: gcc.dg/gomp/udr-1.c (test for errors, line 45)
FAIL: gcc.dg/gomp/udr-1.c (test for excess errors)
XPASS: gcc.dg/guality/example.c -O0 execution test
XPASS: gcc.dg/guality/example.c -O1 execution test
XPASS: gcc.dg/guality/guality.c -O0 execution test
XPASS: gcc.dg/guality/guality.c -O1 execution test
XPASS: gcc.dg/guality/guality.c -O2 execution test
XPASS: gcc.dg/guality/guality.c -O2 -flto -fno-use-linker-plugin -flto-partition=none execution test
XPASS: gcc.dg/guality/guality.c -O2 -flto -fuse-linker-plugin -fno-fat-lto-objects execution test
XPASS: gcc.dg/guality/guality.c -O3 -fomit-frame-pointer execution test
XPASS: gcc.dg/guality/guality.c -O3 -g execution test
XPASS: gcc.dg/guality/guality.c -Os execution test
XPASS: gcc.dg/guality/inline-params.c -O2 execution test
XPASS: gcc.dg/guality/inline-params.c -O2 -flto -fno-use-linker-plugin -flto-partition=none execution test
XPASS: gcc.dg/guality/inline-params.c -O3 -fomit-frame-pointer execution test
XPASS: gcc.dg/guality/inline-params.c -O3 -g execution test
XPASS: gcc.dg/guality/inline-params.c -Os execution test
FAIL: gcc.dg/guality/pr36728-2.c -O1 line 18 *x == (char) 25
FAIL: gcc.dg/guality/pr36728-2.c -O2 line 18 *x == (char) 25
FAIL: gcc.dg/guality/pr36728-2.c -O2 -flto -fno-use-linker-plugin -flto-partition=none line 18 *x == (char) 25
FAIL: gcc.dg/guality/pr36728-2.c -O3 -fomit-frame-pointer line 18 *x == (char) 25
FAIL: gcc.dg/guality/pr36728-2.c -O3 -g line 18 *x == (char) 25
FAIL: gcc.dg/guality/pr36728-2.c -Os line 18 *x == (char) 25
XPASS: gcc.dg/guality/pr41353-1.c -O0 line 28 j == 28 + 37
FAIL: gcc.dg/guality/pr41447-1.c -O2 execution test
FAIL: gcc.dg/guality/pr41447-1.c -O2 -flto -fno-use-linker-plugin -flto-partition=none execution test
FAIL: gcc.dg/guality/pr41447-1.c -O3 -fomit-frame-pointer execution test
FAIL: gcc.dg/guality/pr41447-1.c -O3 -g execution test
FAIL: gcc.dg/guality/pr41447-1.c -Os execution test
FAIL: gcc.dg/guality/pr41616-1.c -O2 -flto -fuse-linker-plugin -fno-fat-lto-objects execution test
FAIL: gcc.dg/guality/pr43051-1.c -O3 -fomit-frame-pointer -funroll-all-loops -finline-functions line 34 c == &a[0]
FAIL: gcc.dg/guality/pr43051-1.c -O3 -fomit-frame-pointer -funroll-loops line 34 c == &a[0]
FAIL: gcc.dg/guality/pr43479.c -O1 line 13 h == 9
FAIL: gcc.dg/guality/pr43479.c -O1 line 18 h == 9
FAIL: gcc.dg/guality/pr43479.c -O2 line 13 h == 9
FAIL: gcc.dg/guality/pr43479.c -O2 line 18 h == 9
FAIL: gcc.dg/guality/pr43479.c -O2 -flto -fno-use-linker-plugin -flto-partition=none line 13 h == 9
FAIL: gcc.dg/guality/pr43479.c -O2 -flto -fno-use-linker-plugin -flto-partition=none line 18 h == 9
FAIL: gcc.dg/guality/pr43479.c -O2 -flto -fuse-linker-plugin -fno-fat-lto-objects line 13 h == 9
FAIL: gcc.dg/guality/pr43479.c -O2 -flto -fuse-linker-plugin -fno-fat-lto-objects line 18 h == 9
FAIL: gcc.dg/guality/pr43479.c -O3 -fomit-frame-pointer line 13 h == 9
FAIL: gcc.dg/guality/pr43479.c -O3 -fomit-frame-pointer line 18 h == 9
FAIL: gcc.dg/guality/pr43479.c -O3 -g line 13 h == 9
FAIL: gcc.dg/guality/pr43479.c -O3 -g line 18 h == 9
FAIL: gcc.dg/guality/pr43479.c -Os line 13 h == 9
FAIL: gcc.dg/guality/pr43479.c -Os line 18 h == 9
FAIL: gcc.dg/guality/pr45003-2.c -O2 -flto -fuse-linker-plugin -fno-fat-lto-objects line 10 a == 0x8078
FAIL: gcc.dg/guality/pr45882.c -O2 -flto -fuse-linker-plugin -fno-fat-lto-objects line 16 d == 112
FAIL: gcc.dg/guality/pr45882.c -O2 -flto -fuse-linker-plugin -fno-fat-lto-objects line 16 e == 142
FAIL: gcc.dg/guality/pr54200.c -Os line 20 z == 3
FAIL: gcc.dg/guality/pr54519-1.c -O2 -flto -fno-use-linker-plugin -flto-partition=none line 20 y == 25
FAIL: gcc.dg/guality/pr54519-1.c -O2 -flto -fno-use-linker-plugin -flto-partition=none line 20 z == 6
FAIL: gcc.dg/guality/pr54519-1.c -O2 -flto -fno-use-linker-plugin -flto-partition=none line 23 y == 117
FAIL: gcc.dg/guality/pr54519-1.c -O2 -flto -fno-use-linker-plugin -flto-partition=none line 23 z == 8
FAIL: gcc.dg/guality/pr54519-2.c -O2 -flto -fno-use-linker-plugin -flto-partition=none line 17 y == 25
FAIL: gcc.dg/guality/pr54519-2.c -O2 -flto -fuse-linker-plugin -fno-fat-lto-objects line 17 y == 25
FAIL: gcc.dg/guality/pr54519-3.c -O2 -flto -fno-use-linker-plugin -flto-partition=none line 20 y == 25
FAIL: gcc.dg/guality/pr54519-3.c -O2 -flto -fno-use-linker-plugin -flto-partition=none line 20 z == 6
FAIL: gcc.dg/guality/pr54519-3.c -O2 -flto -fno-use-linker-plugin -flto-partition=none line 23 y == 117
FAIL: gcc.dg/guality/pr54519-3.c -O2 -flto -fno-use-linker-plugin -flto-partition=none line 23 z == 8
FAIL: gcc.dg/guality/pr54519-3.c -O2 -flto -fuse-linker-plugin -fno-fat-lto-objects line 20 y == 25
FAIL: gcc.dg/guality/pr54519-3.c -O2 -flto -fuse-linker-plugin -fno-fat-lto-objects line 20 z == 6
FAIL: gcc.dg/guality/pr54519-3.c -O2 -flto -fuse-linker-plugin -fno-fat-lto-objects line 23 y == 117
FAIL: gcc.dg/guality/pr54519-3.c -O2 -flto -fuse-linker-plugin -fno-fat-lto-objects line 23 z == 8
FAIL: gcc.dg/guality/pr54519-4.c -O2 -flto -fno-use-linker-plugin -flto-partition=none line 17 y == 25
FAIL: gcc.dg/guality/pr54519-4.c -O2 -flto -fuse-linker-plugin -fno-fat-lto-objects line 17 y == 25
FAIL: gcc.dg/guality/pr54519-5.c -O2 -flto -fno-use-linker-plugin -flto-partition=none line 17 y == 25
FAIL: gcc.dg/guality/pr54519-5.c -O2 -flto -fuse-linker-plugin -fno-fat-lto-objects line 17 y == 25
FAIL: gcc.dg/guality/sra-1.c -O2 line 43 a.j == 14
FAIL: gcc.dg/guality/sra-1.c -O2 -flto -fno-use-linker-plugin -flto-partition=none line 43 a.j == 14
FAIL: gcc.dg/guality/sra-1.c -O3 -fomit-frame-pointer line 43 a.j == 14
FAIL: gcc.dg/guality/sra-1.c -O3 -g line 43 a.j == 14
FAIL: gcc.dg/guality/sra-1.c -Os line 43 a.j == 14
FAIL: gcc.dg/guality/vla-1.c -O1 line 17 sizeof (a) == 6
FAIL: gcc.dg/guality/vla-1.c -O2 line 17 sizeof (a) == 6
FAIL: gcc.dg/guality/vla-1.c -O2 -flto -fno-use-linker-plugin -flto-partition=none line 17 sizeof (a) == 6
FAIL: gcc.dg/guality/vla-1.c -O2 -flto -fuse-linker-plugin -fno-fat-lto-objects line 17 sizeof (a) == 6
FAIL: gcc.dg/guality/vla-1.c -O3 -fomit-frame-pointer line 17 sizeof (a) == 6
FAIL: gcc.dg/guality/vla-1.c -O3 -g line 17 sizeof (a) == 6
FAIL: gcc.dg/guality/vla-1.c -Os line 17 sizeof (a) == 6
FAIL: gcc.dg/ipa/inline-7.c scan-tree-dump-times einline "Inlining a into m" 1
FAIL: gcc.dg/noncompile/920923-1.c -Os (test for errors, line 100)
FAIL: gcc.dg/noncompile/920923-1.c -Os (test for errors, line 101)
FAIL: gcc.dg/noncompile/920923-1.c -Os (test for errors, line 102)
FAIL: gcc.dg/noncompile/920923-1.c -Os (test for errors, line 111)
FAIL: gcc.dg/noncompile/920923-1.c -Os (test for errors, line 112)
FAIL: gcc.dg/noncompile/920923-1.c -Os (test for errors, line 117)
FAIL: gcc.dg/noncompile/920923-1.c -Os (test for errors, line 84)
FAIL: gcc.dg/noncompile/920923-1.c -Os (test for excess errors)
FAIL: gcc.dg/noncompile/label-1.c -O1 (test for excess errors)
FAIL: gcc.dg/noncompile/label-1.c -O1 inner label defn (test for errors, line 156)
FAIL: gcc.dg/noncompile/label-1.c -O1 outer label decl (test for warnings, line 153)
FAIL: gcc.dg/tree-prof/inliner-1.c scan-tree-dump optimized "cold_function ..;"
FAIL: gcc.dg/tree-ssa/inline-10.c scan-tree-dump-not optimized "do_something \\\\(70\\\\)"
FAIL: gcc.dg/tree-ssa/inline-10.c scan-tree-dump-times optimized "do_something2" 1
FAIL: gcc.dg/tree-ssa/inline-10.c scan-tree-dump-times optimized "do_something3" 1
FAIL: gcc.dg/tree-ssa/inline-8.c scan-tree-dump-times einline "Inlining" 5
FAIL: gcc.dg/tree-ssa/inline-9.c scan-tree-dump-times optimized "q \\\\(15\\\\)" 1
FAIL: gcc.dg/tree-ssa/ipa-split-6.c scan-tree-dump optimized "part"
FAIL: gcc.dg/vect/costmodel/i386/costmodel-vect-31.c scan-tree-dump-times vect "vectorized 4 loops" 1
FAIL: gcc.dg/vect/costmodel/x86_64/costmodel-vect-31.c scan-tree-dump-times vect "vectorized 4 loops" 1
FAIL: gcc.target/i386/avx256-unaligned-load-4.c scan-assembler (avx_loadups256|vmovups[^\\n\\r]*movv8sf_internal)
FAIL: gcc.target/i386/fuse-caller-save-rec.c scan-assembler-not pop
FAIL: gcc.target/i386/fuse-caller-save-rec.c scan-assembler-not push
FAIL: gcc.target/i386/fuse-caller-save-rec.c scan-assembler-times addl\\t%[re]?dx, %[re]?ax 1
FAIL: gcc.target/i386/fuse-caller-save-xmm.c scan-assembler-times addpd\\t%xmm1, %xmm0 1
FAIL: gcc.target/i386/fuse-caller-save-xmm.c scan-assembler-times movapd\\t%xmm0, %xmm1 1
FAIL: gcc.target/i386/fuse-caller-save.c scan-assembler-not pop
FAIL: gcc.target/i386/fuse-caller-save.c scan-assembler-not push
FAIL: gcc.target/i386/pr52146.c (test for excess errors)
UNRESOLVED: gcc.target/i386/pr52146.c scan-assembler-not [,\\\\t ]+-18874240
FAIL: gcc.target/i386/pr52698.c (test for excess errors)
FAIL: gcc.target/i386/pr52857-1.c (test for excess errors)
FAIL: gcc.target/i386/pr52857-2.c (test for excess errors)
FAIL: gcc.target/i386/pr53698.c (test for excess errors)
FAIL: gcc.target/i386/pr54157.c (test for excess errors)
FAIL: gcc.target/i386/pr55049-1.c (test for excess errors)
FAIL: gcc.target/i386/pr55093.c (test for excess errors)
FAIL: gcc.target/i386/pr55116-1.c (test for excess errors)
FAIL: gcc.target/i386/pr55116-2.c (test for excess errors)
FAIL: gcc.target/i386/pr55597.c (test for excess errors)
FAIL: gcc.target/i386/pr61599-1.c (test for excess errors)
UNRESOLVED: gcc.target/i386/pr61599-1.c compilation failed to produce executable
FAIL: gcc.target/i386/sse-13.c (test for excess errors)
=== gcc Summary for unix/-fpic -mcmodel=medium ===
# of expected passes 117160
# of unexpected failures 300
# of unexpected successes 16
# of expected failures 275
# of unresolved testcases 2
# of unsupported tests 1921
Running target unix/-mcmodel=medium
FAIL: gcc.dg/c99-typespec-1.c unsigned int long long _Bool (test for errors, line 1141)
FAIL: gcc.dg/c99-typespec-1.c unsigned int long long _Complex (test for errors, line 1142)
FAIL: gcc.dg/c99-typespec-1.c unsigned int long long signed (test for errors, line 1139)
FAIL: gcc.dg/c99-typespec-1.c unsigned int long long unsigned (test for errors, line 1140)
FAIL: gcc.dg/c99-typespec-1.c unsigned long int long _Bool (test for errors, line 1152)
FAIL: gcc.dg/c99-typespec-1.c unsigned long int long _Complex (test for errors, line 1153)
FAIL: gcc.dg/c99-typespec-1.c unsigned long int long char (test for errors, line 1144)
FAIL: gcc.dg/c99-typespec-1.c unsigned long int long double (test for errors, line 1149)
FAIL: gcc.dg/c99-typespec-1.c unsigned long int long float (test for errors, line 1148)
FAIL: gcc.dg/c99-typespec-1.c unsigned long int long int (test for errors, line 1146)
FAIL: gcc.dg/c99-typespec-1.c unsigned long int long long (test for errors, line 1147)
FAIL: gcc.dg/c99-typespec-1.c unsigned long int long short (test for errors, line 1145)
FAIL: gcc.dg/c99-typespec-1.c unsigned long int long signed (test for errors, line 1150)
FAIL: gcc.dg/c99-typespec-1.c unsigned long int long unsigned (test for errors, line 1151)
FAIL: gcc.dg/c99-typespec-1.c unsigned long int long void (test for errors, line 1143)
FAIL: gcc.dg/c99-typespec-1.c unsigned long long int _Bool (test for errors, line 1163)
FAIL: gcc.dg/c99-typespec-1.c unsigned long long int _Complex (test for errors, line 1164)
FAIL: gcc.dg/c99-typespec-1.c unsigned long long int char (test for errors, line 1155)
FAIL: gcc.dg/c99-typespec-1.c unsigned long long int double (test for errors, line 1160)
FAIL: gcc.dg/c99-typespec-1.c unsigned long long int float (test for errors, line 1159)
FAIL: gcc.dg/c99-typespec-1.c unsigned long long int int (test for errors, line 1157)
FAIL: gcc.dg/c99-typespec-1.c unsigned long long int long (test for errors, line 1158)
FAIL: gcc.dg/c99-typespec-1.c unsigned long long int short (test for errors, line 1156)
FAIL: gcc.dg/c99-typespec-1.c unsigned long long int signed (test for errors, line 1161)
FAIL: gcc.dg/c99-typespec-1.c unsigned long long int unsigned (test for errors, line 1162)
FAIL: gcc.dg/c99-typespec-1.c unsigned long long int void (test for errors, line 1154)
XPASS: gcc.dg/guality/example.c -O0 execution test
XPASS: gcc.dg/guality/example.c -O1 execution test
XPASS: gcc.dg/guality/example.c -O2 execution test
XPASS: gcc.dg/guality/example.c -O2 -flto -fno-use-linker-plugin -flto-partition=none execution test
XPASS: gcc.dg/guality/guality.c -O0 execution test
XPASS: gcc.dg/guality/guality.c -O1 execution test
XPASS: gcc.dg/guality/guality.c -O2 execution test
XPASS: gcc.dg/guality/guality.c -O2 -flto -fno-use-linker-plugin -flto-partition=none execution test
XPASS: gcc.dg/guality/guality.c -O2 -flto -fuse-linker-plugin -fno-fat-lto-objects execution test
XPASS: gcc.dg/guality/guality.c -O3 -fomit-frame-pointer execution test
XPASS: gcc.dg/guality/guality.c -O3 -g execution test
XPASS: gcc.dg/guality/guality.c -Os execution test
XPASS: gcc.dg/guality/inline-params.c -O2 execution test
XPASS: gcc.dg/guality/inline-params.c -O2 -flto -fno-use-linker-plugin -flto-partition=none execution test
XPASS: gcc.dg/guality/inline-params.c -O3 -fomit-frame-pointer execution test
XPASS: gcc.dg/guality/inline-params.c -O3 -g execution test
XPASS: gcc.dg/guality/inline-params.c -Os execution test
XPASS: gcc.dg/guality/pr41353-1.c -O0 line 28 j == 28 + 37
FAIL: gcc.dg/guality/pr41616-1.c -O2 -flto -fuse-linker-plugin -fno-fat-lto-objects execution test
FAIL: gcc.dg/guality/pr43051-1.c -O2 line 35 v == 1
FAIL: gcc.dg/guality/pr43051-1.c -O2 line 36 e == &a[1]
FAIL: gcc.dg/guality/pr43051-1.c -O2 line 39 c == &a[0]
FAIL: gcc.dg/guality/pr43051-1.c -O2 line 40 v == 1
FAIL: gcc.dg/guality/pr43051-1.c -O2 line 41 e == &a[1]
FAIL: gcc.dg/guality/pr43051-1.c -O2 -flto -fno-use-linker-plugin -flto-partition=none line 35 v == 1
FAIL: gcc.dg/guality/pr43051-1.c -O2 -flto -fno-use-linker-plugin -flto-partition=none line 36 e == &a[1]
FAIL: gcc.dg/guality/pr43051-1.c -O2 -flto -fno-use-linker-plugin -flto-partition=none line 39 c == &a[0]
FAIL: gcc.dg/guality/pr43051-1.c -O2 -flto -fno-use-linker-plugin -flto-partition=none line 40 v == 1
FAIL: gcc.dg/guality/pr43051-1.c -O2 -flto -fno-use-linker-plugin -flto-partition=none line 41 e == &a[1]
FAIL: gcc.dg/guality/pr43051-1.c -O2 -flto -fuse-linker-plugin -fno-fat-lto-objects line 35 v == 1
FAIL: gcc.dg/guality/pr43051-1.c -O2 -flto -fuse-linker-plugin -fno-fat-lto-objects line 36 e == &a[1]
FAIL: gcc.dg/guality/pr43051-1.c -O2 -flto -fuse-linker-plugin -fno-fat-lto-objects line 39 c == &a[0]
FAIL: gcc.dg/guality/pr43051-1.c -O2 -flto -fuse-linker-plugin -fno-fat-lto-objects line 40 v == 1
FAIL: gcc.dg/guality/pr43051-1.c -O2 -flto -fuse-linker-plugin -fno-fat-lto-objects line 41 e == &a[1]
FAIL: gcc.dg/guality/pr43051-1.c -O3 -fomit-frame-pointer line 35 v == 1
FAIL: gcc.dg/guality/pr43051-1.c -O3 -fomit-frame-pointer line 36 e == &a[1]
FAIL: gcc.dg/guality/pr43051-1.c -O3 -fomit-frame-pointer line 39 c == &a[0]
FAIL: gcc.dg/guality/pr43051-1.c -O3 -fomit-frame-pointer line 40 v == 1
FAIL: gcc.dg/guality/pr43051-1.c -O3 -fomit-frame-pointer line 41 e == &a[1]
FAIL: gcc.dg/guality/pr43051-1.c -O3 -fomit-frame-pointer -funroll-all-loops -finline-functions line 35 v == 1
FAIL: gcc.dg/guality/pr43051-1.c -O3 -fomit-frame-pointer -funroll-all-loops -finline-functions line 36 e == &a[1]
FAIL: gcc.dg/guality/pr43051-1.c -O3 -fomit-frame-pointer -funroll-all-loops -finline-functions line 39 c == &a[0]
FAIL: gcc.dg/guality/pr43051-1.c -O3 -fomit-frame-pointer -funroll-all-loops -finline-functions line 40 v == 1
FAIL: gcc.dg/guality/pr43051-1.c -O3 -fomit-frame-pointer -funroll-all-loops -finline-functions line 41 e == &a[1]
FAIL: gcc.dg/guality/pr43051-1.c -O3 -fomit-frame-pointer -funroll-loops line 35 v == 1
FAIL: gcc.dg/guality/pr43051-1.c -O3 -fomit-frame-pointer -funroll-loops line 36 e == &a[1]
FAIL: gcc.dg/guality/pr43051-1.c -O3 -fomit-frame-pointer -funroll-loops line 39 c == &a[0]
FAIL: gcc.dg/guality/pr43051-1.c -O3 -fomit-frame-pointer -funroll-loops line 40 v == 1
FAIL: gcc.dg/guality/pr43051-1.c -O3 -fomit-frame-pointer -funroll-loops line 41 e == &a[1]
FAIL: gcc.dg/guality/pr43051-1.c -O3 -g line 35 v == 1
FAIL: gcc.dg/guality/pr43051-1.c -O3 -g line 36 e == &a[1]
FAIL: gcc.dg/guality/pr43051-1.c -O3 -g line 39 c == &a[0]
FAIL: gcc.dg/guality/pr43051-1.c -O3 -g line 40 v == 1
FAIL: gcc.dg/guality/pr43051-1.c -O3 -g line 41 e == &a[1]
FAIL: gcc.dg/guality/pr43051-1.c -Os line 35 v == 1
FAIL: gcc.dg/guality/pr43051-1.c -Os line 36 e == &a[1]
FAIL: gcc.dg/guality/pr43051-1.c -Os line 39 c == &a[0]
FAIL: gcc.dg/guality/pr43051-1.c -Os line 40 v == 1
FAIL: gcc.dg/guality/pr43051-1.c -Os line 41 e == &a[1]
FAIL: gcc.dg/guality/pr43177.c -O2 line 15 l == 10
FAIL: gcc.dg/guality/pr43177.c -O2 line 15 x == 7
FAIL: gcc.dg/guality/pr43177.c -O2 line 24 l == 10
FAIL: gcc.dg/guality/pr43177.c -O2 line 24 x == 7
FAIL: gcc.dg/guality/pr43177.c -O2 -flto -fno-use-linker-plugin -flto-partition=none line 15 l == 10
FAIL: gcc.dg/guality/pr43177.c -O2 -flto -fno-use-linker-plugin -flto-partition=none line 15 x == 7
FAIL: gcc.dg/guality/pr43177.c -O2 -flto -fno-use-linker-plugin -flto-partition=none line 24 l == 10
FAIL: gcc.dg/guality/pr43177.c -O2 -flto -fno-use-linker-plugin -flto-partition=none line 24 x == 7
FAIL: gcc.dg/guality/pr43177.c -O2 -flto -fuse-linker-plugin -fno-fat-lto-objects line 15 l == 10
FAIL: gcc.dg/guality/pr43177.c -O2 -flto -fuse-linker-plugin -fno-fat-lto-objects line 15 x == 7
FAIL: gcc.dg/guality/pr43177.c -O2 -flto -fuse-linker-plugin -fno-fat-lto-objects line 24 l == 10
FAIL: gcc.dg/guality/pr43177.c -O2 -flto -fuse-linker-plugin -fno-fat-lto-objects line 24 x == 7
FAIL: gcc.dg/guality/pr43177.c -O3 -fomit-frame-pointer line 15 l == 10
FAIL: gcc.dg/guality/pr43177.c -O3 -fomit-frame-pointer line 15 x == 7
FAIL: gcc.dg/guality/pr43177.c -O3 -fomit-frame-pointer line 24 l == 10
FAIL: gcc.dg/guality/pr43177.c -O3 -fomit-frame-pointer line 24 x == 7
FAIL: gcc.dg/guality/pr43177.c -O3 -g line 15 l == 10
FAIL: gcc.dg/guality/pr43177.c -O3 -g line 15 x == 7
FAIL: gcc.dg/guality/pr43177.c -O3 -g line 24 l == 10
FAIL: gcc.dg/guality/pr43177.c -O3 -g line 24 x == 7
FAIL: gcc.dg/guality/pr43177.c -Os line 15 l == 10
FAIL: gcc.dg/guality/pr43177.c -Os line 15 x == 7
FAIL: gcc.dg/guality/pr43177.c -Os line 24 l == 10
FAIL: gcc.dg/guality/pr43177.c -Os line 24 x == 7
FAIL: gcc.dg/guality/pr43479.c -O1 line 13 h == 9
FAIL: gcc.dg/guality/pr43479.c -O1 line 18 h == 9
FAIL: gcc.dg/guality/pr43479.c -O2 line 13 h == 9
FAIL: gcc.dg/guality/pr43479.c -O2 line 18 h == 9
FAIL: gcc.dg/guality/pr43479.c -O2 -flto -fno-use-linker-plugin -flto-partition=none line 13 h == 9
FAIL: gcc.dg/guality/pr43479.c -O2 -flto -fno-use-linker-plugin -flto-partition=none line 18 h == 9
FAIL: gcc.dg/guality/pr43479.c -O2 -flto -fuse-linker-plugin -fno-fat-lto-objects line 13 h == 9
FAIL: gcc.dg/guality/pr43479.c -O2 -flto -fuse-linker-plugin -fno-fat-lto-objects line 18 h == 9
FAIL: gcc.dg/guality/pr43479.c -O3 -fomit-frame-pointer line 13 h == 9
FAIL: gcc.dg/guality/pr43479.c -O3 -fomit-frame-pointer line 18 h == 9
FAIL: gcc.dg/guality/pr43479.c -O3 -g line 13 h == 9
FAIL: gcc.dg/guality/pr43479.c -O3 -g line 18 h == 9
FAIL: gcc.dg/guality/pr43479.c -Os line 13 h == 9
FAIL: gcc.dg/guality/pr43479.c -Os line 18 h == 9
FAIL: gcc.dg/guality/pr45003-2.c -O2 -flto -fuse-linker-plugin -fno-fat-lto-objects line 10 a == 0x8078
FAIL: gcc.dg/guality/pr45882.c -O2 -flto -fuse-linker-plugin -fno-fat-lto-objects line 16 d == 112
FAIL: gcc.dg/guality/pr45882.c -O2 -flto -fuse-linker-plugin -fno-fat-lto-objects line 16 e == 142
FAIL: gcc.dg/guality/pr54200.c -Os line 20 z == 3
FAIL: gcc.dg/guality/pr54519-1.c -O2 -flto -fno-use-linker-plugin -flto-partition=none line 20 y == 25
FAIL: gcc.dg/guality/pr54519-1.c -O2 -flto -fno-use-linker-plugin -flto-partition=none line 20 z == 6
FAIL: gcc.dg/guality/pr54519-1.c -O2 -flto -fno-use-linker-plugin -flto-partition=none line 23 y == 117
FAIL: gcc.dg/guality/pr54519-1.c -O2 -flto -fno-use-linker-plugin -flto-partition=none line 23 z == 8
FAIL: gcc.dg/guality/pr54519-2.c -O2 -flto -fno-use-linker-plugin -flto-partition=none line 17 y == 25
FAIL: gcc.dg/guality/pr54519-2.c -O2 -flto -fuse-linker-plugin -fno-fat-lto-objects line 17 y == 25
FAIL: gcc.dg/guality/pr54519-3.c -O2 -flto -fno-use-linker-plugin -flto-partition=none line 20 y == 25
FAIL: gcc.dg/guality/pr54519-3.c -O2 -flto -fno-use-linker-plugin -flto-partition=none line 20 z == 6
FAIL: gcc.dg/guality/pr54519-3.c -O2 -flto -fno-use-linker-plugin -flto-partition=none line 23 y == 117
FAIL: gcc.dg/guality/pr54519-3.c -O2 -flto -fno-use-linker-plugin -flto-partition=none line 23 z == 8
FAIL: gcc.dg/guality/pr54519-3.c -O2 -flto -fuse-linker-plugin -fno-fat-lto-objects line 20 x == 36
FAIL: gcc.dg/guality/pr54519-3.c -O2 -flto -fuse-linker-plugin -fno-fat-lto-objects line 20 y == 25
FAIL: gcc.dg/guality/pr54519-3.c -O2 -flto -fuse-linker-plugin -fno-fat-lto-objects line 20 z == 6
FAIL: gcc.dg/guality/pr54519-3.c -O2 -flto -fuse-linker-plugin -fno-fat-lto-objects line 23 x == 98
FAIL: gcc.dg/guality/pr54519-3.c -O2 -flto -fuse-linker-plugin -fno-fat-lto-objects line 23 y == 117
FAIL: gcc.dg/guality/pr54519-3.c -O2 -flto -fuse-linker-plugin -fno-fat-lto-objects line 23 z == 8
FAIL: gcc.dg/guality/pr54519-4.c -O2 -flto -fno-use-linker-plugin -flto-partition=none line 17 y == 25
FAIL: gcc.dg/guality/pr54519-4.c -O2 -flto -fuse-linker-plugin -fno-fat-lto-objects line 17 x == 6
FAIL: gcc.dg/guality/pr54519-4.c -O2 -flto -fuse-linker-plugin -fno-fat-lto-objects line 17 y == 25
FAIL: gcc.dg/guality/pr54519-5.c -O2 -flto -fno-use-linker-plugin -flto-partition=none line 17 y == 25
FAIL: gcc.dg/guality/pr54519-5.c -O2 -flto -fuse-linker-plugin -fno-fat-lto-objects line 17 y == 25
FAIL: gcc.dg/guality/sra-1.c -O2 line 21 a.i == 4
FAIL: gcc.dg/guality/sra-1.c -O2 line 21 a.j == 14
FAIL: gcc.dg/guality/sra-1.c -O2 line 43 a.i == 4
FAIL: gcc.dg/guality/sra-1.c -O2 line 43 a.j == 14
FAIL: gcc.dg/guality/sra-1.c -O2 -flto -fno-use-linker-plugin -flto-partition=none line 21 a.i == 4
FAIL: gcc.dg/guality/sra-1.c -O2 -flto -fno-use-linker-plugin -flto-partition=none line 21 a.j == 14
FAIL: gcc.dg/guality/sra-1.c -O2 -flto -fno-use-linker-plugin -flto-partition=none line 43 a.i == 4
FAIL: gcc.dg/guality/sra-1.c -O2 -flto -fno-use-linker-plugin -flto-partition=none line 43 a.j == 14
FAIL: gcc.dg/guality/sra-1.c -O2 -flto -fuse-linker-plugin -fno-fat-lto-objects line 21 a.i == 4
FAIL: gcc.dg/guality/sra-1.c -O2 -flto -fuse-linker-plugin -fno-fat-lto-objects line 21 a.j == 14
FAIL: gcc.dg/guality/sra-1.c -O2 -flto -fuse-linker-plugin -fno-fat-lto-objects line 43 a.i == 4
FAIL: gcc.dg/guality/sra-1.c -O2 -flto -fuse-linker-plugin -fno-fat-lto-objects line 43 a.j == 14
FAIL: gcc.dg/guality/sra-1.c -O3 -fomit-frame-pointer line 21 a.i == 4
FAIL: gcc.dg/guality/sra-1.c -O3 -fomit-frame-pointer line 21 a.j == 14
FAIL: gcc.dg/guality/sra-1.c -O3 -fomit-frame-pointer line 43 a.i == 4
FAIL: gcc.dg/guality/sra-1.c -O3 -fomit-frame-pointer line 43 a.j == 14
FAIL: gcc.dg/guality/sra-1.c -O3 -g line 21 a.i == 4
FAIL: gcc.dg/guality/sra-1.c -O3 -g line 21 a.j == 14
FAIL: gcc.dg/guality/sra-1.c -O3 -g line 43 a.i == 4
FAIL: gcc.dg/guality/sra-1.c -O3 -g line 43 a.j == 14
FAIL: gcc.dg/guality/sra-1.c -Os line 21 a.i == 4
FAIL: gcc.dg/guality/sra-1.c -Os line 21 a.j == 14
FAIL: gcc.dg/guality/sra-1.c -Os line 43 a.i == 4
FAIL: gcc.dg/guality/sra-1.c -Os line 43 a.j == 14
FAIL: gcc.dg/guality/vla-1.c -O1 line 17 sizeof (a) == 6
FAIL: gcc.dg/guality/vla-1.c -O2 line 17 sizeof (a) == 6
FAIL: gcc.dg/guality/vla-1.c -O2 -flto -fno-use-linker-plugin -flto-partition=none line 17 sizeof (a) == 6
FAIL: gcc.dg/guality/vla-1.c -O2 -flto -fuse-linker-plugin -fno-fat-lto-objects line 17 sizeof (a) == 6
FAIL: gcc.dg/guality/vla-1.c -O3 -fomit-frame-pointer line 17 sizeof (a) == 6
FAIL: gcc.dg/guality/vla-1.c -O3 -g line 17 sizeof (a) == 6
FAIL: gcc.dg/guality/vla-1.c -Os line 17 sizeof (a) == 6
FAIL: gcc.dg/guality/vla-2.c -O2 line 25 sizeof (a) == 6 * sizeof (int)
FAIL: gcc.dg/guality/vla-2.c -O2 -flto -fno-use-linker-plugin -flto-partition=none line 25 sizeof (a) == 6 * sizeof (int)
FAIL: gcc.dg/guality/vla-2.c -O2 -flto -fuse-linker-plugin -fno-fat-lto-objects line 25 sizeof (a) == 6 * sizeof (int)
FAIL: gcc.dg/guality/vla-2.c -O3 -fomit-frame-pointer line 25 sizeof (a) == 6 * sizeof (int)
FAIL: gcc.dg/guality/vla-2.c -O3 -g line 25 sizeof (a) == 6 * sizeof (int)
FAIL: gcc.dg/guality/vla-2.c -Os line 25 sizeof (a) == 6 * sizeof (int)
FAIL: gcc.target/i386/387-12.c scan-assembler fld1
FAIL: gcc.target/i386/387-12.c scan-assembler fldz
FAIL: gcc.target/i386/avxfp-1.c scan-assembler vmaxsd
FAIL: gcc.target/i386/avxfp-1.c scan-assembler vminsd
FAIL: gcc.target/i386/avxfp-2.c scan-assembler vmaxsd
FAIL: gcc.target/i386/avxfp-2.c scan-assembler vminsd
FAIL: gcc.target/i386/pr52146.c (test for excess errors)
UNRESOLVED: gcc.target/i386/pr52146.c scan-assembler-not [,\\\\t ]+-18874240
FAIL: gcc.target/i386/pr52698.c (test for excess errors)
FAIL: gcc.target/i386/pr52857-1.c (test for excess errors)
FAIL: gcc.target/i386/pr52857-2.c (test for excess errors)
FAIL: gcc.target/i386/pr53698.c (test for excess errors)
FAIL: gcc.target/i386/pr54157.c (test for excess errors)
FAIL: gcc.target/i386/pr55049-1.c (test for excess errors)
FAIL: gcc.target/i386/pr55093.c (test for excess errors)
FAIL: gcc.target/i386/pr55116-1.c (test for excess errors)
FAIL: gcc.target/i386/pr55116-2.c (test for excess errors)
FAIL: gcc.target/i386/pr55597.c (test for excess errors)
FAIL: gcc.target/i386/ssefp-1.c scan-assembler maxsd
FAIL: gcc.target/i386/ssefp-1.c scan-assembler minsd
FAIL: gcc.target/i386/ssefp-2.c scan-assembler maxsd
FAIL: gcc.target/i386/ssefp-2.c scan-assembler minsd
=== gcc Summary for unix/-mcmodel=medium ===
# of expected passes 117428
# of unexpected failures 188
# of unexpected successes 18
# of expected failures 273
# of unresolved testcases 1
# of unsupported tests 1883
=== gcc Summary ===
# of expected passes 351934
# of unexpected failures 617
# of unexpected successes 50
# of expected failures 823
# of unresolved testcases 4
# of unsupported tests 5715
/export/gnu/import/git/gcc-test-intel64/bld/gcc/xgcc version 5.0.0 20150403 (experimental) [trunk revision 221848] (GCC)
=== gfortran tests ===
Running target unix/-fpic
FAIL: gfortran.dg/argument_checking_11.f90 -O (test for errors, line 65)
FAIL: gfortran.dg/argument_checking_11.f90 -O (test for errors, line 66)
FAIL: gfortran.dg/argument_checking_11.f90 -O (test for errors, line 67)
FAIL: gfortran.dg/argument_checking_11.f90 -O (test for errors, line 68)
FAIL: gfortran.dg/argument_checking_11.f90 -O (test for errors, line 69)
FAIL: gfortran.dg/argument_checking_11.f90 -O (test for errors, line 70)
FAIL: gfortran.dg/argument_checking_11.f90 -O (test for errors, line 84)
FAIL: gfortran.dg/argument_checking_11.f90 -O (test for errors, line 85)
FAIL: gfortran.dg/argument_checking_11.f90 -O (test for errors, line 89)
FAIL: gfortran.dg/argument_checking_11.f90 -O (test for errors, line 91)
FAIL: gfortran.dg/argument_checking_11.f90 -O (test for errors, line 92)
FAIL: gfortran.dg/argument_checking_11.f90 -O (test for errors, line 93)
FAIL: gfortran.dg/argument_checking_11.f90 -O (test for errors, line 96)
FAIL: gfortran.dg/argument_checking_11.f90 -O (test for errors, line 97)
FAIL: gfortran.dg/argument_checking_11.f90 -O (test for errors, line 98)
FAIL: gfortran.dg/argument_checking_11.f90 -O (test for errors, line 99)
FAIL: gfortran.dg/argument_checking_11.f90 -O (test for excess errors)
FAIL: gfortran.dg/io_constraints_8.f90 -O (test for errors, line 40)
FAIL: gfortran.dg/io_constraints_8.f90 -O (test for errors, line 42)
FAIL: gfortran.dg/io_constraints_8.f90 -O (test for errors, line 44)
FAIL: gfortran.dg/io_constraints_8.f90 -O (test for errors, line 45)
FAIL: gfortran.dg/io_constraints_8.f90 -O (test for errors, line 46)
FAIL: gfortran.dg/io_constraints_8.f90 -O (test for errors, line 47)
FAIL: gfortran.dg/io_constraints_8.f90 -O (test for errors, line 49)
FAIL: gfortran.dg/io_constraints_8.f90 -O (test for errors, line 50)
FAIL: gfortran.dg/io_constraints_8.f90 -O (test for errors, line 51)
FAIL: gfortran.dg/io_constraints_8.f90 -O (test for errors, line 52)
FAIL: gfortran.dg/io_constraints_8.f90 -O (test for errors, line 53)
FAIL: gfortran.dg/io_constraints_8.f90 -O (test for errors, line 54)
FAIL: gfortran.dg/io_constraints_8.f90 -O (test for errors, line 55)
FAIL: gfortran.dg/io_constraints_8.f90 -O (test for errors, line 56)
FAIL: gfortran.dg/io_constraints_8.f90 -O (test for errors, line 57)
FAIL: gfortran.dg/io_constraints_8.f90 -O (test for errors, line 58)
FAIL: gfortran.dg/io_constraints_8.f90 -O (test for errors, line 59)
FAIL: gfortran.dg/io_constraints_8.f90 -O (test for errors, line 60)
FAIL: gfortran.dg/io_constraints_8.f90 -O (test for errors, line 61)
FAIL: gfortran.dg/io_constraints_8.f90 -O (test for errors, line 62)
FAIL: gfortran.dg/io_constraints_8.f90 -O (test for errors, line 63)
FAIL: gfortran.dg/io_constraints_8.f90 -O (test for errors, line 64)
FAIL: gfortran.dg/io_constraints_8.f90 -O (test for errors, line 65)
FAIL: gfortran.dg/io_constraints_8.f90 -O (test for errors, line 66)
FAIL: gfortran.dg/io_constraints_8.f90 -O (test for errors, line 67)
FAIL: gfortran.dg/io_constraints_8.f90 -O (test for errors, line 68)
FAIL: gfortran.dg/io_constraints_8.f90 -O (test for errors, line 70)
FAIL: gfortran.dg/io_constraints_8.f90 -O (test for errors, line 71)
FAIL: gfortran.dg/io_constraints_8.f90 -O (test for excess errors)
FAIL: gfortran.dg/pr48636-2.f90 -O scan-ipa-dump cp "Creating a specialized node of [^\\n\\r]*bar/[0-9]*\\\\."
FAIL: gfortran.dg/pr48636-2.f90 -O scan-ipa-dump-times cp "Aggregate replacements[^=]*=[^=]*=[^=]*=[^=]*=[^=]*=[^=]*=[^=]*=[^=]*=[^=]*=" 2
FAIL: gfortran.dg/pr48636.f90 -O scan-ipa-dump inline "bar[^\\\\n]*inline copy in MAIN"
FAIL: gfortran.dg/pr48636.f90 -O scan-ipa-dump inline "inline hints: loop_iterations"
=== gfortran Summary for unix/-fpic ===
# of expected passes 48246
# of unexpected failures 50
# of expected failures 64
# of unsupported tests 69
Running target unix/-fpic -mcmodel=medium
FAIL: gfortran.dg/coarray_collectives_14.f90 -O (test for errors, line 68)
FAIL: gfortran.dg/coarray_collectives_14.f90 -O (test for errors, line 69)
FAIL: gfortran.dg/coarray_collectives_14.f90 -O (test for errors, line 70)
FAIL: gfortran.dg/coarray_collectives_14.f90 -O (test for errors, line 71)
FAIL: gfortran.dg/coarray_collectives_14.f90 -O (test for errors, line 72)
FAIL: gfortran.dg/coarray_collectives_14.f90 -O (test for errors, line 73)
FAIL: gfortran.dg/coarray_collectives_14.f90 -O (test for errors, line 74)
FAIL: gfortran.dg/coarray_collectives_14.f90 -O (test for errors, line 75)
FAIL: gfortran.dg/coarray_collectives_14.f90 -O (test for errors, line 76)
FAIL: gfortran.dg/coarray_collectives_14.f90 -O (test for errors, line 77)
FAIL: gfortran.dg/coarray_collectives_14.f90 -O (test for errors, line 78)
FAIL: gfortran.dg/coarray_collectives_14.f90 -O (test for errors, line 79)
FAIL: gfortran.dg/coarray_collectives_14.f90 -O (test for errors, line 80)
FAIL: gfortran.dg/coarray_collectives_14.f90 -O (test for errors, line 81)
FAIL: gfortran.dg/coarray_collectives_14.f90 -O (test for errors, line 82)
FAIL: gfortran.dg/coarray_collectives_14.f90 -O (test for errors, line 83)
FAIL: gfortran.dg/coarray_collectives_14.f90 -O (test for errors, line 86)
FAIL: gfortran.dg/coarray_collectives_14.f90 -O (test for errors, line 87)
FAIL: gfortran.dg/coarray_collectives_14.f90 -O (test for errors, line 88)
FAIL: gfortran.dg/coarray_collectives_14.f90 -O (test for errors, line 89)
FAIL: gfortran.dg/coarray_collectives_14.f90 -O (test for excess errors)
FAIL: gfortran.dg/pr48636-2.f90 -O scan-ipa-dump cp "Creating a specialized node of [^\\n\\r]*bar/[0-9]*\\\\."
FAIL: gfortran.dg/pr48636-2.f90 -O scan-ipa-dump-times cp "Aggregate replacements[^=]*=[^=]*=[^=]*=[^=]*=[^=]*=[^=]*=[^=]*=[^=]*=[^=]*=" 2
FAIL: gfortran.dg/pr48636.f90 -O scan-ipa-dump inline "bar[^\\\\n]*inline copy in MAIN"
FAIL: gfortran.dg/pr48636.f90 -O scan-ipa-dump inline "inline hints: loop_iterations"
FAIL: gfortran.dg/gomp/udr8.f90 -O (test for errors, line 276)
FAIL: gfortran.dg/gomp/udr8.f90 -O (test for errors, line 280)
FAIL: gfortran.dg/gomp/udr8.f90 -O (test for errors, line 293)
FAIL: gfortran.dg/gomp/udr8.f90 -O (test for errors, line 294)
FAIL: gfortran.dg/gomp/udr8.f90 -O (test for errors, line 295)
FAIL: gfortran.dg/gomp/udr8.f90 -O (test for errors, line 296)
FAIL: gfortran.dg/gomp/udr8.f90 -O (test for errors, line 308)
FAIL: gfortran.dg/gomp/udr8.f90 -O (test for errors, line 309)
FAIL: gfortran.dg/gomp/udr8.f90 -O (test for errors, line 310)
FAIL: gfortran.dg/gomp/udr8.f90 -O (test for errors, line 311)
FAIL: gfortran.dg/gomp/udr8.f90 -O (test for errors, line 339)
FAIL: gfortran.dg/gomp/udr8.f90 -O (test for errors, line 340)
FAIL: gfortran.dg/gomp/udr8.f90 -O (test for errors, line 341)
FAIL: gfortran.dg/gomp/udr8.f90 -O (test for errors, line 342)
FAIL: gfortran.dg/gomp/udr8.f90 -O (test for warnings, line 278)
FAIL: gfortran.dg/gomp/udr8.f90 -O (test for warnings, line 279)
FAIL: gfortran.dg/gomp/udr8.f90 -O (test for warnings, line 281)
FAIL: gfortran.dg/gomp/udr8.f90 -O (test for excess errors)
=== gfortran Summary for unix/-fpic -mcmodel=medium ===
# of expected passes 48253
# of unexpected failures 43
# of expected failures 64
# of unsupported tests 69
Running target unix/-mcmodel=medium
FAIL: gfortran.dg/goacc/sie.f95 -O (test for errors, line 178)
FAIL: gfortran.dg/goacc/sie.f95 -O (test for errors, line 181)
FAIL: gfortran.dg/goacc/sie.f95 -O (test for errors, line 184)
FAIL: gfortran.dg/goacc/sie.f95 -O (test for errors, line 210)
FAIL: gfortran.dg/goacc/sie.f95 -O (test for errors, line 213)
FAIL: gfortran.dg/goacc/sie.f95 -O (test for errors, line 216)
FAIL: gfortran.dg/goacc/sie.f95 -O (test for errors, line 242)
FAIL: gfortran.dg/goacc/sie.f95 -O (test for errors, line 245)
FAIL: gfortran.dg/goacc/sie.f95 -O (test for errors, line 248)
FAIL: gfortran.dg/goacc/sie.f95 -O (test for warnings, line 201)
FAIL: gfortran.dg/goacc/sie.f95 -O (test for warnings, line 204)
FAIL: gfortran.dg/goacc/sie.f95 -O (test for warnings, line 233)
FAIL: gfortran.dg/goacc/sie.f95 -O (test for warnings, line 236)
FAIL: gfortran.dg/goacc/sie.f95 -O (test for excess errors)
=== gfortran Summary for unix/-mcmodel=medium ===
# of expected passes 48282
# of unexpected failures 14
# of expected failures 64
# of unsupported tests 69
=== gfortran Summary ===
# of expected passes 144781
# of unexpected failures 107
# of expected failures 192
# of unsupported tests 207
/export/gnu/import/git/gcc-test-intel64/bld/gcc/testsuite/gfortran/../../gfortran version 5.0.0 20150403 (experimental) [trunk revision 221848] (GCC)
=== objc tests ===
Running target unix/-fpic
=== objc Summary for unix/-fpic ===
# of expected passes 3010
# of expected failures 6
# of unsupported tests 74
Running target unix/-fpic -mcmodel=medium
=== objc Summary for unix/-fpic -mcmodel=medium ===
# of expected passes 3010
# of expected failures 6
# of unsupported tests 74
Running target unix/-mcmodel=medium
=== objc Summary for unix/-mcmodel=medium ===
# of expected passes 3010
# of expected failures 6
# of unsupported tests 74
=== objc Summary ===
# of expected passes 9030
# of expected failures 18
# of unsupported tests 222
/export/gnu/import/git/gcc-test-intel64/bld/gcc/xgcc version 5.0.0 20150403 (experimental) [trunk revision 221848] (GCC)
=== boehm-gc tests ===
Running target unix/-fpic
=== boehm-gc Summary for unix/-fpic ===
# of expected passes 12
# of unsupported tests 1
Running target unix/-mcmodel=medium
=== boehm-gc Summary for unix/-mcmodel=medium ===
# of expected passes 12
# of unsupported tests 1
Running target unix/-fpic -mcmodel=medium
=== boehm-gc Summary for unix/-fpic -mcmodel=medium ===
# of expected passes 12
# of unsupported tests 1
=== boehm-gc Summary ===
# of expected passes 36
# of unsupported tests 3
=== libatomic tests ===
Running target unix/-fpic
=== libatomic Summary for unix/-fpic ===
# of expected passes 54
Running target unix/-mcmodel=medium
=== libatomic Summary for unix/-mcmodel=medium ===
# of expected passes 54
Running target unix/-fpic -mcmodel=medium
=== libatomic Summary for unix/-fpic -mcmodel=medium ===
# of expected passes 54
=== libatomic Summary ===
# of expected passes 162
=== libffi tests ===
Running target unix/-fpic
=== libffi Summary for unix/-fpic ===
# of expected passes 1914
# of unsupported tests 30
Running target unix/-mcmodel=medium
=== libffi Summary for unix/-mcmodel=medium ===
# of expected passes 1914
# of unsupported tests 30
Running target unix/-fpic -mcmodel=medium
=== libffi Summary for unix/-fpic -mcmodel=medium ===
# of expected passes 1914
# of unsupported tests 30
=== libffi Summary ===
# of expected passes 5742
# of unsupported tests 90
=== libgomp tests ===
Running target unix/-fpic
=== libgomp Summary for unix/-fpic ===
# of expected passes 5780
# of unsupported tests 254
Running target unix/-mcmodel=medium
=== libgomp Summary for unix/-mcmodel=medium ===
# of expected passes 5780
# of unsupported tests 254
Running target unix/-fpic -mcmodel=medium
=== libgomp Summary for unix/-fpic -mcmodel=medium ===
# of expected passes 5780
# of unsupported tests 254
=== libgomp Summary ===
# of expected passes 17340
# of unsupported tests 762
=== libitm tests ===
Running target unix/-fpic
=== libitm Summary for unix/-fpic ===
# of expected passes 26
# of expected failures 3
# of unsupported tests 1
Running target unix/-mcmodel=medium
=== libitm Summary for unix/-mcmodel=medium ===
# of expected passes 26
# of expected failures 3
# of unsupported tests 1
Running target unix/-fpic -mcmodel=medium
=== libitm Summary for unix/-fpic -mcmodel=medium ===
# of expected passes 26
# of expected failures 3
# of unsupported tests 1
=== libitm Summary ===
# of expected passes 78
# of expected failures 9
# of unsupported tests 3
=== libjava tests ===
Running target unix/-fpic
=== libjava Summary for unix/-fpic ===
# of expected passes 2582
# of expected failures 4
Running target unix/-mcmodel=medium
=== libjava Summary for unix/-mcmodel=medium ===
# of expected passes 2582
# of expected failures 4
Running target unix/-fpic -mcmodel=medium
=== libjava Summary for unix/-fpic -mcmodel=medium ===
# of expected passes 2582
# of expected failures 4
=== libjava Summary ===
# of expected passes 7746
# of expected failures 12
=== libstdc++ tests ===
Running target unix/-fpic
=== libstdc++ Summary for unix/-fpic ===
# of expected passes 10590
# of expected failures 65
# of unsupported tests 229
Running target unix/-fpic -mcmodel=medium
FAIL: 20_util/function/cmp/cmp_neg.cc (test for errors, line 30)
XPASS: 26_numerics/headers/cmath/c_math.cc execution test
FAIL: 26_numerics/headers/cmath/overloads_c++0x_neg.cc (test for errors, line 41)
FAIL: 26_numerics/headers/cmath/overloads_c++0x_neg.cc (test for errors, line 42)
FAIL: 26_numerics/headers/cmath/overloads_c++0x_neg.cc (test for errors, line 43)
FAIL: 26_numerics/headers/cmath/overloads_c++0x_neg.cc (test for errors, line 44)
FAIL: 26_numerics/headers/cmath/overloads_c++0x_neg.cc (test for errors, line 45)
FAIL: 26_numerics/headers/cmath/overloads_c++0x_neg.cc (test for errors, line 46)
FAIL: 26_numerics/headers/cmath/overloads_c++0x_neg.cc (test for errors, line 47)
FAIL: 26_numerics/headers/cmath/overloads_c++0x_neg.cc (test for errors, line 48)
FAIL: 26_numerics/headers/cmath/overloads_c++0x_neg.cc (test for errors, line 49)
FAIL: 26_numerics/headers/cmath/overloads_c++0x_neg.cc (test for errors, line 50)
FAIL: 26_numerics/headers/cmath/overloads_c++0x_neg.cc (test for errors, line 51)
FAIL: 26_numerics/headers/cmath/overloads_c++0x_neg.cc (test for errors, line 52)
FAIL: 26_numerics/headers/cmath/overloads_c++0x_neg.cc (test for errors, line 53)
FAIL: 26_numerics/headers/cmath/overloads_c++0x_neg.cc (test for errors, line 54)
FAIL: 26_numerics/headers/cmath/overloads_c++0x_neg.cc (test for errors, line 55)
FAIL: 26_numerics/headers/cmath/overloads_c++0x_neg.cc (test for errors, line 56)
FAIL: 26_numerics/headers/cmath/overloads_c++0x_neg.cc (test for errors, line 57)
FAIL: 26_numerics/headers/cmath/overloads_c++0x_neg.cc (test for errors, line 58)
FAIL: 26_numerics/headers/cmath/overloads_c++0x_neg.cc (test for errors, line 59)
FAIL: 26_numerics/headers/cmath/overloads_c++0x_neg.cc (test for errors, line 60)
FAIL: 26_numerics/headers/cmath/overloads_c++0x_neg.cc (test for errors, line 61)
FAIL: 26_numerics/headers/cmath/overloads_c++0x_neg.cc (test for errors, line 62)
=== libstdc++ Summary for unix/-fpic -mcmodel=medium ===
# of expected passes 4644
# of unexpected failures 23
# of unexpected successes 1
# of expected failures 61
# of unsupported tests 229
Running target unix/-mcmodel=medium
XPASS: 26_numerics/headers/cmath/c_math.cc execution test
=== libstdc++ Summary for unix/-mcmodel=medium ===
# of expected passes 4667
# of unexpected successes 1
# of expected failures 61
# of unsupported tests 229
=== libstdc++ Summary ===
# of expected passes 19901
# of unexpected failures 23
# of unexpected successes 2
# of expected failures 187
# of unsupported tests 687
Compiler version: 5.0.0 20150403 (experimental) [trunk revision 221848] (GCC)
Platform: x86_64-unknown-linux-gnu
configure flags: --prefix=/usr/5.0.0 --enable-clocale=gnu --with-system-zlib --enable-shared --with-demangler-in-ld --with-fpmath=sse --enable-languages=c,c++,fortran,java,lto,objc