This is the mail archive of the
gcc-testresults@gcc.gnu.org
mailing list for the GCC project.
Results for 5.0.0 20150401 (experimental) [trunk revision 221811] (GCC) testsuite on x86_64-unknown-linux-gnu
- From: intel64 at gnu-5 dot sc dot intel dot com (H.J. Lu (Intel64 -fpic -mcmodel=medium -mcmodel=large))
- To: gcc-testresults at gcc dot gnu dot org
- Date: Wed, 01 Apr 2015 19:30:53 -0700
- Subject: Results for 5.0.0 20150401 (experimental) [trunk revision 221811] (GCC) testsuite on x86_64-unknown-linux-gnu
- Authentication-results: sourceware.org; auth=none
Native configuration is x86_64-unknown-linux-gnu
=== g++ tests ===
Running target unix/-fpic
FAIL: c-c++-common/int128-types-1.c -std=gnu++11 (test for errors, line 638)
FAIL: c-c++-common/int128-types-1.c -std=gnu++11 (test for errors, line 639)
FAIL: c-c++-common/int128-types-1.c -std=gnu++11 (test for errors, line 640)
FAIL: c-c++-common/int128-types-1.c -std=gnu++11 (test for errors, line 641)
FAIL: c-c++-common/int128-types-1.c -std=gnu++11 (test for errors, line 642)
FAIL: c-c++-common/int128-types-1.c -std=gnu++11 (test for errors, line 643)
FAIL: c-c++-common/int128-types-1.c -std=gnu++11 (test for errors, line 644)
FAIL: c-c++-common/int128-types-1.c -std=gnu++11 (test for errors, line 645)
FAIL: c-c++-common/int128-types-1.c -std=gnu++11 (test for errors, line 646)
FAIL: c-c++-common/int128-types-1.c -std=gnu++11 (test for errors, line 647)
FAIL: c-c++-common/int128-types-1.c -std=gnu++11 (test for errors, line 648)
FAIL: c-c++-common/int128-types-1.c -std=gnu++11 (test for errors, line 649)
FAIL: c-c++-common/int128-types-1.c -std=gnu++11 (test for errors, line 650)
FAIL: c-c++-common/int128-types-1.c -std=gnu++11 (test for errors, line 651)
FAIL: c-c++-common/int128-types-1.c -std=gnu++11 (test for errors, line 652)
FAIL: c-c++-common/int128-types-1.c -std=gnu++11 (test for errors, line 653)
FAIL: c-c++-common/int128-types-1.c -std=gnu++11 (test for errors, line 654)
FAIL: c-c++-common/int128-types-1.c -std=gnu++11 (test for errors, line 655)
FAIL: c-c++-common/int128-types-1.c -std=gnu++11 (test for errors, line 656)
FAIL: c-c++-common/int128-types-1.c -std=gnu++11 (test for errors, line 657)
FAIL: c-c++-common/int128-types-1.c -std=gnu++11 (test for errors, line 658)
FAIL: c-c++-common/int128-types-1.c -std=gnu++11 (test for errors, line 659)
FAIL: c-c++-common/int128-types-1.c -std=gnu++11 (test for errors, line 660)
FAIL: c-c++-common/int128-types-1.c -std=gnu++11 (test for errors, line 661)
FAIL: c-c++-common/int128-types-1.c -std=gnu++11 (test for errors, line 662)
FAIL: c-c++-common/int128-types-1.c -std=gnu++11 (test for errors, line 663)
FAIL: c-c++-common/int128-types-1.c -std=gnu++11 (test for errors, line 664)
FAIL: c-c++-common/int128-types-1.c -std=gnu++11 (test for errors, line 665)
FAIL: c-c++-common/int128-types-1.c -std=gnu++11 (test for errors, line 666)
FAIL: c-c++-common/int128-types-1.c -std=gnu++98 (test for errors, line 559)
FAIL: c-c++-common/int128-types-1.c -std=gnu++98 (test for errors, line 560)
FAIL: c-c++-common/int128-types-1.c -std=gnu++98 (test for errors, line 561)
FAIL: c-c++-common/int128-types-1.c -std=gnu++98 (test for errors, line 562)
FAIL: c-c++-common/int128-types-1.c -std=gnu++98 (test for errors, line 563)
FAIL: c-c++-common/int128-types-1.c -std=gnu++98 (test for errors, line 564)
FAIL: c-c++-common/int128-types-1.c -std=gnu++98 (test for errors, line 565)
FAIL: c-c++-common/int128-types-1.c -std=gnu++98 (test for errors, line 566)
FAIL: c-c++-common/int128-types-1.c -std=gnu++98 (test for errors, line 567)
FAIL: c-c++-common/int128-types-1.c -std=gnu++98 (test for errors, line 568)
FAIL: c-c++-common/int128-types-1.c -std=gnu++98 (test for errors, line 569)
FAIL: c-c++-common/int128-types-1.c -std=gnu++98 (test for errors, line 570)
FAIL: c-c++-common/int128-types-1.c -std=gnu++98 (test for errors, line 571)
FAIL: c-c++-common/int128-types-1.c -std=gnu++98 (test for errors, line 572)
FAIL: c-c++-common/int128-types-1.c -std=gnu++98 (test for errors, line 573)
FAIL: c-c++-common/int128-types-1.c -std=gnu++98 (test for errors, line 574)
FAIL: c-c++-common/int128-types-1.c -std=gnu++98 (test for errors, line 575)
FAIL: c-c++-common/int128-types-1.c -std=gnu++98 (test for errors, line 576)
FAIL: c-c++-common/int128-types-1.c -std=gnu++98 (test for errors, line 577)
FAIL: c-c++-common/int128-types-1.c -std=gnu++98 (test for errors, line 578)
FAIL: c-c++-common/int128-types-1.c -std=gnu++98 (test for errors, line 579)
FAIL: c-c++-common/int128-types-1.c -std=gnu++98 (test for errors, line 580)
FAIL: c-c++-common/int128-types-1.c -std=gnu++98 (test for errors, line 581)
FAIL: c-c++-common/int128-types-1.c -std=gnu++98 (test for errors, line 582)
FAIL: c-c++-common/int128-types-1.c -std=gnu++98 (test for errors, line 583)
FAIL: c-c++-common/int128-types-1.c -std=gnu++98 (test for errors, line 584)
FAIL: c-c++-common/int128-types-1.c -std=gnu++98 (test for errors, line 585)
FAIL: c-c++-common/int128-types-1.c -std=gnu++98 (test for errors, line 586)
FAIL: c-c++-common/int128-types-1.c -std=gnu++98 (test for errors, line 587)
FAIL: c-c++-common/int128-types-1.c -std=gnu++98 (test for errors, line 588)
FAIL: c-c++-common/int128-types-1.c -std=gnu++98 (test for errors, line 589)
FAIL: c-c++-common/int128-types-1.c -std=gnu++98 (test for errors, line 590)
FAIL: c-c++-common/int128-types-1.c -std=gnu++98 (test for errors, line 591)
FAIL: c-c++-common/int128-types-1.c -std=gnu++98 (test for errors, line 592)
FAIL: c-c++-common/int128-types-1.c -std=gnu++98 (test for errors, line 593)
FAIL: c-c++-common/int128-types-1.c -std=gnu++98 (test for errors, line 594)
FAIL: c-c++-common/int128-types-1.c -std=gnu++98 (test for errors, line 595)
FAIL: c-c++-common/int128-types-1.c -std=gnu++98 (test for errors, line 596)
FAIL: c-c++-common/int128-types-1.c -std=gnu++98 (test for errors, line 597)
FAIL: c-c++-common/int128-types-1.c -std=gnu++98 (test for errors, line 598)
FAIL: c-c++-common/int128-types-1.c -std=gnu++98 (test for errors, line 599)
FAIL: c-c++-common/int128-types-1.c -std=gnu++98 (test for errors, line 600)
FAIL: c-c++-common/int128-types-1.c -std=gnu++98 (test for errors, line 601)
FAIL: c-c++-common/int128-types-1.c -std=gnu++98 (test for errors, line 602)
FAIL: c-c++-common/int128-types-1.c -std=gnu++98 (test for errors, line 603)
FAIL: c-c++-common/int128-types-1.c -std=gnu++98 (test for errors, line 604)
FAIL: c-c++-common/int128-types-1.c -std=gnu++98 (test for errors, line 605)
FAIL: c-c++-common/int128-types-1.c -std=gnu++98 (test for errors, line 606)
FAIL: c-c++-common/int128-types-1.c -std=gnu++98 (test for errors, line 607)
FAIL: c-c++-common/int128-types-1.c -std=gnu++98 (test for errors, line 608)
FAIL: c-c++-common/int128-types-1.c -std=gnu++98 (test for errors, line 609)
FAIL: c-c++-common/int128-types-1.c -std=gnu++98 (test for errors, line 610)
FAIL: c-c++-common/int128-types-1.c -std=gnu++98 (test for errors, line 611)
FAIL: c-c++-common/int128-types-1.c -std=gnu++98 (test for errors, line 612)
FAIL: c-c++-common/int128-types-1.c -std=gnu++98 (test for errors, line 613)
FAIL: c-c++-common/int128-types-1.c -std=gnu++98 (test for errors, line 614)
FAIL: c-c++-common/int128-types-1.c -std=gnu++98 (test for errors, line 615)
FAIL: c-c++-common/int128-types-1.c -std=gnu++98 (test for errors, line 616)
FAIL: c-c++-common/int128-types-1.c -std=gnu++98 (test for errors, line 617)
FAIL: c-c++-common/int128-types-1.c -std=gnu++98 (test for errors, line 618)
FAIL: c-c++-common/int128-types-1.c -std=gnu++98 (test for errors, line 619)
FAIL: c-c++-common/int128-types-1.c -std=gnu++98 (test for errors, line 620)
FAIL: c-c++-common/int128-types-1.c -std=gnu++98 (test for errors, line 621)
FAIL: c-c++-common/int128-types-1.c -std=gnu++98 (test for errors, line 622)
FAIL: c-c++-common/int128-types-1.c -std=gnu++98 (test for errors, line 623)
FAIL: c-c++-common/int128-types-1.c -std=gnu++98 (test for errors, line 624)
FAIL: c-c++-common/int128-types-1.c -std=gnu++98 (test for errors, line 625)
FAIL: c-c++-common/int128-types-1.c -std=gnu++98 (test for errors, line 626)
FAIL: c-c++-common/int128-types-1.c -std=gnu++98 (test for errors, line 627)
FAIL: c-c++-common/int128-types-1.c -std=gnu++98 (test for errors, line 628)
FAIL: c-c++-common/int128-types-1.c -std=gnu++98 (test for errors, line 629)
FAIL: c-c++-common/int128-types-1.c -std=gnu++98 (test for errors, line 630)
FAIL: c-c++-common/int128-types-1.c -std=gnu++98 (test for errors, line 631)
FAIL: c-c++-common/int128-types-1.c -std=gnu++98 (test for errors, line 632)
FAIL: c-c++-common/int128-types-1.c -std=gnu++98 (test for errors, line 633)
FAIL: c-c++-common/int128-types-1.c -std=gnu++98 (test for errors, line 634)
FAIL: c-c++-common/int128-types-1.c -std=gnu++98 (test for errors, line 635)
FAIL: c-c++-common/int128-types-1.c -std=gnu++98 (test for errors, line 636)
FAIL: c-c++-common/int128-types-1.c -std=gnu++98 (test for errors, line 637)
FAIL: c-c++-common/int128-types-1.c -std=gnu++98 (test for errors, line 638)
FAIL: c-c++-common/int128-types-1.c -std=gnu++98 (test for errors, line 639)
FAIL: c-c++-common/int128-types-1.c -std=gnu++98 (test for errors, line 640)
FAIL: c-c++-common/int128-types-1.c -std=gnu++98 (test for errors, line 641)
FAIL: c-c++-common/int128-types-1.c -std=gnu++98 (test for errors, line 642)
FAIL: c-c++-common/int128-types-1.c -std=gnu++98 (test for errors, line 643)
FAIL: c-c++-common/int128-types-1.c -std=gnu++98 (test for errors, line 644)
FAIL: c-c++-common/int128-types-1.c -std=gnu++98 (test for errors, line 645)
FAIL: c-c++-common/int128-types-1.c -std=gnu++98 (test for errors, line 646)
FAIL: c-c++-common/int128-types-1.c -std=gnu++98 (test for errors, line 647)
FAIL: c-c++-common/int128-types-1.c -std=gnu++98 (test for errors, line 648)
FAIL: c-c++-common/int128-types-1.c -std=gnu++98 (test for errors, line 649)
FAIL: c-c++-common/int128-types-1.c -std=gnu++98 (test for errors, line 650)
FAIL: c-c++-common/int128-types-1.c -std=gnu++98 (test for errors, line 651)
FAIL: c-c++-common/int128-types-1.c -std=gnu++98 (test for errors, line 652)
FAIL: c-c++-common/int128-types-1.c -std=gnu++98 (test for errors, line 653)
FAIL: c-c++-common/int128-types-1.c -std=gnu++98 (test for errors, line 654)
FAIL: c-c++-common/int128-types-1.c -std=gnu++98 (test for errors, line 655)
FAIL: c-c++-common/int128-types-1.c -std=gnu++98 (test for errors, line 656)
FAIL: c-c++-common/int128-types-1.c -std=gnu++98 (test for errors, line 657)
FAIL: c-c++-common/int128-types-1.c -std=gnu++98 (test for errors, line 658)
FAIL: c-c++-common/int128-types-1.c -std=gnu++98 (test for errors, line 659)
FAIL: c-c++-common/int128-types-1.c -std=gnu++98 (test for errors, line 660)
FAIL: c-c++-common/int128-types-1.c -std=gnu++98 (test for errors, line 661)
FAIL: c-c++-common/int128-types-1.c -std=gnu++98 (test for errors, line 662)
FAIL: c-c++-common/int128-types-1.c -std=gnu++98 (test for errors, line 663)
FAIL: c-c++-common/int128-types-1.c -std=gnu++98 (test for errors, line 664)
FAIL: c-c++-common/int128-types-1.c -std=gnu++98 (test for errors, line 665)
FAIL: c-c++-common/int128-types-1.c -std=gnu++98 (test for errors, line 666)
FAIL: g++.dg/cpp0x/rv1n.C -std=c++11 (test for errors, line 104)
FAIL: g++.dg/cpp0x/rv1n.C -std=c++11 (test for errors, line 106)
FAIL: g++.dg/cpp0x/rv1n.C -std=c++11 (test for errors, line 107)
FAIL: g++.dg/cpp0x/rv1n.C -std=c++11 (test for errors, line 108)
FAIL: g++.dg/cpp0x/rv1n.C -std=c++11 (test for errors, line 109)
FAIL: g++.dg/cpp0x/rv1n.C -std=c++11 (test for errors, line 110)
FAIL: g++.dg/cpp0x/rv1n.C -std=c++11 (test for errors, line 111)
FAIL: g++.dg/cpp0x/rv1n.C -std=c++11 (test for errors, line 112)
FAIL: g++.dg/cpp0x/rv1n.C -std=c++11 (test for errors, line 113)
FAIL: g++.dg/cpp0x/rv1n.C -std=c++11 (test for errors, line 122)
FAIL: g++.dg/cpp0x/rv1n.C -std=c++11 (test for errors, line 124)
FAIL: g++.dg/cpp0x/rv1n.C -std=c++11 (test for errors, line 125)
FAIL: g++.dg/cpp0x/rv1n.C -std=c++11 (test for errors, line 126)
FAIL: g++.dg/cpp0x/rv1n.C -std=c++11 (test for errors, line 127)
FAIL: g++.dg/cpp0x/rv1n.C -std=c++11 (test for errors, line 128)
FAIL: g++.dg/cpp0x/rv1n.C -std=c++11 (test for errors, line 129)
FAIL: g++.dg/cpp0x/rv1n.C -std=c++11 (test for errors, line 130)
FAIL: g++.dg/cpp0x/rv1n.C -std=c++11 (test for errors, line 139)
FAIL: g++.dg/cpp0x/rv1n.C -std=c++11 (test for errors, line 141)
FAIL: g++.dg/cpp0x/rv1n.C -std=c++11 (test for errors, line 142)
FAIL: g++.dg/cpp0x/rv1n.C -std=c++11 (test for errors, line 143)
FAIL: g++.dg/cpp0x/rv1n.C -std=c++11 (test for errors, line 144)
FAIL: g++.dg/cpp0x/rv1n.C -std=c++11 (test for errors, line 145)
FAIL: g++.dg/cpp0x/rv1n.C -std=c++11 (test for errors, line 146)
FAIL: g++.dg/cpp0x/rv1n.C -std=c++11 (test for errors, line 147)
FAIL: g++.dg/cpp0x/rv1n.C -std=c++11 (test for errors, line 156)
FAIL: g++.dg/cpp0x/rv1n.C -std=c++11 (test for errors, line 158)
FAIL: g++.dg/cpp0x/rv1n.C -std=c++11 (test for errors, line 159)
FAIL: g++.dg/cpp0x/rv1n.C -std=c++11 (test for errors, line 160)
FAIL: g++.dg/cpp0x/rv1n.C -std=c++11 (test for errors, line 161)
FAIL: g++.dg/cpp0x/rv1n.C -std=c++11 (test for errors, line 162)
FAIL: g++.dg/cpp0x/rv1n.C -std=c++11 (test for errors, line 94)
FAIL: g++.dg/cpp0x/rv1n.C -std=c++11 (test for errors, line 95)
FAIL: g++.dg/cpp0x/rv1n.C -std=c++11 (test for warnings, line 117)
FAIL: g++.dg/cpp0x/rv1n.C -std=c++11 (test for warnings, line 134)
FAIL: g++.dg/cpp0x/rv1n.C -std=c++11 (test for warnings, line 151)
FAIL: g++.dg/cpp0x/rv1n.C -std=c++11 (test for warnings, line 99)
FAIL: g++.dg/cpp0x/rv1n.C -std=c++11 (test for excess errors)
FAIL: g++.dg/ext/gnu-inline-global-reject.C -std=gnu++98 (test for errors, line 56)
FAIL: g++.dg/ext/gnu-inline-global-reject.C -std=gnu++98 (test for warnings, line 54)
FAIL: g++.dg/ext/gnu-inline-global-reject.C -std=gnu++98 (test for excess errors)
FAIL: g++.dg/init/pr43719.C -std=c++14 (test for errors, line 103)
FAIL: g++.dg/init/pr43719.C -std=c++14 (test for errors, line 112)
FAIL: g++.dg/init/pr43719.C -std=c++14 (test for errors, line 190)
FAIL: g++.dg/init/pr43719.C -std=c++14 (test for errors, line 195)
FAIL: g++.dg/init/pr43719.C -std=c++14 (test for errors, line 68)
FAIL: g++.dg/init/pr43719.C -std=c++14 (test for errors, line 73)
FAIL: g++.dg/init/pr43719.C -std=c++14 (test for errors, line 78)
FAIL: g++.dg/init/pr43719.C -std=c++14 (test for errors, line 83)
FAIL: g++.dg/init/pr43719.C -std=c++14 (test for errors, line 88)
FAIL: g++.dg/init/pr43719.C -std=c++14 (test for errors, line 93)
FAIL: g++.dg/init/pr43719.C -std=c++14 (test for warnings, line 114)
FAIL: g++.dg/init/pr43719.C -std=c++14 (test for warnings, line 70)
FAIL: g++.dg/init/pr43719.C -std=c++14 (test for warnings, line 80)
FAIL: g++.dg/init/pr43719.C -std=c++14 (test for warnings, line 85)
FAIL: g++.dg/init/pr43719.C -std=c++14 (test for warnings, line 90)
FAIL: g++.dg/init/pr43719.C -std=c++14 (test for warnings, line 95)
FAIL: g++.dg/ipa/devirt-40.C -std=gnu++11 scan-tree-dump-not fre2 "\\\\n OBJ_TYPE_REF"
FAIL: g++.dg/ipa/devirt-40.C -std=gnu++14 scan-tree-dump-not fre2 "\\\\n OBJ_TYPE_REF"
FAIL: g++.dg/ipa/devirt-40.C -std=gnu++98 scan-tree-dump-not fre2 "\\\\n OBJ_TYPE_REF"
FAIL: g++.dg/ipa/devirt-42.C -std=gnu++11 scan-ipa-dump-times inline "Discovered a virtual call to a known target" 2
FAIL: g++.dg/ipa/devirt-42.C -std=gnu++11 scan-tree-dump-times optimized "return 2" 3
FAIL: g++.dg/ipa/devirt-42.C -std=gnu++14 scan-ipa-dump-times inline "Discovered a virtual call to a known target" 2
FAIL: g++.dg/ipa/devirt-42.C -std=gnu++14 scan-tree-dump-times optimized "return 2" 3
FAIL: g++.dg/ipa/devirt-42.C -std=gnu++98 scan-ipa-dump-times inline "Discovered a virtual call to a known target" 2
FAIL: g++.dg/ipa/devirt-42.C -std=gnu++98 scan-tree-dump-times optimized "return 2" 3
FAIL: g++.dg/ipa/devirt-c-8.C -std=gnu++11 scan-ipa-dump cp "Discovered a virtual call to a known target.*A::foo"
FAIL: g++.dg/ipa/devirt-c-8.C -std=gnu++11 scan-tree-dump-times optimized "OBJ_TYPE_REF" 0
FAIL: g++.dg/ipa/devirt-c-8.C -std=gnu++14 scan-ipa-dump cp "Discovered a virtual call to a known target.*A::foo"
FAIL: g++.dg/ipa/devirt-c-8.C -std=gnu++14 scan-tree-dump-times optimized "OBJ_TYPE_REF" 0
FAIL: g++.dg/ipa/devirt-c-8.C -std=gnu++98 scan-ipa-dump cp "Discovered a virtual call to a known target.*A::foo"
FAIL: g++.dg/ipa/devirt-c-8.C -std=gnu++98 scan-tree-dump-times optimized "OBJ_TYPE_REF" 0
FAIL: g++.dg/ipa/ipa-icf-3.C -std=gnu++11 scan-ipa-dump icf "Equal symbols: 2"
FAIL: g++.dg/ipa/ipa-icf-3.C -std=gnu++11 scan-ipa-dump icf "Semantic equality hit:.*bar.*->.*foo.*"
FAIL: g++.dg/ipa/ipa-icf-3.C -std=gnu++14 scan-ipa-dump icf "Equal symbols: 2"
FAIL: g++.dg/ipa/ipa-icf-3.C -std=gnu++14 scan-ipa-dump icf "Semantic equality hit:.*bar.*->.*foo.*"
FAIL: g++.dg/ipa/ipa-icf-3.C -std=gnu++98 scan-ipa-dump icf "Equal symbols: 2"
FAIL: g++.dg/ipa/ipa-icf-3.C -std=gnu++98 scan-ipa-dump icf "Semantic equality hit:.*bar.*->.*foo.*"
FAIL: g++.dg/template/unify10.C -std=c++98 (test for errors, line 43)
FAIL: g++.dg/template/unify10.C -std=c++98 (test for errors, line 45)
FAIL: g++.dg/template/unify10.C -std=c++98 (test for errors, line 48)
FAIL: g++.dg/template/unify10.C -std=c++98 (test for errors, line 51)
FAIL: g++.dg/template/unify10.C -std=c++98 (test for errors, line 53)
FAIL: g++.dg/template/unify10.C -std=c++98 (test for errors, line 55)
FAIL: g++.dg/template/unify10.C -std=c++98 (test for warnings, line 21)
FAIL: g++.dg/template/unify10.C -std=c++98 (test for warnings, line 24)
FAIL: g++.dg/template/unify10.C -std=c++98 candidate note (test for warnings, line 40)
FAIL: g++.dg/template/unify10.C -std=c++98 candidate note (test for warnings, line 43)
FAIL: g++.dg/template/unify10.C -std=c++98 candidate note (test for warnings, line 45)
FAIL: g++.dg/template/unify10.C -std=c++98 candidate note (test for warnings, line 48)
FAIL: g++.dg/template/unify10.C -std=c++98 candidate note (test for warnings, line 51)
FAIL: g++.dg/template/unify10.C -std=c++98 candidate note (test for warnings, line 53)
FAIL: g++.dg/template/unify10.C -std=c++98 candidate note (test for warnings, line 55)
FAIL: c-c++-common/gomp/cancel-1.c -std=gnu++98 (test for errors, line 273)
FAIL: c-c++-common/gomp/cancel-1.c -std=gnu++98 (test for errors, line 275)
FAIL: c-c++-common/gomp/cancel-1.c -std=gnu++98 (test for errors, line 276)
FAIL: c-c++-common/gomp/cancel-1.c -std=gnu++98 (test for errors, line 277)
FAIL: c-c++-common/gomp/cancel-1.c -std=gnu++98 (test for errors, line 279)
FAIL: c-c++-common/gomp/cancel-1.c -std=gnu++98 (test for errors, line 283)
FAIL: c-c++-common/gomp/cancel-1.c -std=gnu++98 (test for errors, line 284)
FAIL: c-c++-common/gomp/cancel-1.c -std=gnu++98 (test for errors, line 286)
FAIL: c-c++-common/gomp/cancel-1.c -std=gnu++98 (test for errors, line 287)
FAIL: c-c++-common/gomp/cancel-1.c -std=gnu++98 (test for errors, line 288)
FAIL: c-c++-common/gomp/cancel-1.c -std=gnu++98 (test for errors, line 290)
FAIL: c-c++-common/gomp/cancel-1.c -std=gnu++98 (test for errors, line 297)
FAIL: c-c++-common/gomp/cancel-1.c -std=gnu++98 (test for errors, line 298)
FAIL: c-c++-common/gomp/cancel-1.c -std=gnu++98 (test for errors, line 299)
FAIL: c-c++-common/gomp/cancel-1.c -std=gnu++98 (test for errors, line 300)
FAIL: c-c++-common/gomp/cancel-1.c -std=gnu++98 (test for errors, line 301)
FAIL: c-c++-common/gomp/cancel-1.c -std=gnu++98 (test for errors, line 302)
FAIL: c-c++-common/gomp/cancel-1.c -std=gnu++98 (test for errors, line 303)
FAIL: c-c++-common/gomp/cancel-1.c -std=gnu++98 (test for errors, line 304)
FAIL: c-c++-common/gomp/cancel-1.c -std=gnu++98 (test for errors, line 309)
FAIL: c-c++-common/gomp/cancel-1.c -std=gnu++98 (test for errors, line 310)
FAIL: c-c++-common/gomp/cancel-1.c -std=gnu++98 (test for errors, line 311)
FAIL: c-c++-common/gomp/cancel-1.c -std=gnu++98 (test for errors, line 312)
FAIL: c-c++-common/gomp/cancel-1.c -std=gnu++98 (test for errors, line 313)
FAIL: c-c++-common/gomp/cancel-1.c -std=gnu++98 (test for errors, line 314)
FAIL: c-c++-common/gomp/cancel-1.c -std=gnu++98 (test for errors, line 315)
FAIL: c-c++-common/gomp/cancel-1.c -std=gnu++98 (test for errors, line 316)
FAIL: c-c++-common/gomp/cancel-1.c -std=gnu++98 (test for errors, line 323)
FAIL: c-c++-common/gomp/cancel-1.c -std=gnu++98 (test for errors, line 324)
FAIL: c-c++-common/gomp/cancel-1.c -std=gnu++98 (test for errors, line 325)
FAIL: c-c++-common/gomp/cancel-1.c -std=gnu++98 (test for errors, line 326)
FAIL: c-c++-common/gomp/cancel-1.c -std=gnu++98 (test for errors, line 327)
FAIL: c-c++-common/gomp/cancel-1.c -std=gnu++98 (test for errors, line 328)
FAIL: c-c++-common/gomp/cancel-1.c -std=gnu++98 (test for errors, line 329)
FAIL: c-c++-common/gomp/cancel-1.c -std=gnu++98 (test for errors, line 330)
FAIL: c-c++-common/gomp/cancel-1.c -std=gnu++98 (test for errors, line 335)
FAIL: c-c++-common/gomp/cancel-1.c -std=gnu++98 (test for errors, line 336)
FAIL: c-c++-common/gomp/cancel-1.c -std=gnu++98 (test for errors, line 337)
FAIL: c-c++-common/gomp/cancel-1.c -std=gnu++98 (test for errors, line 338)
FAIL: c-c++-common/gomp/cancel-1.c -std=gnu++98 (test for errors, line 339)
FAIL: c-c++-common/gomp/cancel-1.c -std=gnu++98 (test for errors, line 340)
FAIL: c-c++-common/gomp/cancel-1.c -std=gnu++98 (test for errors, line 341)
FAIL: c-c++-common/gomp/cancel-1.c -std=gnu++98 (test for errors, line 342)
FAIL: c-c++-common/gomp/cancel-1.c -std=gnu++98 (test for errors, line 347)
FAIL: c-c++-common/gomp/cancel-1.c -std=gnu++98 (test for errors, line 348)
FAIL: c-c++-common/gomp/cancel-1.c -std=gnu++98 (test for errors, line 349)
FAIL: c-c++-common/gomp/cancel-1.c -std=gnu++98 (test for errors, line 351)
FAIL: c-c++-common/gomp/cancel-1.c -std=gnu++98 (test for errors, line 352)
FAIL: c-c++-common/gomp/cancel-1.c -std=gnu++98 (test for errors, line 353)
FAIL: c-c++-common/gomp/cancel-1.c -std=gnu++98 (test for errors, line 357)
FAIL: c-c++-common/gomp/cancel-1.c -std=gnu++98 (test for errors, line 358)
FAIL: c-c++-common/gomp/cancel-1.c -std=gnu++98 (test for errors, line 359)
FAIL: c-c++-common/gomp/cancel-1.c -std=gnu++98 (test for errors, line 360)
FAIL: c-c++-common/gomp/cancel-1.c -std=gnu++98 (test for errors, line 361)
FAIL: c-c++-common/gomp/cancel-1.c -std=gnu++98 (test for errors, line 362)
FAIL: c-c++-common/gomp/cancel-1.c -std=gnu++98 (test for errors, line 363)
FAIL: c-c++-common/gomp/cancel-1.c -std=gnu++98 (test for errors, line 364)
FAIL: c-c++-common/gomp/cancel-1.c -std=gnu++98 (test for warnings, line 376)
FAIL: c-c++-common/gomp/cancel-1.c -std=gnu++98 (test for warnings, line 381)
FAIL: c-c++-common/gomp/cancel-1.c -std=gnu++98 (test for warnings, line 385)
FAIL: c-c++-common/gomp/cancel-1.c -std=gnu++98 (test for warnings, line 391)
FAIL: c-c++-common/gomp/cancel-1.c -std=gnu++98 (test for excess errors)
XPASS: g++.dg/tls/thread_local-order2.C -std=c++11 execution test
XPASS: g++.dg/tls/thread_local-order2.C -std=c++14 execution test
FAIL: g++.dg/torture/pr64378.C -O2 -flto -fno-use-linker-plugin -flto-partition=none (internal compiler error)
FAIL: g++.dg/torture/pr64378.C -O2 -flto -fno-use-linker-plugin -flto-partition=none (test for excess errors)
FAIL: c-c++-common/ubsan/object-size-9.c -O2 output pattern test
FAIL: c-c++-common/ubsan/object-size-9.c -O2 -flto -fno-use-linker-plugin -flto-partition=none output pattern test
=== g++ Summary for unix/-fpic ===
# of expected passes 92873
# of unexpected failures 296
# of unexpected successes 2
# of expected failures 333
# of unsupported tests 3694
Running target unix/-fpic -mcmodel=medium
FAIL: g++.dg/cpp0x/decltype32.C -std=gnu++11 (test for excess errors)
FAIL: g++.dg/ext/unary_trait_incomplete.C -std=c++11 (test for errors, line 48)
FAIL: g++.dg/ext/unary_trait_incomplete.C -std=c++11 (test for errors, line 50)
FAIL: g++.dg/ext/unary_trait_incomplete.C -std=c++11 (test for errors, line 54)
FAIL: g++.dg/ext/unary_trait_incomplete.C -std=c++11 (test for errors, line 56)
FAIL: g++.dg/ext/unary_trait_incomplete.C -std=c++11 (test for errors, line 60)
FAIL: g++.dg/ext/unary_trait_incomplete.C -std=c++11 (test for errors, line 62)
FAIL: g++.dg/ext/unary_trait_incomplete.C -std=c++11 (test for errors, line 66)
FAIL: g++.dg/ext/unary_trait_incomplete.C -std=c++11 (test for errors, line 68)
FAIL: g++.dg/ext/unary_trait_incomplete.C -std=c++11 (test for errors, line 72)
FAIL: g++.dg/ext/unary_trait_incomplete.C -std=c++11 (test for errors, line 74)
FAIL: g++.dg/ext/unary_trait_incomplete.C -std=c++11 (test for excess errors)
FAIL: g++.dg/ipa/devirt-40.C -std=gnu++11 scan-tree-dump-not fre2 "\\\\n OBJ_TYPE_REF"
FAIL: g++.dg/ipa/devirt-40.C -std=gnu++14 scan-tree-dump-not fre2 "\\\\n OBJ_TYPE_REF"
FAIL: g++.dg/ipa/devirt-40.C -std=gnu++98 scan-tree-dump-not fre2 "\\\\n OBJ_TYPE_REF"
FAIL: g++.dg/ipa/devirt-42.C -std=gnu++11 scan-ipa-dump-times inline "Discovered a virtual call to a known target" 2
FAIL: g++.dg/ipa/devirt-42.C -std=gnu++11 scan-tree-dump-times optimized "return 2" 3
FAIL: g++.dg/ipa/devirt-42.C -std=gnu++14 scan-ipa-dump-times inline "Discovered a virtual call to a known target" 2
FAIL: g++.dg/ipa/devirt-42.C -std=gnu++14 scan-tree-dump-times optimized "return 2" 3
FAIL: g++.dg/ipa/devirt-42.C -std=gnu++98 scan-ipa-dump-times inline "Discovered a virtual call to a known target" 2
FAIL: g++.dg/ipa/devirt-42.C -std=gnu++98 scan-tree-dump-times optimized "return 2" 3
FAIL: g++.dg/ipa/devirt-c-8.C -std=gnu++11 scan-ipa-dump cp "Discovered a virtual call to a known target.*A::foo"
FAIL: g++.dg/ipa/devirt-c-8.C -std=gnu++11 scan-tree-dump-times optimized "OBJ_TYPE_REF" 0
FAIL: g++.dg/ipa/devirt-c-8.C -std=gnu++14 scan-ipa-dump cp "Discovered a virtual call to a known target.*A::foo"
FAIL: g++.dg/ipa/devirt-c-8.C -std=gnu++14 scan-tree-dump-times optimized "OBJ_TYPE_REF" 0
FAIL: g++.dg/ipa/devirt-c-8.C -std=gnu++98 scan-ipa-dump cp "Discovered a virtual call to a known target.*A::foo"
FAIL: g++.dg/ipa/devirt-c-8.C -std=gnu++98 scan-tree-dump-times optimized "OBJ_TYPE_REF" 0
FAIL: g++.dg/ipa/ipa-icf-3.C -std=gnu++11 scan-ipa-dump icf "Equal symbols: 2"
FAIL: g++.dg/ipa/ipa-icf-3.C -std=gnu++11 scan-ipa-dump icf "Semantic equality hit:.*bar.*->.*foo.*"
FAIL: g++.dg/ipa/ipa-icf-3.C -std=gnu++14 scan-ipa-dump icf "Equal symbols: 2"
FAIL: g++.dg/ipa/ipa-icf-3.C -std=gnu++14 scan-ipa-dump icf "Semantic equality hit:.*bar.*->.*foo.*"
FAIL: g++.dg/ipa/ipa-icf-3.C -std=gnu++98 scan-ipa-dump icf "Equal symbols: 2"
FAIL: g++.dg/ipa/ipa-icf-3.C -std=gnu++98 scan-ipa-dump icf "Semantic equality hit:.*bar.*->.*foo.*"
FAIL: g++.dg/warn/Waddress-1.C -std=gnu++98 (test for errors, line 43)
FAIL: g++.dg/warn/Waddress-1.C -std=gnu++98 (test for errors, line 45)
FAIL: g++.dg/warn/Waddress-1.C -std=gnu++98 (test for errors, line 47)
FAIL: g++.dg/warn/Waddress-1.C -std=gnu++98 (test for errors, line 49)
FAIL: g++.dg/warn/Waddress-1.C -std=gnu++98 (test for warnings, line 32)
FAIL: g++.dg/warn/Waddress-1.C -std=gnu++98 (test for warnings, line 35)
FAIL: g++.dg/warn/Waddress-1.C -std=gnu++98 (test for warnings, line 36)
FAIL: g++.dg/warn/Waddress-1.C -std=gnu++98 (test for warnings, line 37)
FAIL: g++.dg/warn/Waddress-1.C -std=gnu++98 (test for warnings, line 38)
FAIL: g++.dg/warn/Waddress-1.C -std=gnu++98 (test for warnings, line 39)
FAIL: g++.dg/warn/Waddress-1.C -std=gnu++98 (test for warnings, line 40)
FAIL: g++.dg/warn/Waddress-1.C -std=gnu++98 (test for warnings, line 41)
FAIL: g++.dg/warn/Waddress-1.C -std=gnu++98 (test for warnings, line 43)
FAIL: g++.dg/warn/Waddress-1.C -std=gnu++98 (test for warnings, line 45)
FAIL: g++.dg/warn/Waddress-1.C -std=gnu++98 (test for warnings, line 47)
FAIL: g++.dg/warn/Waddress-1.C -std=gnu++98 (test for warnings, line 49)
FAIL: g++.dg/warn/overflow-warn-4.C -std=gnu++98 (test for warnings, line 101)
FAIL: g++.dg/warn/overflow-warn-4.C -std=gnu++98 (test for warnings, line 103)
FAIL: g++.dg/warn/overflow-warn-4.C -std=gnu++98 (test for warnings, line 104)
FAIL: g++.dg/warn/overflow-warn-4.C -std=gnu++98 (test for warnings, line 81)
FAIL: g++.dg/warn/overflow-warn-4.C -std=gnu++98 (test for warnings, line 87)
FAIL: g++.dg/warn/overflow-warn-4.C -std=gnu++98 (test for warnings, line 96)
FAIL: g++.dg/warn/overflow-warn-4.C -std=gnu++98 (test for warnings, line 97)
FAIL: g++.dg/warn/overflow-warn-4.C -std=gnu++98 (test for warnings, line 98)
FAIL: g++.dg/warn/overflow-warn-4.C -std=gnu++98 (test for warnings, line 99)
FAIL: g++.dg/warn/overflow-warn-4.C -std=gnu++98 (test for excess errors)
FAIL: g++.dg/gomp/declare-simd-2.C -std=c++98 (test for errors, line 91)
FAIL: g++.dg/gomp/declare-simd-2.C -std=c++98 (test for errors, line 93)
FAIL: g++.dg/gomp/declare-simd-2.C -std=c++98 (test for excess errors)
XPASS: g++.dg/tls/thread_local-order2.C -std=c++11 execution test
XPASS: g++.dg/tls/thread_local-order2.C -std=c++14 execution test
FAIL: g++.dg/torture/pr64378.C -O2 -flto -fno-use-linker-plugin -flto-partition=none (internal compiler error)
FAIL: g++.dg/torture/pr64378.C -O2 -flto -fno-use-linker-plugin -flto-partition=none (test for excess errors)
FAIL: c-c++-common/ubsan/object-size-9.c -O2 output pattern test
FAIL: c-c++-common/ubsan/object-size-9.c -O2 -flto -fno-use-linker-plugin -flto-partition=none output pattern test
=== g++ Summary for unix/-fpic -mcmodel=medium ===
# of expected passes 93100
# of unexpected failures 66
# of unexpected successes 2
# of expected failures 333
# of unsupported tests 3697
Running target unix/-mcmodel=medium
FAIL: g++.dg/init/pr43719.C -std=c++11 (test for errors, line 103)
FAIL: g++.dg/init/pr43719.C -std=c++11 (test for errors, line 112)
FAIL: g++.dg/init/pr43719.C -std=c++11 (test for errors, line 185)
FAIL: g++.dg/init/pr43719.C -std=c++11 (test for errors, line 190)
FAIL: g++.dg/init/pr43719.C -std=c++11 (test for errors, line 195)
FAIL: g++.dg/init/pr43719.C -std=c++11 (test for errors, line 58)
FAIL: g++.dg/init/pr43719.C -std=c++11 (test for errors, line 68)
FAIL: g++.dg/init/pr43719.C -std=c++11 (test for errors, line 73)
FAIL: g++.dg/init/pr43719.C -std=c++11 (test for errors, line 78)
FAIL: g++.dg/init/pr43719.C -std=c++11 (test for errors, line 83)
FAIL: g++.dg/init/pr43719.C -std=c++11 (test for errors, line 88)
FAIL: g++.dg/init/pr43719.C -std=c++11 (test for errors, line 93)
FAIL: g++.dg/init/pr43719.C -std=c++11 (test for warnings, line 114)
FAIL: g++.dg/init/pr43719.C -std=c++11 (test for warnings, line 60)
FAIL: g++.dg/init/pr43719.C -std=c++11 (test for warnings, line 70)
FAIL: g++.dg/init/pr43719.C -std=c++11 (test for warnings, line 80)
FAIL: g++.dg/init/pr43719.C -std=c++11 (test for warnings, line 85)
FAIL: g++.dg/init/pr43719.C -std=c++11 (test for warnings, line 90)
FAIL: g++.dg/init/pr43719.C -std=c++11 (test for warnings, line 95)
FAIL: c-c++-common/goacc-gomp/nesting-fail-1.c -std=c++14 (test for errors, line 130)
FAIL: c-c++-common/goacc-gomp/nesting-fail-1.c -std=c++14 (test for errors, line 131)
FAIL: c-c++-common/goacc-gomp/nesting-fail-1.c -std=c++14 (test for errors, line 138)
FAIL: c-c++-common/goacc-gomp/nesting-fail-1.c -std=c++14 (test for errors, line 140)
FAIL: c-c++-common/goacc-gomp/nesting-fail-1.c -std=c++14 (test for errors, line 142)
FAIL: c-c++-common/goacc-gomp/nesting-fail-1.c -std=c++14 (test for errors, line 144)
FAIL: c-c++-common/goacc-gomp/nesting-fail-1.c -std=c++14 (test for errors, line 145)
FAIL: c-c++-common/goacc-gomp/nesting-fail-1.c -std=c++14 (test for errors, line 146)
FAIL: c-c++-common/goacc-gomp/nesting-fail-1.c -std=c++14 (test for errors, line 147)
FAIL: c-c++-common/goacc-gomp/nesting-fail-1.c -std=c++14 (test for errors, line 154)
FAIL: c-c++-common/goacc-gomp/nesting-fail-1.c -std=c++14 (test for errors, line 156)
FAIL: c-c++-common/goacc-gomp/nesting-fail-1.c -std=c++14 (test for errors, line 158)
FAIL: c-c++-common/goacc-gomp/nesting-fail-1.c -std=c++14 (test for errors, line 160)
FAIL: c-c++-common/goacc-gomp/nesting-fail-1.c -std=c++14 (test for errors, line 161)
FAIL: c-c++-common/goacc-gomp/nesting-fail-1.c -std=c++14 (test for errors, line 162)
FAIL: c-c++-common/goacc-gomp/nesting-fail-1.c -std=c++14 (test for errors, line 174)
FAIL: c-c++-common/goacc-gomp/nesting-fail-1.c -std=c++14 (test for errors, line 180)
FAIL: c-c++-common/goacc-gomp/nesting-fail-1.c -std=c++14 (test for errors, line 187)
FAIL: c-c++-common/goacc-gomp/nesting-fail-1.c -std=c++14 (test for errors, line 195)
FAIL: c-c++-common/goacc-gomp/nesting-fail-1.c -std=c++14 (test for errors, line 201)
FAIL: c-c++-common/goacc-gomp/nesting-fail-1.c -std=c++14 (test for errors, line 207)
FAIL: c-c++-common/goacc-gomp/nesting-fail-1.c -std=c++14 (test for errors, line 213)
FAIL: c-c++-common/goacc-gomp/nesting-fail-1.c -std=c++14 (test for errors, line 220)
FAIL: c-c++-common/goacc-gomp/nesting-fail-1.c -std=c++14 (test for errors, line 225)
FAIL: c-c++-common/goacc-gomp/nesting-fail-1.c -std=c++14 (test for errors, line 231)
FAIL: c-c++-common/goacc-gomp/nesting-fail-1.c -std=c++14 (test for errors, line 233)
FAIL: c-c++-common/goacc-gomp/nesting-fail-1.c -std=c++14 (test for errors, line 235)
FAIL: c-c++-common/goacc-gomp/nesting-fail-1.c -std=c++14 (test for errors, line 244)
FAIL: c-c++-common/goacc-gomp/nesting-fail-1.c -std=c++14 (test for errors, line 250)
FAIL: c-c++-common/goacc-gomp/nesting-fail-1.c -std=c++14 (test for errors, line 257)
FAIL: c-c++-common/goacc-gomp/nesting-fail-1.c -std=c++14 (test for errors, line 265)
FAIL: c-c++-common/goacc-gomp/nesting-fail-1.c -std=c++14 (test for errors, line 271)
FAIL: c-c++-common/goacc-gomp/nesting-fail-1.c -std=c++14 (test for errors, line 277)
FAIL: c-c++-common/goacc-gomp/nesting-fail-1.c -std=c++14 (test for errors, line 283)
FAIL: c-c++-common/goacc-gomp/nesting-fail-1.c -std=c++14 (test for errors, line 290)
FAIL: c-c++-common/goacc-gomp/nesting-fail-1.c -std=c++14 (test for errors, line 295)
FAIL: c-c++-common/goacc-gomp/nesting-fail-1.c -std=c++14 (test for errors, line 301)
FAIL: c-c++-common/goacc-gomp/nesting-fail-1.c -std=c++14 (test for errors, line 303)
FAIL: c-c++-common/goacc-gomp/nesting-fail-1.c -std=c++14 (test for errors, line 305)
FAIL: c-c++-common/goacc-gomp/nesting-fail-1.c -std=c++14 (test for errors, line 314)
FAIL: c-c++-common/goacc-gomp/nesting-fail-1.c -std=c++14 (test for errors, line 320)
FAIL: c-c++-common/goacc-gomp/nesting-fail-1.c -std=c++14 (test for errors, line 327)
FAIL: c-c++-common/goacc-gomp/nesting-fail-1.c -std=c++14 (test for errors, line 335)
FAIL: c-c++-common/goacc-gomp/nesting-fail-1.c -std=c++14 (test for errors, line 341)
FAIL: c-c++-common/goacc-gomp/nesting-fail-1.c -std=c++14 (test for errors, line 347)
FAIL: c-c++-common/goacc-gomp/nesting-fail-1.c -std=c++14 (test for errors, line 353)
FAIL: c-c++-common/goacc-gomp/nesting-fail-1.c -std=c++14 (test for errors, line 360)
FAIL: c-c++-common/goacc-gomp/nesting-fail-1.c -std=c++14 (test for errors, line 365)
FAIL: c-c++-common/goacc-gomp/nesting-fail-1.c -std=c++14 (test for errors, line 371)
FAIL: c-c++-common/goacc-gomp/nesting-fail-1.c -std=c++14 (test for errors, line 373)
FAIL: c-c++-common/goacc-gomp/nesting-fail-1.c -std=c++14 (test for errors, line 375)
FAIL: c-c++-common/goacc-gomp/nesting-fail-1.c -std=c++14 (test for errors, line 385)
FAIL: c-c++-common/goacc-gomp/nesting-fail-1.c -std=c++14 (test for errors, line 392)
FAIL: c-c++-common/goacc-gomp/nesting-fail-1.c -std=c++14 (test for errors, line 400)
FAIL: c-c++-common/goacc-gomp/nesting-fail-1.c -std=c++14 (test for errors, line 409)
FAIL: c-c++-common/goacc-gomp/nesting-fail-1.c -std=c++14 (test for errors, line 416)
FAIL: c-c++-common/goacc-gomp/nesting-fail-1.c -std=c++14 (test for errors, line 423)
FAIL: c-c++-common/goacc-gomp/nesting-fail-1.c -std=c++14 (test for errors, line 430)
FAIL: c-c++-common/goacc-gomp/nesting-fail-1.c -std=c++14 (test for errors, line 438)
FAIL: c-c++-common/goacc-gomp/nesting-fail-1.c -std=c++14 (test for errors, line 444)
FAIL: c-c++-common/goacc-gomp/nesting-fail-1.c -std=c++14 (test for errors, line 451)
FAIL: c-c++-common/goacc-gomp/nesting-fail-1.c -std=c++14 (test for errors, line 453)
FAIL: c-c++-common/goacc-gomp/nesting-fail-1.c -std=c++14 (test for errors, line 455)
FAIL: c-c++-common/goacc-gomp/nesting-fail-1.c -std=c++14 (test for excess errors)
FAIL: g++.dg/guality/pr55665.C -O2 line 23 p == 40
FAIL: g++.dg/guality/pr55665.C -O3 -fomit-frame-pointer line 23 p == 40
FAIL: g++.dg/guality/pr55665.C -O3 -g line 23 p == 40
XPASS: g++.dg/tls/thread_local-order2.C -std=c++11 execution test
XPASS: g++.dg/tls/thread_local-order2.C -std=c++14 execution test
FAIL: g++.dg/torture/pr64378.C -O2 -flto -fno-use-linker-plugin -flto-partition=none (internal compiler error)
FAIL: g++.dg/torture/pr64378.C -O2 -flto -fno-use-linker-plugin -flto-partition=none (test for excess errors)
=== g++ Summary for unix/-mcmodel=medium ===
# of expected passes 93176
# of unexpected failures 88
# of unexpected successes 2
# of expected failures 339
# of unsupported tests 3665
=== g++ Summary ===
# of expected passes 279149
# of unexpected failures 450
# of unexpected successes 6
# of expected failures 1005
# of unsupported tests 11056
/export/gnu/import/git/gcc-test-intel64/bld/gcc/testsuite/g++/../../xg++ version 5.0.0 20150401 (experimental) [trunk revision 221811] (GCC)
=== gcc tests ===
Running target unix/-fpic
FAIL: gcc.dg/assign-warn-1.c (test for errors, line 113)
FAIL: gcc.dg/assign-warn-1.c (test for errors, line 114)
FAIL: gcc.dg/assign-warn-1.c (test for errors, line 115)
FAIL: gcc.dg/assign-warn-1.c (test for errors, line 116)
FAIL: gcc.dg/assign-warn-1.c (test for errors, line 117)
FAIL: gcc.dg/assign-warn-1.c (test for errors, line 119)
FAIL: gcc.dg/assign-warn-1.c (test for errors, line 121)
FAIL: gcc.dg/assign-warn-1.c (test for errors, line 123)
FAIL: gcc.dg/assign-warn-1.c (test for errors, line 124)
FAIL: gcc.dg/assign-warn-1.c (test for errors, line 125)
FAIL: gcc.dg/assign-warn-1.c (test for warnings, line 100)
FAIL: gcc.dg/assign-warn-1.c (test for warnings, line 101)
FAIL: gcc.dg/assign-warn-1.c (test for warnings, line 102)
FAIL: gcc.dg/assign-warn-1.c (test for warnings, line 103)
FAIL: gcc.dg/assign-warn-1.c (test for warnings, line 105)
FAIL: gcc.dg/assign-warn-1.c (test for warnings, line 106)
FAIL: gcc.dg/assign-warn-1.c (test for warnings, line 107)
FAIL: gcc.dg/assign-warn-1.c (test for warnings, line 108)
FAIL: gcc.dg/assign-warn-1.c (test for warnings, line 109)
FAIL: gcc.dg/assign-warn-1.c (test for warnings, line 59)
FAIL: gcc.dg/assign-warn-1.c (test for warnings, line 60)
FAIL: gcc.dg/assign-warn-1.c (test for warnings, line 61)
FAIL: gcc.dg/assign-warn-1.c (test for warnings, line 63)
FAIL: gcc.dg/assign-warn-1.c (test for warnings, line 64)
FAIL: gcc.dg/assign-warn-1.c (test for warnings, line 65)
FAIL: gcc.dg/assign-warn-1.c (test for warnings, line 66)
FAIL: gcc.dg/assign-warn-1.c (test for warnings, line 67)
FAIL: gcc.dg/assign-warn-1.c (test for warnings, line 69)
FAIL: gcc.dg/assign-warn-1.c (test for warnings, line 70)
FAIL: gcc.dg/assign-warn-1.c (test for warnings, line 71)
FAIL: gcc.dg/assign-warn-1.c (test for warnings, line 72)
FAIL: gcc.dg/assign-warn-1.c (test for warnings, line 73)
FAIL: gcc.dg/assign-warn-1.c (test for warnings, line 75)
FAIL: gcc.dg/assign-warn-1.c (test for warnings, line 76)
FAIL: gcc.dg/assign-warn-1.c (test for warnings, line 77)
FAIL: gcc.dg/assign-warn-1.c (test for warnings, line 78)
FAIL: gcc.dg/assign-warn-1.c (test for warnings, line 79)
FAIL: gcc.dg/assign-warn-1.c (test for warnings, line 81)
FAIL: gcc.dg/assign-warn-1.c (test for warnings, line 82)
FAIL: gcc.dg/assign-warn-1.c (test for warnings, line 83)
FAIL: gcc.dg/assign-warn-1.c (test for warnings, line 84)
FAIL: gcc.dg/assign-warn-1.c (test for warnings, line 85)
FAIL: gcc.dg/assign-warn-1.c (test for warnings, line 87)
FAIL: gcc.dg/assign-warn-1.c (test for warnings, line 88)
FAIL: gcc.dg/assign-warn-1.c (test for warnings, line 89)
FAIL: gcc.dg/assign-warn-1.c (test for warnings, line 90)
FAIL: gcc.dg/assign-warn-1.c (test for warnings, line 91)
FAIL: gcc.dg/assign-warn-1.c (test for warnings, line 93)
FAIL: gcc.dg/assign-warn-1.c (test for warnings, line 94)
FAIL: gcc.dg/assign-warn-1.c (test for warnings, line 95)
FAIL: gcc.dg/assign-warn-1.c (test for warnings, line 96)
FAIL: gcc.dg/assign-warn-1.c (test for warnings, line 97)
FAIL: gcc.dg/assign-warn-1.c (test for warnings, line 99)
FAIL: gcc.dg/assign-warn-1.c (test for excess errors)
FAIL: gcc.dg/c11-align-3.c (test for errors, line 41)
FAIL: gcc.dg/c11-align-3.c (test for errors, line 43)
FAIL: gcc.dg/c11-align-3.c (test for excess errors)
FAIL: gcc.dg/overflow-warn-2.c -Wtraditional-conversion (test for warnings, line 131)
FAIL: c-c++-common/goacc/deviceptr-1.c (test for errors, line 75)
FAIL: c-c++-common/goacc/deviceptr-1.c (test for excess errors)
XPASS: gcc.dg/guality/example.c -O0 execution test
XPASS: gcc.dg/guality/example.c -O1 execution test
XPASS: gcc.dg/guality/guality.c -O0 execution test
XPASS: gcc.dg/guality/guality.c -O1 execution test
XPASS: gcc.dg/guality/guality.c -O2 execution test
XPASS: gcc.dg/guality/guality.c -O2 -flto -fno-use-linker-plugin -flto-partition=none execution test
XPASS: gcc.dg/guality/guality.c -O2 -flto -fuse-linker-plugin -fno-fat-lto-objects execution test
XPASS: gcc.dg/guality/guality.c -O3 -fomit-frame-pointer execution test
XPASS: gcc.dg/guality/guality.c -O3 -g execution test
XPASS: gcc.dg/guality/guality.c -Os execution test
XPASS: gcc.dg/guality/inline-params.c -O2 execution test
XPASS: gcc.dg/guality/inline-params.c -O2 -flto -fno-use-linker-plugin -flto-partition=none execution test
XPASS: gcc.dg/guality/inline-params.c -O3 -fomit-frame-pointer execution test
XPASS: gcc.dg/guality/inline-params.c -O3 -g execution test
XPASS: gcc.dg/guality/inline-params.c -Os execution test
FAIL: gcc.dg/guality/pr36728-2.c -O1 line 18 *x == (char) 25
FAIL: gcc.dg/guality/pr36728-2.c -O2 line 18 *x == (char) 25
FAIL: gcc.dg/guality/pr36728-2.c -O2 -flto -fno-use-linker-plugin -flto-partition=none line 18 *x == (char) 25
FAIL: gcc.dg/guality/pr36728-2.c -O3 -fomit-frame-pointer line 18 *x == (char) 25
FAIL: gcc.dg/guality/pr36728-2.c -O3 -g line 18 *x == (char) 25
FAIL: gcc.dg/guality/pr36728-2.c -Os line 18 *x == (char) 25
XPASS: gcc.dg/guality/pr41353-1.c -O0 line 28 j == 28 + 37
FAIL: gcc.dg/guality/pr41447-1.c -O2 execution test
FAIL: gcc.dg/guality/pr41447-1.c -O2 -flto -fno-use-linker-plugin -flto-partition=none execution test
FAIL: gcc.dg/guality/pr41447-1.c -O3 -fomit-frame-pointer execution test
FAIL: gcc.dg/guality/pr41447-1.c -O3 -g execution test
FAIL: gcc.dg/guality/pr41447-1.c -Os execution test
FAIL: gcc.dg/guality/pr41616-1.c -O2 -flto -fuse-linker-plugin -fno-fat-lto-objects execution test
FAIL: gcc.dg/guality/pr43051-1.c -O2 line 35 v == 1
FAIL: gcc.dg/guality/pr43051-1.c -O2 line 36 e == &a[1]
FAIL: gcc.dg/guality/pr43051-1.c -O2 line 39 c == &a[0]
FAIL: gcc.dg/guality/pr43051-1.c -O2 line 40 v == 1
FAIL: gcc.dg/guality/pr43051-1.c -O2 line 41 e == &a[1]
FAIL: gcc.dg/guality/pr43051-1.c -O2 -flto -fno-use-linker-plugin -flto-partition=none line 35 v == 1
FAIL: gcc.dg/guality/pr43051-1.c -O2 -flto -fno-use-linker-plugin -flto-partition=none line 36 e == &a[1]
FAIL: gcc.dg/guality/pr43051-1.c -O2 -flto -fno-use-linker-plugin -flto-partition=none line 39 c == &a[0]
FAIL: gcc.dg/guality/pr43051-1.c -O2 -flto -fno-use-linker-plugin -flto-partition=none line 40 v == 1
FAIL: gcc.dg/guality/pr43051-1.c -O2 -flto -fno-use-linker-plugin -flto-partition=none line 41 e == &a[1]
FAIL: gcc.dg/guality/pr43051-1.c -O2 -flto -fuse-linker-plugin -fno-fat-lto-objects line 35 v == 1
FAIL: gcc.dg/guality/pr43051-1.c -O2 -flto -fuse-linker-plugin -fno-fat-lto-objects line 36 e == &a[1]
FAIL: gcc.dg/guality/pr43051-1.c -O2 -flto -fuse-linker-plugin -fno-fat-lto-objects line 39 c == &a[0]
FAIL: gcc.dg/guality/pr43051-1.c -O2 -flto -fuse-linker-plugin -fno-fat-lto-objects line 40 v == 1
FAIL: gcc.dg/guality/pr43051-1.c -O2 -flto -fuse-linker-plugin -fno-fat-lto-objects line 41 e == &a[1]
FAIL: gcc.dg/guality/pr43051-1.c -O3 -fomit-frame-pointer line 35 v == 1
FAIL: gcc.dg/guality/pr43051-1.c -O3 -fomit-frame-pointer line 36 e == &a[1]
FAIL: gcc.dg/guality/pr43051-1.c -O3 -fomit-frame-pointer line 39 c == &a[0]
FAIL: gcc.dg/guality/pr43051-1.c -O3 -fomit-frame-pointer line 40 v == 1
FAIL: gcc.dg/guality/pr43051-1.c -O3 -fomit-frame-pointer line 41 e == &a[1]
FAIL: gcc.dg/guality/pr43051-1.c -O3 -fomit-frame-pointer -funroll-all-loops -finline-functions line 35 v == 1
FAIL: gcc.dg/guality/pr43051-1.c -O3 -fomit-frame-pointer -funroll-all-loops -finline-functions line 36 e == &a[1]
FAIL: gcc.dg/guality/pr43051-1.c -O3 -fomit-frame-pointer -funroll-all-loops -finline-functions line 39 c == &a[0]
FAIL: gcc.dg/guality/pr43051-1.c -O3 -fomit-frame-pointer -funroll-all-loops -finline-functions line 40 v == 1
FAIL: gcc.dg/guality/pr43051-1.c -O3 -fomit-frame-pointer -funroll-all-loops -finline-functions line 41 e == &a[1]
FAIL: gcc.dg/guality/pr43051-1.c -O3 -fomit-frame-pointer -funroll-loops line 35 v == 1
FAIL: gcc.dg/guality/pr43051-1.c -O3 -fomit-frame-pointer -funroll-loops line 36 e == &a[1]
FAIL: gcc.dg/guality/pr43051-1.c -O3 -fomit-frame-pointer -funroll-loops line 39 c == &a[0]
FAIL: gcc.dg/guality/pr43051-1.c -O3 -fomit-frame-pointer -funroll-loops line 40 v == 1
FAIL: gcc.dg/guality/pr43051-1.c -O3 -fomit-frame-pointer -funroll-loops line 41 e == &a[1]
FAIL: gcc.dg/guality/pr43051-1.c -O3 -g line 35 v == 1
FAIL: gcc.dg/guality/pr43051-1.c -O3 -g line 36 e == &a[1]
FAIL: gcc.dg/guality/pr43051-1.c -O3 -g line 39 c == &a[0]
FAIL: gcc.dg/guality/pr43051-1.c -O3 -g line 40 v == 1
FAIL: gcc.dg/guality/pr43051-1.c -O3 -g line 41 e == &a[1]
FAIL: gcc.dg/guality/pr43051-1.c -Os line 35 v == 1
FAIL: gcc.dg/guality/pr43051-1.c -Os line 36 e == &a[1]
FAIL: gcc.dg/guality/pr43051-1.c -Os line 39 c == &a[0]
FAIL: gcc.dg/guality/pr43051-1.c -Os line 40 v == 1
FAIL: gcc.dg/guality/pr43051-1.c -Os line 41 e == &a[1]
FAIL: gcc.dg/guality/pr43177.c -O2 -flto -fuse-linker-plugin -fno-fat-lto-objects line 15 l == 10
FAIL: gcc.dg/guality/pr43177.c -O2 -flto -fuse-linker-plugin -fno-fat-lto-objects line 15 x == 7
FAIL: gcc.dg/guality/pr43177.c -O2 -flto -fuse-linker-plugin -fno-fat-lto-objects line 24 l == 10
FAIL: gcc.dg/guality/pr43177.c -O2 -flto -fuse-linker-plugin -fno-fat-lto-objects line 24 x == 7
FAIL: gcc.dg/guality/pr43479.c -O1 line 13 h == 9
FAIL: gcc.dg/guality/pr43479.c -O1 line 18 h == 9
FAIL: gcc.dg/guality/pr43479.c -O2 line 13 h == 9
FAIL: gcc.dg/guality/pr43479.c -O2 line 18 h == 9
FAIL: gcc.dg/guality/pr43479.c -O2 -flto -fno-use-linker-plugin -flto-partition=none line 13 h == 9
FAIL: gcc.dg/guality/pr43479.c -O2 -flto -fno-use-linker-plugin -flto-partition=none line 18 h == 9
FAIL: gcc.dg/guality/pr43479.c -O2 -flto -fuse-linker-plugin -fno-fat-lto-objects line 13 h == 9
FAIL: gcc.dg/guality/pr43479.c -O2 -flto -fuse-linker-plugin -fno-fat-lto-objects line 18 h == 9
FAIL: gcc.dg/guality/pr43479.c -O3 -fomit-frame-pointer line 13 h == 9
FAIL: gcc.dg/guality/pr43479.c -O3 -fomit-frame-pointer line 18 h == 9
FAIL: gcc.dg/guality/pr43479.c -O3 -g line 13 h == 9
FAIL: gcc.dg/guality/pr43479.c -O3 -g line 18 h == 9
FAIL: gcc.dg/guality/pr43479.c -Os line 13 h == 9
FAIL: gcc.dg/guality/pr43479.c -Os line 18 h == 9
FAIL: gcc.dg/guality/pr45003-2.c -O2 -flto -fuse-linker-plugin -fno-fat-lto-objects line 10 a == 0x8078
FAIL: gcc.dg/guality/pr45882.c -O2 -flto -fuse-linker-plugin -fno-fat-lto-objects line 16 d == 112
FAIL: gcc.dg/guality/pr45882.c -O2 -flto -fuse-linker-plugin -fno-fat-lto-objects line 16 e == 142
FAIL: gcc.dg/guality/pr54200.c -Os line 20 z == 3
FAIL: gcc.dg/guality/pr54519-1.c -O2 -flto -fno-use-linker-plugin -flto-partition=none line 20 y == 25
FAIL: gcc.dg/guality/pr54519-1.c -O2 -flto -fno-use-linker-plugin -flto-partition=none line 20 z == 6
FAIL: gcc.dg/guality/pr54519-1.c -O2 -flto -fno-use-linker-plugin -flto-partition=none line 23 y == 117
FAIL: gcc.dg/guality/pr54519-1.c -O2 -flto -fno-use-linker-plugin -flto-partition=none line 23 z == 8
FAIL: gcc.dg/guality/pr54519-2.c -O2 -flto -fno-use-linker-plugin -flto-partition=none line 17 y == 25
FAIL: gcc.dg/guality/pr54519-2.c -O2 -flto -fuse-linker-plugin -fno-fat-lto-objects line 17 y == 25
FAIL: gcc.dg/guality/pr54519-3.c -O2 -flto -fno-use-linker-plugin -flto-partition=none line 20 y == 25
FAIL: gcc.dg/guality/pr54519-3.c -O2 -flto -fno-use-linker-plugin -flto-partition=none line 20 z == 6
FAIL: gcc.dg/guality/pr54519-3.c -O2 -flto -fno-use-linker-plugin -flto-partition=none line 23 y == 117
FAIL: gcc.dg/guality/pr54519-3.c -O2 -flto -fno-use-linker-plugin -flto-partition=none line 23 z == 8
FAIL: gcc.dg/guality/pr54519-3.c -O2 -flto -fuse-linker-plugin -fno-fat-lto-objects line 20 x == 36
FAIL: gcc.dg/guality/pr54519-3.c -O2 -flto -fuse-linker-plugin -fno-fat-lto-objects line 20 y == 25
FAIL: gcc.dg/guality/pr54519-3.c -O2 -flto -fuse-linker-plugin -fno-fat-lto-objects line 20 z == 6
FAIL: gcc.dg/guality/pr54519-3.c -O2 -flto -fuse-linker-plugin -fno-fat-lto-objects line 23 x == 98
FAIL: gcc.dg/guality/pr54519-3.c -O2 -flto -fuse-linker-plugin -fno-fat-lto-objects line 23 y == 117
FAIL: gcc.dg/guality/pr54519-3.c -O2 -flto -fuse-linker-plugin -fno-fat-lto-objects line 23 z == 8
FAIL: gcc.dg/guality/pr54519-4.c -O2 -flto -fno-use-linker-plugin -flto-partition=none line 17 y == 25
FAIL: gcc.dg/guality/pr54519-4.c -O2 -flto -fuse-linker-plugin -fno-fat-lto-objects line 17 x == 6
FAIL: gcc.dg/guality/pr54519-4.c -O2 -flto -fuse-linker-plugin -fno-fat-lto-objects line 17 y == 25
FAIL: gcc.dg/guality/pr54519-5.c -O2 -flto -fno-use-linker-plugin -flto-partition=none line 17 y == 25
FAIL: gcc.dg/guality/pr54519-5.c -O2 -flto -fuse-linker-plugin -fno-fat-lto-objects line 17 y == 25
FAIL: gcc.dg/guality/sra-1.c -O2 line 43 a.j == 14
FAIL: gcc.dg/guality/sra-1.c -O2 -flto -fno-use-linker-plugin -flto-partition=none line 43 a.j == 14
FAIL: gcc.dg/guality/sra-1.c -O2 -flto -fuse-linker-plugin -fno-fat-lto-objects line 21 a.i == 4
FAIL: gcc.dg/guality/sra-1.c -O2 -flto -fuse-linker-plugin -fno-fat-lto-objects line 21 a.j == 14
FAIL: gcc.dg/guality/sra-1.c -O2 -flto -fuse-linker-plugin -fno-fat-lto-objects line 43 a.i == 4
FAIL: gcc.dg/guality/sra-1.c -O2 -flto -fuse-linker-plugin -fno-fat-lto-objects line 43 a.j == 14
FAIL: gcc.dg/guality/sra-1.c -O3 -fomit-frame-pointer line 43 a.j == 14
FAIL: gcc.dg/guality/sra-1.c -O3 -g line 43 a.j == 14
FAIL: gcc.dg/guality/sra-1.c -Os line 43 a.j == 14
FAIL: gcc.dg/guality/vla-1.c -O1 line 17 sizeof (a) == 6
FAIL: gcc.dg/guality/vla-1.c -O2 line 17 sizeof (a) == 6
FAIL: gcc.dg/guality/vla-1.c -O2 -flto -fno-use-linker-plugin -flto-partition=none line 17 sizeof (a) == 6
FAIL: gcc.dg/guality/vla-1.c -O2 -flto -fuse-linker-plugin -fno-fat-lto-objects line 17 sizeof (a) == 6
FAIL: gcc.dg/guality/vla-1.c -O3 -fomit-frame-pointer line 17 sizeof (a) == 6
FAIL: gcc.dg/guality/vla-1.c -O3 -g line 17 sizeof (a) == 6
FAIL: gcc.dg/guality/vla-1.c -Os line 17 sizeof (a) == 6
FAIL: gcc.dg/guality/vla-2.c -O2 -flto -fuse-linker-plugin -fno-fat-lto-objects line 25 sizeof (a) == 6 * sizeof (int)
FAIL: gcc.dg/ipa/inline-7.c scan-tree-dump-times einline "Inlining a into m" 1
FAIL: gcc.dg/tree-prof/inliner-1.c scan-tree-dump optimized "cold_function ..;"
FAIL: gcc.dg/tree-ssa/inline-10.c scan-tree-dump-not optimized "do_something \\\\(70\\\\)"
FAIL: gcc.dg/tree-ssa/inline-10.c scan-tree-dump-times optimized "do_something2" 1
FAIL: gcc.dg/tree-ssa/inline-10.c scan-tree-dump-times optimized "do_something3" 1
FAIL: gcc.dg/tree-ssa/inline-8.c scan-tree-dump-times einline "Inlining" 5
FAIL: gcc.dg/tree-ssa/inline-9.c scan-tree-dump-times optimized "q \\\\(15\\\\)" 1
FAIL: gcc.dg/tree-ssa/ipa-split-6.c scan-tree-dump optimized "part"
FAIL: gcc.dg/vect/costmodel/i386/costmodel-vect-31.c scan-tree-dump-times vect "vectorized 4 loops" 1
FAIL: gcc.dg/vect/costmodel/x86_64/costmodel-vect-31.c scan-tree-dump-times vect "vectorized 4 loops" 1
FAIL: gcc.target/i386/avx256-unaligned-load-4.c scan-assembler (avx_loadups256|vmovups[^\\n\\r]*movv8sf_internal)
FAIL: gcc.target/i386/pr61599-1.c (test for excess errors)
UNRESOLVED: gcc.target/i386/pr61599-1.c compilation failed to produce executable
FAIL: gcc.target/i386/sse-13.c (test for excess errors)
=== gcc Summary for unix/-fpic ===
# of expected passes 117290
# of unexpected failures 185
# of unexpected successes 16
# of expected failures 275
# of unresolved testcases 1
# of unsupported tests 1911
Running target unix/-fpic -mcmodel=medium
FAIL: gcc.dg/ira-shrinkwrap-prep-2.c scan-rtl-dump pro_and_epilogue "Performing shrink-wrapping"
FAIL: gcc.dg/pointer-arith-3.c (test for errors, line 38)
FAIL: gcc.dg/pointer-arith-3.c (test for warnings, line 39)
FAIL: gcc.dg/pointer-arith-3.c (test for warnings, line 40)
FAIL: gcc.dg/pointer-arith-3.c (test for excess errors)
FAIL: c-c++-common/goacc/deviceptr-1.c (test for errors, line 75)
FAIL: c-c++-common/goacc/deviceptr-1.c (test for excess errors)
XPASS: gcc.dg/guality/example.c -O0 execution test
XPASS: gcc.dg/guality/example.c -O1 execution test
XPASS: gcc.dg/guality/guality.c -O0 execution test
XPASS: gcc.dg/guality/guality.c -O1 execution test
XPASS: gcc.dg/guality/guality.c -O2 execution test
XPASS: gcc.dg/guality/guality.c -O2 -flto -fno-use-linker-plugin -flto-partition=none execution test
XPASS: gcc.dg/guality/guality.c -O2 -flto -fuse-linker-plugin -fno-fat-lto-objects execution test
XPASS: gcc.dg/guality/guality.c -O3 -fomit-frame-pointer execution test
XPASS: gcc.dg/guality/guality.c -O3 -g execution test
XPASS: gcc.dg/guality/guality.c -Os execution test
XPASS: gcc.dg/guality/inline-params.c -O2 execution test
XPASS: gcc.dg/guality/inline-params.c -O2 -flto -fno-use-linker-plugin -flto-partition=none execution test
XPASS: gcc.dg/guality/inline-params.c -O3 -fomit-frame-pointer execution test
XPASS: gcc.dg/guality/inline-params.c -O3 -g execution test
XPASS: gcc.dg/guality/inline-params.c -Os execution test
FAIL: gcc.dg/guality/pr36728-2.c -O1 line 18 *x == (char) 25
FAIL: gcc.dg/guality/pr36728-2.c -O2 line 18 *x == (char) 25
FAIL: gcc.dg/guality/pr36728-2.c -O2 -flto -fno-use-linker-plugin -flto-partition=none line 18 *x == (char) 25
FAIL: gcc.dg/guality/pr36728-2.c -O3 -fomit-frame-pointer line 18 *x == (char) 25
FAIL: gcc.dg/guality/pr36728-2.c -O3 -g line 18 *x == (char) 25
FAIL: gcc.dg/guality/pr36728-2.c -Os line 18 *x == (char) 25
XPASS: gcc.dg/guality/pr41353-1.c -O0 line 28 j == 28 + 37
FAIL: gcc.dg/guality/pr41447-1.c -O2 execution test
FAIL: gcc.dg/guality/pr41447-1.c -O2 -flto -fno-use-linker-plugin -flto-partition=none execution test
FAIL: gcc.dg/guality/pr41447-1.c -O3 -fomit-frame-pointer execution test
FAIL: gcc.dg/guality/pr41447-1.c -O3 -g execution test
FAIL: gcc.dg/guality/pr41447-1.c -Os execution test
FAIL: gcc.dg/guality/pr41616-1.c -O2 -flto -fuse-linker-plugin -fno-fat-lto-objects execution test
FAIL: gcc.dg/guality/pr43051-1.c -O3 -fomit-frame-pointer -funroll-all-loops -finline-functions line 34 c == &a[0]
FAIL: gcc.dg/guality/pr43051-1.c -O3 -fomit-frame-pointer -funroll-loops line 34 c == &a[0]
FAIL: gcc.dg/guality/pr43479.c -O1 line 13 h == 9
FAIL: gcc.dg/guality/pr43479.c -O1 line 18 h == 9
FAIL: gcc.dg/guality/pr43479.c -O2 line 13 h == 9
FAIL: gcc.dg/guality/pr43479.c -O2 line 18 h == 9
FAIL: gcc.dg/guality/pr43479.c -O2 -flto -fno-use-linker-plugin -flto-partition=none line 13 h == 9
FAIL: gcc.dg/guality/pr43479.c -O2 -flto -fno-use-linker-plugin -flto-partition=none line 18 h == 9
FAIL: gcc.dg/guality/pr43479.c -O2 -flto -fuse-linker-plugin -fno-fat-lto-objects line 13 h == 9
FAIL: gcc.dg/guality/pr43479.c -O2 -flto -fuse-linker-plugin -fno-fat-lto-objects line 18 h == 9
FAIL: gcc.dg/guality/pr43479.c -O3 -fomit-frame-pointer line 13 h == 9
FAIL: gcc.dg/guality/pr43479.c -O3 -fomit-frame-pointer line 18 h == 9
FAIL: gcc.dg/guality/pr43479.c -O3 -g line 13 h == 9
FAIL: gcc.dg/guality/pr43479.c -O3 -g line 18 h == 9
FAIL: gcc.dg/guality/pr43479.c -Os line 13 h == 9
FAIL: gcc.dg/guality/pr43479.c -Os line 18 h == 9
FAIL: gcc.dg/guality/pr45003-2.c -O2 -flto -fuse-linker-plugin -fno-fat-lto-objects line 10 a == 0x8078
FAIL: gcc.dg/guality/pr45882.c -O2 -flto -fuse-linker-plugin -fno-fat-lto-objects line 16 d == 112
FAIL: gcc.dg/guality/pr45882.c -O2 -flto -fuse-linker-plugin -fno-fat-lto-objects line 16 e == 142
FAIL: gcc.dg/guality/pr54200.c -Os line 20 z == 3
FAIL: gcc.dg/guality/pr54519-1.c -O2 -flto -fno-use-linker-plugin -flto-partition=none line 20 y == 25
FAIL: gcc.dg/guality/pr54519-1.c -O2 -flto -fno-use-linker-plugin -flto-partition=none line 20 z == 6
FAIL: gcc.dg/guality/pr54519-1.c -O2 -flto -fno-use-linker-plugin -flto-partition=none line 23 y == 117
FAIL: gcc.dg/guality/pr54519-1.c -O2 -flto -fno-use-linker-plugin -flto-partition=none line 23 z == 8
FAIL: gcc.dg/guality/pr54519-2.c -O2 -flto -fno-use-linker-plugin -flto-partition=none line 17 y == 25
FAIL: gcc.dg/guality/pr54519-2.c -O2 -flto -fuse-linker-plugin -fno-fat-lto-objects line 17 y == 25
FAIL: gcc.dg/guality/pr54519-3.c -O2 -flto -fno-use-linker-plugin -flto-partition=none line 20 y == 25
FAIL: gcc.dg/guality/pr54519-3.c -O2 -flto -fno-use-linker-plugin -flto-partition=none line 20 z == 6
FAIL: gcc.dg/guality/pr54519-3.c -O2 -flto -fno-use-linker-plugin -flto-partition=none line 23 y == 117
FAIL: gcc.dg/guality/pr54519-3.c -O2 -flto -fno-use-linker-plugin -flto-partition=none line 23 z == 8
FAIL: gcc.dg/guality/pr54519-3.c -O2 -flto -fuse-linker-plugin -fno-fat-lto-objects line 20 y == 25
FAIL: gcc.dg/guality/pr54519-3.c -O2 -flto -fuse-linker-plugin -fno-fat-lto-objects line 20 z == 6
FAIL: gcc.dg/guality/pr54519-3.c -O2 -flto -fuse-linker-plugin -fno-fat-lto-objects line 23 y == 117
FAIL: gcc.dg/guality/pr54519-3.c -O2 -flto -fuse-linker-plugin -fno-fat-lto-objects line 23 z == 8
FAIL: gcc.dg/guality/pr54519-4.c -O2 -flto -fno-use-linker-plugin -flto-partition=none line 17 y == 25
FAIL: gcc.dg/guality/pr54519-4.c -O2 -flto -fuse-linker-plugin -fno-fat-lto-objects line 17 y == 25
FAIL: gcc.dg/guality/pr54519-5.c -O2 -flto -fno-use-linker-plugin -flto-partition=none line 17 y == 25
FAIL: gcc.dg/guality/pr54519-5.c -O2 -flto -fuse-linker-plugin -fno-fat-lto-objects line 17 y == 25
FAIL: gcc.dg/guality/sra-1.c -O2 line 43 a.j == 14
FAIL: gcc.dg/guality/sra-1.c -O2 -flto -fno-use-linker-plugin -flto-partition=none line 43 a.j == 14
FAIL: gcc.dg/guality/sra-1.c -O3 -fomit-frame-pointer line 43 a.j == 14
FAIL: gcc.dg/guality/sra-1.c -O3 -g line 43 a.j == 14
FAIL: gcc.dg/guality/sra-1.c -Os line 43 a.j == 14
FAIL: gcc.dg/guality/vla-1.c -O1 line 17 sizeof (a) == 6
FAIL: gcc.dg/guality/vla-1.c -O2 line 17 sizeof (a) == 6
FAIL: gcc.dg/guality/vla-1.c -O2 -flto -fno-use-linker-plugin -flto-partition=none line 17 sizeof (a) == 6
FAIL: gcc.dg/guality/vla-1.c -O2 -flto -fuse-linker-plugin -fno-fat-lto-objects line 17 sizeof (a) == 6
FAIL: gcc.dg/guality/vla-1.c -O3 -fomit-frame-pointer line 17 sizeof (a) == 6
FAIL: gcc.dg/guality/vla-1.c -O3 -g line 17 sizeof (a) == 6
FAIL: gcc.dg/guality/vla-1.c -Os line 17 sizeof (a) == 6
FAIL: gcc.dg/ipa/inline-7.c scan-tree-dump-times einline "Inlining a into m" 1
FAIL: gcc.dg/noncompile/920923-1.c -O1 (test for errors, line 112)
FAIL: gcc.dg/noncompile/920923-1.c -O1 (test for errors, line 117)
FAIL: gcc.dg/tree-prof/inliner-1.c scan-tree-dump optimized "cold_function ..;"
FAIL: gcc.dg/tree-ssa/inline-10.c scan-tree-dump-not optimized "do_something \\\\(70\\\\)"
FAIL: gcc.dg/tree-ssa/inline-10.c scan-tree-dump-times optimized "do_something2" 1
FAIL: gcc.dg/tree-ssa/inline-10.c scan-tree-dump-times optimized "do_something3" 1
FAIL: gcc.dg/tree-ssa/inline-8.c scan-tree-dump-times einline "Inlining" 5
FAIL: gcc.dg/tree-ssa/inline-9.c scan-tree-dump-times optimized "q \\\\(15\\\\)" 1
FAIL: gcc.dg/tree-ssa/ipa-split-6.c scan-tree-dump optimized "part"
FAIL: gcc.dg/vect/costmodel/i386/costmodel-vect-31.c scan-tree-dump-times vect "vectorized 4 loops" 1
FAIL: gcc.dg/vect/costmodel/x86_64/costmodel-vect-31.c scan-tree-dump-times vect "vectorized 4 loops" 1
FAIL: gcc.target/i386/avx256-unaligned-load-4.c scan-assembler (avx_loadups256|vmovups[^\\n\\r]*movv8sf_internal)
FAIL: gcc.target/i386/fuse-caller-save-rec.c scan-assembler-not pop
FAIL: gcc.target/i386/fuse-caller-save-rec.c scan-assembler-not push
FAIL: gcc.target/i386/fuse-caller-save-rec.c scan-assembler-times addl\\t%[re]?dx, %[re]?ax 1
FAIL: gcc.target/i386/fuse-caller-save-xmm.c scan-assembler-times addpd\\t%xmm1, %xmm0 1
FAIL: gcc.target/i386/fuse-caller-save-xmm.c scan-assembler-times movapd\\t%xmm0, %xmm1 1
FAIL: gcc.target/i386/fuse-caller-save.c scan-assembler-not pop
FAIL: gcc.target/i386/fuse-caller-save.c scan-assembler-not push
FAIL: gcc.target/i386/pr52146.c (test for excess errors)
UNRESOLVED: gcc.target/i386/pr52146.c scan-assembler-not [,\\\\t ]+-18874240
FAIL: gcc.target/i386/pr52698.c (test for excess errors)
FAIL: gcc.target/i386/pr52857-1.c (test for excess errors)
FAIL: gcc.target/i386/pr52857-2.c (test for excess errors)
FAIL: gcc.target/i386/pr53698.c (test for excess errors)
FAIL: gcc.target/i386/pr54157.c (test for excess errors)
FAIL: gcc.target/i386/pr55049-1.c (test for excess errors)
FAIL: gcc.target/i386/pr55093.c (test for excess errors)
FAIL: gcc.target/i386/pr55116-1.c (test for excess errors)
FAIL: gcc.target/i386/pr55116-2.c (test for excess errors)
FAIL: gcc.target/i386/pr55597.c (test for excess errors)
FAIL: gcc.target/i386/pr61599-1.c (test for excess errors)
UNRESOLVED: gcc.target/i386/pr61599-1.c compilation failed to produce executable
FAIL: gcc.target/i386/sse-13.c (test for excess errors)
=== gcc Summary for unix/-fpic -mcmodel=medium ===
# of expected passes 117358
# of unexpected failures 102
# of unexpected successes 16
# of expected failures 275
# of unresolved testcases 2
# of unsupported tests 1921
Running target unix/-mcmodel=medium
FAIL: gcc.dg/declspec-13.c (test for errors, line 76)
FAIL: gcc.dg/declspec-13.c (test for errors, line 78)
FAIL: gcc.dg/declspec-13.c (test for errors, line 80)
FAIL: gcc.dg/declspec-13.c (test for errors, line 82)
FAIL: gcc.dg/declspec-13.c (test for errors, line 86)
FAIL: gcc.dg/declspec-13.c (test for errors, line 87)
FAIL: gcc.dg/declspec-13.c (test for errors, line 88)
FAIL: gcc.dg/declspec-13.c (test for errors, line 89)
FAIL: gcc.dg/declspec-13.c (test for errors, line 90)
FAIL: gcc.dg/declspec-13.c (test for errors, line 91)
FAIL: gcc.dg/declspec-13.c (test for errors, line 92)
FAIL: gcc.dg/declspec-13.c (test for errors, line 94)
FAIL: gcc.dg/declspec-13.c (test for errors, line 95)
FAIL: gcc.dg/declspec-13.c (test for errors, line 96)
FAIL: gcc.dg/declspec-13.c (test for excess errors)
FAIL: gcc.dg/declspec-13.c C90 (test for warnings, line 78)
FAIL: gcc.dg/declspec-13.c C90 (test for warnings, line 80)
FAIL: gcc.dg/declspec-13.c C90 (test for warnings, line 82)
FAIL: gcc.dg/declspec-13.c C90 (test for warnings, line 82)
FAIL: gcc.dg/declspec-13.c C90 (test for warnings, line 92)
FAIL: gcc.dg/declspec-13.c complex (test for warnings, line 82)
XPASS: gcc.dg/guality/example.c -O0 execution test
XPASS: gcc.dg/guality/example.c -O1 execution test
XPASS: gcc.dg/guality/example.c -O2 execution test
XPASS: gcc.dg/guality/example.c -O2 -flto -fno-use-linker-plugin -flto-partition=none execution test
XPASS: gcc.dg/guality/guality.c -O0 execution test
XPASS: gcc.dg/guality/guality.c -O1 execution test
XPASS: gcc.dg/guality/guality.c -O2 execution test
XPASS: gcc.dg/guality/guality.c -O2 -flto -fno-use-linker-plugin -flto-partition=none execution test
XPASS: gcc.dg/guality/guality.c -O2 -flto -fuse-linker-plugin -fno-fat-lto-objects execution test
XPASS: gcc.dg/guality/guality.c -O3 -fomit-frame-pointer execution test
XPASS: gcc.dg/guality/guality.c -O3 -g execution test
XPASS: gcc.dg/guality/guality.c -Os execution test
XPASS: gcc.dg/guality/inline-params.c -O2 execution test
XPASS: gcc.dg/guality/inline-params.c -O2 -flto -fno-use-linker-plugin -flto-partition=none execution test
XPASS: gcc.dg/guality/inline-params.c -O3 -fomit-frame-pointer execution test
XPASS: gcc.dg/guality/inline-params.c -O3 -g execution test
XPASS: gcc.dg/guality/inline-params.c -Os execution test
XPASS: gcc.dg/guality/pr41353-1.c -O0 line 28 j == 28 + 37
FAIL: gcc.dg/guality/pr41616-1.c -O2 -flto -fuse-linker-plugin -fno-fat-lto-objects execution test
FAIL: gcc.dg/guality/pr43051-1.c -O2 line 35 v == 1
FAIL: gcc.dg/guality/pr43051-1.c -O2 line 36 e == &a[1]
FAIL: gcc.dg/guality/pr43051-1.c -O2 line 39 c == &a[0]
FAIL: gcc.dg/guality/pr43051-1.c -O2 line 40 v == 1
FAIL: gcc.dg/guality/pr43051-1.c -O2 line 41 e == &a[1]
FAIL: gcc.dg/guality/pr43051-1.c -O2 -flto -fno-use-linker-plugin -flto-partition=none line 35 v == 1
FAIL: gcc.dg/guality/pr43051-1.c -O2 -flto -fno-use-linker-plugin -flto-partition=none line 36 e == &a[1]
FAIL: gcc.dg/guality/pr43051-1.c -O2 -flto -fno-use-linker-plugin -flto-partition=none line 39 c == &a[0]
FAIL: gcc.dg/guality/pr43051-1.c -O2 -flto -fno-use-linker-plugin -flto-partition=none line 40 v == 1
FAIL: gcc.dg/guality/pr43051-1.c -O2 -flto -fno-use-linker-plugin -flto-partition=none line 41 e == &a[1]
FAIL: gcc.dg/guality/pr43051-1.c -O2 -flto -fuse-linker-plugin -fno-fat-lto-objects line 35 v == 1
FAIL: gcc.dg/guality/pr43051-1.c -O2 -flto -fuse-linker-plugin -fno-fat-lto-objects line 36 e == &a[1]
FAIL: gcc.dg/guality/pr43051-1.c -O2 -flto -fuse-linker-plugin -fno-fat-lto-objects line 39 c == &a[0]
FAIL: gcc.dg/guality/pr43051-1.c -O2 -flto -fuse-linker-plugin -fno-fat-lto-objects line 40 v == 1
FAIL: gcc.dg/guality/pr43051-1.c -O2 -flto -fuse-linker-plugin -fno-fat-lto-objects line 41 e == &a[1]
FAIL: gcc.dg/guality/pr43051-1.c -O3 -fomit-frame-pointer line 35 v == 1
FAIL: gcc.dg/guality/pr43051-1.c -O3 -fomit-frame-pointer line 36 e == &a[1]
FAIL: gcc.dg/guality/pr43051-1.c -O3 -fomit-frame-pointer line 39 c == &a[0]
FAIL: gcc.dg/guality/pr43051-1.c -O3 -fomit-frame-pointer line 40 v == 1
FAIL: gcc.dg/guality/pr43051-1.c -O3 -fomit-frame-pointer line 41 e == &a[1]
FAIL: gcc.dg/guality/pr43051-1.c -O3 -fomit-frame-pointer -funroll-all-loops -finline-functions line 35 v == 1
FAIL: gcc.dg/guality/pr43051-1.c -O3 -fomit-frame-pointer -funroll-all-loops -finline-functions line 36 e == &a[1]
FAIL: gcc.dg/guality/pr43051-1.c -O3 -fomit-frame-pointer -funroll-all-loops -finline-functions line 39 c == &a[0]
FAIL: gcc.dg/guality/pr43051-1.c -O3 -fomit-frame-pointer -funroll-all-loops -finline-functions line 40 v == 1
FAIL: gcc.dg/guality/pr43051-1.c -O3 -fomit-frame-pointer -funroll-all-loops -finline-functions line 41 e == &a[1]
FAIL: gcc.dg/guality/pr43051-1.c -O3 -fomit-frame-pointer -funroll-loops line 35 v == 1
FAIL: gcc.dg/guality/pr43051-1.c -O3 -fomit-frame-pointer -funroll-loops line 36 e == &a[1]
FAIL: gcc.dg/guality/pr43051-1.c -O3 -fomit-frame-pointer -funroll-loops line 39 c == &a[0]
FAIL: gcc.dg/guality/pr43051-1.c -O3 -fomit-frame-pointer -funroll-loops line 40 v == 1
FAIL: gcc.dg/guality/pr43051-1.c -O3 -fomit-frame-pointer -funroll-loops line 41 e == &a[1]
FAIL: gcc.dg/guality/pr43051-1.c -O3 -g line 35 v == 1
FAIL: gcc.dg/guality/pr43051-1.c -O3 -g line 36 e == &a[1]
FAIL: gcc.dg/guality/pr43051-1.c -O3 -g line 39 c == &a[0]
FAIL: gcc.dg/guality/pr43051-1.c -O3 -g line 40 v == 1
FAIL: gcc.dg/guality/pr43051-1.c -O3 -g line 41 e == &a[1]
FAIL: gcc.dg/guality/pr43051-1.c -Os line 35 v == 1
FAIL: gcc.dg/guality/pr43051-1.c -Os line 36 e == &a[1]
FAIL: gcc.dg/guality/pr43051-1.c -Os line 39 c == &a[0]
FAIL: gcc.dg/guality/pr43051-1.c -Os line 40 v == 1
FAIL: gcc.dg/guality/pr43051-1.c -Os line 41 e == &a[1]
FAIL: gcc.dg/guality/pr43177.c -O2 line 15 l == 10
FAIL: gcc.dg/guality/pr43177.c -O2 line 15 x == 7
FAIL: gcc.dg/guality/pr43177.c -O2 line 24 l == 10
FAIL: gcc.dg/guality/pr43177.c -O2 line 24 x == 7
FAIL: gcc.dg/guality/pr43177.c -O2 -flto -fno-use-linker-plugin -flto-partition=none line 15 l == 10
FAIL: gcc.dg/guality/pr43177.c -O2 -flto -fno-use-linker-plugin -flto-partition=none line 15 x == 7
FAIL: gcc.dg/guality/pr43177.c -O2 -flto -fno-use-linker-plugin -flto-partition=none line 24 l == 10
FAIL: gcc.dg/guality/pr43177.c -O2 -flto -fno-use-linker-plugin -flto-partition=none line 24 x == 7
FAIL: gcc.dg/guality/pr43177.c -O2 -flto -fuse-linker-plugin -fno-fat-lto-objects line 15 l == 10
FAIL: gcc.dg/guality/pr43177.c -O2 -flto -fuse-linker-plugin -fno-fat-lto-objects line 15 x == 7
FAIL: gcc.dg/guality/pr43177.c -O2 -flto -fuse-linker-plugin -fno-fat-lto-objects line 24 l == 10
FAIL: gcc.dg/guality/pr43177.c -O2 -flto -fuse-linker-plugin -fno-fat-lto-objects line 24 x == 7
FAIL: gcc.dg/guality/pr43177.c -O3 -fomit-frame-pointer line 15 l == 10
FAIL: gcc.dg/guality/pr43177.c -O3 -fomit-frame-pointer line 15 x == 7
FAIL: gcc.dg/guality/pr43177.c -O3 -fomit-frame-pointer line 24 l == 10
FAIL: gcc.dg/guality/pr43177.c -O3 -fomit-frame-pointer line 24 x == 7
FAIL: gcc.dg/guality/pr43177.c -O3 -g line 15 l == 10
FAIL: gcc.dg/guality/pr43177.c -O3 -g line 15 x == 7
FAIL: gcc.dg/guality/pr43177.c -O3 -g line 24 l == 10
FAIL: gcc.dg/guality/pr43177.c -O3 -g line 24 x == 7
FAIL: gcc.dg/guality/pr43177.c -Os line 15 l == 10
FAIL: gcc.dg/guality/pr43177.c -Os line 15 x == 7
FAIL: gcc.dg/guality/pr43177.c -Os line 24 l == 10
FAIL: gcc.dg/guality/pr43177.c -Os line 24 x == 7
FAIL: gcc.dg/guality/pr43479.c -O1 line 13 h == 9
FAIL: gcc.dg/guality/pr43479.c -O1 line 18 h == 9
FAIL: gcc.dg/guality/pr43479.c -O2 line 13 h == 9
FAIL: gcc.dg/guality/pr43479.c -O2 line 18 h == 9
FAIL: gcc.dg/guality/pr43479.c -O2 -flto -fno-use-linker-plugin -flto-partition=none line 13 h == 9
FAIL: gcc.dg/guality/pr43479.c -O2 -flto -fno-use-linker-plugin -flto-partition=none line 18 h == 9
FAIL: gcc.dg/guality/pr43479.c -O2 -flto -fuse-linker-plugin -fno-fat-lto-objects line 13 h == 9
FAIL: gcc.dg/guality/pr43479.c -O2 -flto -fuse-linker-plugin -fno-fat-lto-objects line 18 h == 9
FAIL: gcc.dg/guality/pr43479.c -O3 -fomit-frame-pointer line 13 h == 9
FAIL: gcc.dg/guality/pr43479.c -O3 -fomit-frame-pointer line 18 h == 9
FAIL: gcc.dg/guality/pr43479.c -O3 -g line 13 h == 9
FAIL: gcc.dg/guality/pr43479.c -O3 -g line 18 h == 9
FAIL: gcc.dg/guality/pr43479.c -Os line 13 h == 9
FAIL: gcc.dg/guality/pr43479.c -Os line 18 h == 9
FAIL: gcc.dg/guality/pr45003-2.c -O2 -flto -fuse-linker-plugin -fno-fat-lto-objects line 10 a == 0x8078
FAIL: gcc.dg/guality/pr45882.c -O2 -flto -fuse-linker-plugin -fno-fat-lto-objects line 16 d == 112
FAIL: gcc.dg/guality/pr45882.c -O2 -flto -fuse-linker-plugin -fno-fat-lto-objects line 16 e == 142
FAIL: gcc.dg/guality/pr54200.c -Os line 20 z == 3
FAIL: gcc.dg/guality/pr54519-1.c -O2 -flto -fno-use-linker-plugin -flto-partition=none line 20 y == 25
FAIL: gcc.dg/guality/pr54519-1.c -O2 -flto -fno-use-linker-plugin -flto-partition=none line 20 z == 6
FAIL: gcc.dg/guality/pr54519-1.c -O2 -flto -fno-use-linker-plugin -flto-partition=none line 23 y == 117
FAIL: gcc.dg/guality/pr54519-1.c -O2 -flto -fno-use-linker-plugin -flto-partition=none line 23 z == 8
FAIL: gcc.dg/guality/pr54519-2.c -O2 -flto -fno-use-linker-plugin -flto-partition=none line 17 y == 25
FAIL: gcc.dg/guality/pr54519-2.c -O2 -flto -fuse-linker-plugin -fno-fat-lto-objects line 17 y == 25
FAIL: gcc.dg/guality/pr54519-3.c -O2 -flto -fno-use-linker-plugin -flto-partition=none line 20 y == 25
FAIL: gcc.dg/guality/pr54519-3.c -O2 -flto -fno-use-linker-plugin -flto-partition=none line 20 z == 6
FAIL: gcc.dg/guality/pr54519-3.c -O2 -flto -fno-use-linker-plugin -flto-partition=none line 23 y == 117
FAIL: gcc.dg/guality/pr54519-3.c -O2 -flto -fno-use-linker-plugin -flto-partition=none line 23 z == 8
FAIL: gcc.dg/guality/pr54519-3.c -O2 -flto -fuse-linker-plugin -fno-fat-lto-objects line 20 x == 36
FAIL: gcc.dg/guality/pr54519-3.c -O2 -flto -fuse-linker-plugin -fno-fat-lto-objects line 20 y == 25
FAIL: gcc.dg/guality/pr54519-3.c -O2 -flto -fuse-linker-plugin -fno-fat-lto-objects line 20 z == 6
FAIL: gcc.dg/guality/pr54519-3.c -O2 -flto -fuse-linker-plugin -fno-fat-lto-objects line 23 x == 98
FAIL: gcc.dg/guality/pr54519-3.c -O2 -flto -fuse-linker-plugin -fno-fat-lto-objects line 23 y == 117
FAIL: gcc.dg/guality/pr54519-3.c -O2 -flto -fuse-linker-plugin -fno-fat-lto-objects line 23 z == 8
FAIL: gcc.dg/guality/pr54519-4.c -O2 -flto -fno-use-linker-plugin -flto-partition=none line 17 y == 25
FAIL: gcc.dg/guality/pr54519-4.c -O2 -flto -fuse-linker-plugin -fno-fat-lto-objects line 17 x == 6
FAIL: gcc.dg/guality/pr54519-4.c -O2 -flto -fuse-linker-plugin -fno-fat-lto-objects line 17 y == 25
FAIL: gcc.dg/guality/pr54519-5.c -O2 -flto -fno-use-linker-plugin -flto-partition=none line 17 y == 25
FAIL: gcc.dg/guality/pr54519-5.c -O2 -flto -fuse-linker-plugin -fno-fat-lto-objects line 17 y == 25
FAIL: gcc.dg/guality/sra-1.c -O2 line 21 a.i == 4
FAIL: gcc.dg/guality/sra-1.c -O2 line 21 a.j == 14
FAIL: gcc.dg/guality/sra-1.c -O2 line 43 a.i == 4
FAIL: gcc.dg/guality/sra-1.c -O2 line 43 a.j == 14
FAIL: gcc.dg/guality/sra-1.c -O2 -flto -fno-use-linker-plugin -flto-partition=none line 21 a.i == 4
FAIL: gcc.dg/guality/sra-1.c -O2 -flto -fno-use-linker-plugin -flto-partition=none line 21 a.j == 14
FAIL: gcc.dg/guality/sra-1.c -O2 -flto -fno-use-linker-plugin -flto-partition=none line 43 a.i == 4
FAIL: gcc.dg/guality/sra-1.c -O2 -flto -fno-use-linker-plugin -flto-partition=none line 43 a.j == 14
FAIL: gcc.dg/guality/sra-1.c -O2 -flto -fuse-linker-plugin -fno-fat-lto-objects line 21 a.i == 4
FAIL: gcc.dg/guality/sra-1.c -O2 -flto -fuse-linker-plugin -fno-fat-lto-objects line 21 a.j == 14
FAIL: gcc.dg/guality/sra-1.c -O2 -flto -fuse-linker-plugin -fno-fat-lto-objects line 43 a.i == 4
FAIL: gcc.dg/guality/sra-1.c -O2 -flto -fuse-linker-plugin -fno-fat-lto-objects line 43 a.j == 14
FAIL: gcc.dg/guality/sra-1.c -O3 -fomit-frame-pointer line 21 a.i == 4
FAIL: gcc.dg/guality/sra-1.c -O3 -fomit-frame-pointer line 21 a.j == 14
FAIL: gcc.dg/guality/sra-1.c -O3 -fomit-frame-pointer line 43 a.i == 4
FAIL: gcc.dg/guality/sra-1.c -O3 -fomit-frame-pointer line 43 a.j == 14
FAIL: gcc.dg/guality/sra-1.c -O3 -g line 21 a.i == 4
FAIL: gcc.dg/guality/sra-1.c -O3 -g line 21 a.j == 14
FAIL: gcc.dg/guality/sra-1.c -O3 -g line 43 a.i == 4
FAIL: gcc.dg/guality/sra-1.c -O3 -g line 43 a.j == 14
FAIL: gcc.dg/guality/sra-1.c -Os line 21 a.i == 4
FAIL: gcc.dg/guality/sra-1.c -Os line 21 a.j == 14
FAIL: gcc.dg/guality/sra-1.c -Os line 43 a.i == 4
FAIL: gcc.dg/guality/sra-1.c -Os line 43 a.j == 14
FAIL: gcc.dg/guality/vla-1.c -O1 line 17 sizeof (a) == 6
FAIL: gcc.dg/guality/vla-1.c -O2 line 17 sizeof (a) == 6
FAIL: gcc.dg/guality/vla-1.c -O2 -flto -fno-use-linker-plugin -flto-partition=none line 17 sizeof (a) == 6
FAIL: gcc.dg/guality/vla-1.c -O2 -flto -fuse-linker-plugin -fno-fat-lto-objects line 17 sizeof (a) == 6
FAIL: gcc.dg/guality/vla-1.c -O3 -fomit-frame-pointer line 17 sizeof (a) == 6
FAIL: gcc.dg/guality/vla-1.c -O3 -g line 17 sizeof (a) == 6
FAIL: gcc.dg/guality/vla-1.c -Os line 17 sizeof (a) == 6
FAIL: gcc.dg/guality/vla-2.c -O2 line 25 sizeof (a) == 6 * sizeof (int)
FAIL: gcc.dg/guality/vla-2.c -O2 -flto -fno-use-linker-plugin -flto-partition=none line 25 sizeof (a) == 6 * sizeof (int)
FAIL: gcc.dg/guality/vla-2.c -O2 -flto -fuse-linker-plugin -fno-fat-lto-objects line 25 sizeof (a) == 6 * sizeof (int)
FAIL: gcc.dg/guality/vla-2.c -O3 -fomit-frame-pointer line 25 sizeof (a) == 6 * sizeof (int)
FAIL: gcc.dg/guality/vla-2.c -O3 -g line 25 sizeof (a) == 6 * sizeof (int)
FAIL: gcc.dg/guality/vla-2.c -Os line 25 sizeof (a) == 6 * sizeof (int)
FAIL: gcc.target/i386/387-12.c scan-assembler fld1
FAIL: gcc.target/i386/387-12.c scan-assembler fldz
FAIL: gcc.target/i386/avxfp-1.c scan-assembler vmaxsd
FAIL: gcc.target/i386/avxfp-1.c scan-assembler vminsd
FAIL: gcc.target/i386/avxfp-2.c scan-assembler vmaxsd
FAIL: gcc.target/i386/avxfp-2.c scan-assembler vminsd
FAIL: gcc.target/i386/pr52146.c (test for excess errors)
UNRESOLVED: gcc.target/i386/pr52146.c scan-assembler-not [,\\\\t ]+-18874240
FAIL: gcc.target/i386/pr52698.c (test for excess errors)
FAIL: gcc.target/i386/pr52857-1.c (test for excess errors)
FAIL: gcc.target/i386/pr52857-2.c (test for excess errors)
FAIL: gcc.target/i386/pr53698.c (test for excess errors)
FAIL: gcc.target/i386/pr54157.c (test for excess errors)
FAIL: gcc.target/i386/pr55049-1.c (test for excess errors)
FAIL: gcc.target/i386/pr55093.c (test for excess errors)
FAIL: gcc.target/i386/pr55116-1.c (test for excess errors)
FAIL: gcc.target/i386/pr55116-2.c (test for excess errors)
FAIL: gcc.target/i386/pr55597.c (test for excess errors)
FAIL: gcc.target/i386/ssefp-1.c scan-assembler maxsd
FAIL: gcc.target/i386/ssefp-1.c scan-assembler minsd
FAIL: gcc.target/i386/ssefp-2.c scan-assembler maxsd
FAIL: gcc.target/i386/ssefp-2.c scan-assembler minsd
=== gcc Summary for unix/-mcmodel=medium ===
# of expected passes 117433
# of unexpected failures 183
# of unexpected successes 18
# of expected failures 273
# of unresolved testcases 1
# of unsupported tests 1883
=== gcc Summary ===
# of expected passes 352081
# of unexpected failures 470
# of unexpected successes 50
# of expected failures 823
# of unresolved testcases 4
# of unsupported tests 5715
/export/gnu/import/git/gcc-test-intel64/bld/gcc/xgcc version 5.0.0 20150401 (experimental) [trunk revision 221811] (GCC)
=== gfortran tests ===
Running target unix/-fpic
FAIL: gfortran.dg/pr48636-2.f90 -O scan-ipa-dump cp "Creating a specialized node of [^\\n\\r]*bar/[0-9]*\\\\."
FAIL: gfortran.dg/pr48636-2.f90 -O scan-ipa-dump-times cp "Aggregate replacements[^=]*=[^=]*=[^=]*=[^=]*=[^=]*=[^=]*=[^=]*=[^=]*=[^=]*=" 2
FAIL: gfortran.dg/pr48636.f90 -O scan-ipa-dump inline "bar[^\\\\n]*inline copy in MAIN"
FAIL: gfortran.dg/pr48636.f90 -O scan-ipa-dump inline "inline hints: loop_iterations"
=== gfortran Summary for unix/-fpic ===
# of expected passes 48292
# of unexpected failures 4
# of expected failures 64
# of unsupported tests 69
Running target unix/-fpic -mcmodel=medium
FAIL: gfortran.dg/pr48636-2.f90 -O scan-ipa-dump cp "Creating a specialized node of [^\\n\\r]*bar/[0-9]*\\\\."
FAIL: gfortran.dg/pr48636-2.f90 -O scan-ipa-dump-times cp "Aggregate replacements[^=]*=[^=]*=[^=]*=[^=]*=[^=]*=[^=]*=[^=]*=[^=]*=[^=]*=" 2
FAIL: gfortran.dg/pr48636.f90 -O scan-ipa-dump inline "bar[^\\\\n]*inline copy in MAIN"
FAIL: gfortran.dg/pr48636.f90 -O scan-ipa-dump inline "inline hints: loop_iterations"
=== gfortran Summary for unix/-fpic -mcmodel=medium ===
# of expected passes 48292
# of unexpected failures 4
# of expected failures 64
# of unsupported tests 69
Running target unix/-mcmodel=medium
FAIL: gfortran.dg/widechar_intrinsics_1.f90 -O (test for errors, line 101)
FAIL: gfortran.dg/widechar_intrinsics_1.f90 -O (test for errors, line 102)
FAIL: gfortran.dg/widechar_intrinsics_1.f90 -O (test for errors, line 103)
FAIL: gfortran.dg/widechar_intrinsics_1.f90 -O (test for errors, line 104)
FAIL: gfortran.dg/widechar_intrinsics_1.f90 -O (test for errors, line 106)
FAIL: gfortran.dg/widechar_intrinsics_1.f90 -O (test for errors, line 107)
FAIL: gfortran.dg/widechar_intrinsics_1.f90 -O (test for errors, line 108)
FAIL: gfortran.dg/widechar_intrinsics_1.f90 -O (test for errors, line 109)
FAIL: gfortran.dg/widechar_intrinsics_1.f90 -O (test for errors, line 112)
FAIL: gfortran.dg/widechar_intrinsics_1.f90 -O (test for errors, line 114)
FAIL: gfortran.dg/widechar_intrinsics_1.f90 -O (test for errors, line 49)
FAIL: gfortran.dg/widechar_intrinsics_1.f90 -O (test for errors, line 56)
FAIL: gfortran.dg/widechar_intrinsics_1.f90 -O (test for errors, line 57)
FAIL: gfortran.dg/widechar_intrinsics_1.f90 -O (test for errors, line 58)
FAIL: gfortran.dg/widechar_intrinsics_1.f90 -O (test for errors, line 59)
FAIL: gfortran.dg/widechar_intrinsics_1.f90 -O (test for errors, line 61)
FAIL: gfortran.dg/widechar_intrinsics_1.f90 -O (test for errors, line 62)
FAIL: gfortran.dg/widechar_intrinsics_1.f90 -O (test for errors, line 63)
FAIL: gfortran.dg/widechar_intrinsics_1.f90 -O (test for errors, line 64)
FAIL: gfortran.dg/widechar_intrinsics_1.f90 -O (test for errors, line 66)
FAIL: gfortran.dg/widechar_intrinsics_1.f90 -O (test for errors, line 67)
FAIL: gfortran.dg/widechar_intrinsics_1.f90 -O (test for errors, line 68)
FAIL: gfortran.dg/widechar_intrinsics_1.f90 -O (test for errors, line 69)
FAIL: gfortran.dg/widechar_intrinsics_1.f90 -O (test for errors, line 76)
FAIL: gfortran.dg/widechar_intrinsics_1.f90 -O (test for errors, line 77)
FAIL: gfortran.dg/widechar_intrinsics_1.f90 -O (test for errors, line 78)
FAIL: gfortran.dg/widechar_intrinsics_1.f90 -O (test for errors, line 79)
FAIL: gfortran.dg/widechar_intrinsics_1.f90 -O (test for errors, line 81)
FAIL: gfortran.dg/widechar_intrinsics_1.f90 -O (test for errors, line 82)
FAIL: gfortran.dg/widechar_intrinsics_1.f90 -O (test for errors, line 83)
FAIL: gfortran.dg/widechar_intrinsics_1.f90 -O (test for errors, line 84)
FAIL: gfortran.dg/widechar_intrinsics_1.f90 -O (test for errors, line 86)
FAIL: gfortran.dg/widechar_intrinsics_1.f90 -O (test for errors, line 87)
FAIL: gfortran.dg/widechar_intrinsics_1.f90 -O (test for errors, line 88)
FAIL: gfortran.dg/widechar_intrinsics_1.f90 -O (test for errors, line 89)
FAIL: gfortran.dg/widechar_intrinsics_1.f90 -O (test for errors, line 96)
FAIL: gfortran.dg/widechar_intrinsics_1.f90 -O (test for errors, line 97)
FAIL: gfortran.dg/widechar_intrinsics_1.f90 -O (test for errors, line 98)
FAIL: gfortran.dg/widechar_intrinsics_1.f90 -O (test for errors, line 99)
FAIL: gfortran.dg/widechar_intrinsics_1.f90 -O (test for excess errors)
FAIL: gfortran.dg/goacc/sie.f95 -O (test for errors, line 147)
FAIL: gfortran.dg/goacc/sie.f95 -O (test for errors, line 150)
FAIL: gfortran.dg/goacc/sie.f95 -O (test for errors, line 153)
FAIL: gfortran.dg/goacc/sie.f95 -O (test for errors, line 178)
FAIL: gfortran.dg/goacc/sie.f95 -O (test for errors, line 181)
FAIL: gfortran.dg/goacc/sie.f95 -O (test for errors, line 184)
FAIL: gfortran.dg/goacc/sie.f95 -O (test for errors, line 210)
FAIL: gfortran.dg/goacc/sie.f95 -O (test for errors, line 213)
FAIL: gfortran.dg/goacc/sie.f95 -O (test for errors, line 216)
FAIL: gfortran.dg/goacc/sie.f95 -O (test for errors, line 242)
FAIL: gfortran.dg/goacc/sie.f95 -O (test for errors, line 245)
FAIL: gfortran.dg/goacc/sie.f95 -O (test for errors, line 248)
FAIL: gfortran.dg/goacc/sie.f95 -O (test for warnings, line 139)
FAIL: gfortran.dg/goacc/sie.f95 -O (test for warnings, line 142)
FAIL: gfortran.dg/goacc/sie.f95 -O (test for warnings, line 169)
FAIL: gfortran.dg/goacc/sie.f95 -O (test for warnings, line 172)
FAIL: gfortran.dg/goacc/sie.f95 -O (test for warnings, line 201)
FAIL: gfortran.dg/goacc/sie.f95 -O (test for warnings, line 204)
FAIL: gfortran.dg/goacc/sie.f95 -O (test for warnings, line 233)
FAIL: gfortran.dg/goacc/sie.f95 -O (test for warnings, line 236)
FAIL: gfortran.dg/goacc/sie.f95 -O (test for excess errors)
=== gfortran Summary for unix/-mcmodel=medium ===
# of expected passes 48235
# of unexpected failures 61
# of expected failures 64
# of unsupported tests 69
=== gfortran Summary ===
# of expected passes 144819
# of unexpected failures 69
# of expected failures 192
# of unsupported tests 207
/export/gnu/import/git/gcc-test-intel64/bld/gcc/testsuite/gfortran/../../gfortran version 5.0.0 20150401 (experimental) [trunk revision 221811] (GCC)
=== objc tests ===
Running target unix/-fpic
=== objc Summary for unix/-fpic ===
# of expected passes 3010
# of expected failures 6
# of unsupported tests 74
Running target unix/-fpic -mcmodel=medium
=== objc Summary for unix/-fpic -mcmodel=medium ===
# of expected passes 3010
# of expected failures 6
# of unsupported tests 74
Running target unix/-mcmodel=medium
=== objc Summary for unix/-mcmodel=medium ===
# of expected passes 3010
# of expected failures 6
# of unsupported tests 74
=== objc Summary ===
# of expected passes 9030
# of expected failures 18
# of unsupported tests 222
/export/gnu/import/git/gcc-test-intel64/bld/gcc/xgcc version 5.0.0 20150401 (experimental) [trunk revision 221811] (GCC)
=== boehm-gc tests ===
Running target unix/-fpic
=== boehm-gc Summary for unix/-fpic ===
# of expected passes 12
# of unsupported tests 1
Running target unix/-mcmodel=medium
=== boehm-gc Summary for unix/-mcmodel=medium ===
# of expected passes 12
# of unsupported tests 1
Running target unix/-fpic -mcmodel=medium
=== boehm-gc Summary for unix/-fpic -mcmodel=medium ===
# of expected passes 12
# of unsupported tests 1
=== boehm-gc Summary ===
# of expected passes 36
# of unsupported tests 3
=== libatomic tests ===
Running target unix/-fpic
=== libatomic Summary for unix/-fpic ===
# of expected passes 54
Running target unix/-mcmodel=medium
=== libatomic Summary for unix/-mcmodel=medium ===
# of expected passes 54
Running target unix/-fpic -mcmodel=medium
=== libatomic Summary for unix/-fpic -mcmodel=medium ===
# of expected passes 54
=== libatomic Summary ===
# of expected passes 162
=== libffi tests ===
Running target unix/-fpic
=== libffi Summary for unix/-fpic ===
# of expected passes 1914
# of unsupported tests 30
Running target unix/-mcmodel=medium
=== libffi Summary for unix/-mcmodel=medium ===
# of expected passes 1914
# of unsupported tests 30
Running target unix/-fpic -mcmodel=medium
=== libffi Summary for unix/-fpic -mcmodel=medium ===
# of expected passes 1914
# of unsupported tests 30
=== libffi Summary ===
# of expected passes 5742
# of unsupported tests 90
=== libgomp tests ===
Running target unix/-fpic
=== libgomp Summary for unix/-fpic ===
# of expected passes 5780
# of unsupported tests 254
Running target unix/-mcmodel=medium
=== libgomp Summary for unix/-mcmodel=medium ===
# of expected passes 5780
# of unsupported tests 254
Running target unix/-fpic -mcmodel=medium
=== libgomp Summary for unix/-fpic -mcmodel=medium ===
# of expected passes 5780
# of unsupported tests 254
=== libgomp Summary ===
# of expected passes 17340
# of unsupported tests 762
=== libitm tests ===
Running target unix/-fpic
=== libitm Summary for unix/-fpic ===
# of expected passes 26
# of expected failures 3
# of unsupported tests 1
Running target unix/-mcmodel=medium
=== libitm Summary for unix/-mcmodel=medium ===
# of expected passes 26
# of expected failures 3
# of unsupported tests 1
Running target unix/-fpic -mcmodel=medium
=== libitm Summary for unix/-fpic -mcmodel=medium ===
# of expected passes 26
# of expected failures 3
# of unsupported tests 1
=== libitm Summary ===
# of expected passes 78
# of expected failures 9
# of unsupported tests 3
=== libjava tests ===
Running target unix/-fpic
=== libjava Summary for unix/-fpic ===
# of expected passes 2582
# of expected failures 4
Running target unix/-mcmodel=medium
=== libjava Summary for unix/-mcmodel=medium ===
# of expected passes 2582
# of expected failures 4
Running target unix/-fpic -mcmodel=medium
=== libjava Summary for unix/-fpic -mcmodel=medium ===
# of expected passes 2582
# of expected failures 4
=== libjava Summary ===
# of expected passes 7746
# of expected failures 12
=== libstdc++ tests ===
Running target unix/-fpic
=== libstdc++ Summary for unix/-fpic ===
# of expected passes 10590
# of expected failures 65
# of unsupported tests 229
Running target unix/-fpic -mcmodel=medium
XPASS: 26_numerics/headers/cmath/c_math.cc execution test
=== libstdc++ Summary for unix/-fpic -mcmodel=medium ===
# of expected passes 4667
# of unexpected successes 1
# of expected failures 61
# of unsupported tests 229
Running target unix/-mcmodel=medium
XPASS: 26_numerics/headers/cmath/c_math.cc execution test
=== libstdc++ Summary for unix/-mcmodel=medium ===
# of expected passes 4667
# of unexpected successes 1
# of expected failures 61
# of unsupported tests 229
=== libstdc++ Summary ===
# of expected passes 19924
# of unexpected successes 2
# of expected failures 187
# of unsupported tests 687
Compiler version: 5.0.0 20150401 (experimental) [trunk revision 221811] (GCC)
Platform: x86_64-unknown-linux-gnu
configure flags: --prefix=/usr/5.0.0 --enable-clocale=gnu --with-system-zlib --enable-shared --with-demangler-in-ld --with-fpmath=sse --enable-languages=c,c++,fortran,java,lto,objc