This is the mail archive of the
gcc-testresults@gcc.gnu.org
mailing list for the GCC project.
Results for 5.0.0 20150329 (experimental) [trunk revision 221765] (GCC) testsuite on hppa64-hp-hpux11.11
- From: John David Anglin <dave at hiauly3 dot hia dot nrc dot ca>
- To: dave at hiauly3 dot hia dot nrc dot ca, gcc-testresults at gcc dot gnu dot org
- Date: Tue, 31 Mar 2015 09:17:21 -0400 (EDT)
- Subject: Results for 5.0.0 20150329 (experimental) [trunk revision 221765] (GCC) testsuite on hppa64-hp-hpux11.11
- Authentication-results: sourceware.org; auth=none
Native configuration is hppa64-hp-hpux11.11
=== g++ tests ===
Running target unix
WARNING: program timed out.
=== g++ Summary ===
# of expected passes 79305
# of expected failures 282
# of unsupported tests 3958
/test/gnu/gcc/objdir/gcc/testsuite/g++/../../xg++ version 5.0.0 20150329 (experimental) [trunk revision 221765] (GCC)
=== gcc tests ===
Running target unix
FAIL: gcc.dg/atomic/c11-atomic-exec-5.c -O0 execution test
FAIL: gcc.dg/atomic/c11-atomic-exec-5.c -O1 execution test
FAIL: gcc.dg/atomic/c11-atomic-exec-5.c -O2 execution test
FAIL: gcc.dg/atomic/c11-atomic-exec-5.c -O3 -fomit-frame-pointer execution test
FAIL: gcc.dg/atomic/c11-atomic-exec-5.c -O3 -fomit-frame-pointer -funroll-loops execution test
FAIL: gcc.dg/atomic/c11-atomic-exec-5.c -O3 -fomit-frame-pointer -funroll-all-loops -finline-functions execution test
FAIL: gcc.dg/atomic/c11-atomic-exec-5.c -O3 -g execution test
FAIL: gcc.dg/atomic/c11-atomic-exec-5.c -Os execution test
FAIL: gcc.dg/atomic/c11-atomic-exec-5.c -O2 -flto -flto-partition=none execution test
FAIL: gcc.dg/atomic/c11-atomic-exec-5.c -O2 -flto execution test
FAIL: gcc.dg/pr64434.c scan-rtl-dump-times expand "Swap operands" 1
XPASS: gcc.dg/sibcall-3.c execution test
XPASS: gcc.dg/sibcall-4.c execution test
FAIL: gcc.dg/uninit-19.c (test for warnings, line 22)
FAIL: gcc.dg/uninit-19.c (test for excess errors)
WARNING: program timed out.
=== gcc Summary ===
# of expected passes 83834
# of unexpected failures 13
# of unexpected successes 2
# of expected failures 131
# of unsupported tests 1904
/test/gnu/gcc/objdir/gcc/xgcc version 5.0.0 20150329 (experimental) [trunk revision 221765] (GCC)
=== gfortran tests ===
Running target unix
=== gfortran Summary ===
# of expected passes 46693
# of expected failures 80
# of unsupported tests 410
/test/gnu/gcc/objdir/gcc/testsuite/gfortran/../../gfortran version 5.0.0 20150329 (experimental) [trunk revision 221765] (GCC)
=== obj-c++ tests ===
Running target unix
=== obj-c++ Summary ===
# of expected passes 1445
# of expected failures 10
# of unsupported tests 86
/test/gnu/gcc/objdir/gcc/testsuite/obj-c++/../../xg++ version 5.0.0 20150329 (experimental) [trunk revision 221765] (GCC)
=== objc tests ===
Running target unix
=== objc Summary ===
# of expected passes 3014
# of unsupported tests 75
/test/gnu/gcc/objdir/gcc/xgcc version 5.0.0 20150329 (experimental) [trunk revision 221765] (GCC)
=== libatomic tests ===
Running target unix
=== libatomic Summary ===
# of expected passes 44
# of unsupported tests 5
=== libgomp tests ===
Running target unix
=== libgomp Summary ===
# of expected passes 5686
# of unsupported tests 293
=== libstdc++ tests ===
Running target unix
=== libstdc++ Summary ===
# of expected passes 8617
# of expected failures 65
# of unsupported tests 966
Compiler version: 5.0.0 20150329 (experimental) [trunk revision 221765] (GCC)
Platform: hppa64-hp-hpux11.11
configure flags:Test Run By dave on Mon Mar 30 09:13:43 2015