This is the mail archive of the
gcc-testresults@gcc.gnu.org
mailing list for the GCC project.
Results for 5.0.0 20150331 (experimental) [trunk revision 221786] (GCC) testsuite on i686-pc-linux-gnu
- From: ia32 at gnu-5 dot sc dot intel dot com (H.J. Lu (ia32 -fpic))
- To: gcc-testresults at gcc dot gnu dot org
- Date: Tue, 31 Mar 2015 02:50:07 -0700
- Subject: Results for 5.0.0 20150331 (experimental) [trunk revision 221786] (GCC) testsuite on i686-pc-linux-gnu
- Authentication-results: sourceware.org; auth=none
Native configuration is i686-pc-linux-gnu
=== g++ tests ===
Running target unix/-fpic
FAIL: g++.dg/abi/anon1.C -std=c++11 scan-assembler-not globl
FAIL: g++.dg/abi/anon1.C -std=c++14 scan-assembler-not globl
FAIL: g++.dg/abi/anon1.C -std=c++98 scan-assembler-not globl
FAIL: g++.dg/abi/anon4.C -std=c++11 scan-assembler-not comdat
FAIL: g++.dg/abi/anon4.C -std=c++14 scan-assembler-not comdat
FAIL: g++.dg/abi/anon4.C -std=c++98 scan-assembler-not comdat
FAIL: g++.dg/ipa/devirt-40.C -std=gnu++11 scan-tree-dump-not fre2 "\\\\n OBJ_TYPE_REF"
FAIL: g++.dg/ipa/devirt-40.C -std=gnu++14 scan-tree-dump-not fre2 "\\\\n OBJ_TYPE_REF"
FAIL: g++.dg/ipa/devirt-40.C -std=gnu++98 scan-tree-dump-not fre2 "\\\\n OBJ_TYPE_REF"
FAIL: g++.dg/ipa/devirt-42.C -std=gnu++11 scan-ipa-dump-times inline "Discovered a virtual call to a known target" 2
FAIL: g++.dg/ipa/devirt-42.C -std=gnu++11 scan-tree-dump-times optimized "return 2" 3
FAIL: g++.dg/ipa/devirt-42.C -std=gnu++14 scan-ipa-dump-times inline "Discovered a virtual call to a known target" 2
FAIL: g++.dg/ipa/devirt-42.C -std=gnu++14 scan-tree-dump-times optimized "return 2" 3
FAIL: g++.dg/ipa/devirt-42.C -std=gnu++98 scan-ipa-dump-times inline "Discovered a virtual call to a known target" 2
FAIL: g++.dg/ipa/devirt-42.C -std=gnu++98 scan-tree-dump-times optimized "return 2" 3
FAIL: g++.dg/ipa/devirt-c-8.C -std=gnu++11 scan-ipa-dump cp "Discovered a virtual call to a known target.*A::foo"
FAIL: g++.dg/ipa/devirt-c-8.C -std=gnu++11 scan-tree-dump-times optimized "OBJ_TYPE_REF" 0
FAIL: g++.dg/ipa/devirt-c-8.C -std=gnu++14 scan-ipa-dump cp "Discovered a virtual call to a known target.*A::foo"
FAIL: g++.dg/ipa/devirt-c-8.C -std=gnu++14 scan-tree-dump-times optimized "OBJ_TYPE_REF" 0
FAIL: g++.dg/ipa/devirt-c-8.C -std=gnu++98 scan-ipa-dump cp "Discovered a virtual call to a known target.*A::foo"
FAIL: g++.dg/ipa/devirt-c-8.C -std=gnu++98 scan-tree-dump-times optimized "OBJ_TYPE_REF" 0
FAIL: g++.dg/ipa/ipa-icf-3.C -std=gnu++11 scan-ipa-dump icf "Equal symbols: 2"
FAIL: g++.dg/ipa/ipa-icf-3.C -std=gnu++11 scan-ipa-dump icf "Semantic equality hit:.*bar.*->.*foo.*"
FAIL: g++.dg/ipa/ipa-icf-3.C -std=gnu++14 scan-ipa-dump icf "Equal symbols: 2"
FAIL: g++.dg/ipa/ipa-icf-3.C -std=gnu++14 scan-ipa-dump icf "Semantic equality hit:.*bar.*->.*foo.*"
FAIL: g++.dg/ipa/ipa-icf-3.C -std=gnu++98 scan-ipa-dump icf "Equal symbols: 2"
FAIL: g++.dg/ipa/ipa-icf-3.C -std=gnu++98 scan-ipa-dump icf "Semantic equality hit:.*bar.*->.*foo.*"
FAIL: g++.dg/stackprotectexplicit2.C -std=gnu++11 scan-assembler-times stack_chk_fail 2
FAIL: g++.dg/stackprotectexplicit2.C -std=gnu++14 scan-assembler-times stack_chk_fail 2
FAIL: g++.dg/stackprotectexplicit2.C -std=gnu++98 scan-assembler-times stack_chk_fail 2
FAIL: c-c++-common/gomp/cancel-1.c -std=gnu++98 (test for errors, line 106)
FAIL: c-c++-common/gomp/cancel-1.c -std=gnu++98 (test for errors, line 107)
FAIL: c-c++-common/gomp/cancel-1.c -std=gnu++98 (test for errors, line 108)
FAIL: c-c++-common/gomp/cancel-1.c -std=gnu++98 (test for errors, line 109)
FAIL: c-c++-common/gomp/cancel-1.c -std=gnu++98 (test for errors, line 114)
FAIL: c-c++-common/gomp/cancel-1.c -std=gnu++98 (test for errors, line 115)
FAIL: c-c++-common/gomp/cancel-1.c -std=gnu++98 (test for errors, line 117)
FAIL: c-c++-common/gomp/cancel-1.c -std=gnu++98 (test for errors, line 118)
FAIL: c-c++-common/gomp/cancel-1.c -std=gnu++98 (test for errors, line 119)
FAIL: c-c++-common/gomp/cancel-1.c -std=gnu++98 (test for errors, line 121)
FAIL: c-c++-common/gomp/cancel-1.c -std=gnu++98 (test for errors, line 125)
FAIL: c-c++-common/gomp/cancel-1.c -std=gnu++98 (test for errors, line 126)
FAIL: c-c++-common/gomp/cancel-1.c -std=gnu++98 (test for errors, line 128)
FAIL: c-c++-common/gomp/cancel-1.c -std=gnu++98 (test for errors, line 129)
FAIL: c-c++-common/gomp/cancel-1.c -std=gnu++98 (test for errors, line 130)
FAIL: c-c++-common/gomp/cancel-1.c -std=gnu++98 (test for errors, line 132)
FAIL: c-c++-common/gomp/cancel-1.c -std=gnu++98 (test for errors, line 137)
FAIL: c-c++-common/gomp/cancel-1.c -std=gnu++98 (test for errors, line 138)
FAIL: c-c++-common/gomp/cancel-1.c -std=gnu++98 (test for errors, line 139)
FAIL: c-c++-common/gomp/cancel-1.c -std=gnu++98 (test for errors, line 140)
FAIL: c-c++-common/gomp/cancel-1.c -std=gnu++98 (test for errors, line 141)
FAIL: c-c++-common/gomp/cancel-1.c -std=gnu++98 (test for errors, line 142)
FAIL: c-c++-common/gomp/cancel-1.c -std=gnu++98 (test for errors, line 143)
FAIL: c-c++-common/gomp/cancel-1.c -std=gnu++98 (test for errors, line 144)
FAIL: c-c++-common/gomp/cancel-1.c -std=gnu++98 (test for errors, line 148)
FAIL: c-c++-common/gomp/cancel-1.c -std=gnu++98 (test for errors, line 149)
FAIL: c-c++-common/gomp/cancel-1.c -std=gnu++98 (test for errors, line 150)
FAIL: c-c++-common/gomp/cancel-1.c -std=gnu++98 (test for errors, line 151)
FAIL: c-c++-common/gomp/cancel-1.c -std=gnu++98 (test for errors, line 152)
FAIL: c-c++-common/gomp/cancel-1.c -std=gnu++98 (test for errors, line 153)
FAIL: c-c++-common/gomp/cancel-1.c -std=gnu++98 (test for errors, line 154)
FAIL: c-c++-common/gomp/cancel-1.c -std=gnu++98 (test for errors, line 155)
FAIL: c-c++-common/gomp/cancel-1.c -std=gnu++98 (test for errors, line 160)
FAIL: c-c++-common/gomp/cancel-1.c -std=gnu++98 (test for errors, line 161)
FAIL: c-c++-common/gomp/cancel-1.c -std=gnu++98 (test for errors, line 162)
FAIL: c-c++-common/gomp/cancel-1.c -std=gnu++98 (test for errors, line 163)
FAIL: c-c++-common/gomp/cancel-1.c -std=gnu++98 (test for errors, line 164)
FAIL: c-c++-common/gomp/cancel-1.c -std=gnu++98 (test for errors, line 165)
FAIL: c-c++-common/gomp/cancel-1.c -std=gnu++98 (test for errors, line 166)
FAIL: c-c++-common/gomp/cancel-1.c -std=gnu++98 (test for errors, line 167)
FAIL: c-c++-common/gomp/cancel-1.c -std=gnu++98 (test for errors, line 171)
FAIL: c-c++-common/gomp/cancel-1.c -std=gnu++98 (test for errors, line 172)
FAIL: c-c++-common/gomp/cancel-1.c -std=gnu++98 (test for errors, line 173)
FAIL: c-c++-common/gomp/cancel-1.c -std=gnu++98 (test for errors, line 174)
FAIL: c-c++-common/gomp/cancel-1.c -std=gnu++98 (test for errors, line 175)
FAIL: c-c++-common/gomp/cancel-1.c -std=gnu++98 (test for errors, line 176)
FAIL: c-c++-common/gomp/cancel-1.c -std=gnu++98 (test for errors, line 177)
FAIL: c-c++-common/gomp/cancel-1.c -std=gnu++98 (test for errors, line 178)
FAIL: c-c++-common/gomp/cancel-1.c -std=gnu++98 (test for errors, line 182)
FAIL: c-c++-common/gomp/cancel-1.c -std=gnu++98 (test for errors, line 183)
FAIL: c-c++-common/gomp/cancel-1.c -std=gnu++98 (test for errors, line 184)
FAIL: c-c++-common/gomp/cancel-1.c -std=gnu++98 (test for errors, line 185)
FAIL: c-c++-common/gomp/cancel-1.c -std=gnu++98 (test for errors, line 186)
FAIL: c-c++-common/gomp/cancel-1.c -std=gnu++98 (test for errors, line 187)
FAIL: c-c++-common/gomp/cancel-1.c -std=gnu++98 (test for errors, line 188)
FAIL: c-c++-common/gomp/cancel-1.c -std=gnu++98 (test for errors, line 189)
FAIL: c-c++-common/gomp/cancel-1.c -std=gnu++98 (test for errors, line 194)
FAIL: c-c++-common/gomp/cancel-1.c -std=gnu++98 (test for errors, line 195)
FAIL: c-c++-common/gomp/cancel-1.c -std=gnu++98 (test for errors, line 196)
FAIL: c-c++-common/gomp/cancel-1.c -std=gnu++98 (test for errors, line 197)
FAIL: c-c++-common/gomp/cancel-1.c -std=gnu++98 (test for errors, line 198)
FAIL: c-c++-common/gomp/cancel-1.c -std=gnu++98 (test for errors, line 199)
FAIL: c-c++-common/gomp/cancel-1.c -std=gnu++98 (test for errors, line 200)
FAIL: c-c++-common/gomp/cancel-1.c -std=gnu++98 (test for errors, line 201)
FAIL: c-c++-common/gomp/cancel-1.c -std=gnu++98 (test for errors, line 206)
FAIL: c-c++-common/gomp/cancel-1.c -std=gnu++98 (test for errors, line 208)
FAIL: c-c++-common/gomp/cancel-1.c -std=gnu++98 (test for errors, line 209)
FAIL: c-c++-common/gomp/cancel-1.c -std=gnu++98 (test for errors, line 210)
FAIL: c-c++-common/gomp/cancel-1.c -std=gnu++98 (test for errors, line 212)
FAIL: c-c++-common/gomp/cancel-1.c -std=gnu++98 (test for errors, line 213)
FAIL: c-c++-common/gomp/cancel-1.c -std=gnu++98 (test for errors, line 219)
FAIL: c-c++-common/gomp/cancel-1.c -std=gnu++98 (test for errors, line 220)
FAIL: c-c++-common/gomp/cancel-1.c -std=gnu++98 (test for errors, line 221)
FAIL: c-c++-common/gomp/cancel-1.c -std=gnu++98 (test for errors, line 222)
FAIL: c-c++-common/gomp/cancel-1.c -std=gnu++98 (test for errors, line 223)
FAIL: c-c++-common/gomp/cancel-1.c -std=gnu++98 (test for errors, line 224)
FAIL: c-c++-common/gomp/cancel-1.c -std=gnu++98 (test for errors, line 225)
FAIL: c-c++-common/gomp/cancel-1.c -std=gnu++98 (test for errors, line 226)
FAIL: c-c++-common/gomp/cancel-1.c -std=gnu++98 (test for errors, line 232)
FAIL: c-c++-common/gomp/cancel-1.c -std=gnu++98 (test for errors, line 233)
FAIL: c-c++-common/gomp/cancel-1.c -std=gnu++98 (test for errors, line 234)
FAIL: c-c++-common/gomp/cancel-1.c -std=gnu++98 (test for errors, line 235)
FAIL: c-c++-common/gomp/cancel-1.c -std=gnu++98 (test for errors, line 236)
FAIL: c-c++-common/gomp/cancel-1.c -std=gnu++98 (test for errors, line 237)
FAIL: c-c++-common/gomp/cancel-1.c -std=gnu++98 (test for errors, line 238)
FAIL: c-c++-common/gomp/cancel-1.c -std=gnu++98 (test for errors, line 239)
FAIL: c-c++-common/gomp/cancel-1.c -std=gnu++98 (test for errors, line 246)
FAIL: c-c++-common/gomp/cancel-1.c -std=gnu++98 (test for errors, line 247)
FAIL: c-c++-common/gomp/cancel-1.c -std=gnu++98 (test for errors, line 248)
FAIL: c-c++-common/gomp/cancel-1.c -std=gnu++98 (test for errors, line 249)
FAIL: c-c++-common/gomp/cancel-1.c -std=gnu++98 (test for errors, line 250)
FAIL: c-c++-common/gomp/cancel-1.c -std=gnu++98 (test for errors, line 251)
FAIL: c-c++-common/gomp/cancel-1.c -std=gnu++98 (test for errors, line 252)
FAIL: c-c++-common/gomp/cancel-1.c -std=gnu++98 (test for errors, line 253)
FAIL: c-c++-common/gomp/cancel-1.c -std=gnu++98 (test for errors, line 260)
FAIL: c-c++-common/gomp/cancel-1.c -std=gnu++98 (test for errors, line 261)
FAIL: c-c++-common/gomp/cancel-1.c -std=gnu++98 (test for errors, line 262)
FAIL: c-c++-common/gomp/cancel-1.c -std=gnu++98 (test for errors, line 263)
FAIL: c-c++-common/gomp/cancel-1.c -std=gnu++98 (test for errors, line 264)
FAIL: c-c++-common/gomp/cancel-1.c -std=gnu++98 (test for errors, line 265)
FAIL: c-c++-common/gomp/cancel-1.c -std=gnu++98 (test for errors, line 266)
FAIL: c-c++-common/gomp/cancel-1.c -std=gnu++98 (test for errors, line 267)
FAIL: c-c++-common/gomp/cancel-1.c -std=gnu++98 (test for errors, line 272)
FAIL: c-c++-common/gomp/cancel-1.c -std=gnu++98 (test for errors, line 273)
FAIL: c-c++-common/gomp/cancel-1.c -std=gnu++98 (test for errors, line 275)
FAIL: c-c++-common/gomp/cancel-1.c -std=gnu++98 (test for errors, line 276)
FAIL: c-c++-common/gomp/cancel-1.c -std=gnu++98 (test for errors, line 277)
FAIL: c-c++-common/gomp/cancel-1.c -std=gnu++98 (test for errors, line 279)
FAIL: c-c++-common/gomp/cancel-1.c -std=gnu++98 (test for errors, line 283)
FAIL: c-c++-common/gomp/cancel-1.c -std=gnu++98 (test for errors, line 284)
FAIL: c-c++-common/gomp/cancel-1.c -std=gnu++98 (test for errors, line 286)
FAIL: c-c++-common/gomp/cancel-1.c -std=gnu++98 (test for errors, line 287)
FAIL: c-c++-common/gomp/cancel-1.c -std=gnu++98 (test for errors, line 288)
FAIL: c-c++-common/gomp/cancel-1.c -std=gnu++98 (test for errors, line 290)
FAIL: c-c++-common/gomp/cancel-1.c -std=gnu++98 (test for errors, line 297)
FAIL: c-c++-common/gomp/cancel-1.c -std=gnu++98 (test for errors, line 298)
FAIL: c-c++-common/gomp/cancel-1.c -std=gnu++98 (test for errors, line 299)
FAIL: c-c++-common/gomp/cancel-1.c -std=gnu++98 (test for errors, line 300)
FAIL: c-c++-common/gomp/cancel-1.c -std=gnu++98 (test for errors, line 301)
FAIL: c-c++-common/gomp/cancel-1.c -std=gnu++98 (test for errors, line 302)
FAIL: c-c++-common/gomp/cancel-1.c -std=gnu++98 (test for errors, line 303)
FAIL: c-c++-common/gomp/cancel-1.c -std=gnu++98 (test for errors, line 304)
FAIL: c-c++-common/gomp/cancel-1.c -std=gnu++98 (test for errors, line 309)
FAIL: c-c++-common/gomp/cancel-1.c -std=gnu++98 (test for errors, line 310)
FAIL: c-c++-common/gomp/cancel-1.c -std=gnu++98 (test for errors, line 311)
FAIL: c-c++-common/gomp/cancel-1.c -std=gnu++98 (test for errors, line 312)
FAIL: c-c++-common/gomp/cancel-1.c -std=gnu++98 (test for errors, line 313)
FAIL: c-c++-common/gomp/cancel-1.c -std=gnu++98 (test for errors, line 314)
FAIL: c-c++-common/gomp/cancel-1.c -std=gnu++98 (test for errors, line 315)
FAIL: c-c++-common/gomp/cancel-1.c -std=gnu++98 (test for errors, line 316)
FAIL: c-c++-common/gomp/cancel-1.c -std=gnu++98 (test for errors, line 323)
FAIL: c-c++-common/gomp/cancel-1.c -std=gnu++98 (test for errors, line 324)
FAIL: c-c++-common/gomp/cancel-1.c -std=gnu++98 (test for errors, line 325)
FAIL: c-c++-common/gomp/cancel-1.c -std=gnu++98 (test for errors, line 326)
FAIL: c-c++-common/gomp/cancel-1.c -std=gnu++98 (test for errors, line 327)
FAIL: c-c++-common/gomp/cancel-1.c -std=gnu++98 (test for errors, line 328)
FAIL: c-c++-common/gomp/cancel-1.c -std=gnu++98 (test for errors, line 329)
FAIL: c-c++-common/gomp/cancel-1.c -std=gnu++98 (test for errors, line 330)
FAIL: c-c++-common/gomp/cancel-1.c -std=gnu++98 (test for errors, line 335)
FAIL: c-c++-common/gomp/cancel-1.c -std=gnu++98 (test for errors, line 336)
FAIL: c-c++-common/gomp/cancel-1.c -std=gnu++98 (test for errors, line 337)
FAIL: c-c++-common/gomp/cancel-1.c -std=gnu++98 (test for errors, line 338)
FAIL: c-c++-common/gomp/cancel-1.c -std=gnu++98 (test for errors, line 339)
FAIL: c-c++-common/gomp/cancel-1.c -std=gnu++98 (test for errors, line 340)
FAIL: c-c++-common/gomp/cancel-1.c -std=gnu++98 (test for errors, line 341)
FAIL: c-c++-common/gomp/cancel-1.c -std=gnu++98 (test for errors, line 342)
FAIL: c-c++-common/gomp/cancel-1.c -std=gnu++98 (test for errors, line 347)
FAIL: c-c++-common/gomp/cancel-1.c -std=gnu++98 (test for errors, line 348)
FAIL: c-c++-common/gomp/cancel-1.c -std=gnu++98 (test for errors, line 349)
FAIL: c-c++-common/gomp/cancel-1.c -std=gnu++98 (test for errors, line 351)
FAIL: c-c++-common/gomp/cancel-1.c -std=gnu++98 (test for errors, line 352)
FAIL: c-c++-common/gomp/cancel-1.c -std=gnu++98 (test for errors, line 353)
FAIL: c-c++-common/gomp/cancel-1.c -std=gnu++98 (test for errors, line 357)
FAIL: c-c++-common/gomp/cancel-1.c -std=gnu++98 (test for errors, line 358)
FAIL: c-c++-common/gomp/cancel-1.c -std=gnu++98 (test for errors, line 359)
FAIL: c-c++-common/gomp/cancel-1.c -std=gnu++98 (test for errors, line 360)
FAIL: c-c++-common/gomp/cancel-1.c -std=gnu++98 (test for errors, line 361)
FAIL: c-c++-common/gomp/cancel-1.c -std=gnu++98 (test for errors, line 362)
FAIL: c-c++-common/gomp/cancel-1.c -std=gnu++98 (test for errors, line 363)
FAIL: c-c++-common/gomp/cancel-1.c -std=gnu++98 (test for errors, line 364)
FAIL: c-c++-common/gomp/cancel-1.c -std=gnu++98 (test for warnings, line 376)
FAIL: c-c++-common/gomp/cancel-1.c -std=gnu++98 (test for warnings, line 381)
FAIL: c-c++-common/gomp/cancel-1.c -std=gnu++98 (test for warnings, line 385)
FAIL: c-c++-common/gomp/cancel-1.c -std=gnu++98 (test for warnings, line 391)
FAIL: c-c++-common/gomp/cancel-1.c -std=gnu++98 (test for excess errors)
XPASS: g++.dg/tls/thread_local-order2.C -std=c++11 execution test
XPASS: g++.dg/tls/thread_local-order2.C -std=c++14 execution test
FAIL: c-c++-common/ubsan/object-size-9.c -O2 output pattern test
FAIL: c-c++-common/ubsan/object-size-9.c -O2 -flto -fno-use-linker-plugin -flto-partition=none output pattern test
FAIL: g++.dg/ubsan/vla-1.C -O1 execution test
=== g++ Summary ===
# of expected passes 91359
# of unexpected failures 198
# of unexpected successes 2
# of expected failures 333
# of unsupported tests 3444
/export/gnu/import/git/gcc-test-ia32/bld/gcc/testsuite/g++/../../xg++ version 5.0.0 20150331 (experimental) [trunk revision 221786] (GCC)
=== gcc tests ===
Running target unix/-fpic
XPASS: gcc.dg/guality/example.c -O0 execution test
XPASS: gcc.dg/guality/example.c -O1 execution test
XPASS: gcc.dg/guality/example.c -O3 -fomit-frame-pointer -funroll-all-loops -finline-functions execution test
XPASS: gcc.dg/guality/example.c -O3 -fomit-frame-pointer -funroll-loops execution test
XPASS: gcc.dg/guality/guality.c -O0 execution test
XPASS: gcc.dg/guality/guality.c -O1 execution test
XPASS: gcc.dg/guality/guality.c -O2 execution test
XPASS: gcc.dg/guality/guality.c -O2 -flto -fno-use-linker-plugin -flto-partition=none execution test
XPASS: gcc.dg/guality/guality.c -O2 -flto -fuse-linker-plugin -fno-fat-lto-objects execution test
XPASS: gcc.dg/guality/guality.c -O3 -fomit-frame-pointer execution test
XPASS: gcc.dg/guality/guality.c -O3 -g execution test
XPASS: gcc.dg/guality/guality.c -Os execution test
XPASS: gcc.dg/guality/inline-params.c -O2 execution test
XPASS: gcc.dg/guality/inline-params.c -O2 -flto -fno-use-linker-plugin -flto-partition=none execution test
XPASS: gcc.dg/guality/inline-params.c -O3 -fomit-frame-pointer execution test
XPASS: gcc.dg/guality/inline-params.c -O3 -g execution test
XPASS: gcc.dg/guality/inline-params.c -Os execution test
FAIL: gcc.dg/guality/pr36728-2.c -O1 line 18 *x == (char) 25
FAIL: gcc.dg/guality/pr36728-2.c -O2 line 18 *x == (char) 25
FAIL: gcc.dg/guality/pr36728-2.c -O2 -flto -fno-use-linker-plugin -flto-partition=none line 18 *x == (char) 25
FAIL: gcc.dg/guality/pr36728-2.c -O3 -fomit-frame-pointer line 18 *x == (char) 25
FAIL: gcc.dg/guality/pr36728-2.c -O3 -g line 18 *x == (char) 25
FAIL: gcc.dg/guality/pr36728-2.c -Os line 18 *x == (char) 25
XPASS: gcc.dg/guality/pr41353-1.c -O0 line 28 j == 28 + 37
XPASS: gcc.dg/guality/pr41353-1.c -Os line 28 j == 28 + 37
FAIL: gcc.dg/guality/pr41447-1.c -O2 execution test
FAIL: gcc.dg/guality/pr41447-1.c -O2 -flto -fno-use-linker-plugin -flto-partition=none execution test
FAIL: gcc.dg/guality/pr41447-1.c -O3 -fomit-frame-pointer execution test
FAIL: gcc.dg/guality/pr41447-1.c -O3 -g execution test
FAIL: gcc.dg/guality/pr41447-1.c -Os execution test
FAIL: gcc.dg/guality/pr41616-1.c -O2 -flto -fuse-linker-plugin -fno-fat-lto-objects execution test
FAIL: gcc.dg/guality/pr43479.c -O1 line 13 h == 9
FAIL: gcc.dg/guality/pr43479.c -O1 line 18 h == 9
FAIL: gcc.dg/guality/pr43479.c -O2 line 13 h == 9
FAIL: gcc.dg/guality/pr43479.c -O2 line 18 h == 9
FAIL: gcc.dg/guality/pr43479.c -O2 -flto -fno-use-linker-plugin -flto-partition=none line 13 h == 9
FAIL: gcc.dg/guality/pr43479.c -O2 -flto -fno-use-linker-plugin -flto-partition=none line 18 h == 9
FAIL: gcc.dg/guality/pr43479.c -O2 -flto -fuse-linker-plugin -fno-fat-lto-objects line 13 h == 9
FAIL: gcc.dg/guality/pr43479.c -O2 -flto -fuse-linker-plugin -fno-fat-lto-objects line 18 h == 9
FAIL: gcc.dg/guality/pr43479.c -O3 -fomit-frame-pointer line 13 h == 9
FAIL: gcc.dg/guality/pr43479.c -O3 -fomit-frame-pointer line 18 h == 9
FAIL: gcc.dg/guality/pr43479.c -O3 -g line 13 h == 9
FAIL: gcc.dg/guality/pr43479.c -O3 -g line 18 h == 9
FAIL: gcc.dg/guality/pr43479.c -Os line 13 h == 9
FAIL: gcc.dg/guality/pr43479.c -Os line 18 h == 9
FAIL: gcc.dg/guality/pr45882.c -O2 -flto -fuse-linker-plugin -fno-fat-lto-objects line 16 d == 112
FAIL: gcc.dg/guality/pr45882.c -O2 -flto -fuse-linker-plugin -fno-fat-lto-objects line 16 e == 142
FAIL: gcc.dg/guality/pr54200.c -O2 -flto -fuse-linker-plugin -fno-fat-lto-objects line 20 z == 3
FAIL: gcc.dg/guality/pr54519-1.c -O2 -flto -fno-use-linker-plugin -flto-partition=none line 20 y == 25
FAIL: gcc.dg/guality/pr54519-1.c -O2 -flto -fno-use-linker-plugin -flto-partition=none line 20 z == 6
FAIL: gcc.dg/guality/pr54519-1.c -O2 -flto -fno-use-linker-plugin -flto-partition=none line 23 y == 117
FAIL: gcc.dg/guality/pr54519-1.c -O2 -flto -fno-use-linker-plugin -flto-partition=none line 23 z == 8
FAIL: gcc.dg/guality/pr54519-2.c -O2 -flto -fno-use-linker-plugin -flto-partition=none line 17 y == 25
FAIL: gcc.dg/guality/pr54519-2.c -O2 -flto -fuse-linker-plugin -fno-fat-lto-objects line 17 y == 25
FAIL: gcc.dg/guality/pr54519-3.c -O2 -flto -fno-use-linker-plugin -flto-partition=none line 20 y == 25
FAIL: gcc.dg/guality/pr54519-3.c -O2 -flto -fno-use-linker-plugin -flto-partition=none line 20 z == 6
FAIL: gcc.dg/guality/pr54519-3.c -O2 -flto -fno-use-linker-plugin -flto-partition=none line 23 y == 117
FAIL: gcc.dg/guality/pr54519-3.c -O2 -flto -fno-use-linker-plugin -flto-partition=none line 23 z == 8
FAIL: gcc.dg/guality/pr54519-3.c -O2 -flto -fuse-linker-plugin -fno-fat-lto-objects line 20 y == 25
FAIL: gcc.dg/guality/pr54519-3.c -O2 -flto -fuse-linker-plugin -fno-fat-lto-objects line 20 z == 6
FAIL: gcc.dg/guality/pr54519-3.c -O2 -flto -fuse-linker-plugin -fno-fat-lto-objects line 23 y == 117
FAIL: gcc.dg/guality/pr54519-3.c -O2 -flto -fuse-linker-plugin -fno-fat-lto-objects line 23 z == 8
FAIL: gcc.dg/guality/pr54519-4.c -O2 -flto -fno-use-linker-plugin -flto-partition=none line 17 y == 25
FAIL: gcc.dg/guality/pr54519-4.c -O2 -flto -fuse-linker-plugin -fno-fat-lto-objects line 17 y == 25
FAIL: gcc.dg/guality/pr54519-5.c -O2 -flto -fno-use-linker-plugin -flto-partition=none line 17 y == 25
FAIL: gcc.dg/guality/pr54519-5.c -O2 -flto -fuse-linker-plugin -fno-fat-lto-objects line 17 y == 25
FAIL: gcc.dg/guality/pr54970.c -Os line 15 a[0] == 1
FAIL: gcc.dg/guality/pr54970.c -Os line 20 a[0] == 1
FAIL: gcc.dg/guality/pr54970.c -Os line 25 a[0] == 1
FAIL: gcc.dg/guality/pr54970.c -Os line 31 a[0] == 4
FAIL: gcc.dg/guality/pr54970.c -Os line 36 a[0] == 4
FAIL: gcc.dg/guality/pr54970.c -Os line 45 a[0] == 4
FAIL: gcc.dg/guality/pr54970.c -Os line 45 p[-2] == 4
FAIL: gcc.dg/guality/pr54970.c -Os line 45 q[-1] == 4
FAIL: gcc.dg/guality/vla-1.c -O1 line 17 sizeof (a) == 6
FAIL: gcc.dg/guality/vla-1.c -O2 line 17 sizeof (a) == 6
FAIL: gcc.dg/guality/vla-1.c -O2 -flto -fno-use-linker-plugin -flto-partition=none line 17 sizeof (a) == 6
FAIL: gcc.dg/guality/vla-1.c -O2 -flto -fuse-linker-plugin -fno-fat-lto-objects line 17 sizeof (a) == 6
FAIL: gcc.dg/guality/vla-1.c -O3 -fomit-frame-pointer line 17 sizeof (a) == 6
FAIL: gcc.dg/guality/vla-1.c -O3 -g line 17 sizeof (a) == 6
FAIL: gcc.dg/guality/vla-1.c -Os line 17 sizeof (a) == 6
FAIL: gcc.dg/ipa/inline-7.c scan-tree-dump-times einline "Inlining a into m" 1
FAIL: gcc.dg/lto/pr55113 c_lto_pr55113_0.o assemble, -flto -fshort-double -O0 (internal compiler error)
UNRESOLVED: gcc.dg/lto/pr55113 c_lto_pr55113_0.o-c_lto_pr55113_0.o execute -flto -fshort-double -O0
UNRESOLVED: gcc.dg/lto/pr55113 c_lto_pr55113_0.o-c_lto_pr55113_0.o link -flto -fshort-double -O0
FAIL: gcc.dg/torture/builtin-self.c -O0 scan-assembler-not \\tcall
FAIL: gcc.dg/tree-prof/inliner-1.c scan-tree-dump optimized "cold_function ..;"
FAIL: gcc.dg/tree-ssa/inline-10.c scan-tree-dump-not optimized "do_something \\\\(70\\\\)"
FAIL: gcc.dg/tree-ssa/inline-10.c scan-tree-dump-times optimized "do_something2" 1
FAIL: gcc.dg/tree-ssa/inline-10.c scan-tree-dump-times optimized "do_something3" 1
FAIL: gcc.dg/tree-ssa/inline-8.c scan-tree-dump-times einline "Inlining" 5
FAIL: gcc.dg/tree-ssa/inline-9.c scan-tree-dump-times optimized "q \\\\(15\\\\)" 1
FAIL: gcc.dg/tree-ssa/ipa-split-6.c scan-tree-dump optimized "part"
FAIL: gcc.dg/vect/costmodel/i386/costmodel-vect-31.c scan-tree-dump-times vect "vectorized 4 loops" 1
FAIL: gcc.target/i386/avx256-unaligned-load-4.c scan-assembler (avx_loadups256|vmovups[^\\n\\r]*movv8sf_internal)
FAIL: gcc.target/i386/pad-10.c scan-assembler-not nop
FAIL: gcc.target/i386/sse-13.c (test for excess errors)
FAIL: gcc.target/i386/vect-sizes-1.c scan-assembler vmovapd[ \\\\t]+[^\\n]*%ymm
=== gcc Summary ===
# of expected passes 115601
# of unexpected failures 77
# of unexpected successes 19
# of expected failures 279
# of unresolved testcases 2
# of unsupported tests 1825
/export/gnu/import/git/gcc-test-ia32/bld/gcc/xgcc version 5.0.0 20150331 (experimental) [trunk revision 221786] (GCC)
=== gfortran tests ===
Running target unix/-fpic
FAIL: gfortran.dg/argument_checking_9.f90 -O (test for errors, line 38)
FAIL: gfortran.dg/argument_checking_9.f90 -O (test for errors, line 39)
FAIL: gfortran.dg/argument_checking_9.f90 -O (test for errors, line 40)
FAIL: gfortran.dg/argument_checking_9.f90 -O (test for errors, line 41)
FAIL: gfortran.dg/argument_checking_9.f90 -O (test for errors, line 42)
FAIL: gfortran.dg/argument_checking_9.f90 -O (test for errors, line 43)
FAIL: gfortran.dg/argument_checking_9.f90 -O (test for errors, line 44)
FAIL: gfortran.dg/argument_checking_9.f90 -O (test for errors, line 45)
FAIL: gfortran.dg/argument_checking_9.f90 -O (test for errors, line 46)
FAIL: gfortran.dg/argument_checking_9.f90 -O (test for errors, line 47)
FAIL: gfortran.dg/argument_checking_9.f90 -O (test for errors, line 48)
FAIL: gfortran.dg/argument_checking_9.f90 -O (test for errors, line 49)
FAIL: gfortran.dg/argument_checking_9.f90 -O (test for excess errors)
FAIL: gfortran.dg/class_allocate_18.f90 -O0 execution test
FAIL: gfortran.dg/class_allocate_18.f90 -O1 execution test
FAIL: gfortran.dg/class_allocate_18.f90 -O2 execution test
FAIL: gfortran.dg/class_allocate_18.f90 -O3 -fomit-frame-pointer execution test
FAIL: gfortran.dg/class_allocate_18.f90 -O3 -fomit-frame-pointer -funroll-all-loops -finline-functions execution test
FAIL: gfortran.dg/class_allocate_18.f90 -O3 -fomit-frame-pointer -funroll-loops execution test
FAIL: gfortran.dg/class_allocate_18.f90 -O3 -g execution test
FAIL: gfortran.dg/class_allocate_18.f90 -Os execution test
FAIL: gfortran.dg/pr48636-2.f90 -O scan-ipa-dump cp "Creating a specialized node of [^\\n\\r]*bar/[0-9]*\\\\."
FAIL: gfortran.dg/pr48636-2.f90 -O scan-ipa-dump-times cp "Aggregate replacements[^=]*=[^=]*=[^=]*=[^=]*=[^=]*=[^=]*=[^=]*=[^=]*=[^=]*=" 2
FAIL: gfortran.dg/pr48636.f90 -O scan-ipa-dump inline "bar[^\\\\n]*inline copy in MAIN"
FAIL: gfortran.dg/pr48636.f90 -O scan-ipa-dump inline "inline hints: loop_iterations"
=== gfortran Summary ===
# of expected passes 47982
# of unexpected failures 25
# of expected failures 64
# of unsupported tests 209
/export/gnu/import/git/gcc-test-ia32/bld/gcc/testsuite/gfortran/../../gfortran version 5.0.0 20150331 (experimental) [trunk revision 221786] (GCC)
=== objc tests ===
Running target unix/-fpic
=== objc Summary ===
# of expected passes 3010
# of expected failures 6
# of unsupported tests 74
/export/gnu/import/git/gcc-test-ia32/bld/gcc/xgcc version 5.0.0 20150331 (experimental) [trunk revision 221786] (GCC)
=== boehm-gc tests ===
Running target unix/-fpic
=== boehm-gc Summary ===
# of expected passes 12
# of unsupported tests 1
=== libatomic tests ===
Running target unix/-fpic
=== libatomic Summary ===
# of expected passes 44
# of unsupported tests 5
=== libffi tests ===
Running target unix/-fpic
=== libffi Summary ===
# of expected passes 2439
# of unsupported tests 30
=== libgomp tests ===
Running target unix/-fpic
=== libgomp Summary ===
# of expected passes 5780
# of unsupported tests 254
=== libitm tests ===
Running target unix/-fpic
=== libitm Summary ===
# of expected passes 26
# of expected failures 3
# of unsupported tests 1
=== libjava tests ===
Running target unix/-fpic
=== libjava Summary ===
# of expected passes 2582
# of expected failures 4
=== libstdc++ tests ===
Running target unix/-fpic
=== libstdc++ Summary ===
# of expected passes 10598
# of expected failures 65
# of unsupported tests 225
Compiler version: 5.0.0 20150331 (experimental) [trunk revision 221786] (GCC)
Platform: i686-pc-linux-gnu
configure flags: --prefix=/usr/5.0.0 --enable-clocale=gnu --with-system-zlib --enable-shared --with-demangler-in-ld i686-linux --with-fpmath=sse --enable-languages=c,c++,fortran,java,lto,objc