This is the mail archive of the
gcc-testresults@gcc.gnu.org
mailing list for the GCC project.
Results for 5.0.0 20150323 (experimental) [trunk revision 221600] (GCC) testsuite on x86_64-unknown-linux-gnu
- From: intel64 at gnu-5 dot sc dot intel dot com (H.J. Lu (Intel64 -fpic -mcmodel=medium -mcmodel=large))
- To: gcc-testresults at gcc dot gnu dot org
- Date: Mon, 23 Mar 2015 17:38:53 -0700
- Subject: Results for 5.0.0 20150323 (experimental) [trunk revision 221600] (GCC) testsuite on x86_64-unknown-linux-gnu
- Authentication-results: sourceware.org; auth=none
Native configuration is x86_64-unknown-linux-gnu
=== g++ tests ===
Running target unix/-fpic
FAIL: g++.dg/cpp0x/decltype32.C -std=gnu++11 (test for excess errors)
FAIL: g++.dg/cpp0x/rv3n.C -std=gnu++11 (test for errors, line 730)
FAIL: g++.dg/cpp0x/rv3n.C -std=gnu++11 (test for errors, line 732)
FAIL: g++.dg/cpp0x/rv3n.C -std=gnu++11 (test for errors, line 733)
FAIL: g++.dg/cpp0x/rv3n.C -std=gnu++11 (test for errors, line 734)
FAIL: g++.dg/cpp0x/rv3n.C -std=gnu++11 (test for errors, line 745)
FAIL: g++.dg/cpp0x/rv3n.C -std=gnu++11 (test for errors, line 747)
FAIL: g++.dg/cpp0x/rv3n.C -std=gnu++11 (test for errors, line 748)
FAIL: g++.dg/cpp0x/rv3n.C -std=gnu++11 (test for errors, line 749)
FAIL: g++.dg/cpp0x/rv3n.C -std=gnu++11 (test for errors, line 760)
FAIL: g++.dg/cpp0x/rv3n.C -std=gnu++11 (test for errors, line 762)
FAIL: g++.dg/cpp0x/rv3n.C -std=gnu++11 (test for errors, line 763)
FAIL: g++.dg/cpp0x/rv3n.C -std=gnu++11 (test for errors, line 764)
FAIL: g++.dg/cpp0x/rv3n.C -std=gnu++11 (test for errors, line 775)
FAIL: g++.dg/cpp0x/rv3n.C -std=gnu++11 (test for errors, line 777)
FAIL: g++.dg/cpp0x/rv3n.C -std=gnu++11 (test for errors, line 778)
FAIL: g++.dg/cpp0x/rv3n.C -std=gnu++11 (test for errors, line 779)
FAIL: g++.dg/cpp0x/rv3n.C -std=gnu++11 (test for errors, line 780)
FAIL: g++.dg/cpp0x/rv3n.C -std=gnu++11 (test for errors, line 781)
FAIL: g++.dg/cpp0x/rv3n.C -std=gnu++11 (test for errors, line 782)
FAIL: g++.dg/cpp0x/rv3n.C -std=gnu++11 (test for errors, line 793)
FAIL: g++.dg/cpp0x/rv3n.C -std=gnu++11 (test for errors, line 795)
FAIL: g++.dg/cpp0x/rv3n.C -std=gnu++11 (test for errors, line 796)
FAIL: g++.dg/cpp0x/rv3n.C -std=gnu++11 (test for errors, line 797)
FAIL: g++.dg/cpp0x/rv3n.C -std=gnu++11 (test for errors, line 798)
FAIL: g++.dg/cpp0x/rv3n.C -std=gnu++11 (test for errors, line 799)
FAIL: g++.dg/cpp0x/rv3n.C -std=gnu++11 (test for errors, line 810)
FAIL: g++.dg/cpp0x/rv3n.C -std=gnu++11 (test for errors, line 812)
FAIL: g++.dg/cpp0x/rv3n.C -std=gnu++11 (test for errors, line 813)
FAIL: g++.dg/cpp0x/rv3n.C -std=gnu++11 (test for errors, line 814)
FAIL: g++.dg/cpp0x/rv3n.C -std=gnu++11 (test for errors, line 815)
FAIL: g++.dg/cpp0x/rv3n.C -std=gnu++11 (test for errors, line 816)
FAIL: g++.dg/cpp0x/rv3n.C -std=gnu++11 (test for errors, line 827)
FAIL: g++.dg/cpp0x/rv3n.C -std=gnu++11 (test for errors, line 829)
FAIL: g++.dg/cpp0x/rv3n.C -std=gnu++11 (test for errors, line 830)
FAIL: g++.dg/cpp0x/rv3n.C -std=gnu++11 (test for errors, line 831)
FAIL: g++.dg/cpp0x/rv3n.C -std=gnu++11 (test for errors, line 832)
FAIL: g++.dg/cpp0x/rv3n.C -std=gnu++11 (test for errors, line 833)
FAIL: g++.dg/cpp0x/rv3n.C -std=gnu++11 (test for errors, line 834)
FAIL: g++.dg/cpp0x/rv3n.C -std=gnu++11 (test for excess errors)
FAIL: g++.dg/ext/gnu-inline-global-reject.C -std=gnu++11 (test for errors, line 56)
FAIL: g++.dg/ext/gnu-inline-global-reject.C -std=gnu++11 (test for warnings, line 54)
FAIL: g++.dg/ipa/devirt-40.C -std=gnu++11 scan-tree-dump-not fre2 "\\\\n OBJ_TYPE_REF"
FAIL: g++.dg/ipa/devirt-40.C -std=gnu++14 scan-tree-dump-not fre2 "\\\\n OBJ_TYPE_REF"
FAIL: g++.dg/ipa/devirt-40.C -std=gnu++98 scan-tree-dump-not fre2 "\\\\n OBJ_TYPE_REF"
FAIL: g++.dg/ipa/devirt-42.C -std=gnu++11 scan-ipa-dump-times inline "Discovered a virtual call to a known target" 2
FAIL: g++.dg/ipa/devirt-42.C -std=gnu++11 scan-tree-dump-times optimized "return 2" 3
FAIL: g++.dg/ipa/devirt-42.C -std=gnu++14 scan-ipa-dump-times inline "Discovered a virtual call to a known target" 2
FAIL: g++.dg/ipa/devirt-42.C -std=gnu++14 scan-tree-dump-times optimized "return 2" 3
FAIL: g++.dg/ipa/devirt-42.C -std=gnu++98 scan-ipa-dump-times inline "Discovered a virtual call to a known target" 2
FAIL: g++.dg/ipa/devirt-42.C -std=gnu++98 scan-tree-dump-times optimized "return 2" 3
FAIL: g++.dg/ipa/devirt-c-8.C -std=gnu++11 scan-ipa-dump cp "Discovered a virtual call to a known target.*A::foo"
FAIL: g++.dg/ipa/devirt-c-8.C -std=gnu++11 scan-tree-dump-times optimized "OBJ_TYPE_REF" 0
FAIL: g++.dg/ipa/devirt-c-8.C -std=gnu++14 scan-ipa-dump cp "Discovered a virtual call to a known target.*A::foo"
FAIL: g++.dg/ipa/devirt-c-8.C -std=gnu++14 scan-tree-dump-times optimized "OBJ_TYPE_REF" 0
FAIL: g++.dg/ipa/devirt-c-8.C -std=gnu++98 scan-ipa-dump cp "Discovered a virtual call to a known target.*A::foo"
FAIL: g++.dg/ipa/devirt-c-8.C -std=gnu++98 scan-tree-dump-times optimized "OBJ_TYPE_REF" 0
FAIL: g++.dg/ipa/ipa-icf-3.C -std=gnu++11 scan-ipa-dump icf "Equal symbols: 2"
FAIL: g++.dg/ipa/ipa-icf-3.C -std=gnu++11 scan-ipa-dump icf "Semantic equality hit:.*bar.*->.*foo.*"
FAIL: g++.dg/ipa/ipa-icf-3.C -std=gnu++14 scan-ipa-dump icf "Equal symbols: 2"
FAIL: g++.dg/ipa/ipa-icf-3.C -std=gnu++14 scan-ipa-dump icf "Semantic equality hit:.*bar.*->.*foo.*"
FAIL: g++.dg/ipa/ipa-icf-3.C -std=gnu++98 scan-ipa-dump icf "Equal symbols: 2"
FAIL: g++.dg/ipa/ipa-icf-3.C -std=gnu++98 scan-ipa-dump icf "Semantic equality hit:.*bar.*->.*foo.*"
FAIL: c-c++-common/goacc-gomp/nesting-fail-1.c -std=c++98 (test for errors, line 392)
FAIL: c-c++-common/goacc-gomp/nesting-fail-1.c -std=c++98 (test for errors, line 400)
FAIL: c-c++-common/goacc-gomp/nesting-fail-1.c -std=c++98 (test for errors, line 409)
FAIL: c-c++-common/goacc-gomp/nesting-fail-1.c -std=c++98 (test for errors, line 416)
FAIL: c-c++-common/goacc-gomp/nesting-fail-1.c -std=c++98 (test for errors, line 423)
FAIL: c-c++-common/goacc-gomp/nesting-fail-1.c -std=c++98 (test for errors, line 430)
FAIL: c-c++-common/goacc-gomp/nesting-fail-1.c -std=c++98 (test for errors, line 438)
FAIL: c-c++-common/goacc-gomp/nesting-fail-1.c -std=c++98 (test for errors, line 444)
FAIL: c-c++-common/goacc-gomp/nesting-fail-1.c -std=c++98 (test for errors, line 451)
FAIL: c-c++-common/goacc-gomp/nesting-fail-1.c -std=c++98 (test for errors, line 453)
FAIL: c-c++-common/goacc-gomp/nesting-fail-1.c -std=c++98 (test for errors, line 455)
FAIL: c-c++-common/goacc-gomp/nesting-fail-1.c -std=c++98 (test for excess errors)
WARNING: lto.exp does not support dg-options in primary source file
WARNING: lto.exp does not support dg-options in primary source file
XPASS: g++.dg/tls/thread_local-order2.C -std=c++11 execution test
XPASS: g++.dg/tls/thread_local-order2.C -std=c++14 execution test
FAIL: c-c++-common/ubsan/object-size-9.c -O2 output pattern test
FAIL: c-c++-common/ubsan/object-size-9.c -O2 -flto -fno-use-linker-plugin -flto-partition=none output pattern test
=== g++ Summary for unix/-fpic ===
# of expected passes 20200
# of expected failures 61
# of unsupported tests 74
Running target unix/-fpic -mcmodel=medium
FAIL: g++.dg/ipa/devirt-40.C -std=gnu++11 scan-tree-dump-not fre2 "\\\\n OBJ_TYPE_REF"
FAIL: g++.dg/ipa/devirt-40.C -std=gnu++14 scan-tree-dump-not fre2 "\\\\n OBJ_TYPE_REF"
FAIL: g++.dg/ipa/devirt-40.C -std=gnu++98 scan-tree-dump-not fre2 "\\\\n OBJ_TYPE_REF"
FAIL: g++.dg/ipa/devirt-42.C -std=gnu++11 scan-ipa-dump-times inline "Discovered a virtual call to a known target" 2
FAIL: g++.dg/ipa/devirt-42.C -std=gnu++11 scan-tree-dump-times optimized "return 2" 3
FAIL: g++.dg/ipa/devirt-42.C -std=gnu++14 scan-ipa-dump-times inline "Discovered a virtual call to a known target" 2
FAIL: g++.dg/ipa/devirt-42.C -std=gnu++14 scan-tree-dump-times optimized "return 2" 3
FAIL: g++.dg/ipa/devirt-42.C -std=gnu++98 scan-ipa-dump-times inline "Discovered a virtual call to a known target" 2
FAIL: g++.dg/ipa/devirt-42.C -std=gnu++98 scan-tree-dump-times optimized "return 2" 3
FAIL: g++.dg/ipa/devirt-c-8.C -std=gnu++11 scan-ipa-dump cp "Discovered a virtual call to a known target.*A::foo"
FAIL: g++.dg/ipa/devirt-c-8.C -std=gnu++11 scan-tree-dump-times optimized "OBJ_TYPE_REF" 0
FAIL: g++.dg/ipa/devirt-c-8.C -std=gnu++14 scan-ipa-dump cp "Discovered a virtual call to a known target.*A::foo"
FAIL: g++.dg/ipa/devirt-c-8.C -std=gnu++14 scan-tree-dump-times optimized "OBJ_TYPE_REF" 0
FAIL: g++.dg/ipa/devirt-c-8.C -std=gnu++98 scan-ipa-dump cp "Discovered a virtual call to a known target.*A::foo"
FAIL: g++.dg/ipa/devirt-c-8.C -std=gnu++98 scan-tree-dump-times optimized "OBJ_TYPE_REF" 0
FAIL: g++.dg/ipa/ipa-icf-3.C -std=gnu++11 scan-ipa-dump icf "Equal symbols: 2"
FAIL: g++.dg/ipa/ipa-icf-3.C -std=gnu++11 scan-ipa-dump icf "Semantic equality hit:.*bar.*->.*foo.*"
FAIL: g++.dg/ipa/ipa-icf-3.C -std=gnu++14 scan-ipa-dump icf "Equal symbols: 2"
FAIL: g++.dg/ipa/ipa-icf-3.C -std=gnu++14 scan-ipa-dump icf "Semantic equality hit:.*bar.*->.*foo.*"
FAIL: g++.dg/ipa/ipa-icf-3.C -std=gnu++98 scan-ipa-dump icf "Equal symbols: 2"
FAIL: g++.dg/ipa/ipa-icf-3.C -std=gnu++98 scan-ipa-dump icf "Semantic equality hit:.*bar.*->.*foo.*"
WARNING: lto.exp does not support dg-options in primary source file
WARNING: lto.exp does not support dg-options in primary source file
XPASS: g++.dg/tls/thread_local-order2.C -std=c++11 execution test
XPASS: g++.dg/tls/thread_local-order2.C -std=c++14 execution test
FAIL: c-c++-common/ubsan/object-size-9.c -O2 output pattern test
FAIL: c-c++-common/ubsan/object-size-9.c -O2 -flto -fno-use-linker-plugin -flto-partition=none output pattern test
=== g++ Summary for unix/-fpic -mcmodel=medium ===
# of expected passes 20200
# of expected failures 61
# of unsupported tests 74
Running target unix/-mcmodel=medium
FAIL: g++.dg/cpp0x/rv5n.C -std=gnu++11 (test for errors, line 671)
FAIL: g++.dg/cpp0x/rv5n.C -std=gnu++11 (test for errors, line 673)
FAIL: g++.dg/cpp0x/rv5n.C -std=gnu++11 (test for errors, line 674)
FAIL: g++.dg/cpp0x/rv5n.C -std=gnu++11 (test for errors, line 687)
FAIL: g++.dg/cpp0x/rv5n.C -std=gnu++11 (test for errors, line 689)
FAIL: g++.dg/cpp0x/rv5n.C -std=gnu++11 (test for errors, line 690)
FAIL: g++.dg/cpp0x/rv5n.C -std=gnu++11 (test for errors, line 691)
FAIL: g++.dg/cpp0x/rv5n.C -std=gnu++11 (test for errors, line 704)
FAIL: g++.dg/cpp0x/rv5n.C -std=gnu++11 (test for errors, line 706)
FAIL: g++.dg/cpp0x/rv5n.C -std=gnu++11 (test for errors, line 707)
FAIL: g++.dg/cpp0x/rv5n.C -std=gnu++11 (test for errors, line 720)
FAIL: g++.dg/cpp0x/rv5n.C -std=gnu++11 (test for errors, line 722)
FAIL: g++.dg/cpp0x/rv5n.C -std=gnu++11 (test for errors, line 723)
FAIL: g++.dg/cpp0x/rv5n.C -std=gnu++11 (test for errors, line 736)
FAIL: g++.dg/cpp0x/rv5n.C -std=gnu++11 (test for errors, line 738)
FAIL: g++.dg/cpp0x/rv5n.C -std=gnu++11 (test for errors, line 739)
FAIL: g++.dg/cpp0x/rv5n.C -std=gnu++11 (test for errors, line 740)
FAIL: g++.dg/cpp0x/rv5n.C -std=gnu++11 (test for warnings, line 646)
FAIL: g++.dg/cpp0x/rv5n.C -std=gnu++11 (test for warnings, line 681)
FAIL: g++.dg/cpp0x/rv5n.C -std=gnu++11 (test for warnings, line 682)
FAIL: g++.dg/cpp0x/rv5n.C -std=gnu++11 (test for warnings, line 695)
FAIL: g++.dg/cpp0x/rv5n.C -std=gnu++11 (test for warnings, line 729)
FAIL: g++.dg/cpp0x/rv5n.C -std=gnu++11 (test for warnings, line 731)
FAIL: g++.dg/cpp0x/rv5n.C -std=gnu++11 (test for excess errors)
FAIL: g++.dg/template/memfriend7.C -std=c++98 (test for errors, line 107)
FAIL: g++.dg/template/memfriend7.C -std=c++98 (test for errors, line 83)
FAIL: g++.dg/template/memfriend7.C -std=c++98 (test for warnings, line 127)
FAIL: g++.dg/template/memfriend7.C -std=c++98 (test for warnings, line 131)
FAIL: g++.dg/template/memfriend7.C -std=c++98 (test for excess errors)
FAIL: c-c++-common/gomp/cancel-1.c -std=gnu++14 (test for errors, line 183)
FAIL: c-c++-common/gomp/cancel-1.c -std=gnu++14 (test for errors, line 184)
FAIL: c-c++-common/gomp/cancel-1.c -std=gnu++14 (test for errors, line 185)
FAIL: c-c++-common/gomp/cancel-1.c -std=gnu++14 (test for errors, line 186)
FAIL: c-c++-common/gomp/cancel-1.c -std=gnu++14 (test for errors, line 187)
FAIL: c-c++-common/gomp/cancel-1.c -std=gnu++14 (test for errors, line 188)
FAIL: c-c++-common/gomp/cancel-1.c -std=gnu++14 (test for errors, line 189)
FAIL: c-c++-common/gomp/cancel-1.c -std=gnu++14 (test for errors, line 194)
FAIL: c-c++-common/gomp/cancel-1.c -std=gnu++14 (test for errors, line 195)
FAIL: c-c++-common/gomp/cancel-1.c -std=gnu++14 (test for errors, line 196)
FAIL: c-c++-common/gomp/cancel-1.c -std=gnu++14 (test for errors, line 197)
FAIL: c-c++-common/gomp/cancel-1.c -std=gnu++14 (test for errors, line 198)
FAIL: c-c++-common/gomp/cancel-1.c -std=gnu++14 (test for errors, line 199)
FAIL: c-c++-common/gomp/cancel-1.c -std=gnu++14 (test for errors, line 200)
FAIL: c-c++-common/gomp/cancel-1.c -std=gnu++14 (test for errors, line 201)
FAIL: c-c++-common/gomp/cancel-1.c -std=gnu++14 (test for errors, line 206)
FAIL: c-c++-common/gomp/cancel-1.c -std=gnu++14 (test for errors, line 208)
FAIL: c-c++-common/gomp/cancel-1.c -std=gnu++14 (test for errors, line 209)
FAIL: c-c++-common/gomp/cancel-1.c -std=gnu++14 (test for errors, line 210)
FAIL: c-c++-common/gomp/cancel-1.c -std=gnu++14 (test for errors, line 212)
FAIL: c-c++-common/gomp/cancel-1.c -std=gnu++14 (test for errors, line 213)
FAIL: c-c++-common/gomp/cancel-1.c -std=gnu++14 (test for errors, line 219)
FAIL: c-c++-common/gomp/cancel-1.c -std=gnu++14 (test for errors, line 220)
FAIL: c-c++-common/gomp/cancel-1.c -std=gnu++14 (test for errors, line 221)
FAIL: c-c++-common/gomp/cancel-1.c -std=gnu++14 (test for errors, line 222)
FAIL: c-c++-common/gomp/cancel-1.c -std=gnu++14 (test for errors, line 223)
FAIL: c-c++-common/gomp/cancel-1.c -std=gnu++14 (test for errors, line 224)
FAIL: c-c++-common/gomp/cancel-1.c -std=gnu++14 (test for errors, line 225)
FAIL: c-c++-common/gomp/cancel-1.c -std=gnu++14 (test for errors, line 226)
FAIL: c-c++-common/gomp/cancel-1.c -std=gnu++14 (test for errors, line 232)
FAIL: c-c++-common/gomp/cancel-1.c -std=gnu++14 (test for errors, line 233)
FAIL: c-c++-common/gomp/cancel-1.c -std=gnu++14 (test for errors, line 234)
FAIL: c-c++-common/gomp/cancel-1.c -std=gnu++14 (test for errors, line 235)
FAIL: c-c++-common/gomp/cancel-1.c -std=gnu++14 (test for errors, line 236)
FAIL: c-c++-common/gomp/cancel-1.c -std=gnu++14 (test for errors, line 237)
FAIL: c-c++-common/gomp/cancel-1.c -std=gnu++14 (test for errors, line 238)
FAIL: c-c++-common/gomp/cancel-1.c -std=gnu++14 (test for errors, line 239)
FAIL: c-c++-common/gomp/cancel-1.c -std=gnu++14 (test for errors, line 246)
FAIL: c-c++-common/gomp/cancel-1.c -std=gnu++14 (test for errors, line 247)
FAIL: c-c++-common/gomp/cancel-1.c -std=gnu++14 (test for errors, line 248)
FAIL: c-c++-common/gomp/cancel-1.c -std=gnu++14 (test for errors, line 249)
FAIL: c-c++-common/gomp/cancel-1.c -std=gnu++14 (test for errors, line 250)
FAIL: c-c++-common/gomp/cancel-1.c -std=gnu++14 (test for errors, line 251)
FAIL: c-c++-common/gomp/cancel-1.c -std=gnu++14 (test for errors, line 252)
FAIL: c-c++-common/gomp/cancel-1.c -std=gnu++14 (test for errors, line 253)
FAIL: c-c++-common/gomp/cancel-1.c -std=gnu++14 (test for errors, line 260)
FAIL: c-c++-common/gomp/cancel-1.c -std=gnu++14 (test for errors, line 261)
FAIL: c-c++-common/gomp/cancel-1.c -std=gnu++14 (test for errors, line 262)
FAIL: c-c++-common/gomp/cancel-1.c -std=gnu++14 (test for errors, line 263)
FAIL: c-c++-common/gomp/cancel-1.c -std=gnu++14 (test for errors, line 264)
FAIL: c-c++-common/gomp/cancel-1.c -std=gnu++14 (test for errors, line 265)
FAIL: c-c++-common/gomp/cancel-1.c -std=gnu++14 (test for errors, line 266)
FAIL: c-c++-common/gomp/cancel-1.c -std=gnu++14 (test for errors, line 267)
FAIL: c-c++-common/gomp/cancel-1.c -std=gnu++14 (test for errors, line 272)
FAIL: c-c++-common/gomp/cancel-1.c -std=gnu++14 (test for errors, line 273)
FAIL: c-c++-common/gomp/cancel-1.c -std=gnu++14 (test for errors, line 275)
FAIL: c-c++-common/gomp/cancel-1.c -std=gnu++14 (test for errors, line 276)
FAIL: c-c++-common/gomp/cancel-1.c -std=gnu++14 (test for errors, line 277)
FAIL: c-c++-common/gomp/cancel-1.c -std=gnu++14 (test for errors, line 279)
FAIL: c-c++-common/gomp/cancel-1.c -std=gnu++14 (test for errors, line 283)
FAIL: c-c++-common/gomp/cancel-1.c -std=gnu++14 (test for errors, line 284)
FAIL: c-c++-common/gomp/cancel-1.c -std=gnu++14 (test for errors, line 286)
FAIL: c-c++-common/gomp/cancel-1.c -std=gnu++14 (test for errors, line 287)
FAIL: c-c++-common/gomp/cancel-1.c -std=gnu++14 (test for errors, line 288)
FAIL: c-c++-common/gomp/cancel-1.c -std=gnu++14 (test for errors, line 290)
FAIL: c-c++-common/gomp/cancel-1.c -std=gnu++14 (test for errors, line 297)
FAIL: c-c++-common/gomp/cancel-1.c -std=gnu++14 (test for errors, line 298)
FAIL: c-c++-common/gomp/cancel-1.c -std=gnu++14 (test for errors, line 299)
FAIL: c-c++-common/gomp/cancel-1.c -std=gnu++14 (test for errors, line 300)
FAIL: c-c++-common/gomp/cancel-1.c -std=gnu++14 (test for errors, line 301)
FAIL: c-c++-common/gomp/cancel-1.c -std=gnu++14 (test for errors, line 302)
FAIL: c-c++-common/gomp/cancel-1.c -std=gnu++14 (test for errors, line 303)
FAIL: c-c++-common/gomp/cancel-1.c -std=gnu++14 (test for errors, line 304)
FAIL: c-c++-common/gomp/cancel-1.c -std=gnu++14 (test for errors, line 309)
FAIL: c-c++-common/gomp/cancel-1.c -std=gnu++14 (test for errors, line 310)
FAIL: c-c++-common/gomp/cancel-1.c -std=gnu++14 (test for errors, line 311)
FAIL: c-c++-common/gomp/cancel-1.c -std=gnu++14 (test for errors, line 312)
FAIL: c-c++-common/gomp/cancel-1.c -std=gnu++14 (test for errors, line 313)
FAIL: c-c++-common/gomp/cancel-1.c -std=gnu++14 (test for errors, line 314)
FAIL: c-c++-common/gomp/cancel-1.c -std=gnu++14 (test for errors, line 315)
FAIL: c-c++-common/gomp/cancel-1.c -std=gnu++14 (test for errors, line 316)
FAIL: c-c++-common/gomp/cancel-1.c -std=gnu++14 (test for errors, line 323)
FAIL: c-c++-common/gomp/cancel-1.c -std=gnu++14 (test for errors, line 324)
FAIL: c-c++-common/gomp/cancel-1.c -std=gnu++14 (test for errors, line 325)
FAIL: c-c++-common/gomp/cancel-1.c -std=gnu++14 (test for errors, line 326)
FAIL: c-c++-common/gomp/cancel-1.c -std=gnu++14 (test for errors, line 327)
FAIL: c-c++-common/gomp/cancel-1.c -std=gnu++14 (test for errors, line 328)
FAIL: c-c++-common/gomp/cancel-1.c -std=gnu++14 (test for errors, line 329)
FAIL: c-c++-common/gomp/cancel-1.c -std=gnu++14 (test for errors, line 330)
FAIL: c-c++-common/gomp/cancel-1.c -std=gnu++14 (test for errors, line 335)
FAIL: c-c++-common/gomp/cancel-1.c -std=gnu++14 (test for errors, line 336)
FAIL: c-c++-common/gomp/cancel-1.c -std=gnu++14 (test for errors, line 337)
FAIL: c-c++-common/gomp/cancel-1.c -std=gnu++14 (test for errors, line 338)
FAIL: c-c++-common/gomp/cancel-1.c -std=gnu++14 (test for errors, line 339)
FAIL: c-c++-common/gomp/cancel-1.c -std=gnu++14 (test for errors, line 340)
FAIL: c-c++-common/gomp/cancel-1.c -std=gnu++14 (test for errors, line 341)
FAIL: c-c++-common/gomp/cancel-1.c -std=gnu++14 (test for errors, line 342)
FAIL: c-c++-common/gomp/cancel-1.c -std=gnu++14 (test for errors, line 347)
FAIL: c-c++-common/gomp/cancel-1.c -std=gnu++14 (test for errors, line 348)
FAIL: c-c++-common/gomp/cancel-1.c -std=gnu++14 (test for errors, line 349)
FAIL: c-c++-common/gomp/cancel-1.c -std=gnu++14 (test for errors, line 351)
FAIL: c-c++-common/gomp/cancel-1.c -std=gnu++14 (test for errors, line 352)
FAIL: c-c++-common/gomp/cancel-1.c -std=gnu++14 (test for errors, line 353)
FAIL: c-c++-common/gomp/cancel-1.c -std=gnu++14 (test for errors, line 357)
FAIL: c-c++-common/gomp/cancel-1.c -std=gnu++14 (test for errors, line 358)
FAIL: c-c++-common/gomp/cancel-1.c -std=gnu++14 (test for errors, line 359)
FAIL: c-c++-common/gomp/cancel-1.c -std=gnu++14 (test for errors, line 360)
FAIL: c-c++-common/gomp/cancel-1.c -std=gnu++14 (test for errors, line 361)
FAIL: c-c++-common/gomp/cancel-1.c -std=gnu++14 (test for errors, line 362)
FAIL: c-c++-common/gomp/cancel-1.c -std=gnu++14 (test for errors, line 363)
FAIL: c-c++-common/gomp/cancel-1.c -std=gnu++14 (test for errors, line 364)
FAIL: c-c++-common/gomp/cancel-1.c -std=gnu++14 (test for warnings, line 376)
FAIL: c-c++-common/gomp/cancel-1.c -std=gnu++14 (test for warnings, line 381)
FAIL: c-c++-common/gomp/cancel-1.c -std=gnu++14 (test for warnings, line 385)
FAIL: c-c++-common/gomp/cancel-1.c -std=gnu++14 (test for warnings, line 391)
FAIL: c-c++-common/gomp/cancel-1.c -std=gnu++14 (test for excess errors)
FAIL: g++.dg/gomp/clause-3.C -std=c++11 (test for errors, line 81)
FAIL: g++.dg/gomp/clause-3.C -std=c++11 (test for errors, line 83)
FAIL: g++.dg/gomp/clause-3.C -std=c++11 (test for errors, line 85)
FAIL: g++.dg/gomp/clause-3.C -std=c++11 (test for errors, line 89)
FAIL: g++.dg/gomp/clause-3.C -std=c++11 (test for errors, line 92)
FAIL: g++.dg/gomp/clause-3.C -std=c++11 (test for excess errors)
FAIL: g++.dg/guality/pr55665.C -O2 line 23 p == 40
FAIL: g++.dg/guality/pr55665.C -O3 -fomit-frame-pointer line 23 p == 40
FAIL: g++.dg/guality/pr55665.C -O3 -g line 23 p == 40
WARNING: lto.exp does not support dg-options in primary source file
WARNING: lto.exp does not support dg-options in primary source file
XPASS: g++.dg/tls/thread_local-order2.C -std=c++11 execution test
XPASS: g++.dg/tls/thread_local-order2.C -std=c++14 execution test
=== g++ Summary for unix/-mcmodel=medium ===
# of expected passes 20200
# of expected failures 61
# of unsupported tests 74
=== g++ Summary ===
# of expected passes 60600
# of expected failures 183
# of unsupported tests 222
/export/gnu/import/git/gcc-test-intel64/bld/gcc/testsuite/g++/../../xg++ version 5.0.0 20150323 (experimental) [trunk revision 221600] (GCC)
=== gcc tests ===
Running target unix/-fpic
XPASS: gcc.dg/guality/example.c -O0 execution test
XPASS: gcc.dg/guality/example.c -O1 execution test
XPASS: gcc.dg/guality/guality.c -O0 execution test
XPASS: gcc.dg/guality/guality.c -O1 execution test
XPASS: gcc.dg/guality/guality.c -O2 execution test
XPASS: gcc.dg/guality/guality.c -O2 -flto -fno-use-linker-plugin -flto-partition=none execution test
XPASS: gcc.dg/guality/guality.c -O2 -flto -fuse-linker-plugin -fno-fat-lto-objects execution test
XPASS: gcc.dg/guality/guality.c -O3 -fomit-frame-pointer execution test
XPASS: gcc.dg/guality/guality.c -O3 -g execution test
XPASS: gcc.dg/guality/guality.c -Os execution test
XPASS: gcc.dg/guality/inline-params.c -O2 execution test
XPASS: gcc.dg/guality/inline-params.c -O2 -flto -fno-use-linker-plugin -flto-partition=none execution test
XPASS: gcc.dg/guality/inline-params.c -O3 -fomit-frame-pointer execution test
XPASS: gcc.dg/guality/inline-params.c -O3 -g execution test
XPASS: gcc.dg/guality/inline-params.c -Os execution test
FAIL: gcc.dg/guality/pr36728-2.c -O1 line 18 *x == (char) 25
FAIL: gcc.dg/guality/pr36728-2.c -O2 line 18 *x == (char) 25
FAIL: gcc.dg/guality/pr36728-2.c -O2 -flto -fno-use-linker-plugin -flto-partition=none line 18 *x == (char) 25
FAIL: gcc.dg/guality/pr36728-2.c -O3 -fomit-frame-pointer line 18 *x == (char) 25
FAIL: gcc.dg/guality/pr36728-2.c -O3 -g line 18 *x == (char) 25
FAIL: gcc.dg/guality/pr36728-2.c -Os line 18 *x == (char) 25
XPASS: gcc.dg/guality/pr41353-1.c -O0 line 28 j == 28 + 37
FAIL: gcc.dg/guality/pr41447-1.c -O2 execution test
FAIL: gcc.dg/guality/pr41447-1.c -O2 -flto -fno-use-linker-plugin -flto-partition=none execution test
FAIL: gcc.dg/guality/pr41447-1.c -O3 -fomit-frame-pointer execution test
FAIL: gcc.dg/guality/pr41447-1.c -O3 -g execution test
FAIL: gcc.dg/guality/pr41447-1.c -Os execution test
FAIL: gcc.dg/guality/pr41616-1.c -O2 -flto -fuse-linker-plugin -fno-fat-lto-objects execution test
FAIL: gcc.dg/guality/pr43051-1.c -O2 line 35 v == 1
FAIL: gcc.dg/guality/pr43051-1.c -O2 line 36 e == &a[1]
FAIL: gcc.dg/guality/pr43051-1.c -O2 line 39 c == &a[0]
FAIL: gcc.dg/guality/pr43051-1.c -O2 line 40 v == 1
FAIL: gcc.dg/guality/pr43051-1.c -O2 line 41 e == &a[1]
FAIL: gcc.dg/guality/pr43051-1.c -O2 -flto -fno-use-linker-plugin -flto-partition=none line 35 v == 1
FAIL: gcc.dg/guality/pr43051-1.c -O2 -flto -fno-use-linker-plugin -flto-partition=none line 36 e == &a[1]
FAIL: gcc.dg/guality/pr43051-1.c -O2 -flto -fno-use-linker-plugin -flto-partition=none line 39 c == &a[0]
FAIL: gcc.dg/guality/pr43051-1.c -O2 -flto -fno-use-linker-plugin -flto-partition=none line 40 v == 1
FAIL: gcc.dg/guality/pr43051-1.c -O2 -flto -fno-use-linker-plugin -flto-partition=none line 41 e == &a[1]
FAIL: gcc.dg/guality/pr43051-1.c -O2 -flto -fuse-linker-plugin -fno-fat-lto-objects line 35 v == 1
FAIL: gcc.dg/guality/pr43051-1.c -O2 -flto -fuse-linker-plugin -fno-fat-lto-objects line 36 e == &a[1]
FAIL: gcc.dg/guality/pr43051-1.c -O2 -flto -fuse-linker-plugin -fno-fat-lto-objects line 39 c == &a[0]
FAIL: gcc.dg/guality/pr43051-1.c -O2 -flto -fuse-linker-plugin -fno-fat-lto-objects line 40 v == 1
FAIL: gcc.dg/guality/pr43051-1.c -O2 -flto -fuse-linker-plugin -fno-fat-lto-objects line 41 e == &a[1]
FAIL: gcc.dg/guality/pr43051-1.c -O3 -fomit-frame-pointer line 35 v == 1
FAIL: gcc.dg/guality/pr43051-1.c -O3 -fomit-frame-pointer line 36 e == &a[1]
FAIL: gcc.dg/guality/pr43051-1.c -O3 -fomit-frame-pointer line 39 c == &a[0]
FAIL: gcc.dg/guality/pr43051-1.c -O3 -fomit-frame-pointer line 40 v == 1
FAIL: gcc.dg/guality/pr43051-1.c -O3 -fomit-frame-pointer line 41 e == &a[1]
FAIL: gcc.dg/guality/pr43051-1.c -O3 -fomit-frame-pointer -funroll-all-loops -finline-functions line 35 v == 1
FAIL: gcc.dg/guality/pr43051-1.c -O3 -fomit-frame-pointer -funroll-all-loops -finline-functions line 36 e == &a[1]
FAIL: gcc.dg/guality/pr43051-1.c -O3 -fomit-frame-pointer -funroll-all-loops -finline-functions line 39 c == &a[0]
FAIL: gcc.dg/guality/pr43051-1.c -O3 -fomit-frame-pointer -funroll-all-loops -finline-functions line 40 v == 1
FAIL: gcc.dg/guality/pr43051-1.c -O3 -fomit-frame-pointer -funroll-all-loops -finline-functions line 41 e == &a[1]
FAIL: gcc.dg/guality/pr43051-1.c -O3 -fomit-frame-pointer -funroll-loops line 35 v == 1
FAIL: gcc.dg/guality/pr43051-1.c -O3 -fomit-frame-pointer -funroll-loops line 36 e == &a[1]
FAIL: gcc.dg/guality/pr43051-1.c -O3 -fomit-frame-pointer -funroll-loops line 39 c == &a[0]
FAIL: gcc.dg/guality/pr43051-1.c -O3 -fomit-frame-pointer -funroll-loops line 40 v == 1
FAIL: gcc.dg/guality/pr43051-1.c -O3 -fomit-frame-pointer -funroll-loops line 41 e == &a[1]
FAIL: gcc.dg/guality/pr43051-1.c -O3 -g line 35 v == 1
FAIL: gcc.dg/guality/pr43051-1.c -O3 -g line 36 e == &a[1]
FAIL: gcc.dg/guality/pr43051-1.c -O3 -g line 39 c == &a[0]
FAIL: gcc.dg/guality/pr43051-1.c -O3 -g line 40 v == 1
FAIL: gcc.dg/guality/pr43051-1.c -O3 -g line 41 e == &a[1]
FAIL: gcc.dg/guality/pr43051-1.c -Os line 35 v == 1
FAIL: gcc.dg/guality/pr43051-1.c -Os line 36 e == &a[1]
FAIL: gcc.dg/guality/pr43051-1.c -Os line 39 c == &a[0]
FAIL: gcc.dg/guality/pr43051-1.c -Os line 40 v == 1
FAIL: gcc.dg/guality/pr43051-1.c -Os line 41 e == &a[1]
FAIL: gcc.dg/guality/pr43177.c -O2 -flto -fuse-linker-plugin -fno-fat-lto-objects line 15 l == 10
FAIL: gcc.dg/guality/pr43177.c -O2 -flto -fuse-linker-plugin -fno-fat-lto-objects line 15 x == 7
FAIL: gcc.dg/guality/pr43177.c -O2 -flto -fuse-linker-plugin -fno-fat-lto-objects line 24 l == 10
FAIL: gcc.dg/guality/pr43177.c -O2 -flto -fuse-linker-plugin -fno-fat-lto-objects line 24 x == 7
FAIL: gcc.dg/guality/pr43479.c -O1 line 13 h == 9
FAIL: gcc.dg/guality/pr43479.c -O1 line 18 h == 9
FAIL: gcc.dg/guality/pr43479.c -O2 line 13 h == 9
FAIL: gcc.dg/guality/pr43479.c -O2 line 18 h == 9
FAIL: gcc.dg/guality/pr43479.c -O2 -flto -fno-use-linker-plugin -flto-partition=none line 13 h == 9
FAIL: gcc.dg/guality/pr43479.c -O2 -flto -fno-use-linker-plugin -flto-partition=none line 18 h == 9
FAIL: gcc.dg/guality/pr43479.c -O2 -flto -fuse-linker-plugin -fno-fat-lto-objects line 13 h == 9
FAIL: gcc.dg/guality/pr43479.c -O2 -flto -fuse-linker-plugin -fno-fat-lto-objects line 18 h == 9
FAIL: gcc.dg/guality/pr43479.c -O3 -fomit-frame-pointer line 13 h == 9
FAIL: gcc.dg/guality/pr43479.c -O3 -fomit-frame-pointer line 18 h == 9
FAIL: gcc.dg/guality/pr43479.c -O3 -g line 13 h == 9
FAIL: gcc.dg/guality/pr43479.c -O3 -g line 18 h == 9
FAIL: gcc.dg/guality/pr43479.c -Os line 13 h == 9
FAIL: gcc.dg/guality/pr43479.c -Os line 18 h == 9
FAIL: gcc.dg/guality/pr45003-2.c -O2 -flto -fuse-linker-plugin -fno-fat-lto-objects line 10 a == 0x8078
FAIL: gcc.dg/guality/pr45882.c -O2 -flto -fuse-linker-plugin -fno-fat-lto-objects line 16 d == 112
FAIL: gcc.dg/guality/pr45882.c -O2 -flto -fuse-linker-plugin -fno-fat-lto-objects line 16 e == 142
FAIL: gcc.dg/guality/pr54200.c -Os line 20 z == 3
FAIL: gcc.dg/guality/pr54519-1.c -O2 -flto -fno-use-linker-plugin -flto-partition=none line 20 y == 25
FAIL: gcc.dg/guality/pr54519-1.c -O2 -flto -fno-use-linker-plugin -flto-partition=none line 20 z == 6
FAIL: gcc.dg/guality/pr54519-1.c -O2 -flto -fno-use-linker-plugin -flto-partition=none line 23 y == 117
FAIL: gcc.dg/guality/pr54519-1.c -O2 -flto -fno-use-linker-plugin -flto-partition=none line 23 z == 8
FAIL: gcc.dg/guality/pr54519-2.c -O2 -flto -fno-use-linker-plugin -flto-partition=none line 17 y == 25
FAIL: gcc.dg/guality/pr54519-2.c -O2 -flto -fuse-linker-plugin -fno-fat-lto-objects line 17 y == 25
FAIL: gcc.dg/guality/pr54519-3.c -O2 -flto -fno-use-linker-plugin -flto-partition=none line 20 y == 25
FAIL: gcc.dg/guality/pr54519-3.c -O2 -flto -fno-use-linker-plugin -flto-partition=none line 20 z == 6
FAIL: gcc.dg/guality/pr54519-3.c -O2 -flto -fno-use-linker-plugin -flto-partition=none line 23 y == 117
FAIL: gcc.dg/guality/pr54519-3.c -O2 -flto -fno-use-linker-plugin -flto-partition=none line 23 z == 8
FAIL: gcc.dg/guality/pr54519-3.c -O2 -flto -fuse-linker-plugin -fno-fat-lto-objects line 20 x == 36
FAIL: gcc.dg/guality/pr54519-3.c -O2 -flto -fuse-linker-plugin -fno-fat-lto-objects line 20 y == 25
FAIL: gcc.dg/guality/pr54519-3.c -O2 -flto -fuse-linker-plugin -fno-fat-lto-objects line 20 z == 6
FAIL: gcc.dg/guality/pr54519-3.c -O2 -flto -fuse-linker-plugin -fno-fat-lto-objects line 23 x == 98
FAIL: gcc.dg/guality/pr54519-3.c -O2 -flto -fuse-linker-plugin -fno-fat-lto-objects line 23 y == 117
FAIL: gcc.dg/guality/pr54519-3.c -O2 -flto -fuse-linker-plugin -fno-fat-lto-objects line 23 z == 8
FAIL: gcc.dg/guality/pr54519-4.c -O2 -flto -fno-use-linker-plugin -flto-partition=none line 17 y == 25
FAIL: gcc.dg/guality/pr54519-4.c -O2 -flto -fuse-linker-plugin -fno-fat-lto-objects line 17 x == 6
FAIL: gcc.dg/guality/pr54519-4.c -O2 -flto -fuse-linker-plugin -fno-fat-lto-objects line 17 y == 25
FAIL: gcc.dg/guality/pr54519-5.c -O2 -flto -fno-use-linker-plugin -flto-partition=none line 17 y == 25
FAIL: gcc.dg/guality/pr54519-5.c -O2 -flto -fuse-linker-plugin -fno-fat-lto-objects line 17 y == 25
FAIL: gcc.dg/guality/sra-1.c -O2 line 43 a.j == 14
FAIL: gcc.dg/guality/sra-1.c -O2 -flto -fno-use-linker-plugin -flto-partition=none line 43 a.j == 14
FAIL: gcc.dg/guality/sra-1.c -O2 -flto -fuse-linker-plugin -fno-fat-lto-objects line 21 a.i == 4
FAIL: gcc.dg/guality/sra-1.c -O2 -flto -fuse-linker-plugin -fno-fat-lto-objects line 21 a.j == 14
FAIL: gcc.dg/guality/sra-1.c -O2 -flto -fuse-linker-plugin -fno-fat-lto-objects line 43 a.i == 4
FAIL: gcc.dg/guality/sra-1.c -O2 -flto -fuse-linker-plugin -fno-fat-lto-objects line 43 a.j == 14
FAIL: gcc.dg/guality/sra-1.c -O3 -fomit-frame-pointer line 43 a.j == 14
FAIL: gcc.dg/guality/sra-1.c -O3 -g line 43 a.j == 14
FAIL: gcc.dg/guality/sra-1.c -Os line 43 a.j == 14
FAIL: gcc.dg/guality/vla-1.c -O1 line 17 sizeof (a) == 6
FAIL: gcc.dg/guality/vla-1.c -O2 line 17 sizeof (a) == 6
FAIL: gcc.dg/guality/vla-1.c -O2 -flto -fno-use-linker-plugin -flto-partition=none line 17 sizeof (a) == 6
FAIL: gcc.dg/guality/vla-1.c -O2 -flto -fuse-linker-plugin -fno-fat-lto-objects line 17 sizeof (a) == 6
FAIL: gcc.dg/guality/vla-1.c -O3 -fomit-frame-pointer line 17 sizeof (a) == 6
FAIL: gcc.dg/guality/vla-1.c -O3 -g line 17 sizeof (a) == 6
FAIL: gcc.dg/guality/vla-1.c -Os line 17 sizeof (a) == 6
FAIL: gcc.dg/guality/vla-2.c -O2 -flto -fuse-linker-plugin -fno-fat-lto-objects line 25 sizeof (a) == 6 * sizeof (int)
FAIL: gcc.dg/ipa/inline-7.c scan-tree-dump-times einline "Inlining a into m" 1
FAIL: gcc.dg/tree-prof/inliner-1.c scan-tree-dump optimized "cold_function ..;"
FAIL: gcc.dg/tree-ssa/inline-10.c scan-tree-dump-not optimized "do_something \\\\(70\\\\)"
FAIL: gcc.dg/tree-ssa/inline-10.c scan-tree-dump-times optimized "do_something2" 1
FAIL: gcc.dg/tree-ssa/inline-10.c scan-tree-dump-times optimized "do_something3" 1
FAIL: gcc.dg/tree-ssa/inline-8.c scan-tree-dump-times einline "Inlining" 5
FAIL: gcc.dg/tree-ssa/inline-9.c scan-tree-dump-times optimized "q \\\\(15\\\\)" 1
FAIL: gcc.dg/tree-ssa/ipa-split-6.c scan-tree-dump optimized "part"
FAIL: gcc.dg/vect/costmodel/i386/costmodel-vect-31.c scan-tree-dump-times vect "vectorized 4 loops" 1
FAIL: gcc.dg/vect/costmodel/x86_64/costmodel-vect-31.c scan-tree-dump-times vect "vectorized 4 loops" 1
FAIL: gcc.target/i386/avx256-unaligned-load-4.c scan-assembler (avx_loadups256|vmovups[^\\n\\r]*movv8sf_internal)
FAIL: gcc.target/i386/pr61599-1.c (test for excess errors)
UNRESOLVED: gcc.target/i386/pr61599-1.c compilation failed to produce executable
=== gcc Summary for unix/-fpic ===
Running target unix/-fpic -mcmodel=medium
FAIL: gcc.dg/enum-incomplete-1.c (test for errors, line 53)
FAIL: gcc.dg/enum-incomplete-1.c (test for errors, line 54)
FAIL: gcc.dg/enum-incomplete-1.c (test for errors, line 55)
FAIL: gcc.dg/enum-incomplete-1.c (test for errors, line 56)
FAIL: gcc.dg/enum-incomplete-1.c (test for errors, line 57)
FAIL: gcc.dg/enum-incomplete-1.c (test for errors, line 58)
FAIL: gcc.dg/enum-incomplete-1.c (test for errors, line 59)
FAIL: gcc.dg/enum-incomplete-1.c (test for errors, line 60)
FAIL: gcc.dg/enum-incomplete-1.c (test for errors, line 61)
FAIL: gcc.dg/enum-incomplete-1.c (test for errors, line 62)
FAIL: gcc.dg/enum-incomplete-1.c (test for errors, line 63)
FAIL: gcc.dg/enum-incomplete-1.c (test for errors, line 64)
FAIL: gcc.dg/enum-incomplete-1.c (test for errors, line 65)
FAIL: gcc.dg/enum-incomplete-1.c (test for errors, line 66)
FAIL: gcc.dg/enum-incomplete-1.c (test for errors, line 67)
FAIL: gcc.dg/enum-incomplete-1.c (test for errors, line 68)
FAIL: gcc.dg/enum-incomplete-1.c (test for errors, line 69)
FAIL: gcc.dg/enum-incomplete-1.c (test for errors, line 70)
FAIL: gcc.dg/enum-incomplete-1.c (test for errors, line 71)
FAIL: gcc.dg/enum-incomplete-1.c (test for errors, line 72)
FAIL: gcc.dg/enum-incomplete-1.c (test for errors, line 76)
FAIL: gcc.dg/enum-incomplete-1.c (test for errors, line 77)
FAIL: gcc.dg/enum-incomplete-1.c (test for errors, line 79)
FAIL: gcc.dg/enum-incomplete-1.c (test for errors, line 80)
FAIL: gcc.dg/enum-incomplete-1.c (test for errors, line 81)
FAIL: gcc.dg/enum-incomplete-1.c (test for errors, line 83)
FAIL: gcc.dg/enum-incomplete-1.c (test for errors, line 85)
FAIL: gcc.dg/enum-incomplete-1.c (test for excess errors)
FAIL: gcc.dg/ira-shrinkwrap-prep-2.c scan-rtl-dump pro_and_epilogue "Performing shrink-wrapping"
FAIL: gcc.dg/format/attr-3.c -DWIDE (test for excess errors)
FAIL: gcc.dg/format/attr-3.c -DWIDE format_arg ret int string (test for errors, line 69)
FAIL: gcc.dg/format/attr-3.c -DWIDE format_arg ret signed char string (test for errors, line 70)
FAIL: gcc.dg/format/attr-3.c -DWIDE format_arg ret unsigned char string (test for errors, line 71)
XPASS: gcc.dg/guality/example.c -O0 execution test
XPASS: gcc.dg/guality/example.c -O1 execution test
XPASS: gcc.dg/guality/guality.c -O0 execution test
XPASS: gcc.dg/guality/guality.c -O1 execution test
XPASS: gcc.dg/guality/guality.c -O2 execution test
XPASS: gcc.dg/guality/guality.c -O2 -flto -fno-use-linker-plugin -flto-partition=none execution test
XPASS: gcc.dg/guality/guality.c -O2 -flto -fuse-linker-plugin -fno-fat-lto-objects execution test
XPASS: gcc.dg/guality/guality.c -O3 -fomit-frame-pointer execution test
XPASS: gcc.dg/guality/guality.c -O3 -g execution test
XPASS: gcc.dg/guality/guality.c -Os execution test
XPASS: gcc.dg/guality/inline-params.c -O2 execution test
XPASS: gcc.dg/guality/inline-params.c -O2 -flto -fno-use-linker-plugin -flto-partition=none execution test
XPASS: gcc.dg/guality/inline-params.c -O3 -fomit-frame-pointer execution test
XPASS: gcc.dg/guality/inline-params.c -O3 -g execution test
XPASS: gcc.dg/guality/inline-params.c -Os execution test
FAIL: gcc.dg/guality/pr36728-2.c -O1 line 18 *x == (char) 25
FAIL: gcc.dg/guality/pr36728-2.c -O2 line 18 *x == (char) 25
FAIL: gcc.dg/guality/pr36728-2.c -O2 -flto -fno-use-linker-plugin -flto-partition=none line 18 *x == (char) 25
FAIL: gcc.dg/guality/pr36728-2.c -O3 -fomit-frame-pointer line 18 *x == (char) 25
FAIL: gcc.dg/guality/pr36728-2.c -O3 -g line 18 *x == (char) 25
FAIL: gcc.dg/guality/pr36728-2.c -Os line 18 *x == (char) 25
XPASS: gcc.dg/guality/pr41353-1.c -O0 line 28 j == 28 + 37
FAIL: gcc.dg/guality/pr41447-1.c -O2 execution test
FAIL: gcc.dg/guality/pr41447-1.c -O2 -flto -fno-use-linker-plugin -flto-partition=none execution test
FAIL: gcc.dg/guality/pr41447-1.c -O3 -fomit-frame-pointer execution test
FAIL: gcc.dg/guality/pr41447-1.c -O3 -g execution test
FAIL: gcc.dg/guality/pr41447-1.c -Os execution test
FAIL: gcc.dg/guality/pr41616-1.c -O2 -flto -fuse-linker-plugin -fno-fat-lto-objects execution test
FAIL: gcc.dg/guality/pr43051-1.c -O3 -fomit-frame-pointer -funroll-all-loops -finline-functions line 34 c == &a[0]
FAIL: gcc.dg/guality/pr43051-1.c -O3 -fomit-frame-pointer -funroll-loops line 34 c == &a[0]
FAIL: gcc.dg/guality/pr43479.c -O1 line 13 h == 9
FAIL: gcc.dg/guality/pr43479.c -O1 line 18 h == 9
FAIL: gcc.dg/guality/pr43479.c -O2 line 13 h == 9
FAIL: gcc.dg/guality/pr43479.c -O2 line 18 h == 9
FAIL: gcc.dg/guality/pr43479.c -O2 -flto -fno-use-linker-plugin -flto-partition=none line 13 h == 9
FAIL: gcc.dg/guality/pr43479.c -O2 -flto -fno-use-linker-plugin -flto-partition=none line 18 h == 9
FAIL: gcc.dg/guality/pr43479.c -O2 -flto -fuse-linker-plugin -fno-fat-lto-objects line 13 h == 9
FAIL: gcc.dg/guality/pr43479.c -O2 -flto -fuse-linker-plugin -fno-fat-lto-objects line 18 h == 9
FAIL: gcc.dg/guality/pr43479.c -O3 -fomit-frame-pointer line 13 h == 9
FAIL: gcc.dg/guality/pr43479.c -O3 -fomit-frame-pointer line 18 h == 9
FAIL: gcc.dg/guality/pr43479.c -O3 -g line 13 h == 9
FAIL: gcc.dg/guality/pr43479.c -O3 -g line 18 h == 9
FAIL: gcc.dg/guality/pr43479.c -Os line 13 h == 9
FAIL: gcc.dg/guality/pr43479.c -Os line 18 h == 9
FAIL: gcc.dg/guality/pr45003-2.c -O2 -flto -fuse-linker-plugin -fno-fat-lto-objects line 10 a == 0x8078
FAIL: gcc.dg/guality/pr45882.c -O2 -flto -fuse-linker-plugin -fno-fat-lto-objects line 16 d == 112
FAIL: gcc.dg/guality/pr45882.c -O2 -flto -fuse-linker-plugin -fno-fat-lto-objects line 16 e == 142
FAIL: gcc.dg/guality/pr54200.c -Os line 20 z == 3
FAIL: gcc.dg/guality/pr54519-1.c -O2 -flto -fno-use-linker-plugin -flto-partition=none line 20 y == 25
FAIL: gcc.dg/guality/pr54519-1.c -O2 -flto -fno-use-linker-plugin -flto-partition=none line 20 z == 6
FAIL: gcc.dg/guality/pr54519-1.c -O2 -flto -fno-use-linker-plugin -flto-partition=none line 23 y == 117
FAIL: gcc.dg/guality/pr54519-1.c -O2 -flto -fno-use-linker-plugin -flto-partition=none line 23 z == 8
FAIL: gcc.dg/guality/pr54519-2.c -O2 -flto -fno-use-linker-plugin -flto-partition=none line 17 y == 25
FAIL: gcc.dg/guality/pr54519-2.c -O2 -flto -fuse-linker-plugin -fno-fat-lto-objects line 17 y == 25
FAIL: gcc.dg/guality/pr54519-3.c -O2 -flto -fno-use-linker-plugin -flto-partition=none line 20 y == 25
FAIL: gcc.dg/guality/pr54519-3.c -O2 -flto -fno-use-linker-plugin -flto-partition=none line 20 z == 6
FAIL: gcc.dg/guality/pr54519-3.c -O2 -flto -fno-use-linker-plugin -flto-partition=none line 23 y == 117
FAIL: gcc.dg/guality/pr54519-3.c -O2 -flto -fno-use-linker-plugin -flto-partition=none line 23 z == 8
FAIL: gcc.dg/guality/pr54519-3.c -O2 -flto -fuse-linker-plugin -fno-fat-lto-objects line 20 y == 25
FAIL: gcc.dg/guality/pr54519-3.c -O2 -flto -fuse-linker-plugin -fno-fat-lto-objects line 20 z == 6
FAIL: gcc.dg/guality/pr54519-3.c -O2 -flto -fuse-linker-plugin -fno-fat-lto-objects line 23 y == 117
FAIL: gcc.dg/guality/pr54519-3.c -O2 -flto -fuse-linker-plugin -fno-fat-lto-objects line 23 z == 8
FAIL: gcc.dg/guality/pr54519-4.c -O2 -flto -fno-use-linker-plugin -flto-partition=none line 17 y == 25
FAIL: gcc.dg/guality/pr54519-4.c -O2 -flto -fuse-linker-plugin -fno-fat-lto-objects line 17 y == 25
FAIL: gcc.dg/guality/pr54519-5.c -O2 -flto -fno-use-linker-plugin -flto-partition=none line 17 y == 25
FAIL: gcc.dg/guality/pr54519-5.c -O2 -flto -fuse-linker-plugin -fno-fat-lto-objects line 17 y == 25
FAIL: gcc.dg/guality/sra-1.c -O2 line 43 a.j == 14
FAIL: gcc.dg/guality/sra-1.c -O2 -flto -fno-use-linker-plugin -flto-partition=none line 43 a.j == 14
FAIL: gcc.dg/guality/sra-1.c -O3 -fomit-frame-pointer line 43 a.j == 14
FAIL: gcc.dg/guality/sra-1.c -O3 -g line 43 a.j == 14
FAIL: gcc.dg/guality/sra-1.c -Os line 43 a.j == 14
FAIL: gcc.dg/guality/vla-1.c -O1 line 17 sizeof (a) == 6
FAIL: gcc.dg/guality/vla-1.c -O2 line 17 sizeof (a) == 6
FAIL: gcc.dg/guality/vla-1.c -O2 -flto -fno-use-linker-plugin -flto-partition=none line 17 sizeof (a) == 6
FAIL: gcc.dg/guality/vla-1.c -O2 -flto -fuse-linker-plugin -fno-fat-lto-objects line 17 sizeof (a) == 6
FAIL: gcc.dg/guality/vla-1.c -O3 -fomit-frame-pointer line 17 sizeof (a) == 6
FAIL: gcc.dg/guality/vla-1.c -O3 -g line 17 sizeof (a) == 6
FAIL: gcc.dg/guality/vla-1.c -Os line 17 sizeof (a) == 6
FAIL: gcc.dg/ipa/inline-7.c scan-tree-dump-times einline "Inlining a into m" 1
FAIL: gcc.dg/tree-prof/inliner-1.c scan-tree-dump optimized "cold_function ..;"
FAIL: gcc.dg/tree-ssa/inline-10.c scan-tree-dump-not optimized "do_something \\\\(70\\\\)"
FAIL: gcc.dg/tree-ssa/inline-10.c scan-tree-dump-times optimized "do_something2" 1
FAIL: gcc.dg/tree-ssa/inline-10.c scan-tree-dump-times optimized "do_something3" 1
FAIL: gcc.dg/tree-ssa/inline-8.c scan-tree-dump-times einline "Inlining" 5
FAIL: gcc.dg/tree-ssa/inline-9.c scan-tree-dump-times optimized "q \\\\(15\\\\)" 1
FAIL: gcc.dg/tree-ssa/ipa-split-6.c scan-tree-dump optimized "part"
FAIL: gcc.dg/vect/costmodel/i386/costmodel-vect-31.c scan-tree-dump-times vect "vectorized 4 loops" 1
FAIL: gcc.dg/vect/costmodel/x86_64/costmodel-vect-31.c scan-tree-dump-times vect "vectorized 4 loops" 1
FAIL: gcc.target/i386/avx256-unaligned-load-4.c scan-assembler (avx_loadups256|vmovups[^\\n\\r]*movv8sf_internal)
FAIL: gcc.target/i386/fuse-caller-save-rec.c scan-assembler-not pop
FAIL: gcc.target/i386/fuse-caller-save-rec.c scan-assembler-not push
FAIL: gcc.target/i386/fuse-caller-save-rec.c scan-assembler-times addl\\t%[re]?dx, %[re]?ax 1
FAIL: gcc.target/i386/fuse-caller-save-xmm.c scan-assembler-times addpd\\t%xmm1, %xmm0 1
FAIL: gcc.target/i386/fuse-caller-save-xmm.c scan-assembler-times movapd\\t%xmm0, %xmm1 1
FAIL: gcc.target/i386/fuse-caller-save.c scan-assembler-not pop
FAIL: gcc.target/i386/fuse-caller-save.c scan-assembler-not push
FAIL: gcc.target/i386/pr52146.c (test for excess errors)
UNRESOLVED: gcc.target/i386/pr52146.c scan-assembler-not [,\\\\t ]+-18874240
FAIL: gcc.target/i386/pr52698.c (test for excess errors)
FAIL: gcc.target/i386/pr52857-1.c (test for excess errors)
FAIL: gcc.target/i386/pr52857-2.c (test for excess errors)
FAIL: gcc.target/i386/pr53698.c (test for excess errors)
FAIL: gcc.target/i386/pr54157.c (test for excess errors)
FAIL: gcc.target/i386/pr55049-1.c (test for excess errors)
FAIL: gcc.target/i386/pr55093.c (test for excess errors)
FAIL: gcc.target/i386/pr55116-1.c (test for excess errors)
FAIL: gcc.target/i386/pr55116-2.c (test for excess errors)
FAIL: gcc.target/i386/pr55597.c (test for excess errors)
FAIL: gcc.target/i386/pr61599-1.c (test for excess errors)
UNRESOLVED: gcc.target/i386/pr61599-1.c compilation failed to produce executable
=== gcc Summary for unix/-fpic -mcmodel=medium ===
Running target unix/-mcmodel=medium
FAIL: gcc.dg/overflow-warn-2.c (test for warnings, line 122)
FAIL: gcc.dg/overflow-warn-2.c (test for warnings, line 125)
FAIL: gcc.dg/overflow-warn-2.c (test for excess errors)
FAIL: gcc.dg/overflow-warn-2.c -Wtraditional-conversion (test for warnings, line 127)
FAIL: gcc.dg/overflow-warn-2.c -Wtraditional-conversion (test for warnings, line 131)
XPASS: gcc.dg/guality/example.c -O0 execution test
XPASS: gcc.dg/guality/example.c -O1 execution test
XPASS: gcc.dg/guality/example.c -O2 execution test
XPASS: gcc.dg/guality/example.c -O2 -flto -fno-use-linker-plugin -flto-partition=none execution test
XPASS: gcc.dg/guality/guality.c -O0 execution test
XPASS: gcc.dg/guality/guality.c -O1 execution test
XPASS: gcc.dg/guality/guality.c -O2 execution test
XPASS: gcc.dg/guality/guality.c -O2 -flto -fno-use-linker-plugin -flto-partition=none execution test
XPASS: gcc.dg/guality/guality.c -O2 -flto -fuse-linker-plugin -fno-fat-lto-objects execution test
XPASS: gcc.dg/guality/guality.c -O3 -fomit-frame-pointer execution test
XPASS: gcc.dg/guality/guality.c -O3 -g execution test
XPASS: gcc.dg/guality/guality.c -Os execution test
XPASS: gcc.dg/guality/inline-params.c -O2 execution test
XPASS: gcc.dg/guality/inline-params.c -O2 -flto -fno-use-linker-plugin -flto-partition=none execution test
XPASS: gcc.dg/guality/inline-params.c -O3 -fomit-frame-pointer execution test
XPASS: gcc.dg/guality/inline-params.c -O3 -g execution test
XPASS: gcc.dg/guality/inline-params.c -Os execution test
XPASS: gcc.dg/guality/pr41353-1.c -O0 line 28 j == 28 + 37
FAIL: gcc.dg/guality/pr41616-1.c -O2 -flto -fuse-linker-plugin -fno-fat-lto-objects execution test
FAIL: gcc.dg/guality/pr43051-1.c -O2 line 35 v == 1
FAIL: gcc.dg/guality/pr43051-1.c -O2 line 36 e == &a[1]
FAIL: gcc.dg/guality/pr43051-1.c -O2 line 39 c == &a[0]
FAIL: gcc.dg/guality/pr43051-1.c -O2 line 40 v == 1
FAIL: gcc.dg/guality/pr43051-1.c -O2 line 41 e == &a[1]
FAIL: gcc.dg/guality/pr43051-1.c -O2 -flto -fno-use-linker-plugin -flto-partition=none line 35 v == 1
FAIL: gcc.dg/guality/pr43051-1.c -O2 -flto -fno-use-linker-plugin -flto-partition=none line 36 e == &a[1]
FAIL: gcc.dg/guality/pr43051-1.c -O2 -flto -fno-use-linker-plugin -flto-partition=none line 39 c == &a[0]
FAIL: gcc.dg/guality/pr43051-1.c -O2 -flto -fno-use-linker-plugin -flto-partition=none line 40 v == 1
FAIL: gcc.dg/guality/pr43051-1.c -O2 -flto -fno-use-linker-plugin -flto-partition=none line 41 e == &a[1]
FAIL: gcc.dg/guality/pr43051-1.c -O2 -flto -fuse-linker-plugin -fno-fat-lto-objects line 35 v == 1
FAIL: gcc.dg/guality/pr43051-1.c -O2 -flto -fuse-linker-plugin -fno-fat-lto-objects line 36 e == &a[1]
FAIL: gcc.dg/guality/pr43051-1.c -O2 -flto -fuse-linker-plugin -fno-fat-lto-objects line 39 c == &a[0]
FAIL: gcc.dg/guality/pr43051-1.c -O2 -flto -fuse-linker-plugin -fno-fat-lto-objects line 40 v == 1
FAIL: gcc.dg/guality/pr43051-1.c -O2 -flto -fuse-linker-plugin -fno-fat-lto-objects line 41 e == &a[1]
FAIL: gcc.dg/guality/pr43051-1.c -O3 -fomit-frame-pointer line 35 v == 1
FAIL: gcc.dg/guality/pr43051-1.c -O3 -fomit-frame-pointer line 36 e == &a[1]
FAIL: gcc.dg/guality/pr43051-1.c -O3 -fomit-frame-pointer line 39 c == &a[0]
FAIL: gcc.dg/guality/pr43051-1.c -O3 -fomit-frame-pointer line 40 v == 1
FAIL: gcc.dg/guality/pr43051-1.c -O3 -fomit-frame-pointer line 41 e == &a[1]
FAIL: gcc.dg/guality/pr43051-1.c -O3 -fomit-frame-pointer -funroll-all-loops -finline-functions line 35 v == 1
FAIL: gcc.dg/guality/pr43051-1.c -O3 -fomit-frame-pointer -funroll-all-loops -finline-functions line 36 e == &a[1]
FAIL: gcc.dg/guality/pr43051-1.c -O3 -fomit-frame-pointer -funroll-all-loops -finline-functions line 39 c == &a[0]
FAIL: gcc.dg/guality/pr43051-1.c -O3 -fomit-frame-pointer -funroll-all-loops -finline-functions line 40 v == 1
FAIL: gcc.dg/guality/pr43051-1.c -O3 -fomit-frame-pointer -funroll-all-loops -finline-functions line 41 e == &a[1]
FAIL: gcc.dg/guality/pr43051-1.c -O3 -fomit-frame-pointer -funroll-loops line 35 v == 1
FAIL: gcc.dg/guality/pr43051-1.c -O3 -fomit-frame-pointer -funroll-loops line 36 e == &a[1]
FAIL: gcc.dg/guality/pr43051-1.c -O3 -fomit-frame-pointer -funroll-loops line 39 c == &a[0]
FAIL: gcc.dg/guality/pr43051-1.c -O3 -fomit-frame-pointer -funroll-loops line 40 v == 1
FAIL: gcc.dg/guality/pr43051-1.c -O3 -fomit-frame-pointer -funroll-loops line 41 e == &a[1]
FAIL: gcc.dg/guality/pr43051-1.c -O3 -g line 35 v == 1
FAIL: gcc.dg/guality/pr43051-1.c -O3 -g line 36 e == &a[1]
FAIL: gcc.dg/guality/pr43051-1.c -O3 -g line 39 c == &a[0]
FAIL: gcc.dg/guality/pr43051-1.c -O3 -g line 40 v == 1
FAIL: gcc.dg/guality/pr43051-1.c -O3 -g line 41 e == &a[1]
FAIL: gcc.dg/guality/pr43051-1.c -Os line 35 v == 1
FAIL: gcc.dg/guality/pr43051-1.c -Os line 36 e == &a[1]
FAIL: gcc.dg/guality/pr43051-1.c -Os line 39 c == &a[0]
FAIL: gcc.dg/guality/pr43051-1.c -Os line 40 v == 1
FAIL: gcc.dg/guality/pr43051-1.c -Os line 41 e == &a[1]
FAIL: gcc.dg/guality/pr43177.c -O2 line 15 l == 10
FAIL: gcc.dg/guality/pr43177.c -O2 line 15 x == 7
FAIL: gcc.dg/guality/pr43177.c -O2 line 24 l == 10
FAIL: gcc.dg/guality/pr43177.c -O2 line 24 x == 7
FAIL: gcc.dg/guality/pr43177.c -O2 -flto -fno-use-linker-plugin -flto-partition=none line 15 l == 10
FAIL: gcc.dg/guality/pr43177.c -O2 -flto -fno-use-linker-plugin -flto-partition=none line 15 x == 7
FAIL: gcc.dg/guality/pr43177.c -O2 -flto -fno-use-linker-plugin -flto-partition=none line 24 l == 10
FAIL: gcc.dg/guality/pr43177.c -O2 -flto -fno-use-linker-plugin -flto-partition=none line 24 x == 7
FAIL: gcc.dg/guality/pr43177.c -O2 -flto -fuse-linker-plugin -fno-fat-lto-objects line 15 l == 10
FAIL: gcc.dg/guality/pr43177.c -O2 -flto -fuse-linker-plugin -fno-fat-lto-objects line 15 x == 7
FAIL: gcc.dg/guality/pr43177.c -O2 -flto -fuse-linker-plugin -fno-fat-lto-objects line 24 l == 10
FAIL: gcc.dg/guality/pr43177.c -O2 -flto -fuse-linker-plugin -fno-fat-lto-objects line 24 x == 7
FAIL: gcc.dg/guality/pr43177.c -O3 -fomit-frame-pointer line 15 l == 10
FAIL: gcc.dg/guality/pr43177.c -O3 -fomit-frame-pointer line 15 x == 7
FAIL: gcc.dg/guality/pr43177.c -O3 -fomit-frame-pointer line 24 l == 10
FAIL: gcc.dg/guality/pr43177.c -O3 -fomit-frame-pointer line 24 x == 7
FAIL: gcc.dg/guality/pr43177.c -O3 -g line 15 l == 10
FAIL: gcc.dg/guality/pr43177.c -O3 -g line 15 x == 7
FAIL: gcc.dg/guality/pr43177.c -O3 -g line 24 l == 10
FAIL: gcc.dg/guality/pr43177.c -O3 -g line 24 x == 7
FAIL: gcc.dg/guality/pr43177.c -Os line 15 l == 10
FAIL: gcc.dg/guality/pr43177.c -Os line 15 x == 7
FAIL: gcc.dg/guality/pr43177.c -Os line 24 l == 10
FAIL: gcc.dg/guality/pr43177.c -Os line 24 x == 7
FAIL: gcc.dg/guality/pr43479.c -O1 line 13 h == 9
FAIL: gcc.dg/guality/pr43479.c -O1 line 18 h == 9
FAIL: gcc.dg/guality/pr43479.c -O2 line 13 h == 9
FAIL: gcc.dg/guality/pr43479.c -O2 line 18 h == 9
FAIL: gcc.dg/guality/pr43479.c -O2 -flto -fno-use-linker-plugin -flto-partition=none line 13 h == 9
FAIL: gcc.dg/guality/pr43479.c -O2 -flto -fno-use-linker-plugin -flto-partition=none line 18 h == 9
FAIL: gcc.dg/guality/pr43479.c -O2 -flto -fuse-linker-plugin -fno-fat-lto-objects line 13 h == 9
FAIL: gcc.dg/guality/pr43479.c -O2 -flto -fuse-linker-plugin -fno-fat-lto-objects line 18 h == 9
FAIL: gcc.dg/guality/pr43479.c -O3 -fomit-frame-pointer line 13 h == 9
FAIL: gcc.dg/guality/pr43479.c -O3 -fomit-frame-pointer line 18 h == 9
FAIL: gcc.dg/guality/pr43479.c -O3 -g line 13 h == 9
FAIL: gcc.dg/guality/pr43479.c -O3 -g line 18 h == 9
FAIL: gcc.dg/guality/pr43479.c -Os line 13 h == 9
FAIL: gcc.dg/guality/pr43479.c -Os line 18 h == 9
FAIL: gcc.dg/guality/pr45003-2.c -O2 -flto -fuse-linker-plugin -fno-fat-lto-objects line 10 a == 0x8078
FAIL: gcc.dg/guality/pr45882.c -O2 -flto -fuse-linker-plugin -fno-fat-lto-objects line 16 d == 112
FAIL: gcc.dg/guality/pr45882.c -O2 -flto -fuse-linker-plugin -fno-fat-lto-objects line 16 e == 142
FAIL: gcc.dg/guality/pr54200.c -Os line 20 z == 3
FAIL: gcc.dg/guality/pr54519-1.c -O2 -flto -fno-use-linker-plugin -flto-partition=none line 20 y == 25
FAIL: gcc.dg/guality/pr54519-1.c -O2 -flto -fno-use-linker-plugin -flto-partition=none line 20 z == 6
FAIL: gcc.dg/guality/pr54519-1.c -O2 -flto -fno-use-linker-plugin -flto-partition=none line 23 y == 117
FAIL: gcc.dg/guality/pr54519-1.c -O2 -flto -fno-use-linker-plugin -flto-partition=none line 23 z == 8
FAIL: gcc.dg/guality/pr54519-2.c -O2 -flto -fno-use-linker-plugin -flto-partition=none line 17 y == 25
FAIL: gcc.dg/guality/pr54519-2.c -O2 -flto -fuse-linker-plugin -fno-fat-lto-objects line 17 y == 25
FAIL: gcc.dg/guality/pr54519-3.c -O2 -flto -fno-use-linker-plugin -flto-partition=none line 20 y == 25
FAIL: gcc.dg/guality/pr54519-3.c -O2 -flto -fno-use-linker-plugin -flto-partition=none line 20 z == 6
FAIL: gcc.dg/guality/pr54519-3.c -O2 -flto -fno-use-linker-plugin -flto-partition=none line 23 y == 117
FAIL: gcc.dg/guality/pr54519-3.c -O2 -flto -fno-use-linker-plugin -flto-partition=none line 23 z == 8
FAIL: gcc.dg/guality/pr54519-3.c -O2 -flto -fuse-linker-plugin -fno-fat-lto-objects line 20 x == 36
FAIL: gcc.dg/guality/pr54519-3.c -O2 -flto -fuse-linker-plugin -fno-fat-lto-objects line 20 y == 25
FAIL: gcc.dg/guality/pr54519-3.c -O2 -flto -fuse-linker-plugin -fno-fat-lto-objects line 20 z == 6
FAIL: gcc.dg/guality/pr54519-3.c -O2 -flto -fuse-linker-plugin -fno-fat-lto-objects line 23 x == 98
FAIL: gcc.dg/guality/pr54519-3.c -O2 -flto -fuse-linker-plugin -fno-fat-lto-objects line 23 y == 117
FAIL: gcc.dg/guality/pr54519-3.c -O2 -flto -fuse-linker-plugin -fno-fat-lto-objects line 23 z == 8
FAIL: gcc.dg/guality/pr54519-4.c -O2 -flto -fno-use-linker-plugin -flto-partition=none line 17 y == 25
FAIL: gcc.dg/guality/pr54519-4.c -O2 -flto -fuse-linker-plugin -fno-fat-lto-objects line 17 x == 6
FAIL: gcc.dg/guality/pr54519-4.c -O2 -flto -fuse-linker-plugin -fno-fat-lto-objects line 17 y == 25
FAIL: gcc.dg/guality/pr54519-5.c -O2 -flto -fno-use-linker-plugin -flto-partition=none line 17 y == 25
FAIL: gcc.dg/guality/pr54519-5.c -O2 -flto -fuse-linker-plugin -fno-fat-lto-objects line 17 y == 25
FAIL: gcc.dg/guality/sra-1.c -O2 line 21 a.i == 4
FAIL: gcc.dg/guality/sra-1.c -O2 line 21 a.j == 14
FAIL: gcc.dg/guality/sra-1.c -O2 line 43 a.i == 4
FAIL: gcc.dg/guality/sra-1.c -O2 line 43 a.j == 14
FAIL: gcc.dg/guality/sra-1.c -O2 -flto -fno-use-linker-plugin -flto-partition=none line 21 a.i == 4
FAIL: gcc.dg/guality/sra-1.c -O2 -flto -fno-use-linker-plugin -flto-partition=none line 21 a.j == 14
FAIL: gcc.dg/guality/sra-1.c -O2 -flto -fno-use-linker-plugin -flto-partition=none line 43 a.i == 4
FAIL: gcc.dg/guality/sra-1.c -O2 -flto -fno-use-linker-plugin -flto-partition=none line 43 a.j == 14
FAIL: gcc.dg/guality/sra-1.c -O2 -flto -fuse-linker-plugin -fno-fat-lto-objects line 21 a.i == 4
FAIL: gcc.dg/guality/sra-1.c -O2 -flto -fuse-linker-plugin -fno-fat-lto-objects line 21 a.j == 14
FAIL: gcc.dg/guality/sra-1.c -O2 -flto -fuse-linker-plugin -fno-fat-lto-objects line 43 a.i == 4
FAIL: gcc.dg/guality/sra-1.c -O2 -flto -fuse-linker-plugin -fno-fat-lto-objects line 43 a.j == 14
FAIL: gcc.dg/guality/sra-1.c -O3 -fomit-frame-pointer line 21 a.i == 4
FAIL: gcc.dg/guality/sra-1.c -O3 -fomit-frame-pointer line 21 a.j == 14
FAIL: gcc.dg/guality/sra-1.c -O3 -fomit-frame-pointer line 43 a.i == 4
FAIL: gcc.dg/guality/sra-1.c -O3 -fomit-frame-pointer line 43 a.j == 14
FAIL: gcc.dg/guality/sra-1.c -O3 -g line 21 a.i == 4
FAIL: gcc.dg/guality/sra-1.c -O3 -g line 21 a.j == 14
FAIL: gcc.dg/guality/sra-1.c -O3 -g line 43 a.i == 4
FAIL: gcc.dg/guality/sra-1.c -O3 -g line 43 a.j == 14
FAIL: gcc.dg/guality/sra-1.c -Os line 21 a.i == 4
FAIL: gcc.dg/guality/sra-1.c -Os line 21 a.j == 14
FAIL: gcc.dg/guality/sra-1.c -Os line 43 a.i == 4
FAIL: gcc.dg/guality/sra-1.c -Os line 43 a.j == 14
FAIL: gcc.dg/guality/vla-1.c -O1 line 17 sizeof (a) == 6
FAIL: gcc.dg/guality/vla-1.c -O2 line 17 sizeof (a) == 6
FAIL: gcc.dg/guality/vla-1.c -O2 -flto -fno-use-linker-plugin -flto-partition=none line 17 sizeof (a) == 6
FAIL: gcc.dg/guality/vla-1.c -O2 -flto -fuse-linker-plugin -fno-fat-lto-objects line 17 sizeof (a) == 6
FAIL: gcc.dg/guality/vla-1.c -O3 -fomit-frame-pointer line 17 sizeof (a) == 6
FAIL: gcc.dg/guality/vla-1.c -O3 -g line 17 sizeof (a) == 6
FAIL: gcc.dg/guality/vla-1.c -Os line 17 sizeof (a) == 6
FAIL: gcc.dg/guality/vla-2.c -O2 line 25 sizeof (a) == 6 * sizeof (int)
FAIL: gcc.dg/guality/vla-2.c -O2 -flto -fno-use-linker-plugin -flto-partition=none line 25 sizeof (a) == 6 * sizeof (int)
FAIL: gcc.dg/guality/vla-2.c -O2 -flto -fuse-linker-plugin -fno-fat-lto-objects line 25 sizeof (a) == 6 * sizeof (int)
FAIL: gcc.dg/guality/vla-2.c -O3 -fomit-frame-pointer line 25 sizeof (a) == 6 * sizeof (int)
FAIL: gcc.dg/guality/vla-2.c -O3 -g line 25 sizeof (a) == 6 * sizeof (int)
FAIL: gcc.dg/guality/vla-2.c -Os line 25 sizeof (a) == 6 * sizeof (int)
FAIL: gcc.target/i386/387-12.c scan-assembler fld1
FAIL: gcc.target/i386/387-12.c scan-assembler fldz
FAIL: gcc.target/i386/avxfp-1.c scan-assembler vmaxsd
FAIL: gcc.target/i386/avxfp-1.c scan-assembler vminsd
FAIL: gcc.target/i386/avxfp-2.c scan-assembler vmaxsd
FAIL: gcc.target/i386/avxfp-2.c scan-assembler vminsd
FAIL: gcc.target/i386/pr52146.c (test for excess errors)
UNRESOLVED: gcc.target/i386/pr52146.c scan-assembler-not [,\\\\t ]+-18874240
FAIL: gcc.target/i386/pr52698.c (test for excess errors)
FAIL: gcc.target/i386/pr52857-1.c (test for excess errors)
FAIL: gcc.target/i386/pr52857-2.c (test for excess errors)
FAIL: gcc.target/i386/pr53698.c (test for excess errors)
FAIL: gcc.target/i386/pr54157.c (test for excess errors)
FAIL: gcc.target/i386/pr55049-1.c (test for excess errors)
FAIL: gcc.target/i386/pr55093.c (test for excess errors)
FAIL: gcc.target/i386/pr55116-1.c (test for excess errors)
FAIL: gcc.target/i386/pr55116-2.c (test for excess errors)
FAIL: gcc.target/i386/pr55597.c (test for excess errors)
FAIL: gcc.target/i386/ssefp-1.c scan-assembler maxsd
FAIL: gcc.target/i386/ssefp-1.c scan-assembler minsd
FAIL: gcc.target/i386/ssefp-2.c scan-assembler maxsd
FAIL: gcc.target/i386/ssefp-2.c scan-assembler minsd
=== gcc Summary for unix/-mcmodel=medium ===
=== gcc Summary ===
/export/gnu/import/git/gcc-test-intel64/bld/gcc/xgcc version 5.0.0 20150323 (experimental) [trunk revision 221600] (GCC)
=== gfortran tests ===
Running target unix/-fpic
FAIL: gfortran.dg/coarray/coindexed_3.f90 -fcoarray=single -O2 -latomic (test for errors, line 49)
FAIL: gfortran.dg/coarray/coindexed_3.f90 -fcoarray=single -O2 -latomic (test for errors, line 60)
FAIL: gfortran.dg/pr48636-2.f90 -O scan-ipa-dump cp "Creating a specialized node of [^\\n\\r]*bar/[0-9]*\\\\."
FAIL: gfortran.dg/pr48636-2.f90 -O scan-ipa-dump-times cp "Aggregate replacements[^=]*=[^=]*=[^=]*=[^=]*=[^=]*=[^=]*=[^=]*=[^=]*=[^=]*=" 2
FAIL: gfortran.dg/pr48636.f90 -O scan-ipa-dump inline "bar[^\\\\n]*inline copy in MAIN"
FAIL: gfortran.dg/pr48636.f90 -O scan-ipa-dump inline "inline hints: loop_iterations"
=== gfortran Summary for unix/-fpic ===
# of expected passes 4050
Running target unix/-fpic -mcmodel=medium
FAIL: gfortran.dg/coarray/coindexed_3.f90 -fcoarray=single -O2 -latomic (test for errors, line 49)
FAIL: gfortran.dg/coarray/coindexed_3.f90 -fcoarray=single -O2 -latomic (test for errors, line 60)
FAIL: gfortran.dg/pr48636-2.f90 -O scan-ipa-dump cp "Creating a specialized node of [^\\n\\r]*bar/[0-9]*\\\\."
FAIL: gfortran.dg/pr48636-2.f90 -O scan-ipa-dump-times cp "Aggregate replacements[^=]*=[^=]*=[^=]*=[^=]*=[^=]*=[^=]*=[^=]*=[^=]*=[^=]*=" 2
FAIL: gfortran.dg/pr48636.f90 -O scan-ipa-dump inline "bar[^\\\\n]*inline copy in MAIN"
FAIL: gfortran.dg/pr48636.f90 -O scan-ipa-dump inline "inline hints: loop_iterations"
=== gfortran Summary for unix/-fpic -mcmodel=medium ===
# of expected passes 4050
Running target unix/-mcmodel=medium
FAIL: gfortran.dg/coarray/coindexed_3.f90 -fcoarray=single -O2 -latomic (test for errors, line 49)
FAIL: gfortran.dg/coarray/coindexed_3.f90 -fcoarray=single -O2 -latomic (test for errors, line 60)
FAIL: gfortran.dg/operator_4.f90 -O (test for errors, line 97)
FAIL: gfortran.dg/operator_4.f90 -O (test for excess errors)
=== gfortran Summary for unix/-mcmodel=medium ===
# of expected passes 4050
=== gfortran Summary ===
# of expected passes 12150
/export/gnu/import/git/gcc-test-intel64/bld/gcc/testsuite/gfortran/../../gfortran version 5.0.0 20150323 (experimental) [trunk revision 221600] (GCC)
=== objc tests ===
Running target unix/-fpic
=== objc Summary for unix/-fpic ===
# of expected passes 64
Running target unix/-fpic -mcmodel=medium
=== objc Summary for unix/-fpic -mcmodel=medium ===
# of expected passes 64
Running target unix/-mcmodel=medium
=== objc Summary for unix/-mcmodel=medium ===
# of expected passes 64
=== objc Summary ===
# of expected passes 192
/export/gnu/import/git/gcc-test-intel64/bld/gcc/xgcc version 5.0.0 20150323 (experimental) [trunk revision 221600] (GCC)
=== boehm-gc tests ===
Running target unix/-fpic
=== boehm-gc Summary for unix/-fpic ===
# of expected passes 4
Running target unix/-mcmodel=medium
=== boehm-gc Summary for unix/-mcmodel=medium ===
# of expected passes 4
Running target unix/-fpic -mcmodel=medium
=== boehm-gc Summary for unix/-fpic -mcmodel=medium ===
# of expected passes 4
=== boehm-gc Summary ===
# of expected passes 36
# of unsupported tests 3
=== libatomic tests ===
Running target unix/-fpic
=== libatomic Summary for unix/-fpic ===
# of expected passes 54
Running target unix/-mcmodel=medium
=== libatomic Summary for unix/-mcmodel=medium ===
# of expected passes 54
Running target unix/-fpic -mcmodel=medium
=== libatomic Summary for unix/-fpic -mcmodel=medium ===
# of expected passes 54
=== libatomic Summary ===
# of expected passes 162
=== libffi tests ===
Running target unix/-fpic
=== libffi Summary for unix/-fpic ===
# of expected passes 24
Running target unix/-mcmodel=medium
=== libffi Summary for unix/-mcmodel=medium ===
# of expected passes 24
Running target unix/-fpic -mcmodel=medium
=== libffi Summary for unix/-fpic -mcmodel=medium ===
# of expected passes 24
=== libffi Summary ===
# of expected passes 6642
=== libgomp tests ===
Running target unix/-fpic
=== libgomp Summary for unix/-fpic ===
# of expected passes 1192
# of unsupported tests 8
Running target unix/-mcmodel=medium
=== libgomp Summary for unix/-mcmodel=medium ===
# of expected passes 1192
# of unsupported tests 8
Running target unix/-fpic -mcmodel=medium
=== libgomp Summary for unix/-fpic -mcmodel=medium ===
# of expected passes 1192
# of unsupported tests 8
=== libgomp Summary ===
# of expected passes 17292
# of unsupported tests 762
=== libitm tests ===
Running target unix/-fpic
=== libitm Summary for unix/-fpic ===
# of expected passes 4
# of expected failures 1
# of unsupported tests 1
Running target unix/-mcmodel=medium
=== libitm Summary for unix/-mcmodel=medium ===
# of expected passes 4
# of expected failures 1
# of unsupported tests 1
Running target unix/-fpic -mcmodel=medium
=== libitm Summary for unix/-fpic -mcmodel=medium ===
# of expected passes 4
# of expected failures 1
# of unsupported tests 1
=== libitm Summary ===
# of expected passes 78
# of expected failures 9
# of unsupported tests 3
=== libjava tests ===
Running target unix/-fpic
=== libjava Summary for unix/-fpic ===
Running target unix/-mcmodel=medium
=== libjava Summary for unix/-mcmodel=medium ===
Running target unix/-fpic -mcmodel=medium
=== libjava Summary for unix/-fpic -mcmodel=medium ===
=== libjava Summary ===
# of expected passes 7746
# of expected failures 12
=== libstdc++ tests ===
Running target unix/-fpic
=== libstdc++ Summary for unix/-fpic ===
# of expected passes 104
# of unsupported tests 1
Running target unix/-fpic -mcmodel=medium
XPASS: 26_numerics/headers/cmath/c_math.cc execution test
=== libstdc++ Summary for unix/-fpic -mcmodel=medium ===
# of expected passes 104
# of unsupported tests 1
Running target unix/-mcmodel=medium
XPASS: 26_numerics/headers/cmath/c_math.cc execution test
=== libstdc++ Summary for unix/-mcmodel=medium ===
# of expected passes 104
# of unsupported tests 1
=== libstdc++ Summary ===
# of expected passes 312
# of unsupported tests 3
Compiler version: 5.0.0 20150323 (experimental) [trunk revision 221600] (GCC)
Platform: x86_64-unknown-linux-gnu
configure flags: --prefix=/usr/5.0.0 --enable-clocale=gnu --with-system-zlib --enable-shared --with-demangler-in-ld --with-fpmath=sse --enable-languages=c,c++,fortran,java,lto,objc