This is the mail archive of the
gcc-testresults@gcc.gnu.org
mailing list for the GCC project.
Results for 5.0.0 20150319 (experimental) [trunk revision 221517] (Debian 20150319-1) testsuite on mipsel-unknown-linux-gnu
- From: Matthias Klose <doko at debian dot org>
- To: gcc-testresults at gcc dot gnu dot org
- Cc: debian-gcc at lists dot debian dot org
- Date: Sun, 22 Mar 2015 17:55:18 +0000
- Subject: Results for 5.0.0 20150319 (experimental) [trunk revision 221517] (Debian 20150319-1) testsuite on mipsel-unknown-linux-gnu
- Authentication-results: sourceware.org; auth=none
- Reply-to: Matthias Klose <doko at debian dot org>
LAST_UPDATED: Thu Mar 19 15:00:24 UTC 2015 (revision 221517)
Target: mipsel-linux-gnu
gcc version 5.0.0 20150319 (experimental) [trunk revision 221517] (Debian 20150319-1)
Native configuration is mipsel-unknown-linux-gnu
=== g++ tests ===
Running target unix
FAIL: g++.dg/guality/pr55665.C -O2 line 23 p == 40
FAIL: g++.dg/guality/pr55665.C -O2 line 23 p == 40
FAIL: g++.dg/guality/pr55665.C -O3 -fomit-frame-pointer line 23 p == 40
FAIL: g++.dg/guality/pr55665.C -O3 -fomit-frame-pointer line 23 p == 40
FAIL: g++.dg/guality/pr55665.C -O3 -g line 23 p == 40
FAIL: g++.dg/guality/pr55665.C -O3 -g line 23 p == 40
XPASS: g++.dg/tls/thread_local-order2.C -std=c++11 execution test
XPASS: g++.dg/tls/thread_local-order2.C -std=c++11 execution test
XPASS: g++.dg/tls/thread_local-order2.C -std=c++14 execution test
XPASS: g++.dg/tls/thread_local-order2.C -std=c++14 execution test
=== g++ Summary ===
# of expected passes 162764
# of unexpected failures 6
# of unexpected successes 4
# of expected failures 558
# of unsupported tests 7268
/build/gcc-snapshot-OyCC35/gcc-snapshot-20150319/build/gcc/testsuite/g++/../../xg++ version 5.0.0 20150319 (experimental) [trunk revision 221517] (Debian 20150319-1)
=== gcc tests ===
Running target unix
FAIL: gcc.dg/compat/scalar-by-value-4 c_compat_x_tst.o-c_compat_y_tst.o execute
FAIL: gcc.dg/compat/scalar-by-value-4 c_compat_x_tst.o-c_compat_y_tst.o execute
FAIL: gcc.dg/compat/scalar-return-4 c_compat_x_tst.o-c_compat_y_tst.o execute
FAIL: gcc.dg/compat/scalar-return-4 c_compat_x_tst.o-c_compat_y_tst.o execute
FAIL: gcc.dg/compat/struct-by-value-11 c_compat_x_tst.o-c_compat_y_tst.o execute
FAIL: gcc.dg/compat/struct-by-value-11 c_compat_x_tst.o-c_compat_y_tst.o execute
FAIL: gcc.dg/compat/struct-by-value-12 c_compat_x_tst.o-c_compat_y_tst.o execute
FAIL: gcc.dg/compat/struct-by-value-12 c_compat_x_tst.o-c_compat_y_tst.o execute
FAIL: tmpdir-gcc.dg-struct-layout-1/t027 c_compat_x_tst.o-c_compat_y_tst.o execute
FAIL: tmpdir-gcc.dg-struct-layout-1/t027 c_compat_x_tst.o-c_compat_y_tst.o execute
FAIL: gcc.dg/Wobjsize-1.c (test for warnings, line 6)
FAIL: gcc.dg/Wobjsize-1.c (test for warnings, line 6)
FAIL: gcc.dg/Wobjsize-1.c (internal compiler error)
FAIL: gcc.dg/Wobjsize-1.c (internal compiler error)
FAIL: gcc.dg/Wobjsize-1.c (test for excess errors)
FAIL: gcc.dg/Wobjsize-1.c (test for excess errors)
FAIL: gcc.dg/Wobjsize-1.c inlined (test for warnings, line )
FAIL: gcc.dg/Wobjsize-1.c inlined (test for warnings, line )
FAIL: gcc.dg/memcpy-2.c (test for warnings, line 10)
FAIL: gcc.dg/memcpy-2.c (test for warnings, line 10)
FAIL: gcc.dg/memcpy-2.c (internal compiler error)
FAIL: gcc.dg/memcpy-2.c (internal compiler error)
FAIL: gcc.dg/memcpy-2.c (test for excess errors)
FAIL: gcc.dg/memcpy-2.c (test for excess errors)
UNRESOLVED: gcc.dg/memcpy-2.c scan-assembler __memcpy_chk
UNRESOLVED: gcc.dg/memcpy-2.c scan-assembler __memcpy_chk
FAIL: gcc.dg/memset-1.c (test for warnings, line 15)
FAIL: gcc.dg/memset-1.c (test for warnings, line 15)
FAIL: gcc.dg/memset-1.c (internal compiler error)
FAIL: gcc.dg/memset-1.c (internal compiler error)
FAIL: gcc.dg/memset-1.c (test for excess errors)
FAIL: gcc.dg/memset-1.c (test for excess errors)
FAIL: gcc.dg/pr37156.c (internal compiler error)
FAIL: gcc.dg/pr37156.c (internal compiler error)
FAIL: gcc.dg/pr37156.c (test for excess errors)
FAIL: gcc.dg/pr37156.c (test for excess errors)
FAIL: gcc.dg/pr40340-1.c (test for warnings, line 10)
FAIL: gcc.dg/pr40340-1.c (test for warnings, line 10)
FAIL: gcc.dg/pr40340-1.c (internal compiler error)
FAIL: gcc.dg/pr40340-1.c (internal compiler error)
FAIL: gcc.dg/pr40340-1.c (test for excess errors)
FAIL: gcc.dg/pr40340-1.c (test for excess errors)
FAIL: gcc.dg/pr40340-2.c (test for warnings, line 10)
FAIL: gcc.dg/pr40340-2.c (test for warnings, line 10)
FAIL: gcc.dg/pr40340-2.c (internal compiler error)
FAIL: gcc.dg/pr40340-2.c (internal compiler error)
FAIL: gcc.dg/pr40340-2.c (test for excess errors)
FAIL: gcc.dg/pr40340-2.c (test for excess errors)
FAIL: gcc.dg/pr40340-5.c (test for warnings, line 10)
FAIL: gcc.dg/pr40340-5.c (test for warnings, line 10)
FAIL: gcc.dg/pr40340-5.c (internal compiler error)
FAIL: gcc.dg/pr40340-5.c (internal compiler error)
FAIL: gcc.dg/pr40340-5.c (test for excess errors)
FAIL: gcc.dg/pr40340-5.c (test for excess errors)
FAIL: gcc.dg/uninit-19.c (test for warnings, line 22)
FAIL: gcc.dg/uninit-19.c (test for warnings, line 22)
FAIL: gcc.dg/uninit-19.c (test for excess errors)
FAIL: gcc.dg/uninit-19.c (test for excess errors)
FAIL: gcc.dg/va-arg-pack-1.c (test for errors, line 16)
FAIL: gcc.dg/va-arg-pack-1.c (test for errors, line 16)
FAIL: gcc.dg/va-arg-pack-1.c (test for errors, line 28)
FAIL: gcc.dg/va-arg-pack-1.c (test for errors, line 28)
FAIL: gcc.dg/va-arg-pack-1.c (test for errors, line 34)
FAIL: gcc.dg/va-arg-pack-1.c (test for errors, line 34)
FAIL: gcc.dg/va-arg-pack-1.c (test for errors, line 40)
FAIL: gcc.dg/va-arg-pack-1.c (test for errors, line 40)
FAIL: gcc.dg/va-arg-pack-1.c (internal compiler error)
FAIL: gcc.dg/va-arg-pack-1.c (internal compiler error)
FAIL: gcc.dg/va-arg-pack-1.c (test for excess errors)
FAIL: gcc.dg/va-arg-pack-1.c (test for excess errors)
FAIL: gcc.dg/va-arg-pack-len-2.c (test for errors, line 24)
FAIL: gcc.dg/va-arg-pack-len-2.c (test for errors, line 24)
FAIL: gcc.dg/va-arg-pack-len-2.c (test for warnings, line 18)
FAIL: gcc.dg/va-arg-pack-len-2.c (test for warnings, line 18)
FAIL: gcc.dg/va-arg-pack-len-2.c (internal compiler error)
FAIL: gcc.dg/va-arg-pack-len-2.c (internal compiler error)
FAIL: gcc.dg/va-arg-pack-len-2.c (test for excess errors)
FAIL: gcc.dg/va-arg-pack-len-2.c (test for excess errors)
FAIL: gcc.dg/graphite/id-pr46845.c (internal compiler error)
FAIL: gcc.dg/graphite/id-pr46845.c (internal compiler error)
FAIL: gcc.dg/graphite/id-pr46845.c (test for excess errors)
FAIL: gcc.dg/graphite/id-pr46845.c (test for excess errors)
FAIL: gcc.dg/graphite/scop-19.c scan-tree-dump-times graphite "number of SCoPs: 0" 1
FAIL: gcc.dg/graphite/scop-19.c scan-tree-dump-times graphite "number of SCoPs: 0" 1
XPASS: gcc.dg/guality/example.c -O0 execution test
XPASS: gcc.dg/guality/example.c -O0 execution test
XPASS: gcc.dg/guality/example.c -O2 execution test
XPASS: gcc.dg/guality/example.c -O2 execution test
XPASS: gcc.dg/guality/example.c -O2 -flto -fno-use-linker-plugin -flto-partition=none execution test
XPASS: gcc.dg/guality/example.c -O2 -flto -fno-use-linker-plugin -flto-partition=none execution test
XPASS: gcc.dg/guality/guality.c -O0 execution test
XPASS: gcc.dg/guality/guality.c -O0 execution test
XPASS: gcc.dg/guality/guality.c -O1 execution test
XPASS: gcc.dg/guality/guality.c -O1 execution test
XPASS: gcc.dg/guality/guality.c -O2 execution test
XPASS: gcc.dg/guality/guality.c -O2 execution test
XPASS: gcc.dg/guality/guality.c -O2 -flto -fno-use-linker-plugin -flto-partition=none execution test
XPASS: gcc.dg/guality/guality.c -O2 -flto -fno-use-linker-plugin -flto-partition=none execution test
XPASS: gcc.dg/guality/guality.c -O2 -flto -fuse-linker-plugin -fno-fat-lto-objects execution test
XPASS: gcc.dg/guality/guality.c -O2 -flto -fuse-linker-plugin -fno-fat-lto-objects execution test
XPASS: gcc.dg/guality/guality.c -O3 -fomit-frame-pointer execution test
XPASS: gcc.dg/guality/guality.c -O3 -fomit-frame-pointer execution test
XPASS: gcc.dg/guality/guality.c -O3 -g execution test
XPASS: gcc.dg/guality/guality.c -O3 -g execution test
XPASS: gcc.dg/guality/guality.c -Os execution test
XPASS: gcc.dg/guality/guality.c -Os execution test
XPASS: gcc.dg/guality/inline-params.c -O2 execution test
XPASS: gcc.dg/guality/inline-params.c -O2 execution test
XPASS: gcc.dg/guality/inline-params.c -O2 -flto -fno-use-linker-plugin -flto-partition=none execution test
XPASS: gcc.dg/guality/inline-params.c -O2 -flto -fno-use-linker-plugin -flto-partition=none execution test
XPASS: gcc.dg/guality/inline-params.c -O3 -fomit-frame-pointer execution test
XPASS: gcc.dg/guality/inline-params.c -O3 -fomit-frame-pointer execution test
XPASS: gcc.dg/guality/inline-params.c -O3 -g execution test
XPASS: gcc.dg/guality/inline-params.c -O3 -g execution test
XPASS: gcc.dg/guality/inline-params.c -Os execution test
XPASS: gcc.dg/guality/inline-params.c -Os execution test
FAIL: gcc.dg/guality/pr36728-1.c -O1 line 16 y == 2
FAIL: gcc.dg/guality/pr36728-1.c -O1 line 16 y == 2
FAIL: gcc.dg/guality/pr36728-1.c -O2 line 16 arg1 == 1
FAIL: gcc.dg/guality/pr36728-1.c -O2 line 16 arg1 == 1
FAIL: gcc.dg/guality/pr36728-1.c -O2 line 16 arg2 == 2
FAIL: gcc.dg/guality/pr36728-1.c -O2 line 16 arg2 == 2
FAIL: gcc.dg/guality/pr36728-1.c -O2 line 18 arg1 == 1
FAIL: gcc.dg/guality/pr36728-1.c -O2 line 18 arg1 == 1
FAIL: gcc.dg/guality/pr36728-1.c -O2 line 18 arg2 == 2
FAIL: gcc.dg/guality/pr36728-1.c -O2 line 18 arg2 == 2
FAIL: gcc.dg/guality/pr36728-1.c -O2 -flto -fno-use-linker-plugin -flto-partition=none line 16 arg1 == 1
FAIL: gcc.dg/guality/pr36728-1.c -O2 -flto -fno-use-linker-plugin -flto-partition=none line 16 arg1 == 1
FAIL: gcc.dg/guality/pr36728-1.c -O2 -flto -fno-use-linker-plugin -flto-partition=none line 16 arg2 == 2
FAIL: gcc.dg/guality/pr36728-1.c -O2 -flto -fno-use-linker-plugin -flto-partition=none line 16 arg2 == 2
FAIL: gcc.dg/guality/pr36728-1.c -O2 -flto -fno-use-linker-plugin -flto-partition=none line 18 arg1 == 1
FAIL: gcc.dg/guality/pr36728-1.c -O2 -flto -fno-use-linker-plugin -flto-partition=none line 18 arg1 == 1
FAIL: gcc.dg/guality/pr36728-1.c -O2 -flto -fno-use-linker-plugin -flto-partition=none line 18 arg2 == 2
FAIL: gcc.dg/guality/pr36728-1.c -O2 -flto -fno-use-linker-plugin -flto-partition=none line 18 arg2 == 2
FAIL: gcc.dg/guality/pr36728-1.c -O2 -flto -fuse-linker-plugin -fno-fat-lto-objects line 16 arg1 == 1
FAIL: gcc.dg/guality/pr36728-1.c -O2 -flto -fuse-linker-plugin -fno-fat-lto-objects line 16 arg1 == 1
FAIL: gcc.dg/guality/pr36728-1.c -O2 -flto -fuse-linker-plugin -fno-fat-lto-objects line 16 arg2 == 2
FAIL: gcc.dg/guality/pr36728-1.c -O2 -flto -fuse-linker-plugin -fno-fat-lto-objects line 16 arg2 == 2
FAIL: gcc.dg/guality/pr36728-1.c -O2 -flto -fuse-linker-plugin -fno-fat-lto-objects line 18 arg1 == 1
FAIL: gcc.dg/guality/pr36728-1.c -O2 -flto -fuse-linker-plugin -fno-fat-lto-objects line 18 arg1 == 1
FAIL: gcc.dg/guality/pr36728-1.c -O2 -flto -fuse-linker-plugin -fno-fat-lto-objects line 18 arg2 == 2
FAIL: gcc.dg/guality/pr36728-1.c -O2 -flto -fuse-linker-plugin -fno-fat-lto-objects line 18 arg2 == 2
FAIL: gcc.dg/guality/pr36728-1.c -O3 -fomit-frame-pointer line 16 arg1 == 1
FAIL: gcc.dg/guality/pr36728-1.c -O3 -fomit-frame-pointer line 16 arg1 == 1
FAIL: gcc.dg/guality/pr36728-1.c -O3 -fomit-frame-pointer line 16 arg2 == 2
FAIL: gcc.dg/guality/pr36728-1.c -O3 -fomit-frame-pointer line 16 arg2 == 2
FAIL: gcc.dg/guality/pr36728-1.c -O3 -fomit-frame-pointer line 18 arg1 == 1
FAIL: gcc.dg/guality/pr36728-1.c -O3 -fomit-frame-pointer line 18 arg1 == 1
FAIL: gcc.dg/guality/pr36728-1.c -O3 -fomit-frame-pointer line 18 arg2 == 2
FAIL: gcc.dg/guality/pr36728-1.c -O3 -fomit-frame-pointer line 18 arg2 == 2
FAIL: gcc.dg/guality/pr36728-1.c -O3 -g line 16 arg1 == 1
FAIL: gcc.dg/guality/pr36728-1.c -O3 -g line 16 arg1 == 1
FAIL: gcc.dg/guality/pr36728-1.c -O3 -g line 16 arg2 == 2
FAIL: gcc.dg/guality/pr36728-1.c -O3 -g line 16 arg2 == 2
FAIL: gcc.dg/guality/pr36728-1.c -O3 -g line 18 arg1 == 1
FAIL: gcc.dg/guality/pr36728-1.c -O3 -g line 18 arg1 == 1
FAIL: gcc.dg/guality/pr36728-1.c -O3 -g line 18 arg2 == 2
FAIL: gcc.dg/guality/pr36728-1.c -O3 -g line 18 arg2 == 2
FAIL: gcc.dg/guality/pr36728-1.c -Os line 16 arg1 == 1
FAIL: gcc.dg/guality/pr36728-1.c -Os line 16 arg1 == 1
FAIL: gcc.dg/guality/pr36728-1.c -Os line 16 arg2 == 2
FAIL: gcc.dg/guality/pr36728-1.c -Os line 16 arg2 == 2
FAIL: gcc.dg/guality/pr36728-1.c -Os line 18 arg1 == 1
FAIL: gcc.dg/guality/pr36728-1.c -Os line 18 arg1 == 1
FAIL: gcc.dg/guality/pr36728-1.c -Os line 18 arg2 == 2
FAIL: gcc.dg/guality/pr36728-1.c -Os line 18 arg2 == 2
FAIL: gcc.dg/guality/pr36728-2.c -O2 line 16 arg1 == 1
FAIL: gcc.dg/guality/pr36728-2.c -O2 line 16 arg1 == 1
FAIL: gcc.dg/guality/pr36728-2.c -O2 line 18 arg1 == 1
FAIL: gcc.dg/guality/pr36728-2.c -O2 line 18 arg1 == 1
FAIL: gcc.dg/guality/pr36728-2.c -O2 -flto -fno-use-linker-plugin -flto-partition=none line 16 arg1 == 1
FAIL: gcc.dg/guality/pr36728-2.c -O2 -flto -fno-use-linker-plugin -flto-partition=none line 16 arg1 == 1
FAIL: gcc.dg/guality/pr36728-2.c -O2 -flto -fno-use-linker-plugin -flto-partition=none line 18 arg1 == 1
FAIL: gcc.dg/guality/pr36728-2.c -O2 -flto -fno-use-linker-plugin -flto-partition=none line 18 arg1 == 1
FAIL: gcc.dg/guality/pr36728-2.c -O2 -flto -fuse-linker-plugin -fno-fat-lto-objects line 16 arg1 == 1
FAIL: gcc.dg/guality/pr36728-2.c -O2 -flto -fuse-linker-plugin -fno-fat-lto-objects line 16 arg1 == 1
FAIL: gcc.dg/guality/pr36728-2.c -O2 -flto -fuse-linker-plugin -fno-fat-lto-objects line 18 arg1 == 1
FAIL: gcc.dg/guality/pr36728-2.c -O2 -flto -fuse-linker-plugin -fno-fat-lto-objects line 18 arg1 == 1
FAIL: gcc.dg/guality/pr36728-2.c -O3 -fomit-frame-pointer line 16 arg1 == 1
FAIL: gcc.dg/guality/pr36728-2.c -O3 -fomit-frame-pointer line 16 arg1 == 1
FAIL: gcc.dg/guality/pr36728-2.c -O3 -fomit-frame-pointer line 18 arg1 == 1
FAIL: gcc.dg/guality/pr36728-2.c -O3 -fomit-frame-pointer line 18 arg1 == 1
FAIL: gcc.dg/guality/pr36728-2.c -O3 -g line 16 arg1 == 1
FAIL: gcc.dg/guality/pr36728-2.c -O3 -g line 16 arg1 == 1
FAIL: gcc.dg/guality/pr36728-2.c -O3 -g line 18 arg1 == 1
FAIL: gcc.dg/guality/pr36728-2.c -O3 -g line 18 arg1 == 1
FAIL: gcc.dg/guality/pr36728-2.c -Os line 16 arg1 == 1
FAIL: gcc.dg/guality/pr36728-2.c -Os line 16 arg1 == 1
FAIL: gcc.dg/guality/pr36728-2.c -Os line 18 arg1 == 1
FAIL: gcc.dg/guality/pr36728-2.c -Os line 18 arg1 == 1
FAIL: gcc.dg/guality/pr36728-3.c -O1 line 14 y == 2
FAIL: gcc.dg/guality/pr36728-3.c -O1 line 14 y == 2
FAIL: gcc.dg/guality/pr36728-3.c -O2 line 14 arg1 == 1
FAIL: gcc.dg/guality/pr36728-3.c -O2 line 14 arg1 == 1
FAIL: gcc.dg/guality/pr36728-3.c -O2 line 16 arg1 == 1
FAIL: gcc.dg/guality/pr36728-3.c -O2 line 16 arg1 == 1
FAIL: gcc.dg/guality/pr36728-3.c -O2 -flto -fno-use-linker-plugin -flto-partition=none line 14 arg1 == 1
FAIL: gcc.dg/guality/pr36728-3.c -O2 -flto -fno-use-linker-plugin -flto-partition=none line 14 arg1 == 1
FAIL: gcc.dg/guality/pr36728-3.c -O2 -flto -fno-use-linker-plugin -flto-partition=none line 16 arg1 == 1
FAIL: gcc.dg/guality/pr36728-3.c -O2 -flto -fno-use-linker-plugin -flto-partition=none line 16 arg1 == 1
FAIL: gcc.dg/guality/pr36728-3.c -O2 -flto -fuse-linker-plugin -fno-fat-lto-objects line 14 arg1 == 1
FAIL: gcc.dg/guality/pr36728-3.c -O2 -flto -fuse-linker-plugin -fno-fat-lto-objects line 14 arg1 == 1
FAIL: gcc.dg/guality/pr36728-3.c -O2 -flto -fuse-linker-plugin -fno-fat-lto-objects line 16 arg1 == 1
FAIL: gcc.dg/guality/pr36728-3.c -O2 -flto -fuse-linker-plugin -fno-fat-lto-objects line 16 arg1 == 1
FAIL: gcc.dg/guality/pr36728-3.c -O3 -fomit-frame-pointer line 14 arg1 == 1
FAIL: gcc.dg/guality/pr36728-3.c -O3 -fomit-frame-pointer line 14 arg1 == 1
FAIL: gcc.dg/guality/pr36728-3.c -O3 -fomit-frame-pointer line 16 arg1 == 1
FAIL: gcc.dg/guality/pr36728-3.c -O3 -fomit-frame-pointer line 16 arg1 == 1
FAIL: gcc.dg/guality/pr36728-3.c -O3 -g line 14 arg1 == 1
FAIL: gcc.dg/guality/pr36728-3.c -O3 -g line 14 arg1 == 1
FAIL: gcc.dg/guality/pr36728-3.c -O3 -g line 16 arg1 == 1
FAIL: gcc.dg/guality/pr36728-3.c -O3 -g line 16 arg1 == 1
FAIL: gcc.dg/guality/pr36728-3.c -Os line 14 arg1 == 1
FAIL: gcc.dg/guality/pr36728-3.c -Os line 14 arg1 == 1
FAIL: gcc.dg/guality/pr36728-3.c -Os line 16 arg1 == 1
FAIL: gcc.dg/guality/pr36728-3.c -Os line 16 arg1 == 1
XPASS: gcc.dg/guality/pr41353-1.c -O0 line 28 j == 28 + 37
XPASS: gcc.dg/guality/pr41353-1.c -O0 line 28 j == 28 + 37
FAIL: gcc.dg/guality/pr41616-1.c -O2 -flto -fuse-linker-plugin -fno-fat-lto-objects execution test
FAIL: gcc.dg/guality/pr41616-1.c -O2 -flto -fuse-linker-plugin -fno-fat-lto-objects execution test
FAIL: gcc.dg/guality/pr43051-1.c -O1 line 34 c == &a[0]
FAIL: gcc.dg/guality/pr43051-1.c -O1 line 34 c == &a[0]
FAIL: gcc.dg/guality/pr43051-1.c -O2 line 34 c == &a[0]
FAIL: gcc.dg/guality/pr43051-1.c -O2 line 34 c == &a[0]
FAIL: gcc.dg/guality/pr43051-1.c -O2 line 36 e == &a[1]
FAIL: gcc.dg/guality/pr43051-1.c -O2 line 36 e == &a[1]
FAIL: gcc.dg/guality/pr43051-1.c -O2 line 39 c == &a[0]
FAIL: gcc.dg/guality/pr43051-1.c -O2 line 39 c == &a[0]
FAIL: gcc.dg/guality/pr43051-1.c -O2 -flto -fno-use-linker-plugin -flto-partition=none line 34 c == &a[0]
FAIL: gcc.dg/guality/pr43051-1.c -O2 -flto -fno-use-linker-plugin -flto-partition=none line 34 c == &a[0]
FAIL: gcc.dg/guality/pr43051-1.c -O2 -flto -fno-use-linker-plugin -flto-partition=none line 36 e == &a[1]
FAIL: gcc.dg/guality/pr43051-1.c -O2 -flto -fno-use-linker-plugin -flto-partition=none line 36 e == &a[1]
FAIL: gcc.dg/guality/pr43051-1.c -O2 -flto -fno-use-linker-plugin -flto-partition=none line 39 c == &a[0]
FAIL: gcc.dg/guality/pr43051-1.c -O2 -flto -fno-use-linker-plugin -flto-partition=none line 39 c == &a[0]
FAIL: gcc.dg/guality/pr43051-1.c -O2 -flto -fuse-linker-plugin -fno-fat-lto-objects line 34 c == &a[0]
FAIL: gcc.dg/guality/pr43051-1.c -O2 -flto -fuse-linker-plugin -fno-fat-lto-objects line 34 c == &a[0]
FAIL: gcc.dg/guality/pr43051-1.c -O2 -flto -fuse-linker-plugin -fno-fat-lto-objects line 36 e == &a[1]
FAIL: gcc.dg/guality/pr43051-1.c -O2 -flto -fuse-linker-plugin -fno-fat-lto-objects line 36 e == &a[1]
FAIL: gcc.dg/guality/pr43051-1.c -O2 -flto -fuse-linker-plugin -fno-fat-lto-objects line 39 c == &a[0]
FAIL: gcc.dg/guality/pr43051-1.c -O2 -flto -fuse-linker-plugin -fno-fat-lto-objects line 39 c == &a[0]
FAIL: gcc.dg/guality/pr43051-1.c -O3 -fomit-frame-pointer line 35 v == 1
FAIL: gcc.dg/guality/pr43051-1.c -O3 -fomit-frame-pointer line 35 v == 1
FAIL: gcc.dg/guality/pr43051-1.c -O3 -fomit-frame-pointer line 36 e == &a[1]
FAIL: gcc.dg/guality/pr43051-1.c -O3 -fomit-frame-pointer line 36 e == &a[1]
FAIL: gcc.dg/guality/pr43051-1.c -O3 -fomit-frame-pointer line 39 c == &a[0]
FAIL: gcc.dg/guality/pr43051-1.c -O3 -fomit-frame-pointer line 39 c == &a[0]
FAIL: gcc.dg/guality/pr43051-1.c -O3 -fomit-frame-pointer line 40 v == 1
FAIL: gcc.dg/guality/pr43051-1.c -O3 -fomit-frame-pointer line 40 v == 1
FAIL: gcc.dg/guality/pr43051-1.c -O3 -fomit-frame-pointer line 41 e == &a[1]
FAIL: gcc.dg/guality/pr43051-1.c -O3 -fomit-frame-pointer line 41 e == &a[1]
FAIL: gcc.dg/guality/pr43051-1.c -O3 -fomit-frame-pointer -funroll-all-loops -finline-functions line 34 c == &a[0]
FAIL: gcc.dg/guality/pr43051-1.c -O3 -fomit-frame-pointer -funroll-all-loops -finline-functions line 34 c == &a[0]
FAIL: gcc.dg/guality/pr43051-1.c -O3 -fomit-frame-pointer -funroll-all-loops -finline-functions line 35 v == 1
FAIL: gcc.dg/guality/pr43051-1.c -O3 -fomit-frame-pointer -funroll-all-loops -finline-functions line 35 v == 1
FAIL: gcc.dg/guality/pr43051-1.c -O3 -fomit-frame-pointer -funroll-all-loops -finline-functions line 36 e == &a[1]
FAIL: gcc.dg/guality/pr43051-1.c -O3 -fomit-frame-pointer -funroll-all-loops -finline-functions line 36 e == &a[1]
FAIL: gcc.dg/guality/pr43051-1.c -O3 -fomit-frame-pointer -funroll-all-loops -finline-functions line 39 c == &a[0]
FAIL: gcc.dg/guality/pr43051-1.c -O3 -fomit-frame-pointer -funroll-all-loops -finline-functions line 39 c == &a[0]
FAIL: gcc.dg/guality/pr43051-1.c -O3 -fomit-frame-pointer -funroll-all-loops -finline-functions line 40 v == 1
FAIL: gcc.dg/guality/pr43051-1.c -O3 -fomit-frame-pointer -funroll-all-loops -finline-functions line 40 v == 1
FAIL: gcc.dg/guality/pr43051-1.c -O3 -fomit-frame-pointer -funroll-all-loops -finline-functions line 41 e == &a[1]
FAIL: gcc.dg/guality/pr43051-1.c -O3 -fomit-frame-pointer -funroll-all-loops -finline-functions line 41 e == &a[1]
FAIL: gcc.dg/guality/pr43051-1.c -O3 -fomit-frame-pointer -funroll-loops line 34 c == &a[0]
FAIL: gcc.dg/guality/pr43051-1.c -O3 -fomit-frame-pointer -funroll-loops line 34 c == &a[0]
FAIL: gcc.dg/guality/pr43051-1.c -O3 -fomit-frame-pointer -funroll-loops line 35 v == 1
FAIL: gcc.dg/guality/pr43051-1.c -O3 -fomit-frame-pointer -funroll-loops line 35 v == 1
FAIL: gcc.dg/guality/pr43051-1.c -O3 -fomit-frame-pointer -funroll-loops line 36 e == &a[1]
FAIL: gcc.dg/guality/pr43051-1.c -O3 -fomit-frame-pointer -funroll-loops line 36 e == &a[1]
FAIL: gcc.dg/guality/pr43051-1.c -O3 -fomit-frame-pointer -funroll-loops line 39 c == &a[0]
FAIL: gcc.dg/guality/pr43051-1.c -O3 -fomit-frame-pointer -funroll-loops line 39 c == &a[0]
FAIL: gcc.dg/guality/pr43051-1.c -O3 -fomit-frame-pointer -funroll-loops line 40 v == 1
FAIL: gcc.dg/guality/pr43051-1.c -O3 -fomit-frame-pointer -funroll-loops line 40 v == 1
FAIL: gcc.dg/guality/pr43051-1.c -O3 -fomit-frame-pointer -funroll-loops line 41 e == &a[1]
FAIL: gcc.dg/guality/pr43051-1.c -O3 -fomit-frame-pointer -funroll-loops line 41 e == &a[1]
FAIL: gcc.dg/guality/pr43051-1.c -O3 -g line 35 v == 1
FAIL: gcc.dg/guality/pr43051-1.c -O3 -g line 35 v == 1
FAIL: gcc.dg/guality/pr43051-1.c -O3 -g line 36 e == &a[1]
FAIL: gcc.dg/guality/pr43051-1.c -O3 -g line 36 e == &a[1]
FAIL: gcc.dg/guality/pr43051-1.c -O3 -g line 39 c == &a[0]
FAIL: gcc.dg/guality/pr43051-1.c -O3 -g line 39 c == &a[0]
FAIL: gcc.dg/guality/pr43051-1.c -O3 -g line 40 v == 1
FAIL: gcc.dg/guality/pr43051-1.c -O3 -g line 40 v == 1
FAIL: gcc.dg/guality/pr43051-1.c -O3 -g line 41 e == &a[1]
FAIL: gcc.dg/guality/pr43051-1.c -O3 -g line 41 e == &a[1]
FAIL: gcc.dg/guality/pr43051-1.c -Os line 39 c == &a[0]
FAIL: gcc.dg/guality/pr43051-1.c -Os line 39 c == &a[0]
FAIL: gcc.dg/guality/pr43051-1.c -Os line 40 v == 1
FAIL: gcc.dg/guality/pr43051-1.c -Os line 40 v == 1
FAIL: gcc.dg/guality/pr43051-1.c -Os line 41 e == &a[1]
FAIL: gcc.dg/guality/pr43051-1.c -Os line 41 e == &a[1]
FAIL: gcc.dg/guality/pr43177.c -O2 line 15 l == 10
FAIL: gcc.dg/guality/pr43177.c -O2 line 15 l == 10
FAIL: gcc.dg/guality/pr43177.c -O2 line 15 x == 7
FAIL: gcc.dg/guality/pr43177.c -O2 line 15 x == 7
FAIL: gcc.dg/guality/pr43177.c -O2 line 24 l == 10
FAIL: gcc.dg/guality/pr43177.c -O2 line 24 l == 10
FAIL: gcc.dg/guality/pr43177.c -O2 line 24 x == 7
FAIL: gcc.dg/guality/pr43177.c -O2 line 24 x == 7
FAIL: gcc.dg/guality/pr43177.c -O2 -flto -fno-use-linker-plugin -flto-partition=none line 15 l == 10
FAIL: gcc.dg/guality/pr43177.c -O2 -flto -fno-use-linker-plugin -flto-partition=none line 15 l == 10
FAIL: gcc.dg/guality/pr43177.c -O2 -flto -fno-use-linker-plugin -flto-partition=none line 15 x == 7
FAIL: gcc.dg/guality/pr43177.c -O2 -flto -fno-use-linker-plugin -flto-partition=none line 15 x == 7
FAIL: gcc.dg/guality/pr43177.c -O2 -flto -fno-use-linker-plugin -flto-partition=none line 24 l == 10
FAIL: gcc.dg/guality/pr43177.c -O2 -flto -fno-use-linker-plugin -flto-partition=none line 24 l == 10
FAIL: gcc.dg/guality/pr43177.c -O2 -flto -fno-use-linker-plugin -flto-partition=none line 24 x == 7
FAIL: gcc.dg/guality/pr43177.c -O2 -flto -fno-use-linker-plugin -flto-partition=none line 24 x == 7
FAIL: gcc.dg/guality/pr43177.c -O2 -flto -fuse-linker-plugin -fno-fat-lto-objects line 15 l == 10
FAIL: gcc.dg/guality/pr43177.c -O2 -flto -fuse-linker-plugin -fno-fat-lto-objects line 15 l == 10
FAIL: gcc.dg/guality/pr43177.c -O2 -flto -fuse-linker-plugin -fno-fat-lto-objects line 15 x == 7
FAIL: gcc.dg/guality/pr43177.c -O2 -flto -fuse-linker-plugin -fno-fat-lto-objects line 15 x == 7
FAIL: gcc.dg/guality/pr43177.c -O3 -fomit-frame-pointer line 15 l == 10
FAIL: gcc.dg/guality/pr43177.c -O3 -fomit-frame-pointer line 15 l == 10
FAIL: gcc.dg/guality/pr43177.c -O3 -fomit-frame-pointer line 15 x == 7
FAIL: gcc.dg/guality/pr43177.c -O3 -fomit-frame-pointer line 15 x == 7
FAIL: gcc.dg/guality/pr43177.c -O3 -fomit-frame-pointer line 24 l == 10
FAIL: gcc.dg/guality/pr43177.c -O3 -fomit-frame-pointer line 24 l == 10
FAIL: gcc.dg/guality/pr43177.c -O3 -fomit-frame-pointer line 24 x == 7
FAIL: gcc.dg/guality/pr43177.c -O3 -fomit-frame-pointer line 24 x == 7
FAIL: gcc.dg/guality/pr43177.c -O3 -g line 15 l == 10
FAIL: gcc.dg/guality/pr43177.c -O3 -g line 15 l == 10
FAIL: gcc.dg/guality/pr43177.c -O3 -g line 15 x == 7
FAIL: gcc.dg/guality/pr43177.c -O3 -g line 15 x == 7
FAIL: gcc.dg/guality/pr43177.c -O3 -g line 24 l == 10
FAIL: gcc.dg/guality/pr43177.c -O3 -g line 24 l == 10
FAIL: gcc.dg/guality/pr43177.c -O3 -g line 24 x == 7
FAIL: gcc.dg/guality/pr43177.c -O3 -g line 24 x == 7
FAIL: gcc.dg/guality/pr43177.c -Os line 15 l == 10
FAIL: gcc.dg/guality/pr43177.c -Os line 15 l == 10
FAIL: gcc.dg/guality/pr43177.c -Os line 15 x == 7
FAIL: gcc.dg/guality/pr43177.c -Os line 15 x == 7
FAIL: gcc.dg/guality/pr43177.c -Os line 24 l == 10
FAIL: gcc.dg/guality/pr43177.c -Os line 24 l == 10
FAIL: gcc.dg/guality/pr43177.c -Os line 24 x == 7
FAIL: gcc.dg/guality/pr43177.c -Os line 24 x == 7
FAIL: gcc.dg/guality/pr43479.c -O1 line 13 h == 9
FAIL: gcc.dg/guality/pr43479.c -O1 line 13 h == 9
FAIL: gcc.dg/guality/pr43479.c -O1 line 18 h == 9
FAIL: gcc.dg/guality/pr43479.c -O1 line 18 h == 9
FAIL: gcc.dg/guality/pr43479.c -O2 line 13 h == 9
FAIL: gcc.dg/guality/pr43479.c -O2 line 13 h == 9
FAIL: gcc.dg/guality/pr43479.c -O2 line 18 h == 9
FAIL: gcc.dg/guality/pr43479.c -O2 line 18 h == 9
FAIL: gcc.dg/guality/pr43479.c -O2 -flto -fno-use-linker-plugin -flto-partition=none line 13 h == 9
FAIL: gcc.dg/guality/pr43479.c -O2 -flto -fno-use-linker-plugin -flto-partition=none line 13 h == 9
FAIL: gcc.dg/guality/pr43479.c -O2 -flto -fno-use-linker-plugin -flto-partition=none line 18 h == 9
FAIL: gcc.dg/guality/pr43479.c -O2 -flto -fno-use-linker-plugin -flto-partition=none line 18 h == 9
FAIL: gcc.dg/guality/pr43479.c -O2 -flto -fuse-linker-plugin -fno-fat-lto-objects line 13 h == 9
FAIL: gcc.dg/guality/pr43479.c -O2 -flto -fuse-linker-plugin -fno-fat-lto-objects line 13 h == 9
FAIL: gcc.dg/guality/pr43479.c -O2 -flto -fuse-linker-plugin -fno-fat-lto-objects line 18 h == 9
FAIL: gcc.dg/guality/pr43479.c -O2 -flto -fuse-linker-plugin -fno-fat-lto-objects line 18 h == 9
FAIL: gcc.dg/guality/pr43479.c -O3 -fomit-frame-pointer line 13 h == 9
FAIL: gcc.dg/guality/pr43479.c -O3 -fomit-frame-pointer line 13 h == 9
FAIL: gcc.dg/guality/pr43479.c -O3 -fomit-frame-pointer line 18 h == 9
FAIL: gcc.dg/guality/pr43479.c -O3 -fomit-frame-pointer line 18 h == 9
FAIL: gcc.dg/guality/pr43479.c -O3 -g line 13 h == 9
FAIL: gcc.dg/guality/pr43479.c -O3 -g line 13 h == 9
FAIL: gcc.dg/guality/pr43479.c -O3 -g line 18 h == 9
FAIL: gcc.dg/guality/pr43479.c -O3 -g line 18 h == 9
FAIL: gcc.dg/guality/pr43479.c -Os line 13 h == 9
FAIL: gcc.dg/guality/pr43479.c -Os line 13 h == 9
FAIL: gcc.dg/guality/pr43479.c -Os line 18 h == 9
FAIL: gcc.dg/guality/pr43479.c -Os line 18 h == 9
FAIL: gcc.dg/guality/pr45882.c -O2 -flto -fuse-linker-plugin -fno-fat-lto-objects line 16 d == 112
FAIL: gcc.dg/guality/pr45882.c -O2 -flto -fuse-linker-plugin -fno-fat-lto-objects line 16 d == 112
FAIL: gcc.dg/guality/pr45882.c -O2 -flto -fuse-linker-plugin -fno-fat-lto-objects line 16 e == 142
FAIL: gcc.dg/guality/pr45882.c -O2 -flto -fuse-linker-plugin -fno-fat-lto-objects line 16 e == 142
FAIL: gcc.dg/guality/pr54200.c -Os line 20 z == 3
FAIL: gcc.dg/guality/pr54200.c -Os line 20 z == 3
FAIL: gcc.dg/guality/pr54519-1.c -O2 -flto -fno-use-linker-plugin -flto-partition=none line 20 y == 25
FAIL: gcc.dg/guality/pr54519-1.c -O2 -flto -fno-use-linker-plugin -flto-partition=none line 20 y == 25
FAIL: gcc.dg/guality/pr54519-1.c -O2 -flto -fno-use-linker-plugin -flto-partition=none line 20 z == 6
FAIL: gcc.dg/guality/pr54519-1.c -O2 -flto -fno-use-linker-plugin -flto-partition=none line 20 z == 6
FAIL: gcc.dg/guality/pr54519-1.c -O2 -flto -fno-use-linker-plugin -flto-partition=none line 23 y == 117
FAIL: gcc.dg/guality/pr54519-1.c -O2 -flto -fno-use-linker-plugin -flto-partition=none line 23 y == 117
FAIL: gcc.dg/guality/pr54519-1.c -O2 -flto -fno-use-linker-plugin -flto-partition=none line 23 z == 8
FAIL: gcc.dg/guality/pr54519-1.c -O2 -flto -fno-use-linker-plugin -flto-partition=none line 23 z == 8
FAIL: gcc.dg/guality/pr54519-2.c -O2 line 17 x == 6
FAIL: gcc.dg/guality/pr54519-2.c -O2 line 17 x == 6
FAIL: gcc.dg/guality/pr54519-2.c -O2 -flto -fno-use-linker-plugin -flto-partition=none line 17 x == 6
FAIL: gcc.dg/guality/pr54519-2.c -O2 -flto -fno-use-linker-plugin -flto-partition=none line 17 x == 6
FAIL: gcc.dg/guality/pr54519-2.c -O2 -flto -fno-use-linker-plugin -flto-partition=none line 17 y == 25
FAIL: gcc.dg/guality/pr54519-2.c -O2 -flto -fno-use-linker-plugin -flto-partition=none line 17 y == 25
FAIL: gcc.dg/guality/pr54519-2.c -O2 -flto -fuse-linker-plugin -fno-fat-lto-objects line 17 y == 25
FAIL: gcc.dg/guality/pr54519-2.c -O2 -flto -fuse-linker-plugin -fno-fat-lto-objects line 17 y == 25
FAIL: gcc.dg/guality/pr54519-3.c -O2 -flto -fno-use-linker-plugin -flto-partition=none line 20 y == 25
FAIL: gcc.dg/guality/pr54519-3.c -O2 -flto -fno-use-linker-plugin -flto-partition=none line 20 y == 25
FAIL: gcc.dg/guality/pr54519-3.c -O2 -flto -fno-use-linker-plugin -flto-partition=none line 20 z == 6
FAIL: gcc.dg/guality/pr54519-3.c -O2 -flto -fno-use-linker-plugin -flto-partition=none line 20 z == 6
FAIL: gcc.dg/guality/pr54519-3.c -O2 -flto -fno-use-linker-plugin -flto-partition=none line 23 y == 117
FAIL: gcc.dg/guality/pr54519-3.c -O2 -flto -fno-use-linker-plugin -flto-partition=none line 23 y == 117
FAIL: gcc.dg/guality/pr54519-3.c -O2 -flto -fno-use-linker-plugin -flto-partition=none line 23 z == 8
FAIL: gcc.dg/guality/pr54519-3.c -O2 -flto -fno-use-linker-plugin -flto-partition=none line 23 z == 8
FAIL: gcc.dg/guality/pr54519-3.c -O2 -flto -fuse-linker-plugin -fno-fat-lto-objects line 20 x == 36
FAIL: gcc.dg/guality/pr54519-3.c -O2 -flto -fuse-linker-plugin -fno-fat-lto-objects line 20 x == 36
FAIL: gcc.dg/guality/pr54519-3.c -O2 -flto -fuse-linker-plugin -fno-fat-lto-objects line 20 y == 25
FAIL: gcc.dg/guality/pr54519-3.c -O2 -flto -fuse-linker-plugin -fno-fat-lto-objects line 20 y == 25
FAIL: gcc.dg/guality/pr54519-3.c -O2 -flto -fuse-linker-plugin -fno-fat-lto-objects line 20 z == 6
FAIL: gcc.dg/guality/pr54519-3.c -O2 -flto -fuse-linker-plugin -fno-fat-lto-objects line 20 z == 6
FAIL: gcc.dg/guality/pr54519-3.c -O2 -flto -fuse-linker-plugin -fno-fat-lto-objects line 23 x == 98
FAIL: gcc.dg/guality/pr54519-3.c -O2 -flto -fuse-linker-plugin -fno-fat-lto-objects line 23 x == 98
FAIL: gcc.dg/guality/pr54519-3.c -O2 -flto -fuse-linker-plugin -fno-fat-lto-objects line 23 y == 117
FAIL: gcc.dg/guality/pr54519-3.c -O2 -flto -fuse-linker-plugin -fno-fat-lto-objects line 23 y == 117
FAIL: gcc.dg/guality/pr54519-3.c -O2 -flto -fuse-linker-plugin -fno-fat-lto-objects line 23 z == 8
FAIL: gcc.dg/guality/pr54519-3.c -O2 -flto -fuse-linker-plugin -fno-fat-lto-objects line 23 z == 8
FAIL: gcc.dg/guality/pr54519-4.c -O2 -flto -fno-use-linker-plugin -flto-partition=none line 17 y == 25
FAIL: gcc.dg/guality/pr54519-4.c -O2 -flto -fno-use-linker-plugin -flto-partition=none line 17 y == 25
FAIL: gcc.dg/guality/pr54519-4.c -O2 -flto -fuse-linker-plugin -fno-fat-lto-objects line 17 x == 6
FAIL: gcc.dg/guality/pr54519-4.c -O2 -flto -fuse-linker-plugin -fno-fat-lto-objects line 17 x == 6
FAIL: gcc.dg/guality/pr54519-4.c -O2 -flto -fuse-linker-plugin -fno-fat-lto-objects line 17 y == 25
FAIL: gcc.dg/guality/pr54519-4.c -O2 -flto -fuse-linker-plugin -fno-fat-lto-objects line 17 y == 25
FAIL: gcc.dg/guality/pr54519-5.c -O2 line 17 x == 6
FAIL: gcc.dg/guality/pr54519-5.c -O2 line 17 x == 6
FAIL: gcc.dg/guality/pr54519-5.c -O2 -flto -fno-use-linker-plugin -flto-partition=none line 17 x == 6
FAIL: gcc.dg/guality/pr54519-5.c -O2 -flto -fno-use-linker-plugin -flto-partition=none line 17 x == 6
FAIL: gcc.dg/guality/pr54519-5.c -O2 -flto -fno-use-linker-plugin -flto-partition=none line 17 y == 25
FAIL: gcc.dg/guality/pr54519-5.c -O2 -flto -fno-use-linker-plugin -flto-partition=none line 17 y == 25
FAIL: gcc.dg/guality/pr54519-5.c -O2 -flto -fuse-linker-plugin -fno-fat-lto-objects line 17 y == 25
FAIL: gcc.dg/guality/pr54519-5.c -O2 -flto -fuse-linker-plugin -fno-fat-lto-objects line 17 y == 25
FAIL: gcc.dg/guality/sra-1.c -O1 line 43 a.i == 4
FAIL: gcc.dg/guality/sra-1.c -O1 line 43 a.i == 4
FAIL: gcc.dg/guality/sra-1.c -O2 line 21 a.i == 4
FAIL: gcc.dg/guality/sra-1.c -O2 line 21 a.i == 4
FAIL: gcc.dg/guality/sra-1.c -O2 line 21 a.j == 14
FAIL: gcc.dg/guality/sra-1.c -O2 line 21 a.j == 14
FAIL: gcc.dg/guality/sra-1.c -O2 line 43 a.i == 4
FAIL: gcc.dg/guality/sra-1.c -O2 line 43 a.i == 4
FAIL: gcc.dg/guality/sra-1.c -O2 line 43 a.j == 14
FAIL: gcc.dg/guality/sra-1.c -O2 line 43 a.j == 14
FAIL: gcc.dg/guality/sra-1.c -O2 -flto -fno-use-linker-plugin -flto-partition=none line 21 a.i == 4
FAIL: gcc.dg/guality/sra-1.c -O2 -flto -fno-use-linker-plugin -flto-partition=none line 21 a.i == 4
FAIL: gcc.dg/guality/sra-1.c -O2 -flto -fno-use-linker-plugin -flto-partition=none line 21 a.j == 14
FAIL: gcc.dg/guality/sra-1.c -O2 -flto -fno-use-linker-plugin -flto-partition=none line 21 a.j == 14
FAIL: gcc.dg/guality/sra-1.c -O2 -flto -fno-use-linker-plugin -flto-partition=none line 43 a.i == 4
FAIL: gcc.dg/guality/sra-1.c -O2 -flto -fno-use-linker-plugin -flto-partition=none line 43 a.i == 4
FAIL: gcc.dg/guality/sra-1.c -O2 -flto -fno-use-linker-plugin -flto-partition=none line 43 a.j == 14
FAIL: gcc.dg/guality/sra-1.c -O2 -flto -fno-use-linker-plugin -flto-partition=none line 43 a.j == 14
FAIL: gcc.dg/guality/sra-1.c -O2 -flto -fuse-linker-plugin -fno-fat-lto-objects line 21 a.i == 4
FAIL: gcc.dg/guality/sra-1.c -O2 -flto -fuse-linker-plugin -fno-fat-lto-objects line 21 a.i == 4
FAIL: gcc.dg/guality/sra-1.c -O2 -flto -fuse-linker-plugin -fno-fat-lto-objects line 21 a.j == 14
FAIL: gcc.dg/guality/sra-1.c -O2 -flto -fuse-linker-plugin -fno-fat-lto-objects line 21 a.j == 14
FAIL: gcc.dg/guality/sra-1.c -O2 -flto -fuse-linker-plugin -fno-fat-lto-objects line 43 a.i == 4
FAIL: gcc.dg/guality/sra-1.c -O2 -flto -fuse-linker-plugin -fno-fat-lto-objects line 43 a.i == 4
FAIL: gcc.dg/guality/sra-1.c -O2 -flto -fuse-linker-plugin -fno-fat-lto-objects line 43 a.j == 14
FAIL: gcc.dg/guality/sra-1.c -O2 -flto -fuse-linker-plugin -fno-fat-lto-objects line 43 a.j == 14
FAIL: gcc.dg/guality/sra-1.c -O3 -fomit-frame-pointer line 21 a.i == 4
FAIL: gcc.dg/guality/sra-1.c -O3 -fomit-frame-pointer line 21 a.i == 4
FAIL: gcc.dg/guality/sra-1.c -O3 -fomit-frame-pointer line 21 a.j == 14
FAIL: gcc.dg/guality/sra-1.c -O3 -fomit-frame-pointer line 21 a.j == 14
FAIL: gcc.dg/guality/sra-1.c -O3 -fomit-frame-pointer line 43 a.i == 4
FAIL: gcc.dg/guality/sra-1.c -O3 -fomit-frame-pointer line 43 a.i == 4
FAIL: gcc.dg/guality/sra-1.c -O3 -fomit-frame-pointer line 43 a.j == 14
FAIL: gcc.dg/guality/sra-1.c -O3 -fomit-frame-pointer line 43 a.j == 14
FAIL: gcc.dg/guality/sra-1.c -O3 -g line 21 a.i == 4
FAIL: gcc.dg/guality/sra-1.c -O3 -g line 21 a.i == 4
FAIL: gcc.dg/guality/sra-1.c -O3 -g line 21 a.j == 14
FAIL: gcc.dg/guality/sra-1.c -O3 -g line 21 a.j == 14
FAIL: gcc.dg/guality/sra-1.c -O3 -g line 43 a.i == 4
FAIL: gcc.dg/guality/sra-1.c -O3 -g line 43 a.i == 4
FAIL: gcc.dg/guality/sra-1.c -O3 -g line 43 a.j == 14
FAIL: gcc.dg/guality/sra-1.c -O3 -g line 43 a.j == 14
FAIL: gcc.dg/guality/sra-1.c -Os line 21 a.i == 4
FAIL: gcc.dg/guality/sra-1.c -Os line 21 a.i == 4
FAIL: gcc.dg/guality/sra-1.c -Os line 21 a.j == 14
FAIL: gcc.dg/guality/sra-1.c -Os line 21 a.j == 14
FAIL: gcc.dg/guality/sra-1.c -Os line 43 a.i == 4
FAIL: gcc.dg/guality/sra-1.c -Os line 43 a.i == 4
FAIL: gcc.dg/guality/sra-1.c -Os line 43 a.j == 14
FAIL: gcc.dg/guality/sra-1.c -Os line 43 a.j == 14
FAIL: gcc.dg/guality/vla-1.c -O0 line 17 sizeof (a) == 6
FAIL: gcc.dg/guality/vla-1.c -O0 line 17 sizeof (a) == 6
FAIL: gcc.dg/guality/vla-1.c -O0 line 24 sizeof (a) == 17 * sizeof (short)
FAIL: gcc.dg/guality/vla-1.c -O0 line 24 sizeof (a) == 17 * sizeof (short)
FAIL: gcc.dg/guality/vla-1.c -O1 line 17 sizeof (a) == 6
FAIL: gcc.dg/guality/vla-1.c -O1 line 17 sizeof (a) == 6
FAIL: gcc.dg/guality/vla-1.c -O1 line 24 sizeof (a) == 17 * sizeof (short)
FAIL: gcc.dg/guality/vla-1.c -O1 line 24 sizeof (a) == 17 * sizeof (short)
FAIL: gcc.dg/guality/vla-1.c -O2 line 17 sizeof (a) == 6
FAIL: gcc.dg/guality/vla-1.c -O2 line 17 sizeof (a) == 6
FAIL: gcc.dg/guality/vla-1.c -O2 line 24 sizeof (a) == 17 * sizeof (short)
FAIL: gcc.dg/guality/vla-1.c -O2 line 24 sizeof (a) == 17 * sizeof (short)
FAIL: gcc.dg/guality/vla-1.c -O2 -flto -fno-use-linker-plugin -flto-partition=none line 17 sizeof (a) == 6
FAIL: gcc.dg/guality/vla-1.c -O2 -flto -fno-use-linker-plugin -flto-partition=none line 17 sizeof (a) == 6
FAIL: gcc.dg/guality/vla-1.c -O2 -flto -fno-use-linker-plugin -flto-partition=none line 24 sizeof (a) == 17 * sizeof (short)
FAIL: gcc.dg/guality/vla-1.c -O2 -flto -fno-use-linker-plugin -flto-partition=none line 24 sizeof (a) == 17 * sizeof (short)
FAIL: gcc.dg/guality/vla-1.c -O2 -flto -fuse-linker-plugin -fno-fat-lto-objects line 17 sizeof (a) == 6
FAIL: gcc.dg/guality/vla-1.c -O2 -flto -fuse-linker-plugin -fno-fat-lto-objects line 17 sizeof (a) == 6
FAIL: gcc.dg/guality/vla-1.c -O2 -flto -fuse-linker-plugin -fno-fat-lto-objects line 24 sizeof (a) == 17 * sizeof (short)
FAIL: gcc.dg/guality/vla-1.c -O2 -flto -fuse-linker-plugin -fno-fat-lto-objects line 24 sizeof (a) == 17 * sizeof (short)
FAIL: gcc.dg/guality/vla-1.c -O3 -fomit-frame-pointer line 17 sizeof (a) == 6
FAIL: gcc.dg/guality/vla-1.c -O3 -fomit-frame-pointer line 17 sizeof (a) == 6
FAIL: gcc.dg/guality/vla-1.c -O3 -fomit-frame-pointer line 24 sizeof (a) == 17 * sizeof (short)
FAIL: gcc.dg/guality/vla-1.c -O3 -fomit-frame-pointer line 24 sizeof (a) == 17 * sizeof (short)
FAIL: gcc.dg/guality/vla-1.c -O3 -g line 17 sizeof (a) == 6
FAIL: gcc.dg/guality/vla-1.c -O3 -g line 17 sizeof (a) == 6
FAIL: gcc.dg/guality/vla-1.c -O3 -g line 24 sizeof (a) == 17 * sizeof (short)
FAIL: gcc.dg/guality/vla-1.c -O3 -g line 24 sizeof (a) == 17 * sizeof (short)
FAIL: gcc.dg/guality/vla-1.c -Os line 17 sizeof (a) == 6
FAIL: gcc.dg/guality/vla-1.c -Os line 17 sizeof (a) == 6
FAIL: gcc.dg/guality/vla-1.c -Os line 24 sizeof (a) == 17 * sizeof (short)
FAIL: gcc.dg/guality/vla-1.c -Os line 24 sizeof (a) == 17 * sizeof (short)
FAIL: gcc.dg/guality/vla-2.c -O0 line 16 sizeof (a) == 5 * sizeof (int)
FAIL: gcc.dg/guality/vla-2.c -O0 line 16 sizeof (a) == 5 * sizeof (int)
FAIL: gcc.dg/guality/vla-2.c -O0 line 25 sizeof (a) == 6 * sizeof (int)
FAIL: gcc.dg/guality/vla-2.c -O0 line 25 sizeof (a) == 6 * sizeof (int)
FAIL: gcc.dg/guality/vla-2.c -O1 line 16 sizeof (a) == 5 * sizeof (int)
FAIL: gcc.dg/guality/vla-2.c -O1 line 16 sizeof (a) == 5 * sizeof (int)
FAIL: gcc.dg/guality/vla-2.c -O1 line 25 sizeof (a) == 6 * sizeof (int)
FAIL: gcc.dg/guality/vla-2.c -O1 line 25 sizeof (a) == 6 * sizeof (int)
FAIL: gcc.dg/guality/vla-2.c -O2 line 16 sizeof (a) == 5 * sizeof (int)
FAIL: gcc.dg/guality/vla-2.c -O2 line 16 sizeof (a) == 5 * sizeof (int)
FAIL: gcc.dg/guality/vla-2.c -O2 line 25 sizeof (a) == 6 * sizeof (int)
FAIL: gcc.dg/guality/vla-2.c -O2 line 25 sizeof (a) == 6 * sizeof (int)
FAIL: gcc.dg/guality/vla-2.c -O2 -flto -fno-use-linker-plugin -flto-partition=none line 16 sizeof (a) == 5 * sizeof (int)
FAIL: gcc.dg/guality/vla-2.c -O2 -flto -fno-use-linker-plugin -flto-partition=none line 16 sizeof (a) == 5 * sizeof (int)
FAIL: gcc.dg/guality/vla-2.c -O2 -flto -fno-use-linker-plugin -flto-partition=none line 25 sizeof (a) == 6 * sizeof (int)
FAIL: gcc.dg/guality/vla-2.c -O2 -flto -fno-use-linker-plugin -flto-partition=none line 25 sizeof (a) == 6 * sizeof (int)
FAIL: gcc.dg/guality/vla-2.c -O2 -flto -fuse-linker-plugin -fno-fat-lto-objects line 16 sizeof (a) == 5 * sizeof (int)
FAIL: gcc.dg/guality/vla-2.c -O2 -flto -fuse-linker-plugin -fno-fat-lto-objects line 16 sizeof (a) == 5 * sizeof (int)
FAIL: gcc.dg/guality/vla-2.c -O2 -flto -fuse-linker-plugin -fno-fat-lto-objects line 25 sizeof (a) == 6 * sizeof (int)
FAIL: gcc.dg/guality/vla-2.c -O2 -flto -fuse-linker-plugin -fno-fat-lto-objects line 25 sizeof (a) == 6 * sizeof (int)
FAIL: gcc.dg/guality/vla-2.c -O3 -fomit-frame-pointer line 16 sizeof (a) == 5 * sizeof (int)
FAIL: gcc.dg/guality/vla-2.c -O3 -fomit-frame-pointer line 16 sizeof (a) == 5 * sizeof (int)
FAIL: gcc.dg/guality/vla-2.c -O3 -fomit-frame-pointer line 25 sizeof (a) == 6 * sizeof (int)
FAIL: gcc.dg/guality/vla-2.c -O3 -fomit-frame-pointer line 25 sizeof (a) == 6 * sizeof (int)
FAIL: gcc.dg/guality/vla-2.c -O3 -g line 16 sizeof (a) == 5 * sizeof (int)
FAIL: gcc.dg/guality/vla-2.c -O3 -g line 16 sizeof (a) == 5 * sizeof (int)
FAIL: gcc.dg/guality/vla-2.c -O3 -g line 25 sizeof (a) == 6 * sizeof (int)
FAIL: gcc.dg/guality/vla-2.c -O3 -g line 25 sizeof (a) == 6 * sizeof (int)
FAIL: gcc.dg/guality/vla-2.c -Os line 16 sizeof (a) == 5 * sizeof (int)
FAIL: gcc.dg/guality/vla-2.c -Os line 16 sizeof (a) == 5 * sizeof (int)
FAIL: gcc.dg/guality/vla-2.c -Os line 25 sizeof (a) == 6 * sizeof (int)
FAIL: gcc.dg/guality/vla-2.c -Os line 25 sizeof (a) == 6 * sizeof (int)
FAIL: gcc.dg/tm/pr52141.c (test for errors, line 7)
FAIL: gcc.dg/tm/pr52141.c (test for errors, line 7)
FAIL: gcc.dg/tm/pr52141.c (test for warnings, line )
FAIL: gcc.dg/tm/pr52141.c (test for warnings, line )
FAIL: gcc.dg/tm/pr52141.c (internal compiler error)
FAIL: gcc.dg/tm/pr52141.c (internal compiler error)
FAIL: gcc.dg/tm/pr52141.c (test for excess errors)
FAIL: gcc.dg/tm/pr52141.c (test for excess errors)
FAIL: gcc.dg/torture/Wsizeof-pointer-memaccess1.c -O2 (internal compiler error)
FAIL: gcc.dg/torture/Wsizeof-pointer-memaccess1.c -O2 (internal compiler error)
FAIL: gcc.dg/torture/Wsizeof-pointer-memaccess1.c -O2 (test for excess errors)
FAIL: gcc.dg/torture/Wsizeof-pointer-memaccess1.c -O2 (test for excess errors)
FAIL: gcc.dg/tree-prof/stringop-2.c compilation, -fprofile-generate -D_PROFILE_GENERATE
FAIL: gcc.dg/tree-prof/stringop-2.c compilation, -fprofile-generate -D_PROFILE_GENERATE
UNRESOLVED: gcc.dg/tree-prof/stringop-2.c compilation, -fprofile-use -D_PROFILE_USE
UNRESOLVED: gcc.dg/tree-prof/stringop-2.c compilation, -fprofile-use -D_PROFILE_USE
UNRESOLVED: gcc.dg/tree-prof/stringop-2.c execution, -fprofile-generate -D_PROFILE_GENERATE
UNRESOLVED: gcc.dg/tree-prof/stringop-2.c execution, -fprofile-generate -D_PROFILE_GENERATE
UNRESOLVED: gcc.dg/tree-prof/stringop-2.c execution, -fprofile-use -D_PROFILE_USE
UNRESOLVED: gcc.dg/tree-prof/stringop-2.c execution, -fprofile-use -D_PROFILE_USE
FAIL: gcc.dg/tree-ssa/forwprop-29.c (test for errors, line 21)
FAIL: gcc.dg/tree-ssa/forwprop-29.c (test for errors, line 21)
FAIL: gcc.dg/tree-ssa/forwprop-29.c (internal compiler error)
FAIL: gcc.dg/tree-ssa/forwprop-29.c (internal compiler error)
FAIL: gcc.dg/tree-ssa/forwprop-29.c (test for excess errors)
FAIL: gcc.dg/tree-ssa/forwprop-29.c (test for excess errors)
FAIL: gcc.target/mips/branch-1.c -O2 scan-assembler \\tandi\\t.*\\tandi\\t.*\\tandi\\t.*\\tandi\\t
FAIL: gcc.target/mips/branch-1.c -O2 scan-assembler \\tandi\\t.*\\tandi\\t.*\\tandi\\t.*\\tandi\\t
FAIL: gcc.target/mips/branch-1.c -O2 -flto -fno-use-linker-plugin -flto-partition=none scan-assembler \\tandi\\t.*\\tandi\\t.*\\tandi\\t.*\\tandi\\t
FAIL: gcc.target/mips/branch-1.c -O2 -flto -fno-use-linker-plugin -flto-partition=none scan-assembler \\tandi\\t.*\\tandi\\t.*\\tandi\\t.*\\tandi\\t
FAIL: gcc.target/mips/branch-1.c -O2 -flto -fuse-linker-plugin -fno-fat-lto-objects scan-assembler \\tandi\\t.*\\tandi\\t.*\\tandi\\t.*\\tandi\\t
FAIL: gcc.target/mips/branch-1.c -O2 -flto -fuse-linker-plugin -fno-fat-lto-objects scan-assembler \\tandi\\t.*\\tandi\\t.*\\tandi\\t.*\\tandi\\t
FAIL: gcc.target/mips/branch-1.c -Os scan-assembler \\tandi\\t.*\\tandi\\t.*\\tandi\\t.*\\tandi\\t
FAIL: gcc.target/mips/branch-1.c -Os scan-assembler \\tandi\\t.*\\tandi\\t.*\\tandi\\t.*\\tandi\\t
XPASS: gcc.target/mips/dspr2-MULT.c -O2 scan-assembler \\\\\$ac1
XPASS: gcc.target/mips/dspr2-MULT.c -O2 scan-assembler \\\\\$ac1
XPASS: gcc.target/mips/dspr2-MULT.c -O2 -flto -fno-use-linker-plugin -flto-partition=none scan-assembler \\\\\$ac1
XPASS: gcc.target/mips/dspr2-MULT.c -O2 -flto -fno-use-linker-plugin -flto-partition=none scan-assembler \\\\\$ac1
XPASS: gcc.target/mips/dspr2-MULT.c -O2 -flto -fuse-linker-plugin -fno-fat-lto-objects scan-assembler \\\\\$ac1
XPASS: gcc.target/mips/dspr2-MULT.c -O2 -flto -fuse-linker-plugin -fno-fat-lto-objects scan-assembler \\\\\$ac1
XPASS: gcc.target/mips/dspr2-MULT.c -O3 -fomit-frame-pointer scan-assembler \\\\\$ac1
XPASS: gcc.target/mips/dspr2-MULT.c -O3 -fomit-frame-pointer scan-assembler \\\\\$ac1
XPASS: gcc.target/mips/dspr2-MULT.c -O3 -g scan-assembler \\\\\$ac1
XPASS: gcc.target/mips/dspr2-MULT.c -O3 -g scan-assembler \\\\\$ac1
XPASS: gcc.target/mips/dspr2-MULTU.c -O2 scan-assembler \\\\\$ac1
XPASS: gcc.target/mips/dspr2-MULTU.c -O2 scan-assembler \\\\\$ac1
XPASS: gcc.target/mips/dspr2-MULTU.c -O2 -flto -fno-use-linker-plugin -flto-partition=none scan-assembler \\\\\$ac1
XPASS: gcc.target/mips/dspr2-MULTU.c -O2 -flto -fno-use-linker-plugin -flto-partition=none scan-assembler \\\\\$ac1
XPASS: gcc.target/mips/dspr2-MULTU.c -O2 -flto -fuse-linker-plugin -fno-fat-lto-objects scan-assembler \\\\\$ac1
XPASS: gcc.target/mips/dspr2-MULTU.c -O2 -flto -fuse-linker-plugin -fno-fat-lto-objects scan-assembler \\\\\$ac1
XPASS: gcc.target/mips/dspr2-MULTU.c -O3 -fomit-frame-pointer scan-assembler \\\\\$ac1
XPASS: gcc.target/mips/dspr2-MULTU.c -O3 -fomit-frame-pointer scan-assembler \\\\\$ac1
XPASS: gcc.target/mips/dspr2-MULTU.c -O3 -g scan-assembler \\\\\$ac1
XPASS: gcc.target/mips/dspr2-MULTU.c -O3 -g scan-assembler \\\\\$ac1
FAIL: gcc.target/mips/fabs-2008.c -O0 (test for excess errors)
FAIL: gcc.target/mips/fabs-2008.c -O0 (test for excess errors)
FAIL: gcc.target/mips/fabs-2008.c -O1 (test for excess errors)
FAIL: gcc.target/mips/fabs-2008.c -O1 (test for excess errors)
FAIL: gcc.target/mips/fabs-2008.c -O2 (test for excess errors)
FAIL: gcc.target/mips/fabs-2008.c -O2 (test for excess errors)
FAIL: gcc.target/mips/fabs-2008.c -O2 -flto -fno-use-linker-plugin -flto-partition=none (test for excess errors)
FAIL: gcc.target/mips/fabs-2008.c -O2 -flto -fno-use-linker-plugin -flto-partition=none (test for excess errors)
FAIL: gcc.target/mips/fabs-2008.c -O2 -flto -fuse-linker-plugin -fno-fat-lto-objects (test for excess errors)
FAIL: gcc.target/mips/fabs-2008.c -O2 -flto -fuse-linker-plugin -fno-fat-lto-objects (test for excess errors)
FAIL: gcc.target/mips/fabs-2008.c -O3 -fomit-frame-pointer (test for excess errors)
FAIL: gcc.target/mips/fabs-2008.c -O3 -fomit-frame-pointer (test for excess errors)
FAIL: gcc.target/mips/fabs-2008.c -O3 -g (test for excess errors)
FAIL: gcc.target/mips/fabs-2008.c -O3 -g (test for excess errors)
FAIL: gcc.target/mips/fabs-2008.c -Os (test for excess errors)
FAIL: gcc.target/mips/fabs-2008.c -Os (test for excess errors)
FAIL: gcc.target/mips/fabsf-2008.c -O0 (test for excess errors)
FAIL: gcc.target/mips/fabsf-2008.c -O0 (test for excess errors)
FAIL: gcc.target/mips/fabsf-2008.c -O1 (test for excess errors)
FAIL: gcc.target/mips/fabsf-2008.c -O1 (test for excess errors)
FAIL: gcc.target/mips/fabsf-2008.c -O2 (test for excess errors)
FAIL: gcc.target/mips/fabsf-2008.c -O2 (test for excess errors)
FAIL: gcc.target/mips/fabsf-2008.c -O2 -flto -fno-use-linker-plugin -flto-partition=none (test for excess errors)
FAIL: gcc.target/mips/fabsf-2008.c -O2 -flto -fno-use-linker-plugin -flto-partition=none (test for excess errors)
FAIL: gcc.target/mips/fabsf-2008.c -O2 -flto -fuse-linker-plugin -fno-fat-lto-objects (test for excess errors)
FAIL: gcc.target/mips/fabsf-2008.c -O2 -flto -fuse-linker-plugin -fno-fat-lto-objects (test for excess errors)
FAIL: gcc.target/mips/fabsf-2008.c -O3 -fomit-frame-pointer (test for excess errors)
FAIL: gcc.target/mips/fabsf-2008.c -O3 -fomit-frame-pointer (test for excess errors)
FAIL: gcc.target/mips/fabsf-2008.c -O3 -g (test for excess errors)
FAIL: gcc.target/mips/fabsf-2008.c -O3 -g (test for excess errors)
FAIL: gcc.target/mips/fabsf-2008.c -Os (test for excess errors)
FAIL: gcc.target/mips/fabsf-2008.c -Os (test for excess errors)
FAIL: gcc.target/mips/fneg-2008.c -O0 (test for excess errors)
FAIL: gcc.target/mips/fneg-2008.c -O0 (test for excess errors)
FAIL: gcc.target/mips/fneg-2008.c -O1 (test for excess errors)
FAIL: gcc.target/mips/fneg-2008.c -O1 (test for excess errors)
FAIL: gcc.target/mips/fneg-2008.c -O2 (test for excess errors)
FAIL: gcc.target/mips/fneg-2008.c -O2 (test for excess errors)
FAIL: gcc.target/mips/fneg-2008.c -O2 -flto -fno-use-linker-plugin -flto-partition=none (test for excess errors)
FAIL: gcc.target/mips/fneg-2008.c -O2 -flto -fno-use-linker-plugin -flto-partition=none (test for excess errors)
FAIL: gcc.target/mips/fneg-2008.c -O2 -flto -fuse-linker-plugin -fno-fat-lto-objects (test for excess errors)
FAIL: gcc.target/mips/fneg-2008.c -O2 -flto -fuse-linker-plugin -fno-fat-lto-objects (test for excess errors)
FAIL: gcc.target/mips/fneg-2008.c -O3 -fomit-frame-pointer (test for excess errors)
FAIL: gcc.target/mips/fneg-2008.c -O3 -fomit-frame-pointer (test for excess errors)
FAIL: gcc.target/mips/fneg-2008.c -O3 -g (test for excess errors)
FAIL: gcc.target/mips/fneg-2008.c -O3 -g (test for excess errors)
FAIL: gcc.target/mips/fneg-2008.c -Os (test for excess errors)
FAIL: gcc.target/mips/fneg-2008.c -Os (test for excess errors)
FAIL: gcc.target/mips/fnegf-2008.c -O0 (test for excess errors)
FAIL: gcc.target/mips/fnegf-2008.c -O0 (test for excess errors)
FAIL: gcc.target/mips/fnegf-2008.c -O1 (test for excess errors)
FAIL: gcc.target/mips/fnegf-2008.c -O1 (test for excess errors)
FAIL: gcc.target/mips/fnegf-2008.c -O2 (test for excess errors)
FAIL: gcc.target/mips/fnegf-2008.c -O2 (test for excess errors)
FAIL: gcc.target/mips/fnegf-2008.c -O2 -flto -fno-use-linker-plugin -flto-partition=none (test for excess errors)
FAIL: gcc.target/mips/fnegf-2008.c -O2 -flto -fno-use-linker-plugin -flto-partition=none (test for excess errors)
FAIL: gcc.target/mips/fnegf-2008.c -O2 -flto -fuse-linker-plugin -fno-fat-lto-objects (test for excess errors)
FAIL: gcc.target/mips/fnegf-2008.c -O2 -flto -fuse-linker-plugin -fno-fat-lto-objects (test for excess errors)
FAIL: gcc.target/mips/fnegf-2008.c -O3 -fomit-frame-pointer (test for excess errors)
FAIL: gcc.target/mips/fnegf-2008.c -O3 -fomit-frame-pointer (test for excess errors)
FAIL: gcc.target/mips/fnegf-2008.c -O3 -g (test for excess errors)
FAIL: gcc.target/mips/fnegf-2008.c -O3 -g (test for excess errors)
FAIL: gcc.target/mips/fnegf-2008.c -Os (test for excess errors)
FAIL: gcc.target/mips/fnegf-2008.c -Os (test for excess errors)
FAIL: gcc.target/mips/mips-sched-madd.c -O2 scan-assembler \\tmult\\t
FAIL: gcc.target/mips/mips-sched-madd.c -O2 scan-assembler \\tmult\\t
FAIL: gcc.target/mips/mips-sched-madd.c -O2 -flto -fno-use-linker-plugin -flto-partition=none scan-assembler \\tmult\\t
FAIL: gcc.target/mips/mips-sched-madd.c -O2 -flto -fno-use-linker-plugin -flto-partition=none scan-assembler \\tmult\\t
FAIL: gcc.target/mips/mips-sched-madd.c -O2 -flto -fuse-linker-plugin -fno-fat-lto-objects scan-assembler \\tmult\\t
FAIL: gcc.target/mips/mips-sched-madd.c -O2 -flto -fuse-linker-plugin -fno-fat-lto-objects scan-assembler \\tmult\\t
FAIL: gcc.target/mips/mips-sched-madd.c -O3 -fomit-frame-pointer scan-assembler \\tmult\\t
FAIL: gcc.target/mips/mips-sched-madd.c -O3 -fomit-frame-pointer scan-assembler \\tmult\\t
FAIL: gcc.target/mips/mips-sched-madd.c -O3 -g scan-assembler \\tmult\\t
FAIL: gcc.target/mips/mips-sched-madd.c -O3 -g scan-assembler \\tmult\\t
FAIL: gcc.target/mips/nan-2008.c -O0 (test for excess errors)
FAIL: gcc.target/mips/nan-2008.c -O0 (test for excess errors)
FAIL: gcc.target/mips/nan-2008.c -O1 (test for excess errors)
FAIL: gcc.target/mips/nan-2008.c -O1 (test for excess errors)
FAIL: gcc.target/mips/nan-2008.c -O2 (test for excess errors)
FAIL: gcc.target/mips/nan-2008.c -O2 (test for excess errors)
FAIL: gcc.target/mips/nan-2008.c -O2 -flto -fno-use-linker-plugin -flto-partition=none (test for excess errors)
FAIL: gcc.target/mips/nan-2008.c -O2 -flto -fno-use-linker-plugin -flto-partition=none (test for excess errors)
FAIL: gcc.target/mips/nan-2008.c -O2 -flto -fuse-linker-plugin -fno-fat-lto-objects (test for excess errors)
FAIL: gcc.target/mips/nan-2008.c -O2 -flto -fuse-linker-plugin -fno-fat-lto-objects (test for excess errors)
FAIL: gcc.target/mips/nan-2008.c -O3 -fomit-frame-pointer (test for excess errors)
FAIL: gcc.target/mips/nan-2008.c -O3 -fomit-frame-pointer (test for excess errors)
FAIL: gcc.target/mips/nan-2008.c -O3 -g (test for excess errors)
FAIL: gcc.target/mips/nan-2008.c -O3 -g (test for excess errors)
FAIL: gcc.target/mips/nan-2008.c -Os (test for excess errors)
FAIL: gcc.target/mips/nan-2008.c -Os (test for excess errors)
FAIL: gcc.target/mips/nanf-2008.c -O0 (test for excess errors)
FAIL: gcc.target/mips/nanf-2008.c -O0 (test for excess errors)
FAIL: gcc.target/mips/nanf-2008.c -O1 (test for excess errors)
FAIL: gcc.target/mips/nanf-2008.c -O1 (test for excess errors)
FAIL: gcc.target/mips/nanf-2008.c -O2 (test for excess errors)
FAIL: gcc.target/mips/nanf-2008.c -O2 (test for excess errors)
FAIL: gcc.target/mips/nanf-2008.c -O2 -flto -fno-use-linker-plugin -flto-partition=none (test for excess errors)
FAIL: gcc.target/mips/nanf-2008.c -O2 -flto -fno-use-linker-plugin -flto-partition=none (test for excess errors)
FAIL: gcc.target/mips/nanf-2008.c -O2 -flto -fuse-linker-plugin -fno-fat-lto-objects (test for excess errors)
FAIL: gcc.target/mips/nanf-2008.c -O2 -flto -fuse-linker-plugin -fno-fat-lto-objects (test for excess errors)
FAIL: gcc.target/mips/nanf-2008.c -O3 -fomit-frame-pointer (test for excess errors)
FAIL: gcc.target/mips/nanf-2008.c -O3 -fomit-frame-pointer (test for excess errors)
FAIL: gcc.target/mips/nanf-2008.c -O3 -g (test for excess errors)
FAIL: gcc.target/mips/nanf-2008.c -O3 -g (test for excess errors)
FAIL: gcc.target/mips/nanf-2008.c -Os (test for excess errors)
FAIL: gcc.target/mips/nanf-2008.c -Os (test for excess errors)
FAIL: gcc.target/mips/nans-2008.c -O0 (test for excess errors)
FAIL: gcc.target/mips/nans-2008.c -O0 (test for excess errors)
FAIL: gcc.target/mips/nans-2008.c -O1 (test for excess errors)
FAIL: gcc.target/mips/nans-2008.c -O1 (test for excess errors)
FAIL: gcc.target/mips/nans-2008.c -O2 (test for excess errors)
FAIL: gcc.target/mips/nans-2008.c -O2 (test for excess errors)
FAIL: gcc.target/mips/nans-2008.c -O2 -flto -fno-use-linker-plugin -flto-partition=none (test for excess errors)
FAIL: gcc.target/mips/nans-2008.c -O2 -flto -fno-use-linker-plugin -flto-partition=none (test for excess errors)
FAIL: gcc.target/mips/nans-2008.c -O2 -flto -fuse-linker-plugin -fno-fat-lto-objects (test for excess errors)
FAIL: gcc.target/mips/nans-2008.c -O2 -flto -fuse-linker-plugin -fno-fat-lto-objects (test for excess errors)
FAIL: gcc.target/mips/nans-2008.c -O3 -fomit-frame-pointer (test for excess errors)
FAIL: gcc.target/mips/nans-2008.c -O3 -fomit-frame-pointer (test for excess errors)
FAIL: gcc.target/mips/nans-2008.c -O3 -g (test for excess errors)
FAIL: gcc.target/mips/nans-2008.c -O3 -g (test for excess errors)
FAIL: gcc.target/mips/nans-2008.c -Os (test for excess errors)
FAIL: gcc.target/mips/nans-2008.c -Os (test for excess errors)
FAIL: gcc.target/mips/nansf-2008.c -O0 (test for excess errors)
FAIL: gcc.target/mips/nansf-2008.c -O0 (test for excess errors)
FAIL: gcc.target/mips/nansf-2008.c -O1 (test for excess errors)
FAIL: gcc.target/mips/nansf-2008.c -O1 (test for excess errors)
FAIL: gcc.target/mips/nansf-2008.c -O2 (test for excess errors)
FAIL: gcc.target/mips/nansf-2008.c -O2 (test for excess errors)
FAIL: gcc.target/mips/nansf-2008.c -O2 -flto -fno-use-linker-plugin -flto-partition=none (test for excess errors)
FAIL: gcc.target/mips/nansf-2008.c -O2 -flto -fno-use-linker-plugin -flto-partition=none (test for excess errors)
FAIL: gcc.target/mips/nansf-2008.c -O2 -flto -fuse-linker-plugin -fno-fat-lto-objects (test for excess errors)
FAIL: gcc.target/mips/nansf-2008.c -O2 -flto -fuse-linker-plugin -fno-fat-lto-objects (test for excess errors)
FAIL: gcc.target/mips/nansf-2008.c -O3 -fomit-frame-pointer (test for excess errors)
FAIL: gcc.target/mips/nansf-2008.c -O3 -fomit-frame-pointer (test for excess errors)
FAIL: gcc.target/mips/nansf-2008.c -O3 -g (test for excess errors)
FAIL: gcc.target/mips/nansf-2008.c -O3 -g (test for excess errors)
FAIL: gcc.target/mips/nansf-2008.c -Os (test for excess errors)
FAIL: gcc.target/mips/nansf-2008.c -Os (test for excess errors)
FAIL: gcc.target/mips/octeon-pipe-1.c -O1 scan-rtl-dump sched2 "octeon_mult\\\\*71"
FAIL: gcc.target/mips/octeon-pipe-1.c -O1 scan-rtl-dump sched2 "octeon_mult\\\\*71"
FAIL: gcc.target/mips/octeon-pipe-1.c -O2 scan-rtl-dump sched2 "octeon_mult\\\\*71"
FAIL: gcc.target/mips/octeon-pipe-1.c -O2 scan-rtl-dump sched2 "octeon_mult\\\\*71"
FAIL: gcc.target/mips/octeon-pipe-1.c -O2 -flto -fno-use-linker-plugin -flto-partition=none scan-rtl-dump sched2 "octeon_mult\\\\*71"
FAIL: gcc.target/mips/octeon-pipe-1.c -O2 -flto -fno-use-linker-plugin -flto-partition=none scan-rtl-dump sched2 "octeon_mult\\\\*71"
FAIL: gcc.target/mips/octeon-pipe-1.c -O2 -flto -fuse-linker-plugin -fno-fat-lto-objects scan-rtl-dump sched2 "octeon_mult\\\\*71"
FAIL: gcc.target/mips/octeon-pipe-1.c -O2 -flto -fuse-linker-plugin -fno-fat-lto-objects scan-rtl-dump sched2 "octeon_mult\\\\*71"
FAIL: gcc.target/mips/octeon-pipe-1.c -O3 -fomit-frame-pointer scan-rtl-dump sched2 "octeon_mult\\\\*71"
FAIL: gcc.target/mips/octeon-pipe-1.c -O3 -fomit-frame-pointer scan-rtl-dump sched2 "octeon_mult\\\\*71"
FAIL: gcc.target/mips/octeon-pipe-1.c -O3 -g scan-rtl-dump sched2 "octeon_mult\\\\*71"
FAIL: gcc.target/mips/octeon-pipe-1.c -O3 -g scan-rtl-dump sched2 "octeon_mult\\\\*71"
FAIL: gcc.target/mips/octeon-pipe-1.c -Os scan-rtl-dump sched2 "octeon_mult\\\\*71"
FAIL: gcc.target/mips/octeon-pipe-1.c -Os scan-rtl-dump sched2 "octeon_mult\\\\*71"
FAIL: gcc.target/mips/octeon2-pipe-1.c -O1 scan-rtl-dump sched2 "octeon_mult\\\\*17"
FAIL: gcc.target/mips/octeon2-pipe-1.c -O1 scan-rtl-dump sched2 "octeon_mult\\\\*17"
FAIL: gcc.target/mips/octeon2-pipe-1.c -O2 scan-rtl-dump sched2 "octeon_mult\\\\*17"
FAIL: gcc.target/mips/octeon2-pipe-1.c -O2 scan-rtl-dump sched2 "octeon_mult\\\\*17"
FAIL: gcc.target/mips/octeon2-pipe-1.c -O2 -flto -fno-use-linker-plugin -flto-partition=none scan-rtl-dump sched2 "octeon_mult\\\\*17"
FAIL: gcc.target/mips/octeon2-pipe-1.c -O2 -flto -fno-use-linker-plugin -flto-partition=none scan-rtl-dump sched2 "octeon_mult\\\\*17"
FAIL: gcc.target/mips/octeon2-pipe-1.c -O2 -flto -fuse-linker-plugin -fno-fat-lto-objects scan-rtl-dump sched2 "octeon_mult\\\\*17"
FAIL: gcc.target/mips/octeon2-pipe-1.c -O2 -flto -fuse-linker-plugin -fno-fat-lto-objects scan-rtl-dump sched2 "octeon_mult\\\\*17"
FAIL: gcc.target/mips/octeon2-pipe-1.c -O3 -fomit-frame-pointer scan-rtl-dump sched2 "octeon_mult\\\\*17"
FAIL: gcc.target/mips/octeon2-pipe-1.c -O3 -fomit-frame-pointer scan-rtl-dump sched2 "octeon_mult\\\\*17"
FAIL: gcc.target/mips/octeon2-pipe-1.c -O3 -g scan-rtl-dump sched2 "octeon_mult\\\\*17"
FAIL: gcc.target/mips/octeon2-pipe-1.c -O3 -g scan-rtl-dump sched2 "octeon_mult\\\\*17"
FAIL: gcc.target/mips/octeon2-pipe-1.c -Os scan-rtl-dump sched2 "octeon_mult\\\\*17"
FAIL: gcc.target/mips/octeon2-pipe-1.c -Os scan-rtl-dump sched2 "octeon_mult\\\\*17"
FAIL: gcc.target/mips/octeon3-pipe-1.c -O1 scan-rtl-dump sched2 "octeon_mult\\\\*17"
FAIL: gcc.target/mips/octeon3-pipe-1.c -O1 scan-rtl-dump sched2 "octeon_mult\\\\*17"
FAIL: gcc.target/mips/octeon3-pipe-1.c -O2 scan-rtl-dump sched2 "octeon_mult\\\\*17"
FAIL: gcc.target/mips/octeon3-pipe-1.c -O2 scan-rtl-dump sched2 "octeon_mult\\\\*17"
FAIL: gcc.target/mips/octeon3-pipe-1.c -O2 -flto -fno-use-linker-plugin -flto-partition=none scan-rtl-dump sched2 "octeon_mult\\\\*17"
FAIL: gcc.target/mips/octeon3-pipe-1.c -O2 -flto -fno-use-linker-plugin -flto-partition=none scan-rtl-dump sched2 "octeon_mult\\\\*17"
FAIL: gcc.target/mips/octeon3-pipe-1.c -O2 -flto -fuse-linker-plugin -fno-fat-lto-objects scan-rtl-dump sched2 "octeon_mult\\\\*17"
FAIL: gcc.target/mips/octeon3-pipe-1.c -O2 -flto -fuse-linker-plugin -fno-fat-lto-objects scan-rtl-dump sched2 "octeon_mult\\\\*17"
FAIL: gcc.target/mips/octeon3-pipe-1.c -O3 -fomit-frame-pointer scan-rtl-dump sched2 "octeon_mult\\\\*17"
FAIL: gcc.target/mips/octeon3-pipe-1.c -O3 -fomit-frame-pointer scan-rtl-dump sched2 "octeon_mult\\\\*17"
FAIL: gcc.target/mips/octeon3-pipe-1.c -O3 -g scan-rtl-dump sched2 "octeon_mult\\\\*17"
FAIL: gcc.target/mips/octeon3-pipe-1.c -O3 -g scan-rtl-dump sched2 "octeon_mult\\\\*17"
FAIL: gcc.target/mips/octeon3-pipe-1.c -Os scan-rtl-dump sched2 "octeon_mult\\\\*17"
FAIL: gcc.target/mips/octeon3-pipe-1.c -Os scan-rtl-dump sched2 "octeon_mult\\\\*17"
FAIL: gcc.target/mips/pr55315.c -O1 scan-assembler-not \\tmove\\t\\\\\$2,\\\\\$0
FAIL: gcc.target/mips/pr55315.c -O1 scan-assembler-not \\tmove\\t\\\\\$2,\\\\\$0
FAIL: gcc.target/mips/pr55315.c -O2 scan-assembler-not \\tmove\\t\\\\\$2,\\\\\$0
FAIL: gcc.target/mips/pr55315.c -O2 scan-assembler-not \\tmove\\t\\\\\$2,\\\\\$0
FAIL: gcc.target/mips/pr55315.c -O2 -flto -fno-use-linker-plugin -flto-partition=none scan-assembler-not \\tmove\\t\\\\\$2,\\\\\$0
FAIL: gcc.target/mips/pr55315.c -O2 -flto -fno-use-linker-plugin -flto-partition=none scan-assembler-not \\tmove\\t\\\\\$2,\\\\\$0
FAIL: gcc.target/mips/pr55315.c -O2 -flto -fuse-linker-plugin -fno-fat-lto-objects scan-assembler-not \\tmove\\t\\\\\$2,\\\\\$0
FAIL: gcc.target/mips/pr55315.c -O2 -flto -fuse-linker-plugin -fno-fat-lto-objects scan-assembler-not \\tmove\\t\\\\\$2,\\\\\$0
FAIL: gcc.target/mips/pr55315.c -O3 -fomit-frame-pointer scan-assembler-not \\tmove\\t\\\\\$2,\\\\\$0
FAIL: gcc.target/mips/pr55315.c -O3 -fomit-frame-pointer scan-assembler-not \\tmove\\t\\\\\$2,\\\\\$0
FAIL: gcc.target/mips/pr55315.c -O3 -g scan-assembler-not \\tmove\\t\\\\\$2,\\\\\$0
FAIL: gcc.target/mips/pr55315.c -O3 -g scan-assembler-not \\tmove\\t\\\\\$2,\\\\\$0
FAIL: gcc.target/mips/pr55315.c -Os scan-assembler-not \\tmove\\t\\\\\$2,\\\\\$0
FAIL: gcc.target/mips/pr55315.c -Os scan-assembler-not \\tmove\\t\\\\\$2,\\\\\$0
FAIL: gcc.target/mips/save-restore-3.c -O0 scan-assembler \\tsave\\t\\\\\$4-\\\\\$6,
FAIL: gcc.target/mips/save-restore-3.c -O0 scan-assembler \\tsave\\t\\\\\$4-\\\\\$6,
=== gcc Summary ===
# of expected passes 206692
# of unexpected failures 720
# of unexpected successes 54
# of expected failures 364
# of unresolved testcases 8
# of unsupported tests 3924
/build/gcc-snapshot-OyCC35/gcc-snapshot-20150319/build/gcc/xgcc version 5.0.0 20150319 (experimental) [trunk revision 221517] (Debian 20150319-1)
=== gfortran tests ===
Running target unix
FAIL: gfortran.dg/bind_c_array_params_2.f90 -O scan-assembler-times [ \\t][\$,_0-9]*myBindC 1
FAIL: gfortran.dg/bind_c_array_params_2.f90 -O scan-assembler-times [ \\t][\$,_0-9]*myBindC 1
FAIL: gfortran.dg/graphite/pr42393.f90 -O (test for excess errors)
FAIL: gfortran.dg/graphite/pr42393.f90 -O (test for excess errors)
WARNING: program timed out.
WARNING: program timed out.
=== gfortran Summary ===
# of expected passes 93900
# of unexpected failures 4
# of expected failures 156
# of unsupported tests 834
/build/gcc-snapshot-OyCC35/gcc-snapshot-20150319/build/gcc/testsuite/gfortran/../../gfortran version 5.0.0 20150319 (experimental) [trunk revision 221517] (Debian 20150319-1)
=== go tests ===
Running target unix
FAIL: ./index0-out.go compilation, -O0 -g -fno-var-tracking-assignments
FAIL: ./index0-out.go compilation, -O0 -g -fno-var-tracking-assignments
FAIL: go.test/test/chan/select5.go execution
FAIL: go.test/test/chan/select5.go execution
FAIL: go.test/test/cmplxdivide.go
FAIL: go.test/test/cmplxdivide.go
FAIL: go.test/test/fixedbugs/issue5856.go execution, -O2 -g
FAIL: go.test/test/fixedbugs/issue5856.go execution, -O2 -g
FAIL: go.test/test/mallocfin.go execution, -O2 -g
FAIL: go.test/test/mallocfin.go execution, -O2 -g
FAIL: go.test/test/recover.go execution, -O2 -g
FAIL: go.test/test/recover.go execution, -O2 -g
WARNING: program timed out.
WARNING: program timed out.
WARNING: program timed out.
WARNING: program timed out.
=== go Summary ===
# of expected passes 14706
# of unexpected failures 12
# of expected failures 2
# of untested testcases 22
# of unsupported tests 6
/build/gcc-snapshot-OyCC35/gcc-snapshot-20150319/build/gcc/testsuite/go/../../gccgo version 5.0.0 20150319 (experimental) [trunk revision 221517] (Debian 20150319-1)
=== obj-c++ tests ===
Running target unix
=== obj-c++ Summary for unix ===
# of expected passes 1453
# of expected failures 2
# of unsupported tests 86
Running target unix
=== obj-c++ Summary for unix ===
# of expected passes 1453
# of expected failures 2
# of unsupported tests 86
=== obj-c++ Summary ===
# of expected passes 2906
# of expected failures 4
# of unsupported tests 172
/build/gcc-snapshot-OyCC35/gcc-snapshot-20150319/build/gcc/testsuite/obj-c++/../../xg++ version 5.0.0 20150319 (experimental) [trunk revision 221517] (Debian 20150319-1)
=== objc tests ===
Running target unix
=== objc Summary ===
# of expected passes 6032
# of unsupported tests 148
/build/gcc-snapshot-OyCC35/gcc-snapshot-20150319/build/gcc/xgcc version 5.0.0 20150319 (experimental) [trunk revision 221517] (Debian 20150319-1)
=== boehm-gc tests ===
Running target unix
=== boehm-gc Summary for unix ===
# of expected passes 12
# of unsupported tests 1
Running target unix
=== boehm-gc Summary for unix ===
# of expected passes 12
# of unsupported tests 1
=== boehm-gc Summary ===
# of expected passes 24
# of unsupported tests 2
=== libatomic tests ===
Running target unix
=== libatomic Summary for unix ===
# of expected passes 44
# of unsupported tests 5
Running target unix
=== libatomic Summary for unix ===
# of expected passes 44
# of unsupported tests 5
=== libatomic Summary ===
# of expected passes 88
# of unsupported tests 10
=== libffi tests ===
Running target unix
FAIL: libffi.call/nested_struct.c -W -Wall -Wno-psabi -O3 output pattern test, is 9 2 6 1 2 3 4 5 6 3 1 8: 15 10 13 10 12 13
FAIL: libffi.call/nested_struct1.c -W -Wall -Wno-psabi -O3 output pattern test, is 9 2 6 1 2 3 4 5 6 3 1 8 3 2 4: 15 10 13 10 12 13
=== libffi Summary for unix ===
# of expected passes 1912
# of unexpected failures 2
# of unsupported tests 30
Running target unix
FAIL: libffi.call/nested_struct.c -W -Wall -Wno-psabi -O3 output pattern test, is 9 2 6 1 2 3 4 5 6 3 1 8: 15 10 13 10 12 13
FAIL: libffi.call/nested_struct1.c -W -Wall -Wno-psabi -O3 output pattern test, is 9 2 6 1 2 3 4 5 6 3 1 8 3 2 4: 15 10 13 10 12 13
=== libffi Summary for unix ===
# of expected passes 1912
# of unexpected failures 2
# of unsupported tests 30
=== libffi Summary ===
# of expected passes 3824
# of unexpected failures 4
# of unsupported tests 60
=== libgo tests ===
Running target unix
FAIL: reflect
FAIL: runtime
FAIL: time
FAIL: crypto/rsa
FAIL: crypto/subtle
FAIL: html/template
FAIL: go/doc
FAIL: math/big
FAIL: math/rand
FAIL: net/http
FAIL: net/http/cgi
FAIL: net/rpc
FAIL: net/rpc/jsonrpc
FAIL: old/template
FAIL: sync/atomic
FAIL: text/template
FAIL: testing/quick
=== libgo Summary for unix ===
# of expected passes 107
# of unexpected failures 17
Running target unix/-mabi=n32
FAIL: net
FAIL: reflect
FAIL: regexp
FAIL: runtime
FAIL: time
FAIL: crypto/rsa
FAIL: crypto/subtle
FAIL: html/template
FAIL: go/doc
FAIL: math/big
FAIL: math/rand
FAIL: net/http
FAIL: net/http/cgi
FAIL: net/rpc
FAIL: net/rpc/jsonrpc
FAIL: old/template
FAIL: text/template
FAIL: testing/quick
=== libgo Summary for unix/-mabi=n32 ===
# of expected passes 106
# of unexpected failures 18
Running target unix/-mabi=64
FAIL: reflect
FAIL: runtime
FAIL: time
FAIL: crypto/rsa
FAIL: crypto/subtle
FAIL: html/template
FAIL: go/doc
FAIL: math/big
FAIL: math/rand
FAIL: net/http
FAIL: net/rpc
FAIL: net/rpc/jsonrpc
FAIL: old/template
FAIL: runtime/pprof
FAIL: text/template
FAIL: testing/quick
=== libgo Summary for unix/-mabi=64 ===
# of expected passes 108
# of unexpected failures 16
=== libgo Summary ===
# of expected passes 321
# of unexpected failures 51
/build/gcc-snapshot-OyCC35/gcc-snapshot-20150319/build/./gcc/gccgo version 5.0.0 20150319 (experimental) [trunk revision 221517] (Debian 20150319-1)
=== libgomp tests ===
Running target unix
=== libgomp Summary for unix ===
# of expected passes 5757
# of unsupported tests 280
Running target unix
=== libgomp Summary for unix ===
# of expected passes 5757
# of unsupported tests 280
=== libgomp Summary ===
# of expected passes 11514
# of unsupported tests 560
=== libjava tests ===
Running target unix
=== libjava Summary for unix ===
# of expected passes 2582
# of expected failures 4
Running target unix
=== libjava Summary for unix ===
# of expected passes 2582
# of expected failures 4
=== libjava Summary ===
# of expected passes 5164
# of expected failures 8
=== libstdc++ tests ===
Running target unix
FAIL: libstdc++-abi/abi_check
FAIL: libstdc++-abi/abi_check
FAIL: 22_locale/numpunct/members/char/3.cc execution test
FAIL: 22_locale/numpunct/members/char/3.cc execution test
FAIL: 22_locale/time_get/get_date/wchar_t/4.cc execution test
FAIL: 22_locale/time_get/get_date/wchar_t/4.cc execution test
XPASS: 26_numerics/headers/cmath/c_math.cc execution test
=== libstdc++ Summary ===
# of expected passes 14540
# of unexpected failures 6
# of unexpected successes 1
# of expected failures 126
# of unsupported tests 526
Compiler version: 5.0.0 20150319 (experimental) [trunk revision 221517] (Debian 20150319-1)
Platform: mipsel-unknown-linux-gnu
configure flags: -v --with-pkgversion='Debian 20150319-1' --with-bugurl=file:///usr/share/doc/gcc-snapshot/README.Bugs --enable-languages=c,c++,java,go,fortran,objc,obj-c++ --prefix=/usr/lib/gcc-snapshot --enable-shared --enable-linker-build-id --disable-nls --with-sysroot=/ --enable-clocale=gnu --enable-libstdcxx-debug --enable-libstdcxx-time=yes --with-default-libstdcxx-abi=c++98 --enable-gnu-unique-object --disable-libitm --disable-libsanitizer --disable-libquadmath --enable-plugin --with-system-zlib --disable-browser-plugin --enable-java-awt=gtk --enable-gtk-cairo --with-java-home=/usr/lib/jvm/java-1.5.0-gcj-5-snap-mipsel/jre --enable-java-home --with-jvm-root-dir=/usr/lib/jvm/java-1.5.0-gcj-5-snap-mipsel --with-jvm-jar-dir=/usr/lib/jvm-exports/java-1.5.0-gcj-5-snap-mipsel --with-arch-directory=mips --with-ecj-jar=/usr/share/java/eclipse-ecj.jar --enable-multiarch --enable-multilib --with-arch-32=mips2 --with-tune-32=mips32 --enable-targets=all --with-arch-64=mips3 --with-tune-64=mips64 --disable-werror --enable-checking=yes --build=mipsel-linux-gnu --host=mipsel-linux-gnu --target=mipsel-linux-gnu
BOOT_CFLAGS=
Build Dependencies:
Desired=Unknown/Install/Remove/Purge/Hold
| Status=Not/Inst/Conf-files/Unpacked/halF-conf/Half-inst/trig-aWait/Trig-pend
|/ Err?=(none)/Reinst-required (Status,Err: uppercase=bad)
||/ Name Version Architecture Description
+++-=========================-==============-============-===============================================================================
ii binutils 2.25-5 mipsel GNU assembler, linker and binary utilities
ii g++-4.9 4.9.2-10 mipsel GNU C++ compiler
ii g++-4.9-multilib 4.9.2-10 mipsel GNU C++ compiler (multilib files)
ii g++-multilib 4:4.9.2-2 mipsel GNU C++ compiler (multilib files)
ii libc6:mipsel 2.19-17 mipsel GNU C Library: Shared libraries
ii libcloog-isl-dev:mipsel 0.18.2-1+b2 mipsel Chunky Loop Generator (development files)
ii libgmp-dev:mipsel 2:6.0.0+dfsg-6 mipsel Multiprecision arithmetic library developers tools
ii libisl-dev:mipsel 0.12.2-2 mipsel manipulating sets and relations of integer points bounded by linear constraints
ii libmpc-dev:mipsel 1.0.3-1 mipsel multiple precision complex floating-point library development package
ii libmpfr-dev:mipsel 3.1.2-3 mipsel multiple precision floating-point computation developers tools
gcc-sysroot:
Allow building --with-sysroot=/
sys-auxv-header:
Check for the sys/auxv.h header file.
libcilkrts-targets:
Disable libcilkrts on KFreeBSD and the Hurd. See #734973.
go-use-gold:
Pass -fuse-ld=gold to gccgo on targets supporting -fsplit-stack
arm-multilib-soft:
ARM hard/soft float multilib support
arm-multilib-defaults:
Set MULTILIB_DEFAULTS for ARM multilib builds
gcc-ice-apport:
Report an ICE to apport (if apport is available
and the environment variable GCC_NOAPPORT is not set)
libjava-fixed-symlinks:
Remove unneed '..' elements from symlinks in JAVA_HOME
libffi-ro-eh_frame_sect:
PR libffi/47248, force a read only eh frame section.
gcc-multiarch:
- Remaining multiarch patches, not yet submitted upstream.
- Add MULTIARCH_DIRNAME definitions for multilib configurations,
which are used for the non-multilib builds.
libjava-nobiarch-check:
For biarch builds, disable the testsuite for the non-default architecture
for runtime libraries, which are not built by default (libjava).
config-ml:
- Disable some biarch libraries for biarch builds.
- Fix multilib builds on kernels which don't support all multilibs.
gcc-multilib-multiarch:
Don't auto-detect multilib osdirnames.
mips-fix-loongson2f-nop:
On mips, pass -mfix-loongson2f-nop to as, if -mno-fix-loongson2f-nop
is not passed.
libgomp-kfreebsd-testsuite:
Disable lock-2.c test on kfreebsd-*
go-testsuite:
Skip Go testcase on AArch64 which hangs on the buildds.
ada-749574:
ada-mips:
Improve support for mips.
ada-ppc64:
ada-mips64:
Counting all warnings,
there are 0 warnings in stage3 of this bootstrap.
Number of warnings per file:
Number of warning types: