This is the mail archive of the
gcc-testresults@gcc.gnu.org
mailing list for the GCC project.
Results for 5.0.0 20150219 (experimental) [trunk revision 220816] (GCC) testsuite on powerpc-ibm-aix7.1.0.0
- From: David Edelsohn <edelsohn at p7curie dot watson dot ibm dot com>
- To: gcc-testresults at gcc dot gnu dot org
- Date: Thu, 19 Feb 2015 17:49:01 -0500
- Subject: Results for 5.0.0 20150219 (experimental) [trunk revision 220816] (GCC) testsuite on powerpc-ibm-aix7.1.0.0
- Authentication-results: sourceware.org; auth=none
LAST_UPDATED: Thu Feb 19 15:32:14 UTC 2015 (revision 220816)
Native configuration is powerpc-ibm-aix7.1.0.0
=== g++ tests ===
Running target unix
XPASS: g++.dg/debug/pr56294.C -gxcoff (test for excess errors)
XPASS: g++.dg/debug/pr56294.C -gxcoff+ (test for excess errors)
XPASS: g++.dg/debug/pr56294.C -gxcoff+1 (test for excess errors)
XPASS: g++.dg/debug/pr56294.C -gxcoff+3 (test for excess errors)
XPASS: g++.dg/debug/pr56294.C -gxcoff1 (test for excess errors)
XPASS: g++.dg/debug/pr56294.C -gxcoff3 (test for excess errors)
XPASS: g++.dg/debug/pr56819.C -gxcoff (test for excess errors)
XPASS: g++.dg/debug/pr56819.C -gxcoff+ (test for excess errors)
XPASS: g++.dg/debug/pr56819.C -gxcoff+1 (test for excess errors)
XPASS: g++.dg/debug/pr56819.C -gxcoff+3 (test for excess errors)
XPASS: g++.dg/debug/pr56819.C -gxcoff1 (test for excess errors)
XPASS: g++.dg/debug/pr56819.C -gxcoff3 (test for excess errors)
FAIL: g++.dg/abi/anon1.C -std=c++11 scan-assembler-not globl
FAIL: g++.dg/abi/anon1.C -std=c++14 scan-assembler-not globl
FAIL: g++.dg/abi/anon1.C -std=c++98 scan-assembler-not globl
FAIL: g++.dg/cpp/ucn-1.C -std=gnu++11 (test for excess errors)
FAIL: g++.dg/cpp/ucn-1.C -std=gnu++14 (test for excess errors)
FAIL: g++.dg/cpp1y/pr58708.C -std=c++14 (test for excess errors)
WARNING: g++.dg/cpp1y/pr58708.C -std=c++14 compilation failed to produce executable
FAIL: g++.dg/eh/new1.C -std=c++14 execution test
FAIL: g++.dg/init/new40.C execution test
FAIL: g++.dg/init/ref15.C -std=c++11 execution test
FAIL: g++.dg/init/ref15.C -std=c++14 execution test
FAIL: g++.dg/init/ref15.C -std=c++98 execution test
XPASS: g++.dg/template/linkage1.C -std=c++11 scan-assembler (weak|glob)[^\\n]*_Z3fooIXadL_Z13external_funcvEEEvv
XPASS: g++.dg/template/linkage1.C -std=c++14 scan-assembler (weak|glob)[^\\n]*_Z3fooIXadL_Z13external_funcvEEEvv
XPASS: g++.dg/template/linkage1.C -std=c++98 scan-assembler (weak|glob)[^\\n]*_Z3fooIXadL_Z13external_funcvEEEvv
XPASS: g++.dg/template/linkage1.C -std=c++98 scan-assembler-not (weak|glob)[^\\n]*_Z3fooIXadL_ZL11static_funcvEEEvv
XPASS: g++.dg/tls/thread_local-order2.C -std=c++11 execution test
XPASS: g++.dg/tls/thread_local-order2.C -std=c++14 execution test
FAIL: g++.dg/tree-prof/pr57451.C compilation, -fprofile-use -D_PROFILE_USE
UNRESOLVED: g++.dg/tree-prof/pr57451.C execution, -fprofile-use -D_PROFILE_USE
FAIL: g++.old-deja/g++.eh/new2.C -std=gnu++14 execution test
FAIL: g++.old-deja/g++.mike/p755a.C -std=c++14 execution test
FAIL: g++.old-deja/g++.other/init18.C -std=c++11 execution test
FAIL: g++.old-deja/g++.other/init18.C -std=c++14 execution test
FAIL: g++.old-deja/g++.other/init18.C -std=c++98 execution test
FAIL: g++.old-deja/g++.other/init19.C -std=c++11 execution test
FAIL: g++.old-deja/g++.other/init19.C -std=c++14 execution test
FAIL: g++.old-deja/g++.other/init19.C -std=c++98 execution test
FAIL: g++.old-deja/g++.pt/static11.C -std=c++11 execution test
FAIL: g++.old-deja/g++.pt/static11.C -std=c++14 execution test
FAIL: g++.old-deja/g++.pt/static11.C -std=c++98 execution test
=== g++ Summary ===
# of expected passes 75664
# of unexpected failures 23
# of unexpected successes 18
# of expected failures 333
# of unresolved testcases 1
# of unsupported tests 3675
/tmp/20150219/gcc/testsuite/g++/../../xg++ version 5.0.0 20150219 (experimental) [trunk revision 220816] (GCC)
=== gcc tests ===
Running target unix
FAIL: gcc.dg/cpp/assert4.c (test for excess errors)
FAIL: gcc.dg/cpp/trad/include.c (test for excess errors)
FAIL: gcc.dg/addr_equal-1.c (test for excess errors)
WARNING: gcc.dg/addr_equal-1.c compilation failed to produce executable
FAIL: gcc.dg/asm-names.c scan-assembler-not ____frob14
FAIL: gcc.dg/pr64935-2.c (test for excess errors)
FAIL: gcc.dg/sms-8.c scan-rtl-dump-times sms "SMS succeeded" 0
XPASS: gcc.dg/torture/pr59166.c -O0 (test for excess errors)
FAIL: gcc.dg/tree-ssa/ivopts-lt-2.c scan-tree-dump-times ivopts "PHI <p_" 1
FAIL: gcc.dg/tree-ssa/ivopts-lt-2.c scan-tree-dump-times ivopts "PHI" 1
FAIL: gcc.dg/tree-ssa/ivopts-lt-2.c scan-tree-dump-times ivopts "p_[0-9]* <" 1
FAIL: gcc.dg/tree-ssa/sra-12.c scan-tree-dump-times release_ssa "l;" 0
FAIL: gcc.dg/vect/costmodel/ppc/costmodel-bb-slp-9a.c scan-tree-dump-times slp2 "basic block vectorized using SLP" 1
FAIL: gcc.dg/vect/costmodel/ppc/costmodel-vect-31a.c scan-tree-dump-times vect "vectorization not profitable" 1
FAIL: gcc.dg/vect/costmodel/ppc/costmodel-vect-33.c scan-tree-dump-times vect "vectorization not profitable" 1
FAIL: gcc.dg/vect/no-vfa-vect-depend-2.c scan-tree-dump-times vect "vectorized 1 loops" 1
FAIL: gcc.dg/vect/no-vfa-vect-depend-3.c scan-tree-dump-times vect "vectorized 1 loops" 4
FAIL: gcc.dg/vect/vect-31.c scan-tree-dump-times vect "vectorized 4 loops" 1
=== gcc Summary ===
# of expected passes 74431
# of unexpected failures 16
# of unexpected successes 1
# of expected failures 211
# of unsupported tests 1657
/tmp/20150219/gcc/xgcc version 5.0.0 20150219 (experimental) [trunk revision 220816] (GCC)
=== gfortran tests ===
Running target unix
FAIL: gfortran.dg/debug/pr46756.f -gxcoff (test for excess errors)
FAIL: gfortran.dg/debug/pr46756.f -gxcoff+ (test for excess errors)
FAIL: gfortran.dg/debug/pr46756.f -gxcoff+1 (test for excess errors)
FAIL: gfortran.dg/debug/pr46756.f -gxcoff+3 (test for excess errors)
FAIL: gfortran.dg/debug/pr46756.f -gxcoff1 (test for excess errors)
FAIL: gfortran.dg/debug/pr46756.f -gxcoff3 (test for excess errors)
FAIL: gfortran.dg/bind_c_array_params_2.f90 -O scan-assembler-times [ \\t][\$,_0-9]*myBindC 1
=== gfortran Summary ===
# of expected passes 46775
# of unexpected failures 7
# of expected failures 81
# of unsupported tests 410
/tmp/20150219/gcc/testsuite/gfortran/../../gfortran version 5.0.0 20150219 (experimental) [trunk revision 220816] (GCC)
=== objc tests ===
Running target unix
FAIL: objc.dg-struct-layout-encoding-1/t026_main.m execution test
=== objc Summary ===
# of expected passes 2903
# of unexpected failures 1
# of expected failures 10
# of unsupported tests 65
/tmp/20150219/gcc/xgcc version 5.0.0 20150219 (experimental) [trunk revision 220816] (GCC)
=== libatomic tests ===
Running target unix
=== libatomic Summary ===
# of expected passes 44
# of unsupported tests 5
=== libgomp tests ===
Running target unix
FAIL: libgomp.fortran/omp_workshare1.f -O execution test
FAIL: libgomp.fortran/omp_workshare2.f -O execution test
FAIL: libgomp.fortran/recursion1.f90 -O1 execution test
FAIL: libgomp.fortran/recursion1.f90 -O2 execution test
WARNING: program timed out.
FAIL: libgomp.fortran/recursion1.f90 -O3 -fomit-frame-pointer execution test
FAIL: libgomp.fortran/recursion1.f90 -O3 -fomit-frame-pointer -funroll-loops execution test
FAIL: libgomp.fortran/recursion1.f90 -O3 -g execution test
FAIL: libgomp.fortran/recursion1.f90 -Os execution test
=== libgomp Summary ===
# of expected passes 5680
# of unexpected failures 8
# of unsupported tests 281
=== libstdc++ tests ===
Running target unix
FAIL: 17_intro/headers/c++1998/all_attributes.cc (test for excess errors)
FAIL: 17_intro/headers/c++200x/all_attributes.cc (test for excess errors)
FAIL: 17_intro/headers/c++2014/all_attributes.cc (test for excess errors)
FAIL: 18_support/50594.cc execution test
ERROR: 18_support/type_info/fundamental.cc: can't read "additional_sources": no such variable for " dg-require-effective-target 2 dfp "
UNRESOLVED: 18_support/type_info/fundamental.cc: can't read "additional_sources": no such variable for " dg-require-effective-target 2 dfp "
FAIL: 21_strings/basic_string/capacity/wchar_t/18654.cc execution test
FAIL: 21_strings/basic_string/inserters_extractors/wchar_t/28277.cc execution test
ERROR: 21_strings/c_strings/char/3_neg.cc: can't read "additional_sources": no such variable for " dg-do 1 compile { target correct_iso_cpp_string_wchar_protos } "
UNRESOLVED: 21_strings/c_strings/char/3_neg.cc: can't read "additional_sources": no such variable for " dg-do 1 compile { target correct_iso_cpp_string_wchar_protos } "
ERROR: 21_strings/c_strings/wchar_t/3_neg.cc: can't read "additional_sources": no such variable for " dg-do 1 compile { target correct_iso_cpp_string_wchar_protos } "
UNRESOLVED: 21_strings/c_strings/wchar_t/3_neg.cc: can't read "additional_sources": no such variable for " dg-do 1 compile { target correct_iso_cpp_string_wchar_protos } "
ERROR: 22_locale/collate/compare/wchar_t/2.cc: can't read "additional_sources": no such variable for " dg-require-iconv 4 "ISO8859-1" "
UNRESOLVED: 22_locale/collate/compare/wchar_t/2.cc: can't read "additional_sources": no such variable for " dg-require-iconv 4 "ISO8859-1" "
ERROR: 22_locale/collate/compare/wchar_t/wrapped_env.cc: can't read "additional_sources": no such variable for " dg-require-iconv 4 "ISO8859-1" "
UNRESOLVED: 22_locale/collate/compare/wchar_t/wrapped_env.cc: can't read "additional_sources": no such variable for " dg-require-iconv 4 "ISO8859-1" "
ERROR: 22_locale/collate/compare/wchar_t/wrapped_locale.cc: can't read "additional_sources": no such variable for " dg-require-iconv 4 "ISO8859-1" "
UNRESOLVED: 22_locale/collate/compare/wchar_t/wrapped_locale.cc: can't read "additional_sources": no such variable for " dg-require-iconv 4 "ISO8859-1" "
ERROR: 22_locale/collate/hash/wchar_t/2.cc: can't read "additional_sources": no such variable for " dg-require-iconv 4 "ISO8859-1" "
UNRESOLVED: 22_locale/collate/hash/wchar_t/2.cc: can't read "additional_sources": no such variable for " dg-require-iconv 4 "ISO8859-1" "
ERROR: 22_locale/collate/hash/wchar_t/wrapped_env.cc: can't read "additional_sources": no such variable for " dg-require-iconv 4 "ISO8859-1" "
UNRESOLVED: 22_locale/collate/hash/wchar_t/wrapped_env.cc: can't read "additional_sources": no such variable for " dg-require-iconv 4 "ISO8859-1" "
ERROR: 22_locale/collate/hash/wchar_t/wrapped_locale.cc: can't read "additional_sources": no such variable for " dg-require-iconv 4 "ISO8859-1" "
UNRESOLVED: 22_locale/collate/hash/wchar_t/wrapped_locale.cc: can't read "additional_sources": no such variable for " dg-require-iconv 4 "ISO8859-1" "
ERROR: 22_locale/collate/transform/wchar_t/2.cc: can't read "additional_sources": no such variable for " dg-require-iconv 4 "ISO8859-1" "
UNRESOLVED: 22_locale/collate/transform/wchar_t/2.cc: can't read "additional_sources": no such variable for " dg-require-iconv 4 "ISO8859-1" "
ERROR: 22_locale/collate/transform/wchar_t/wrapped_env.cc: can't read "additional_sources": no such variable for " dg-require-iconv 4 "ISO8859-1" "
UNRESOLVED: 22_locale/collate/transform/wchar_t/wrapped_env.cc: can't read "additional_sources": no such variable for " dg-require-iconv 4 "ISO8859-1" "
ERROR: 22_locale/collate/transform/wchar_t/wrapped_locale.cc: can't read "additional_sources": no such variable for " dg-require-iconv 4 "ISO8859-1" "
UNRESOLVED: 22_locale/collate/transform/wchar_t/wrapped_locale.cc: can't read "additional_sources": no such variable for " dg-require-iconv 4 "ISO8859-1" "
FAIL: 22_locale/conversions/string/2.cc execution test
ERROR: 22_locale/locale/cons/unicode.cc: can't read "additional_sources": no such variable for " dg-require-iconv 1 "ISO-8859-1" "
UNRESOLVED: 22_locale/locale/cons/unicode.cc: can't read "additional_sources": no such variable for " dg-require-iconv 1 "ISO-8859-1" "
ERROR: 22_locale/num_get/get/char/2.cc: can't read "additional_sources": no such variable for " dg-do 22 run { xfail lax_strtofp } "
UNRESOLVED: 22_locale/num_get/get/char/2.cc: can't read "additional_sources": no such variable for " dg-do 22 run { xfail lax_strtofp } "
ERROR: 22_locale/num_get/get/wchar_t/2.cc: can't read "additional_sources": no such variable for " dg-do 22 run { xfail lax_strtofp } "
UNRESOLVED: 22_locale/num_get/get/wchar_t/2.cc: can't read "additional_sources": no such variable for " dg-do 22 run { xfail lax_strtofp } "
ERROR: 22_locale/time_put/put/wchar_t/1.cc: can't read "additional_sources": no such variable for " dg-do 22 run { xfail dummy_wcsftime } "
UNRESOLVED: 22_locale/time_put/put/wchar_t/1.cc: can't read "additional_sources": no such variable for " dg-do 22 run { xfail dummy_wcsftime } "
ERROR: 22_locale/time_put/put/wchar_t/10.cc: can't read "et_cache(uclibc,value)": no such element in array for " dg-do 22 run { xfail dummy_wcsftime } "
UNRESOLVED: 22_locale/time_put/put/wchar_t/10.cc: can't read "et_cache(uclibc,value)": no such element in array for " dg-do 22 run { xfail dummy_wcsftime } "
ERROR: 22_locale/time_put/put/wchar_t/5.cc: can't read "et_cache(uclibc,value)": no such element in array for " dg-do 22 run { xfail dummy_wcsftime } "
UNRESOLVED: 22_locale/time_put/put/wchar_t/5.cc: can't read "et_cache(uclibc,value)": no such element in array for " dg-do 22 run { xfail dummy_wcsftime } "
ERROR: 22_locale/time_put/put/wchar_t/9.cc: can't read "additional_sources": no such variable for " dg-do 22 run { xfail dummy_wcsftime } "
UNRESOLVED: 22_locale/time_put/put/wchar_t/9.cc: can't read "additional_sources": no such variable for " dg-do 22 run { xfail dummy_wcsftime } "
ERROR: 23_containers/map/modifiers/erase/dr130-linkage-check.cc: can't read "additional_sources": no such variable for " dg-require-effective-target 1 ia32 "
UNRESOLVED: 23_containers/map/modifiers/erase/dr130-linkage-check.cc: can't read "additional_sources": no such variable for " dg-require-effective-target 1 ia32 "
ERROR: 23_containers/multimap/modifiers/erase/dr130-linkage-check.cc: can't read "additional_sources": no such variable for " dg-require-effective-target 1 ia32 "
UNRESOLVED: 23_containers/multimap/modifiers/erase/dr130-linkage-check.cc: can't read "additional_sources": no such variable for " dg-require-effective-target 1 ia32 "
ERROR: 23_containers/multiset/modifiers/erase/dr130-linkage-check.cc: can't read "et_cache(ia32,value)": no such element in array for " dg-require-effective-target 1 ia32 "
UNRESOLVED: 23_containers/multiset/modifiers/erase/dr130-linkage-check.cc: can't read "et_cache(ia32,value)": no such element in array for " dg-require-effective-target 1 ia32 "
ERROR: 23_containers/set/modifiers/erase/dr130-linkage-check.cc: can't read "additional_sources": no such variable for " dg-require-effective-target 1 ia32 "
UNRESOLVED: 23_containers/set/modifiers/erase/dr130-linkage-check.cc: can't read "additional_sources": no such variable for " dg-require-effective-target 1 ia32 "
FAIL: 23_containers/vector/profile/vector.cc execution test
ERROR: 26_numerics/headers/cmath/c99_classification_macros_c++.cc: can't read "additional_sources": no such variable for " dg-do 21 compile { xfail uclibc } "
UNRESOLVED: 26_numerics/headers/cmath/c99_classification_macros_c++.cc: can't read "additional_sources": no such variable for " dg-do 21 compile { xfail uclibc } "
ERROR: 26_numerics/headers/cmath/c99_classification_macros_c++0x.cc: can't read "et_cache(uclibc,value)": no such element in array for " dg-do 19 compile { xfail uclibc } "
UNRESOLVED: 26_numerics/headers/cmath/c99_classification_macros_c++0x.cc: can't read "et_cache(uclibc,value)": no such element in array for " dg-do 19 compile { xfail uclibc } "
ERROR: 27_io/basic_filebuf/close/char/4879.cc: can't read "additional_sources": no such variable for " dg-require-fork 1 "" "
UNRESOLVED: 27_io/basic_filebuf/close/char/4879.cc: can't read "additional_sources": no such variable for " dg-require-fork 1 "" "
ERROR: 27_io/basic_filebuf/close/char/9964.cc: can't read "et_cache(fork_available,value)": no such element in array for " dg-require-fork 1 "" "
UNRESOLVED: 27_io/basic_filebuf/close/char/9964.cc: can't read "et_cache(fork_available,value)": no such element in array for " dg-require-fork 1 "" "
ERROR: 27_io/basic_filebuf/imbue/char/13171-2.cc: can't read "additional_sources": no such variable for " dg-require-fork 3 "" "
UNRESOLVED: 27_io/basic_filebuf/imbue/char/13171-2.cc: can't read "additional_sources": no such variable for " dg-require-fork 3 "" "
ERROR: 27_io/basic_filebuf/imbue/char/13582-2.cc: can't read "additional_sources": no such variable for " dg-require-fork 3 "" "
UNRESOLVED: 27_io/basic_filebuf/imbue/char/13582-2.cc: can't read "additional_sources": no such variable for " dg-require-fork 3 "" "
ERROR: 27_io/basic_filebuf/imbue/wchar_t/13582-2.cc: can't read "et_cache(fork_available,value)": no such element in array for " dg-require-fork 3 "" "
UNRESOLVED: 27_io/basic_filebuf/imbue/wchar_t/13582-2.cc: can't read "et_cache(fork_available,value)": no such element in array for " dg-require-fork 3 "" "
ERROR: 27_io/basic_filebuf/imbue/wchar_t/14975-2.cc: can't read "additional_sources": no such variable for " dg-require-fork 2 "" "
UNRESOLVED: 27_io/basic_filebuf/imbue/wchar_t/14975-2.cc: can't read "additional_sources": no such variable for " dg-require-fork 2 "" "
ERROR: 27_io/basic_filebuf/open/char/9507.cc: can't read "additional_sources": no such variable for " dg-require-mkfifo 1 "" "
UNRESOLVED: 27_io/basic_filebuf/open/char/9507.cc: can't read "additional_sources": no such variable for " dg-require-mkfifo 1 "" "
ERROR: 27_io/basic_filebuf/seekoff/char/26777.cc: can't read "additional_sources": no such variable for " dg-require-fork 1 "" "
UNRESOLVED: 27_io/basic_filebuf/seekoff/char/26777.cc: can't read "additional_sources": no such variable for " dg-require-fork 1 "" "
ERROR: 27_io/basic_filebuf/showmanyc/char/9533-1.cc: can't read "et_cache(fork_available,value)": no such element in array for " dg-require-fork 1 "" "
UNRESOLVED: 27_io/basic_filebuf/showmanyc/char/9533-1.cc: can't read "et_cache(fork_available,value)": no such element in array for " dg-require-fork 1 "" "
ERROR: 27_io/basic_filebuf/underflow/char/10097.cc: can't read "et_cache(fork_available,value)": no such element in array for " dg-require-fork 1 "" "
UNRESOLVED: 27_io/basic_filebuf/underflow/char/10097.cc: can't read "et_cache(fork_available,value)": no such element in array for " dg-require-fork 1 "" "
ERROR: 27_io/basic_istream/extractors_arithmetic/char/09.cc: can't read "additional_sources": no such variable for " dg-do 22 run { xfail lax_strtofp } "
UNRESOLVED: 27_io/basic_istream/extractors_arithmetic/char/09.cc: can't read "additional_sources": no such variable for " dg-do 22 run { xfail lax_strtofp } "
ERROR: 27_io/basic_istream/extractors_arithmetic/char/12.cc: can't read "et_cache(uclibc,value)": no such element in array for " dg-do 22 run { xfail { lax_strtofp } } "
UNRESOLVED: 27_io/basic_istream/extractors_arithmetic/char/12.cc: can't read "et_cache(uclibc,value)": no such element in array for " dg-do 22 run { xfail { lax_strtofp } } "
ERROR: 27_io/basic_istream/extractors_arithmetic/wchar_t/09.cc: can't read "additional_sources": no such variable for " dg-do 20 run { xfail lax_strtofp } "
UNRESOLVED: 27_io/basic_istream/extractors_arithmetic/wchar_t/09.cc: can't read "additional_sources": no such variable for " dg-do 20 run { xfail lax_strtofp } "
ERROR: 27_io/basic_istream/extractors_arithmetic/wchar_t/12.cc: can't read "et_cache(uclibc,value)": no such element in array for " dg-do 20 run { xfail { lax_strtofp } } "
UNRESOLVED: 27_io/basic_istream/extractors_arithmetic/wchar_t/12.cc: can't read "et_cache(uclibc,value)": no such element in array for " dg-do 20 run { xfail { lax_strtofp } } "
ERROR: 27_io/basic_ostream/inserters_arithmetic/char/6.cc: can't read "et_cache(uclibc,value)": no such element in array for " dg-do 21 run { xfail lax_strtofp } "
UNRESOLVED: 27_io/basic_ostream/inserters_arithmetic/char/6.cc: can't read "et_cache(uclibc,value)": no such element in array for " dg-do 21 run { xfail lax_strtofp } "
ERROR: 27_io/basic_ostream/inserters_arithmetic/wchar_t/6.cc: can't read "et_cache(uclibc,value)": no such element in array for " dg-do 18 run { xfail lax_strtofp } "
UNRESOLVED: 27_io/basic_ostream/inserters_arithmetic/wchar_t/6.cc: can't read "et_cache(uclibc,value)": no such element in array for " dg-do 18 run { xfail lax_strtofp } "
FAIL: 27_io/basic_ostream/inserters_character/wchar_t/28277-3.cc execution test
FAIL: 27_io/basic_ostream/inserters_character/wchar_t/28277-4.cc execution test
FAIL: 27_io/ios_base/storage/11584.cc execution test
ERROR: 27_io/objects/char/7.cc: can't read "et_cache(fork_available,value)": no such element in array for " dg-require-fork 1 "" "
UNRESOLVED: 27_io/objects/char/7.cc: can't read "et_cache(fork_available,value)": no such element in array for " dg-require-fork 1 "" "
ERROR: 27_io/objects/char/9661-1.cc: can't read "et_cache(fork_available,value)": no such element in array for " dg-require-fork 1 "" "
UNRESOLVED: 27_io/objects/char/9661-1.cc: can't read "et_cache(fork_available,value)": no such element in array for " dg-require-fork 1 "" "
ERROR: 27_io/objects/wchar_t/7.cc: can't read "additional_sources": no such variable for " dg-require-fork 1 "" "
UNRESOLVED: 27_io/objects/wchar_t/7.cc: can't read "additional_sources": no such variable for " dg-require-fork 1 "" "
ERROR: 27_io/objects/wchar_t/9661-1.cc: can't read "et_cache(fork_available,value)": no such element in array for " dg-require-fork 1 "" "
UNRESOLVED: 27_io/objects/wchar_t/9661-1.cc: can't read "et_cache(fork_available,value)": no such element in array for " dg-require-fork 1 "" "
ERROR: 28_regex/traits/char/isctype.cc: can't read "additional_sources": no such variable for " dg-additional-options 3 "-DNEWLINE_IN_CLASS_BLANK" { target newlib } "
UNRESOLVED: 28_regex/traits/char/isctype.cc: can't read "additional_sources": no such variable for " dg-additional-options 3 "-DNEWLINE_IN_CLASS_BLANK" { target newlib } "
ERROR: 28_regex/traits/wchar_t/isctype.cc: can't read "additional_sources": no such variable for " dg-additional-options 3 "-DNEWLINE_IN_CLASS_BLANK" { target newlib } "
UNRESOLVED: 28_regex/traits/wchar_t/isctype.cc: can't read "additional_sources": no such variable for " dg-additional-options 3 "-DNEWLINE_IN_CLASS_BLANK" { target newlib } "
ERROR: 29_atomics/atomic_flag/test_and_set/explicit-hle.cc: can't read "et_cache(ia32,value)": no such element in array for " dg-options 3 "-std=gnu++11 -g0 -fno-exceptions -fno-asynchronous-unwind-tables -march=i486" { target ia32 } "
UNRESOLVED: 29_atomics/atomic_flag/test_and_set/explicit-hle.cc: can't read "et_cache(ia32,value)": no such element in array for " dg-options 3 "-std=gnu++11 -g0 -fno-exceptions -fno-asynchronous-unwind-tables -march=i486" { target ia32 } "
ERROR: decimal/binary-arith.cc: can't read "additional_sources": no such variable for " dg-require-effective-target 18 dfp "
UNRESOLVED: decimal/binary-arith.cc: can't read "additional_sources": no such variable for " dg-require-effective-target 18 dfp "
ERROR: decimal/cast_neg.cc: can't read "et_cache(dfp,value)": no such element in array for " dg-require-effective-target 19 dfp "
UNRESOLVED: decimal/cast_neg.cc: can't read "et_cache(dfp,value)": no such element in array for " dg-require-effective-target 19 dfp "
ERROR: decimal/comparison.cc: can't read "et_cache(dfp,value)": no such element in array for " dg-require-effective-target 18 dfp "
UNRESOLVED: decimal/comparison.cc: can't read "et_cache(dfp,value)": no such element in array for " dg-require-effective-target 18 dfp "
ERROR: decimal/compound-assignment-memfunc.cc: can't read "et_cache(dfp,value)": no such element in array for " dg-require-effective-target 18 dfp "
UNRESOLVED: decimal/compound-assignment-memfunc.cc: can't read "et_cache(dfp,value)": no such element in array for " dg-require-effective-target 18 dfp "
ERROR: decimal/compound-assignment.cc: can't read "et_cache(dfp,value)": no such element in array for " dg-require-effective-target 18 dfp "
UNRESOLVED: decimal/compound-assignment.cc: can't read "et_cache(dfp,value)": no such element in array for " dg-require-effective-target 18 dfp "
ERROR: decimal/conversion-from-float.cc: can't read "et_cache(dfp,value)": no such element in array for " dg-require-effective-target 18 dfp "
UNRESOLVED: decimal/conversion-from-float.cc: can't read "et_cache(dfp,value)": no such element in array for " dg-require-effective-target 18 dfp "
ERROR: decimal/conversion-from-integral.cc: can't read "et_cache(dfp,value)": no such element in array for " dg-require-effective-target 18 dfp "
UNRESOLVED: decimal/conversion-from-integral.cc: can't read "et_cache(dfp,value)": no such element in array for " dg-require-effective-target 18 dfp "
ERROR: decimal/conversion-to-generic-float.cc: can't read "et_cache(dfp,value)": no such element in array for " dg-require-effective-target 18 dfp "
UNRESOLVED: decimal/conversion-to-generic-float.cc: can't read "et_cache(dfp,value)": no such element in array for " dg-require-effective-target 18 dfp "
ERROR: decimal/conversion-to-integral.cc: can't read "et_cache(dfp,value)": no such element in array for " dg-require-effective-target 18 dfp "
UNRESOLVED: decimal/conversion-to-integral.cc: can't read "et_cache(dfp,value)": no such element in array for " dg-require-effective-target 18 dfp "
ERROR: decimal/ctor.cc: can't read "et_cache(dfp,value)": no such element in array for " dg-require-effective-target 18 dfp "
UNRESOLVED: decimal/ctor.cc: can't read "et_cache(dfp,value)": no such element in array for " dg-require-effective-target 18 dfp "
ERROR: decimal/incdec-memfunc.cc: can't read "et_cache(dfp,value)": no such element in array for " dg-require-effective-target 18 dfp "
UNRESOLVED: decimal/incdec-memfunc.cc: can't read "et_cache(dfp,value)": no such element in array for " dg-require-effective-target 18 dfp "
ERROR: decimal/incdec.cc: can't read "et_cache(dfp,value)": no such element in array for " dg-require-effective-target 18 dfp "
UNRESOLVED: decimal/incdec.cc: can't read "et_cache(dfp,value)": no such element in array for " dg-require-effective-target 18 dfp "
ERROR: decimal/make-decimal.cc: can't read "et_cache(dfp,value)": no such element in array for " dg-require-effective-target 18 dfp "
UNRESOLVED: decimal/make-decimal.cc: can't read "et_cache(dfp,value)": no such element in array for " dg-require-effective-target 18 dfp "
ERROR: decimal/mixed-mode-arith_neg.cc: can't read "et_cache(dfp,value)": no such element in array for " dg-require-effective-target 19 dfp "
UNRESOLVED: decimal/mixed-mode-arith_neg.cc: can't read "et_cache(dfp,value)": no such element in array for " dg-require-effective-target 19 dfp "
ERROR: decimal/mixed-mode-cmp_neg.cc: can't read "et_cache(dfp,value)": no such element in array for " dg-require-effective-target 19 dfp "
UNRESOLVED: decimal/mixed-mode-cmp_neg.cc: can't read "et_cache(dfp,value)": no such element in array for " dg-require-effective-target 19 dfp "
ERROR: decimal/operator_neg.cc: can't read "et_cache(dfp,value)": no such element in array for " dg-require-effective-target 19 dfp "
UNRESOLVED: decimal/operator_neg.cc: can't read "et_cache(dfp,value)": no such element in array for " dg-require-effective-target 19 dfp "
ERROR: decimal/pr54036-1.cc: can't read "et_cache(dfp,value)": no such element in array for " dg-require-effective-target 18 dfp "
UNRESOLVED: decimal/pr54036-1.cc: can't read "et_cache(dfp,value)": no such element in array for " dg-require-effective-target 18 dfp "
ERROR: decimal/pr54036-2.cc: can't read "et_cache(dfp,value)": no such element in array for " dg-require-effective-target 18 dfp "
UNRESOLVED: decimal/pr54036-2.cc: can't read "et_cache(dfp,value)": no such element in array for " dg-require-effective-target 18 dfp "
ERROR: decimal/pr54036-3.cc: can't read "et_cache(dfp,value)": no such element in array for " dg-require-effective-target 18 dfp "
UNRESOLVED: decimal/pr54036-3.cc: can't read "et_cache(dfp,value)": no such element in array for " dg-require-effective-target 18 dfp "
ERROR: decimal/pr58815.cc: can't read "et_cache(dfp,value)": no such element in array for " dg-require-effective-target 21 dfp "
UNRESOLVED: decimal/pr58815.cc: can't read "et_cache(dfp,value)": no such element in array for " dg-require-effective-target 21 dfp "
ERROR: decimal/unary-arith.cc: can't read "et_cache(dfp,value)": no such element in array for " dg-require-effective-target 18 dfp "
UNRESOLVED: decimal/unary-arith.cc: can't read "et_cache(dfp,value)": no such element in array for " dg-require-effective-target 18 dfp "
ERROR: ext/codecvt/1.cc: can't read "additional_sources": no such variable for " dg-require-iconv 1 "UCS-2BE" "
UNRESOLVED: ext/codecvt/1.cc: can't read "additional_sources": no such variable for " dg-require-iconv 1 "UCS-2BE" "
ERROR: ext/codecvt/char-1.cc: can't read "additional_sources": no such variable for " dg-require-iconv 1 "UCS-2BE" "
UNRESOLVED: ext/codecvt/char-1.cc: can't read "additional_sources": no such variable for " dg-require-iconv 1 "UCS-2BE" "
ERROR: ext/codecvt/char-2.cc: can't read "additional_sources": no such variable for " dg-require-iconv 1 "UCS-2LE" "
UNRESOLVED: ext/codecvt/char-2.cc: can't read "additional_sources": no such variable for " dg-require-iconv 1 "UCS-2LE" "
ERROR: ext/codecvt/wchar_t.cc: can't read "additional_sources": no such variable for " dg-require-iconv 1 "UCS-2BE" "
UNRESOLVED: ext/codecvt/wchar_t.cc: can't read "additional_sources": no such variable for " dg-require-iconv 1 "UCS-2BE" "
ERROR: ext/enc_filebuf/char/13189.cc: can't read "additional_sources": no such variable for " dg-require-iconv 1 "ISO-8859-1" "
UNRESOLVED: ext/enc_filebuf/char/13189.cc: can't read "additional_sources": no such variable for " dg-require-iconv 1 "ISO-8859-1" "
ERROR: ext/enc_filebuf/char/13598.cc: can't read "additional_sources": no such variable for " dg-require-iconv 5 "ISO-8859-1" "
UNRESOLVED: ext/enc_filebuf/char/13598.cc: can't read "additional_sources": no such variable for " dg-require-iconv 5 "ISO-8859-1" "
ERROR: ext/enc_filebuf/wchar_t/13189.cc: can't read "additional_sources": no such variable for " dg-require-iconv 1 "ISO-8859-1" "
UNRESOLVED: ext/enc_filebuf/wchar_t/13189.cc: can't read "additional_sources": no such variable for " dg-require-iconv 1 "ISO-8859-1" "
FAIL: ext/mt_allocator/check_new.cc execution test
ERROR: ext/mt_allocator/deallocate_local-6.cc: can't read "additional_sources": no such variable for " dg-require-cxa-atexit 1 "" "
UNRESOLVED: ext/mt_allocator/deallocate_local-6.cc: can't read "additional_sources": no such variable for " dg-require-cxa-atexit 1 "" "
ERROR: ext/mt_allocator/deallocate_local-8.cc: can't read "et_cache(cxa_atexit_available,value)": no such element in array for " dg-require-cxa-atexit 1 "" "
UNRESOLVED: ext/mt_allocator/deallocate_local-8.cc: can't read "et_cache(cxa_atexit_available,value)": no such element in array for " dg-require-cxa-atexit 1 "" "
ERROR: ext/new_allocator/deallocate_global.cc: can't read "additional_sources": no such variable for " dg-require-cxa-atexit 1 "" "
UNRESOLVED: ext/new_allocator/deallocate_global.cc: can't read "additional_sources": no such variable for " dg-require-cxa-atexit 1 "" "
FAIL: ext/pool_allocator/check_new.cc execution test
ERROR: ext/profile/all.cc: can't read "additional_sources": no such variable for " dg-options 2 "-std=gnu++11 -O0 -D_GLIBCXX_PROFILE_NO_THREADS" { target { ! tls_native } } "
UNRESOLVED: ext/profile/all.cc: can't read "additional_sources": no such variable for " dg-options 2 "-std=gnu++11 -O0 -D_GLIBCXX_PROFILE_NO_THREADS" { target { ! tls_native } } "
ERROR: ext/throw_allocator/deallocate_global.cc: can't read "additional_sources": no such variable for " dg-require-cxa-atexit 1 "" "
UNRESOLVED: ext/throw_allocator/deallocate_global.cc: can't read "additional_sources": no such variable for " dg-require-cxa-atexit 1 "" "
FAIL: ext/vstring/inserters_extractors/wchar_t/28277.cc execution test
=== libstdc++ Summary ===
# of expected passes 8706
# of unexpected failures 14
# of expected failures 65
# of unresolved testcases 81
# of unsupported tests 591
Compiler version: 5.0.0 20150219 (experimental) [trunk revision 220816] (GCC)
Platform: powerpc-ibm-aix7.1.0.0
configure flags: --prefix=/gsa/yktgsa/home/e/d/edelsohn/install/powerpc-ibm-aix7.1.0.0-20150219 --disable-werror --enable-languages=c,c++,fortran,objc --with-gmp=/gsa/yktgsa/home/e/d/edelsohn/install --with-mpfr=/gsa/yktgsa/home/e/d/edelsohn/install --with-cloog=no --with-ppl=no --with-libiconv-prefix=/gsa/yktgsa/home/e/d/edelsohn/install --disable-libstdcxx-pch --enable-__cxa_atexit