This is the mail archive of the
gcc-testresults@gcc.gnu.org
mailing list for the GCC project.
Results for 5.0.0 20150211 (experimental) (GCC) gfortran testsuite on sparc-unknown-rtems4.11
- From: Joel Sherrill <joel at rtems dot org>
- To: gcc-testresults at gcc dot gnu dot org
- Date: Fri, 13 Feb 2015 19:59:39 -0600
- Subject: Results for 5.0.0 20150211 (experimental) (GCC) gfortran testsuite on sparc-unknown-rtems4.11
- Authentication-results: sourceware.org; auth=none
Target is sparc-unknown-rtems4.11
Host is x86_64-unknown-linux-gnu
=== gfortran tests ===
Running target rtems-sparc-sis
WARNING: program timed out.
FAIL: gfortran.dg/g77/f77-edit-x-out.f -O0 execution test
WARNING: program timed out.
FAIL: gfortran.dg/g77/f77-edit-x-out.f -O1 execution test
WARNING: program timed out.
FAIL: gfortran.dg/g77/f77-edit-x-out.f -O2 execution test
WARNING: program timed out.
FAIL: gfortran.dg/g77/f77-edit-x-out.f -O3 -fomit-frame-pointer execution test
WARNING: program timed out.
FAIL: gfortran.dg/g77/f77-edit-x-out.f -O3 -fomit-frame-pointer -funroll-loops execution test
WARNING: program timed out.
FAIL: gfortran.dg/g77/f77-edit-x-out.f -O3 -fomit-frame-pointer -funroll-all-loops -finline-functions execution test
WARNING: program timed out.
FAIL: gfortran.dg/g77/f77-edit-x-out.f -O3 -g execution test
WARNING: program timed out.
FAIL: gfortran.dg/g77/f77-edit-x-out.f -Os execution test
=== gfortran Summary ===
# of expected passes 8
# of unexpected failures 8
/home2/joel/build/b-sparc-fortran/gcc/testsuite/gfortran/../../gfortran version 5.0.0 20150211 (experimental) (GCC)
Compiler version: 5.0.0 20150211 (experimental) (GCC) gfortran
Platform: sparc-unknown-rtems4.11
configure flags: 'CFLAGS_FOR_TARGET=-B/users/joel/test-gcc/install-head/sparc-rtems4.11/sis/lib/ ' --with-ppl=/users/joel/test-gcc/install-svn/ --enable-threads=rtems --with-gnu-as --with-gnu-ld --disable-newlib --verbose --with-system-zlib --disable-nls --enable-version-specific-runtime-libs --enable-languages=c,fortran --target=sparc-rtems4.11 --prefix=/users/joel/test-gcc/install-head