This is the mail archive of the
gcc-testresults@gcc.gnu.org
mailing list for the GCC project.
Fw: Results for 5.0.020150201(experimental)(GCC) testsuite on aarch64-unknown-linux-gnu
- From: "Pinski, Andrew" <Andrew dot Pinski at caviumnetworks dot com>
- To: "gcc-testresults at gcc dot gnu dot org" <gcc-testresults at gcc dot gnu dot org>
- Date: Sun, 1 Feb 2015 23:20:10 +0000
- Subject: Fw: Results for 5.0.020150201(experimental)(GCC) testsuite on aarch64-unknown-linux-gnu
- Authentication-results: sourceware.org; auth=none
- Authentication-results: gcc.gnu.org; dkim=none (message not signed) header.d=none;
- References: <20150201231931 dot 90B3F22D77 at localhost>
Native configuration is aarch64-unknown-linux-gnu
=== boehm-gc tests ===
Running target unix//-mabi=lp64
=== boehm-gc Summary for unix//-mabi=lp64 ===
# of expected passes 12
# of unsupported tests 1
Running target unix//-mabi=ilp32
FAIL: boehm-gc.c/gctest.c -O2 (test for excess errors)
UNRESOLVED: boehm-gc.c/gctest.c -O2 compilation failed to produce executable
FAIL: boehm-gc.c/leak_test.c -O2 execution test
FAIL: boehm-gc.c/thread_leak_test.c -O2 execution test
FAIL: boehm-gc.lib/staticrootstest.c -O2 execution test
=== boehm-gc Summary for unix//-mabi=ilp32 ===
# of expected passes 7
# of unexpected failures 4
# of unresolved testcases 1
# of unsupported tests 1
=== boehm-gc Summary ===
# of expected passes 19
# of unexpected failures 4
# of unresolved testcases 1
# of unsupported tests 2
=== libatomic tests ===
Running target unix//-mabi=lp64
=== libatomic Summary for unix//-mabi=lp64 ===
# of expected passes 54
Running target unix//-mabi=ilp32
=== libatomic Summary for unix//-mabi=ilp32 ===
# of expected passes 54
=== libatomic Summary ===
# of expected passes 108
=== libffi tests ===
Running target unix//-mabi=lp64
=== libffi Summary for unix//-mabi=lp64 ===
# of expected passes 2214
Running target unix//-mabi=ilp32
FAIL: libffi.call/closure_fn0.c -W -Wall -Wno-psabi -O0 execution test
FAIL: libffi.call/closure_fn0.c -W -Wall -Wno-psabi -O2 execution test
FAIL: libffi.call/closure_fn0.c -W -Wall -Wno-psabi -O3 execution test
FAIL: libffi.call/closure_fn0.c -W -Wall -Wno-psabi -Os execution test
FAIL: libffi.call/closure_fn0.c -W -Wall -Wno-psabi -O2 -fomit-frame-pointer execution test
FAIL: libffi.call/closure_fn1.c -W -Wall -Wno-psabi -O0 execution test
FAIL: libffi.call/closure_fn1.c -W -Wall -Wno-psabi -O2 execution test
FAIL: libffi.call/closure_fn1.c -W -Wall -Wno-psabi -O3 execution test
FAIL: libffi.call/closure_fn1.c -W -Wall -Wno-psabi -Os execution test
FAIL: libffi.call/closure_fn1.c -W -Wall -Wno-psabi -O2 -fomit-frame-pointer execution test
FAIL: libffi.call/closure_fn2.c -W -Wall -Wno-psabi -O0 execution test
FAIL: libffi.call/closure_fn2.c -W -Wall -Wno-psabi -O2 execution test
FAIL: libffi.call/closure_fn2.c -W -Wall -Wno-psabi -O3 execution test
FAIL: libffi.call/closure_fn2.c -W -Wall -Wno-psabi -Os execution test
FAIL: libffi.call/closure_fn2.c -W -Wall -Wno-psabi -O2 -fomit-frame-pointer execution test
FAIL: libffi.call/closure_fn3.c -W -Wall -Wno-psabi -O0 execution test
FAIL: libffi.call/closure_fn3.c -W -Wall -Wno-psabi -O2 execution test
FAIL: libffi.call/closure_fn3.c -W -Wall -Wno-psabi -O3 execution test
FAIL: libffi.call/closure_fn3.c -W -Wall -Wno-psabi -Os execution test
FAIL: libffi.call/closure_fn3.c -W -Wall -Wno-psabi -O2 -fomit-frame-pointer execution test
FAIL: libffi.call/closure_fn4.c -W -Wall -Wno-psabi -O0 execution test
FAIL: libffi.call/closure_fn4.c -W -Wall -Wno-psabi -O2 execution test
FAIL: libffi.call/closure_fn4.c -W -Wall -Wno-psabi -O3 execution test
FAIL: libffi.call/closure_fn4.c -W -Wall -Wno-psabi -Os execution test
FAIL: libffi.call/closure_fn4.c -W -Wall -Wno-psabi -O2 -fomit-frame-pointer execution test
FAIL: libffi.call/closure_fn5.c -W -Wall -Wno-psabi -O0 execution test
FAIL: libffi.call/closure_fn5.c -W -Wall -Wno-psabi -O2 execution test
FAIL: libffi.call/closure_fn5.c -W -Wall -Wno-psabi -O3 execution test
FAIL: libffi.call/closure_fn5.c -W -Wall -Wno-psabi -Os execution test
FAIL: libffi.call/closure_fn5.c -W -Wall -Wno-psabi -O2 -fomit-frame-pointer execution test
FAIL: libffi.call/closure_fn6.c -W -Wall -Wno-psabi -O0 execution test
FAIL: libffi.call/closure_fn6.c -W -Wall -Wno-psabi -O2 execution test
FAIL: libffi.call/closure_fn6.c -W -Wall -Wno-psabi -O3 execution test
FAIL: libffi.call/closure_fn6.c -W -Wall -Wno-psabi -Os execution test
FAIL: libffi.call/closure_fn6.c -W -Wall -Wno-psabi -O2 -fomit-frame-pointer execution test
FAIL: libffi.call/closure_loc_fn0.c -W -Wall -Wno-psabi -O0 execution test
FAIL: libffi.call/closure_loc_fn0.c -W -Wall -Wno-psabi -O2 execution test
FAIL: libffi.call/closure_loc_fn0.c -W -Wall -Wno-psabi -O3 execution test
FAIL: libffi.call/closure_loc_fn0.c -W -Wall -Wno-psabi -Os execution test
FAIL: libffi.call/closure_loc_fn0.c -W -Wall -Wno-psabi -O2 -fomit-frame-pointer execution test
FAIL: libffi.call/closure_simple.c -W -Wall -Wno-psabi -O0 execution test
FAIL: libffi.call/closure_simple.c -W -Wall -Wno-psabi -O2 execution test
FAIL: libffi.call/closure_simple.c -W -Wall -Wno-psabi -O3 execution test
FAIL: libffi.call/closure_simple.c -W -Wall -Wno-psabi -Os execution test
FAIL: libffi.call/closure_simple.c -W -Wall -Wno-psabi -O2 -fomit-frame-pointer execution test
FAIL: libffi.call/cls_12byte.c -W -Wall -Wno-psabi -O0 execution test
FAIL: libffi.call/cls_12byte.c -W -Wall -Wno-psabi -O2 execution test
FAIL: libffi.call/cls_12byte.c -W -Wall -Wno-psabi -O3 execution test
FAIL: libffi.call/cls_12byte.c -W -Wall -Wno-psabi -Os execution test
FAIL: libffi.call/cls_12byte.c -W -Wall -Wno-psabi -O2 -fomit-frame-pointer execution test
FAIL: libffi.call/cls_16byte.c -W -Wall -Wno-psabi -O0 execution test
FAIL: libffi.call/cls_16byte.c -W -Wall -Wno-psabi -O2 execution test
FAIL: libffi.call/cls_16byte.c -W -Wall -Wno-psabi -O3 execution test
FAIL: libffi.call/cls_16byte.c -W -Wall -Wno-psabi -Os execution test
FAIL: libffi.call/cls_16byte.c -W -Wall -Wno-psabi -O2 -fomit-frame-pointer execution test
FAIL: libffi.call/cls_18byte.c -W -Wall -Wno-psabi -O0 execution test
FAIL: libffi.call/cls_18byte.c -W -Wall -Wno-psabi -O2 execution test
FAIL: libffi.call/cls_18byte.c -W -Wall -Wno-psabi -O3 execution test
FAIL: libffi.call/cls_18byte.c -W -Wall -Wno-psabi -Os execution test
FAIL: libffi.call/cls_18byte.c -W -Wall -Wno-psabi -O2 -fomit-frame-pointer execution test
FAIL: libffi.call/cls_19byte.c -W -Wall -Wno-psabi -O0 execution test
FAIL: libffi.call/cls_19byte.c -W -Wall -Wno-psabi -O2 execution test
FAIL: libffi.call/cls_19byte.c -W -Wall -Wno-psabi -O3 execution test
FAIL: libffi.call/cls_19byte.c -W -Wall -Wno-psabi -Os execution test
FAIL: libffi.call/cls_19byte.c -W -Wall -Wno-psabi -O2 -fomit-frame-pointer execution test
FAIL: libffi.call/cls_1_1byte.c -W -Wall -Wno-psabi -O0 execution test
FAIL: libffi.call/cls_1_1byte.c -W -Wall -Wno-psabi -O2 execution test
FAIL: libffi.call/cls_1_1byte.c -W -Wall -Wno-psabi -O3 execution test
FAIL: libffi.call/cls_1_1byte.c -W -Wall -Wno-psabi -Os execution test
FAIL: libffi.call/cls_1_1byte.c -W -Wall -Wno-psabi -O2 -fomit-frame-pointer execution test
FAIL: libffi.call/cls_20byte.c -W -Wall -Wno-psabi -O0 execution test
FAIL: libffi.call/cls_20byte.c -W -Wall -Wno-psabi -O2 execution test
FAIL: libffi.call/cls_20byte.c -W -Wall -Wno-psabi -O3 execution test
FAIL: libffi.call/cls_20byte.c -W -Wall -Wno-psabi -Os execution test
FAIL: libffi.call/cls_20byte.c -W -Wall -Wno-psabi -O2 -fomit-frame-pointer execution test
FAIL: libffi.call/cls_20byte1.c -W -Wall -Wno-psabi -O0 execution test
FAIL: libffi.call/cls_20byte1.c -W -Wall -Wno-psabi -O2 execution test
FAIL: libffi.call/cls_20byte1.c -W -Wall -Wno-psabi -O3 execution test
FAIL: libffi.call/cls_20byte1.c -W -Wall -Wno-psabi -Os execution test
FAIL: libffi.call/cls_20byte1.c -W -Wall -Wno-psabi -O2 -fomit-frame-pointer execution test
FAIL: libffi.call/cls_24byte.c -W -Wall -Wno-psabi -O0 execution test
FAIL: libffi.call/cls_24byte.c -W -Wall -Wno-psabi -O2 execution test
FAIL: libffi.call/cls_24byte.c -W -Wall -Wno-psabi -O3 execution test
FAIL: libffi.call/cls_24byte.c -W -Wall -Wno-psabi -Os execution test
FAIL: libffi.call/cls_24byte.c -W -Wall -Wno-psabi -O2 -fomit-frame-pointer execution test
FAIL: libffi.call/cls_2byte.c -W -Wall -Wno-psabi -O0 execution test
FAIL: libffi.call/cls_2byte.c -W -Wall -Wno-psabi -O2 execution test
FAIL: libffi.call/cls_2byte.c -W -Wall -Wno-psabi -O3 execution test
FAIL: libffi.call/cls_2byte.c -W -Wall -Wno-psabi -Os execution test
FAIL: libffi.call/cls_2byte.c -W -Wall -Wno-psabi -O2 -fomit-frame-pointer execution test
FAIL: libffi.call/cls_3_1byte.c -W -Wall -Wno-psabi -O0 execution test
FAIL: libffi.call/cls_3_1byte.c -W -Wall -Wno-psabi -O2 execution test
FAIL: libffi.call/cls_3_1byte.c -W -Wall -Wno-psabi -O3 execution test
FAIL: libffi.call/cls_3_1byte.c -W -Wall -Wno-psabi -Os execution test
FAIL: libffi.call/cls_3_1byte.c -W -Wall -Wno-psabi -O2 -fomit-frame-pointer execution test
FAIL: libffi.call/cls_3byte1.c -W -Wall -Wno-psabi -O0 execution test
FAIL: libffi.call/cls_3byte1.c -W -Wall -Wno-psabi -O2 execution test
FAIL: libffi.call/cls_3byte1.c -W -Wall -Wno-psabi -O3 execution test
FAIL: libffi.call/cls_3byte1.c -W -Wall -Wno-psabi -Os execution test
FAIL: libffi.call/cls_3byte1.c -W -Wall -Wno-psabi -O2 -fomit-frame-pointer execution test
FAIL: libffi.call/cls_3byte2.c -W -Wall -Wno-psabi -O0 execution test
FAIL: libffi.call/cls_3byte2.c -W -Wall -Wno-psabi -O2 execution test
FAIL: libffi.call/cls_3byte2.c -W -Wall -Wno-psabi -O3 execution test
FAIL: libffi.call/cls_3byte2.c -W -Wall -Wno-psabi -Os execution test
FAIL: libffi.call/cls_3byte2.c -W -Wall -Wno-psabi -O2 -fomit-frame-pointer execution test
FAIL: libffi.call/cls_4_1byte.c -W -Wall -Wno-psabi -O0 execution test
FAIL: libffi.call/cls_4_1byte.c -W -Wall -Wno-psabi -O2 execution test
FAIL: libffi.call/cls_4_1byte.c -W -Wall -Wno-psabi -O3 execution test
FAIL: libffi.call/cls_4_1byte.c -W -Wall -Wno-psabi -Os execution test
FAIL: libffi.call/cls_4_1byte.c -W -Wall -Wno-psabi -O2 -fomit-frame-pointer execution test
FAIL: libffi.call/cls_4byte.c -W -Wall -Wno-psabi -O0 execution test
FAIL: libffi.call/cls_4byte.c -W -Wall -Wno-psabi -O2 execution test
FAIL: libffi.call/cls_4byte.c -W -Wall -Wno-psabi -O3 execution test
FAIL: libffi.call/cls_4byte.c -W -Wall -Wno-psabi -Os execution test
FAIL: libffi.call/cls_4byte.c -W -Wall -Wno-psabi -O2 -fomit-frame-pointer execution test
FAIL: libffi.call/cls_5_1_byte.c -W -Wall -Wno-psabi -O0 execution test
FAIL: libffi.call/cls_5_1_byte.c -W -Wall -Wno-psabi -O2 execution test
FAIL: libffi.call/cls_5_1_byte.c -W -Wall -Wno-psabi -O3 execution test
FAIL: libffi.call/cls_5_1_byte.c -W -Wall -Wno-psabi -Os execution test
FAIL: libffi.call/cls_5_1_byte.c -W -Wall -Wno-psabi -O2 -fomit-frame-pointer execution test
FAIL: libffi.call/cls_5byte.c -W -Wall -Wno-psabi -O0 execution test
FAIL: libffi.call/cls_5byte.c -W -Wall -Wno-psabi -O2 execution test
FAIL: libffi.call/cls_5byte.c -W -Wall -Wno-psabi -O3 execution test
FAIL: libffi.call/cls_5byte.c -W -Wall -Wno-psabi -Os execution test
FAIL: libffi.call/cls_5byte.c -W -Wall -Wno-psabi -O2 -fomit-frame-pointer execution test
FAIL: libffi.call/cls_64byte.c -W -Wall -Wno-psabi -O0 execution test
FAIL: libffi.call/cls_64byte.c -W -Wall -Wno-psabi -O2 execution test
FAIL: libffi.call/cls_64byte.c -W -Wall -Wno-psabi -O3 execution test
FAIL: libffi.call/cls_64byte.c -W -Wall -Wno-psabi -Os execution test
FAIL: libffi.call/cls_64byte.c -W -Wall -Wno-psabi -O2 -fomit-frame-pointer execution test
FAIL: libffi.call/cls_6_1_byte.c -W -Wall -Wno-psabi -O0 execution test
FAIL: libffi.call/cls_6_1_byte.c -W -Wall -Wno-psabi -O2 execution test
FAIL: libffi.call/cls_6_1_byte.c -W -Wall -Wno-psabi -O3 execution test
FAIL: libffi.call/cls_6_1_byte.c -W -Wall -Wno-psabi -Os execution test
FAIL: libffi.call/cls_6_1_byte.c -W -Wall -Wno-psabi -O2 -fomit-frame-pointer execution test
FAIL: libffi.call/cls_6byte.c -W -Wall -Wno-psabi -O0 execution test
FAIL: libffi.call/cls_6byte.c -W -Wall -Wno-psabi -O2 execution test
FAIL: libffi.call/cls_6byte.c -W -Wall -Wno-psabi -O3 execution test
FAIL: libffi.call/cls_6byte.c -W -Wall -Wno-psabi -Os execution test
FAIL: libffi.call/cls_6byte.c -W -Wall -Wno-psabi -O2 -fomit-frame-pointer execution test
FAIL: libffi.call/cls_7_1_byte.c -W -Wall -Wno-psabi -O0 execution test
FAIL: libffi.call/cls_7_1_byte.c -W -Wall -Wno-psabi -O2 execution test
FAIL: libffi.call/cls_7_1_byte.c -W -Wall -Wno-psabi -O3 execution test
FAIL: libffi.call/cls_7_1_byte.c -W -Wall -Wno-psabi -Os execution test
FAIL: libffi.call/cls_7_1_byte.c -W -Wall -Wno-psabi -O2 -fomit-frame-pointer execution test
FAIL: libffi.call/cls_7byte.c -W -Wall -Wno-psabi -O0 execution test
FAIL: libffi.call/cls_7byte.c -W -Wall -Wno-psabi -O2 execution test
FAIL: libffi.call/cls_7byte.c -W -Wall -Wno-psabi -O3 execution test
FAIL: libffi.call/cls_7byte.c -W -Wall -Wno-psabi -Os execution test
FAIL: libffi.call/cls_7byte.c -W -Wall -Wno-psabi -O2 -fomit-frame-pointer execution test
FAIL: libffi.call/cls_8byte.c -W -Wall -Wno-psabi -O0 execution test
FAIL: libffi.call/cls_8byte.c -W -Wall -Wno-psabi -O2 execution test
FAIL: libffi.call/cls_8byte.c -W -Wall -Wno-psabi -O3 execution test
FAIL: libffi.call/cls_8byte.c -W -Wall -Wno-psabi -Os execution test
FAIL: libffi.call/cls_8byte.c -W -Wall -Wno-psabi -O2 -fomit-frame-pointer execution test
FAIL: libffi.call/cls_9byte1.c -W -Wall -Wno-psabi -O0 execution test
FAIL: libffi.call/cls_9byte1.c -W -Wall -Wno-psabi -O2 execution test
FAIL: libffi.call/cls_9byte1.c -W -Wall -Wno-psabi -O3 execution test
FAIL: libffi.call/cls_9byte1.c -W -Wall -Wno-psabi -Os execution test
FAIL: libffi.call/cls_9byte1.c -W -Wall -Wno-psabi -O2 -fomit-frame-pointer execution test
FAIL: libffi.call/cls_9byte2.c -W -Wall -Wno-psabi -O0 execution test
FAIL: libffi.call/cls_9byte2.c -W -Wall -Wno-psabi -O2 execution test
FAIL: libffi.call/cls_9byte2.c -W -Wall -Wno-psabi -O3 execution test
FAIL: libffi.call/cls_9byte2.c -W -Wall -Wno-psabi -Os execution test
FAIL: libffi.call/cls_9byte2.c -W -Wall -Wno-psabi -O2 -fomit-frame-pointer execution test
FAIL: libffi.call/cls_align_double.c -W -Wall -Wno-psabi -O0 execution test
FAIL: libffi.call/cls_align_double.c -W -Wall -Wno-psabi -O2 execution test
FAIL: libffi.call/cls_align_double.c -W -Wall -Wno-psabi -O3 execution test
FAIL: libffi.call/cls_align_double.c -W -Wall -Wno-psabi -Os execution test
FAIL: libffi.call/cls_align_double.c -W -Wall -Wno-psabi -O2 -fomit-frame-pointer execution test
FAIL: libffi.call/cls_align_float.c -W -Wall -Wno-psabi -O0 execution test
FAIL: libffi.call/cls_align_float.c -W -Wall -Wno-psabi -O2 execution test
FAIL: libffi.call/cls_align_float.c -W -Wall -Wno-psabi -O3 execution test
FAIL: libffi.call/cls_align_float.c -W -Wall -Wno-psabi -Os execution test
FAIL: libffi.call/cls_align_float.c -W -Wall -Wno-psabi -O2 -fomit-frame-pointer execution test
FAIL: libffi.call/cls_align_longdouble.c -W -Wall -Wno-psabi -O0 execution test
FAIL: libffi.call/cls_align_longdouble.c -W -Wall -Wno-psabi -O2 execution test
FAIL: libffi.call/cls_align_longdouble.c -W -Wall -Wno-psabi -O3 execution test
FAIL: libffi.call/cls_align_longdouble.c -W -Wall -Wno-psabi -Os execution test
FAIL: libffi.call/cls_align_longdouble.c -W -Wall -Wno-psabi -O2 -fomit-frame-pointer execution test
FAIL: libffi.call/cls_align_longdouble_split.c -W -Wall -Wno-psabi -O0 execution test
FAIL: libffi.call/cls_align_longdouble_split.c -W -Wall -Wno-psabi -O2 execution test
FAIL: libffi.call/cls_align_longdouble_split.c -W -Wall -Wno-psabi -O3 execution test
FAIL: libffi.call/cls_align_longdouble_split.c -W -Wall -Wno-psabi -Os execution test
FAIL: libffi.call/cls_align_longdouble_split.c -W -Wall -Wno-psabi -O2 -fomit-frame-pointer execution test
FAIL: libffi.call/cls_align_longdouble_split2.c -W -Wall -Wno-psabi -O0 execution test
FAIL: libffi.call/cls_align_longdouble_split2.c -W -Wall -Wno-psabi -O2 execution test
FAIL: libffi.call/cls_align_longdouble_split2.c -W -Wall -Wno-psabi -O3 execution test
FAIL: libffi.call/cls_align_longdouble_split2.c -W -Wall -Wno-psabi -Os execution test
FAIL: libffi.call/cls_align_longdouble_split2.c -W -Wall -Wno-psabi -O2 -fomit-frame-pointer execution test
FAIL: libffi.call/cls_align_pointer.c -W -Wall -Wno-psabi -O0 execution test
FAIL: libffi.call/cls_align_pointer.c -W -Wall -Wno-psabi -O2 execution test
FAIL: libffi.call/cls_align_pointer.c -W -Wall -Wno-psabi -O3 execution test
FAIL: libffi.call/cls_align_pointer.c -W -Wall -Wno-psabi -Os execution test
FAIL: libffi.call/cls_align_pointer.c -W -Wall -Wno-psabi -O2 -fomit-frame-pointer execution test
FAIL: libffi.call/cls_align_sint16.c -W -Wall -Wno-psabi -O0 execution test
FAIL: libffi.call/cls_align_sint16.c -W -Wall -Wno-psabi -O2 execution test
FAIL: libffi.call/cls_align_sint16.c -W -Wall -Wno-psabi -O3 execution test
FAIL: libffi.call/cls_align_sint16.c -W -Wall -Wno-psabi -Os execution test
FAIL: libffi.call/cls_align_sint16.c -W -Wall -Wno-psabi -O2 -fomit-frame-pointer execution test
FAIL: libffi.call/cls_align_sint32.c -W -Wall -Wno-psabi -O0 execution test
FAIL: libffi.call/cls_align_sint32.c -W -Wall -Wno-psabi -O2 execution test
FAIL: libffi.call/cls_align_sint32.c -W -Wall -Wno-psabi -O3 execution test
FAIL: libffi.call/cls_align_sint32.c -W -Wall -Wno-psabi -Os execution test
FAIL: libffi.call/cls_align_sint32.c -W -Wall -Wno-psabi -O2 -fomit-frame-pointer execution test
FAIL: libffi.call/cls_align_sint64.c -W -Wall -Wno-psabi -O0 execution test
FAIL: libffi.call/cls_align_sint64.c -W -Wall -Wno-psabi -O2 execution test
FAIL: libffi.call/cls_align_sint64.c -W -Wall -Wno-psabi -O3 execution test
FAIL: libffi.call/cls_align_sint64.c -W -Wall -Wno-psabi -Os execution test
FAIL: libffi.call/cls_align_sint64.c -W -Wall -Wno-psabi -O2 -fomit-frame-pointer execution test
FAIL: libffi.call/cls_align_uint16.c -W -Wall -Wno-psabi -O0 execution test
FAIL: libffi.call/cls_align_uint16.c -W -Wall -Wno-psabi -O2 execution test
FAIL: libffi.call/cls_align_uint16.c -W -Wall -Wno-psabi -O3 execution test
FAIL: libffi.call/cls_align_uint16.c -W -Wall -Wno-psabi -Os execution test
FAIL: libffi.call/cls_align_uint16.c -W -Wall -Wno-psabi -O2 -fomit-frame-pointer execution test
FAIL: libffi.call/cls_align_uint32.c -W -Wall -Wno-psabi -O0 execution test
FAIL: libffi.call/cls_align_uint32.c -W -Wall -Wno-psabi -O2 execution test
FAIL: libffi.call/cls_align_uint32.c -W -Wall -Wno-psabi -O3 execution test
FAIL: libffi.call/cls_align_uint32.c -W -Wall -Wno-psabi -Os execution test
FAIL: libffi.call/cls_align_uint32.c -W -Wall -Wno-psabi -O2 -fomit-frame-pointer execution test
FAIL: libffi.call/cls_align_uint64.c -W -Wall -Wno-psabi -O0 execution test
FAIL: libffi.call/cls_align_uint64.c -W -Wall -Wno-psabi -O2 execution test
FAIL: libffi.call/cls_align_uint64.c -W -Wall -Wno-psabi -O3 execution test
FAIL: libffi.call/cls_align_uint64.c -W -Wall -Wno-psabi -Os execution test
FAIL: libffi.call/cls_align_uint64.c -W -Wall -Wno-psabi -O2 -fomit-frame-pointer execution test
FAIL: libffi.call/cls_dbls_struct.c -W -Wall -Wno-psabi -O0 execution test
FAIL: libffi.call/cls_dbls_struct.c -W -Wall -Wno-psabi -O2 execution test
FAIL: libffi.call/cls_dbls_struct.c -W -Wall -Wno-psabi -O3 execution test
FAIL: libffi.call/cls_dbls_struct.c -W -Wall -Wno-psabi -Os execution test
FAIL: libffi.call/cls_dbls_struct.c -W -Wall -Wno-psabi -O2 -fomit-frame-pointer execution test
FAIL: libffi.call/cls_double.c -W -Wall -Wno-psabi -O0 execution test
FAIL: libffi.call/cls_double.c -W -Wall -Wno-psabi -O2 execution test
FAIL: libffi.call/cls_double.c -W -Wall -Wno-psabi -O3 execution test
FAIL: libffi.call/cls_double.c -W -Wall -Wno-psabi -Os execution test
FAIL: libffi.call/cls_double.c -W -Wall -Wno-psabi -O2 -fomit-frame-pointer execution test
FAIL: libffi.call/cls_double_va.c -W -Wall -Wno-psabi -O0 execution test
FAIL: libffi.call/cls_double_va.c -W -Wall -Wno-psabi -O2 execution test
FAIL: libffi.call/cls_double_va.c -W -Wall -Wno-psabi -O3 execution test
FAIL: libffi.call/cls_double_va.c -W -Wall -Wno-psabi -Os execution test
FAIL: libffi.call/cls_double_va.c -W -Wall -Wno-psabi -O2 -fomit-frame-pointer execution test
FAIL: libffi.call/cls_float.c -W -Wall -Wno-psabi -O0 execution test
FAIL: libffi.call/cls_float.c -W -Wall -Wno-psabi -O2 execution test
FAIL: libffi.call/cls_float.c -W -Wall -Wno-psabi -O3 execution test
FAIL: libffi.call/cls_float.c -W -Wall -Wno-psabi -Os execution test
FAIL: libffi.call/cls_float.c -W -Wall -Wno-psabi -O2 -fomit-frame-pointer execution test
FAIL: libffi.call/cls_longdouble.c -W -Wall -Wno-psabi -O0 execution test
FAIL: libffi.call/cls_longdouble.c -W -Wall -Wno-psabi -O2 execution test
FAIL: libffi.call/cls_longdouble.c -W -Wall -Wno-psabi -O3 execution test
FAIL: libffi.call/cls_longdouble.c -W -Wall -Wno-psabi -Os execution test
FAIL: libffi.call/cls_longdouble.c -W -Wall -Wno-psabi -O2 -fomit-frame-pointer execution test
FAIL: libffi.call/cls_longdouble_va.c -W -Wall -Wno-psabi -O0 execution test
FAIL: libffi.call/cls_longdouble_va.c -W -Wall -Wno-psabi -O2 execution test
FAIL: libffi.call/cls_longdouble_va.c -W -Wall -Wno-psabi -O3 execution test
FAIL: libffi.call/cls_longdouble_va.c -W -Wall -Wno-psabi -Os execution test
FAIL: libffi.call/cls_longdouble_va.c -W -Wall -Wno-psabi -O2 -fomit-frame-pointer execution test
FAIL: libffi.call/cls_many_mixed_args.c -W -Wall -Wno-psabi -O0 execution test
FAIL: libffi.call/cls_many_mixed_args.c -W -Wall -Wno-psabi -O2 execution test
FAIL: libffi.call/cls_many_mixed_args.c -W -Wall -Wno-psabi -O3 execution test
FAIL: libffi.call/cls_many_mixed_args.c -W -Wall -Wno-psabi -Os execution test
FAIL: libffi.call/cls_many_mixed_args.c -W -Wall -Wno-psabi -O2 -fomit-frame-pointer execution test
FAIL: libffi.call/cls_many_mixed_float_double.c -W -Wall -Wno-psabi -O0 execution test
FAIL: libffi.call/cls_many_mixed_float_double.c -W -Wall -Wno-psabi -O2 execution test
FAIL: libffi.call/cls_many_mixed_float_double.c -W -Wall -Wno-psabi -O3 execution test
FAIL: libffi.call/cls_many_mixed_float_double.c -W -Wall -Wno-psabi -Os execution test
FAIL: libffi.call/cls_many_mixed_float_double.c -W -Wall -Wno-psabi -O2 -fomit-frame-pointer execution test
FAIL: libffi.call/cls_multi_schar.c -W -Wall -Wno-psabi -O0 execution test
FAIL: libffi.call/cls_multi_schar.c -W -Wall -Wno-psabi -O2 execution test
FAIL: libffi.call/cls_multi_schar.c -W -Wall -Wno-psabi -O3 execution test
FAIL: libffi.call/cls_multi_schar.c -W -Wall -Wno-psabi -Os execution test
FAIL: libffi.call/cls_multi_schar.c -W -Wall -Wno-psabi -O2 -fomit-frame-pointer execution test
FAIL: libffi.call/cls_multi_sshort.c -W -Wall -Wno-psabi -O0 execution test
FAIL: libffi.call/cls_multi_sshort.c -W -Wall -Wno-psabi -O2 execution test
FAIL: libffi.call/cls_multi_sshort.c -W -Wall -Wno-psabi -O3 execution test
FAIL: libffi.call/cls_multi_sshort.c -W -Wall -Wno-psabi -Os execution test
FAIL: libffi.call/cls_multi_sshort.c -W -Wall -Wno-psabi -O2 -fomit-frame-pointer execution test
FAIL: libffi.call/cls_multi_sshortchar.c -W -Wall -Wno-psabi -O0 execution test
FAIL: libffi.call/cls_multi_sshortchar.c -W -Wall -Wno-psabi -O2 execution test
FAIL: libffi.call/cls_multi_sshortchar.c -W -Wall -Wno-psabi -O3 execution test
FAIL: libffi.call/cls_multi_sshortchar.c -W -Wall -Wno-psabi -Os execution test
FAIL: libffi.call/cls_multi_sshortchar.c -W -Wall -Wno-psabi -O2 -fomit-frame-pointer execution test
FAIL: libffi.call/cls_multi_uchar.c -W -Wall -Wno-psabi -O0 execution test
FAIL: libffi.call/cls_multi_uchar.c -W -Wall -Wno-psabi -O2 execution test
FAIL: libffi.call/cls_multi_uchar.c -W -Wall -Wno-psabi -O3 execution test
FAIL: libffi.call/cls_multi_uchar.c -W -Wall -Wno-psabi -Os execution test
FAIL: libffi.call/cls_multi_uchar.c -W -Wall -Wno-psabi -O2 -fomit-frame-pointer execution test
FAIL: libffi.call/cls_multi_ushort.c -W -Wall -Wno-psabi -O0 execution test
FAIL: libffi.call/cls_multi_ushort.c -W -Wall -Wno-psabi -O2 execution test
FAIL: libffi.call/cls_multi_ushort.c -W -Wall -Wno-psabi -O3 execution test
FAIL: libffi.call/cls_multi_ushort.c -W -Wall -Wno-psabi -Os execution test
FAIL: libffi.call/cls_multi_ushort.c -W -Wall -Wno-psabi -O2 -fomit-frame-pointer execution test
FAIL: libffi.call/cls_multi_ushortchar.c -W -Wall -Wno-psabi -O0 execution test
FAIL: libffi.call/cls_multi_ushortchar.c -W -Wall -Wno-psabi -O2 execution test
FAIL: libffi.call/cls_multi_ushortchar.c -W -Wall -Wno-psabi -O3 execution test
FAIL: libffi.call/cls_multi_ushortchar.c -W -Wall -Wno-psabi -Os execution test
FAIL: libffi.call/cls_multi_ushortchar.c -W -Wall -Wno-psabi -O2 -fomit-frame-pointer execution test
FAIL: libffi.call/cls_pointer.c -W -Wall -Wno-psabi -O0 execution test
FAIL: libffi.call/cls_pointer.c -W -Wall -Wno-psabi -O2 execution test
FAIL: libffi.call/cls_pointer.c -W -Wall -Wno-psabi -O3 execution test
FAIL: libffi.call/cls_pointer.c -W -Wall -Wno-psabi -Os execution test
FAIL: libffi.call/cls_pointer.c -W -Wall -Wno-psabi -O2 -fomit-frame-pointer execution test
FAIL: libffi.call/cls_pointer_stack.c -W -Wall -Wno-psabi -O0 execution test
FAIL: libffi.call/cls_pointer_stack.c -W -Wall -Wno-psabi -O2 execution test
FAIL: libffi.call/cls_pointer_stack.c -W -Wall -Wno-psabi -O3 execution test
FAIL: libffi.call/cls_pointer_stack.c -W -Wall -Wno-psabi -Os execution test
FAIL: libffi.call/cls_pointer_stack.c -W -Wall -Wno-psabi -O2 -fomit-frame-pointer execution test
FAIL: libffi.call/cls_schar.c -W -Wall -Wno-psabi -O0 execution test
FAIL: libffi.call/cls_schar.c -W -Wall -Wno-psabi -O2 execution test
FAIL: libffi.call/cls_schar.c -W -Wall -Wno-psabi -O3 execution test
FAIL: libffi.call/cls_schar.c -W -Wall -Wno-psabi -Os execution test
FAIL: libffi.call/cls_schar.c -W -Wall -Wno-psabi -O2 -fomit-frame-pointer execution test
FAIL: libffi.call/cls_sint.c -W -Wall -Wno-psabi -O0 execution test
FAIL: libffi.call/cls_sint.c -W -Wall -Wno-psabi -O2 execution test
FAIL: libffi.call/cls_sint.c -W -Wall -Wno-psabi -O3 execution test
FAIL: libffi.call/cls_sint.c -W -Wall -Wno-psabi -Os execution test
FAIL: libffi.call/cls_sint.c -W -Wall -Wno-psabi -O2 -fomit-frame-pointer execution test
FAIL: libffi.call/cls_sshort.c -W -Wall -Wno-psabi -O0 execution test
FAIL: libffi.call/cls_sshort.c -W -Wall -Wno-psabi -O2 execution test
FAIL: libffi.call/cls_sshort.c -W -Wall -Wno-psabi -O3 execution test
FAIL: libffi.call/cls_sshort.c -W -Wall -Wno-psabi -Os execution test
FAIL: libffi.call/cls_sshort.c -W -Wall -Wno-psabi -O2 -fomit-frame-pointer execution test
FAIL: libffi.call/cls_struct_va1.c -W -Wall -Wno-psabi -O0 execution test
FAIL: libffi.call/cls_struct_va1.c -W -Wall -Wno-psabi -O2 execution test
FAIL: libffi.call/cls_struct_va1.c -W -Wall -Wno-psabi -O3 execution test
FAIL: libffi.call/cls_struct_va1.c -W -Wall -Wno-psabi -Os execution test
FAIL: libffi.call/cls_struct_va1.c -W -Wall -Wno-psabi -O2 -fomit-frame-pointer execution test
FAIL: libffi.call/cls_uchar.c -W -Wall -Wno-psabi -O0 execution test
FAIL: libffi.call/cls_uchar.c -W -Wall -Wno-psabi -O2 execution test
FAIL: libffi.call/cls_uchar.c -W -Wall -Wno-psabi -O3 execution test
FAIL: libffi.call/cls_uchar.c -W -Wall -Wno-psabi -Os execution test
FAIL: libffi.call/cls_uchar.c -W -Wall -Wno-psabi -O2 -fomit-frame-pointer execution test
FAIL: libffi.call/cls_uchar_va.c -W -Wall -Wno-psabi -O0 execution test
FAIL: libffi.call/cls_uchar_va.c -W -Wall -Wno-psabi -O2 execution test
FAIL: libffi.call/cls_uchar_va.c -W -Wall -Wno-psabi -O3 execution test
FAIL: libffi.call/cls_uchar_va.c -W -Wall -Wno-psabi -Os execution test
FAIL: libffi.call/cls_uchar_va.c -W -Wall -Wno-psabi -O2 -fomit-frame-pointer execution test
FAIL: libffi.call/cls_uint.c -W -Wall -Wno-psabi -O0 execution test
FAIL: libffi.call/cls_uint.c -W -Wall -Wno-psabi -O2 execution test
FAIL: libffi.call/cls_uint.c -W -Wall -Wno-psabi -O3 execution test
FAIL: libffi.call/cls_uint.c -W -Wall -Wno-psabi -Os execution test
FAIL: libffi.call/cls_uint.c -W -Wall -Wno-psabi -O2 -fomit-frame-pointer execution test
FAIL: libffi.call/cls_uint_va.c -W -Wall -Wno-psabi -O0 execution test
FAIL: libffi.call/cls_uint_va.c -W -Wall -Wno-psabi -O2 execution test
FAIL: libffi.call/cls_uint_va.c -W -Wall -Wno-psabi -O3 execution test
FAIL: libffi.call/cls_uint_va.c -W -Wall -Wno-psabi -Os execution test
FAIL: libffi.call/cls_uint_va.c -W -Wall -Wno-psabi -O2 -fomit-frame-pointer execution test
FAIL: libffi.call/cls_ulong_va.c -W -Wall -Wno-psabi -O0 execution test
FAIL: libffi.call/cls_ulong_va.c -W -Wall -Wno-psabi -O2 execution test
FAIL: libffi.call/cls_ulong_va.c -W -Wall -Wno-psabi -O3 execution test
FAIL: libffi.call/cls_ulong_va.c -W -Wall -Wno-psabi -Os execution test
FAIL: libffi.call/cls_ulong_va.c -W -Wall -Wno-psabi -O2 -fomit-frame-pointer execution test
FAIL: libffi.call/cls_ulonglong.c -W -Wall -Wno-psabi -O0 execution test
FAIL: libffi.call/cls_ulonglong.c -W -Wall -Wno-psabi -O2 execution test
FAIL: libffi.call/cls_ulonglong.c -W -Wall -Wno-psabi -O3 execution test
FAIL: libffi.call/cls_ulonglong.c -W -Wall -Wno-psabi -Os execution test
FAIL: libffi.call/cls_ulonglong.c -W -Wall -Wno-psabi -O2 -fomit-frame-pointer execution test
FAIL: libffi.call/cls_ushort.c -W -Wall -Wno-psabi -O0 execution test
FAIL: libffi.call/cls_ushort.c -W -Wall -Wno-psabi -O2 execution test
FAIL: libffi.call/cls_ushort.c -W -Wall -Wno-psabi -O3 execution test
FAIL: libffi.call/cls_ushort.c -W -Wall -Wno-psabi -Os execution test
FAIL: libffi.call/cls_ushort.c -W -Wall -Wno-psabi -O2 -fomit-frame-pointer execution test
FAIL: libffi.call/cls_ushort_va.c -W -Wall -Wno-psabi -O0 execution test
FAIL: libffi.call/cls_ushort_va.c -W -Wall -Wno-psabi -O2 execution test
FAIL: libffi.call/cls_ushort_va.c -W -Wall -Wno-psabi -O3 execution test
FAIL: libffi.call/cls_ushort_va.c -W -Wall -Wno-psabi -Os execution test
FAIL: libffi.call/cls_ushort_va.c -W -Wall -Wno-psabi -O2 -fomit-frame-pointer execution test
FAIL: libffi.call/float.c -W -Wall -Wno-psabi -O2 execution test
FAIL: libffi.call/float.c -W -Wall -Wno-psabi -O3 execution test
FAIL: libffi.call/float.c -W -Wall -Wno-psabi -Os execution test
FAIL: libffi.call/float.c -W -Wall -Wno-psabi -O2 -fomit-frame-pointer execution test
FAIL: libffi.call/huge_struct.c -W -Wall -Wno-psabi -O0 execution test
FAIL: libffi.call/huge_struct.c -W -Wall -Wno-psabi -O2 execution test
FAIL: libffi.call/huge_struct.c -W -Wall -Wno-psabi -O3 execution test
FAIL: libffi.call/huge_struct.c -W -Wall -Wno-psabi -Os execution test
FAIL: libffi.call/huge_struct.c -W -Wall -Wno-psabi -O2 -fomit-frame-pointer execution test
FAIL: libffi.call/nested_struct.c -W -Wall -Wno-psabi -O0 execution test
FAIL: libffi.call/nested_struct.c -W -Wall -Wno-psabi -O2 execution test
FAIL: libffi.call/nested_struct.c -W -Wall -Wno-psabi -O3 execution test
FAIL: libffi.call/nested_struct.c -W -Wall -Wno-psabi -Os execution test
FAIL: libffi.call/nested_struct.c -W -Wall -Wno-psabi -O2 -fomit-frame-pointer execution test
FAIL: libffi.call/nested_struct1.c -W -Wall -Wno-psabi -O0 execution test
FAIL: libffi.call/nested_struct1.c -W -Wall -Wno-psabi -O2 execution test
FAIL: libffi.call/nested_struct1.c -W -Wall -Wno-psabi -O3 execution test
FAIL: libffi.call/nested_struct1.c -W -Wall -Wno-psabi -Os execution test
FAIL: libffi.call/nested_struct1.c -W -Wall -Wno-psabi -O2 -fomit-frame-pointer execution test
FAIL: libffi.call/nested_struct10.c -W -Wall -Wno-psabi -O0 execution test
FAIL: libffi.call/nested_struct10.c -W -Wall -Wno-psabi -O2 execution test
FAIL: libffi.call/nested_struct10.c -W -Wall -Wno-psabi -O3 execution test
FAIL: libffi.call/nested_struct10.c -W -Wall -Wno-psabi -Os execution test
FAIL: libffi.call/nested_struct10.c -W -Wall -Wno-psabi -O2 -fomit-frame-pointer execution test
FAIL: libffi.call/nested_struct2.c -W -Wall -Wno-psabi -O0 execution test
FAIL: libffi.call/nested_struct2.c -W -Wall -Wno-psabi -O2 execution test
FAIL: libffi.call/nested_struct2.c -W -Wall -Wno-psabi -O3 execution test
FAIL: libffi.call/nested_struct2.c -W -Wall -Wno-psabi -Os execution test
FAIL: libffi.call/nested_struct2.c -W -Wall -Wno-psabi -O2 -fomit-frame-pointer execution test
FAIL: libffi.call/nested_struct3.c -W -Wall -Wno-psabi -O0 execution test
FAIL: libffi.call/nested_struct3.c -W -Wall -Wno-psabi -O2 execution test
FAIL: libffi.call/nested_struct3.c -W -Wall -Wno-psabi -O3 execution test
FAIL: libffi.call/nested_struct3.c -W -Wall -Wno-psabi -Os execution test
FAIL: libffi.call/nested_struct3.c -W -Wall -Wno-psabi -O2 -fomit-frame-pointer execution test
FAIL: libffi.call/nested_struct4.c -W -Wall -Wno-psabi -O0 execution test
FAIL: libffi.call/nested_struct4.c -W -Wall -Wno-psabi -O2 execution test
FAIL: libffi.call/nested_struct4.c -W -Wall -Wno-psabi -O3 execution test
FAIL: libffi.call/nested_struct4.c -W -Wall -Wno-psabi -Os execution test
FAIL: libffi.call/nested_struct4.c -W -Wall -Wno-psabi -O2 -fomit-frame-pointer execution test
FAIL: libffi.call/nested_struct5.c -W -Wall -Wno-psabi -O0 execution test
FAIL: libffi.call/nested_struct5.c -W -Wall -Wno-psabi -O2 execution test
FAIL: libffi.call/nested_struct5.c -W -Wall -Wno-psabi -O3 execution test
FAIL: libffi.call/nested_struct5.c -W -Wall -Wno-psabi -Os execution test
FAIL: libffi.call/nested_struct5.c -W -Wall -Wno-psabi -O2 -fomit-frame-pointer execution test
FAIL: libffi.call/nested_struct6.c -W -Wall -Wno-psabi -O0 execution test
FAIL: libffi.call/nested_struct6.c -W -Wall -Wno-psabi -O2 execution test
FAIL: libffi.call/nested_struct6.c -W -Wall -Wno-psabi -O3 execution test
FAIL: libffi.call/nested_struct6.c -W -Wall -Wno-psabi -Os execution test
FAIL: libffi.call/nested_struct6.c -W -Wall -Wno-psabi -O2 -fomit-frame-pointer execution test
FAIL: libffi.call/nested_struct7.c -W -Wall -Wno-psabi -O0 execution test
FAIL: libffi.call/nested_struct7.c -W -Wall -Wno-psabi -O2 execution test
FAIL: libffi.call/nested_struct7.c -W -Wall -Wno-psabi -O3 execution test
FAIL: libffi.call/nested_struct7.c -W -Wall -Wno-psabi -Os execution test
FAIL: libffi.call/nested_struct7.c -W -Wall -Wno-psabi -O2 -fomit-frame-pointer execution test
FAIL: libffi.call/nested_struct8.c -W -Wall -Wno-psabi -O0 execution test
FAIL: libffi.call/nested_struct8.c -W -Wall -Wno-psabi -O2 execution test
FAIL: libffi.call/nested_struct8.c -W -Wall -Wno-psabi -O3 execution test
FAIL: libffi.call/nested_struct8.c -W -Wall -Wno-psabi -Os execution test
FAIL: libffi.call/nested_struct8.c -W -Wall -Wno-psabi -O2 -fomit-frame-pointer execution test
FAIL: libffi.call/nested_struct9.c -W -Wall -Wno-psabi -O0 execution test
FAIL: libffi.call/nested_struct9.c -W -Wall -Wno-psabi -O2 execution test
FAIL: libffi.call/nested_struct9.c -W -Wall -Wno-psabi -O3 execution test
FAIL: libffi.call/nested_struct9.c -W -Wall -Wno-psabi -Os execution test
FAIL: libffi.call/nested_struct9.c -W -Wall -Wno-psabi -O2 -fomit-frame-pointer execution test
FAIL: libffi.call/problem1.c -W -Wall -Wno-psabi -O0 execution test
FAIL: libffi.call/problem1.c -W -Wall -Wno-psabi -O2 execution test
FAIL: libffi.call/problem1.c -W -Wall -Wno-psabi -O3 execution test
FAIL: libffi.call/problem1.c -W -Wall -Wno-psabi -Os execution test
FAIL: libffi.call/problem1.c -W -Wall -Wno-psabi -O2 -fomit-frame-pointer execution test
FAIL: libffi.call/promotion.c -W -Wall -Wno-psabi -O0 execution test
FAIL: libffi.call/return_ll.c -W -Wall -Wno-psabi -O0 execution test
FAIL: libffi.call/return_ll.c -W -Wall -Wno-psabi -O2 execution test
FAIL: libffi.call/return_ll.c -W -Wall -Wno-psabi -O3 execution test
FAIL: libffi.call/return_ll.c -W -Wall -Wno-psabi -Os execution test
FAIL: libffi.call/return_ll.c -W -Wall -Wno-psabi -O2 -fomit-frame-pointer execution test
FAIL: libffi.call/return_ll1.c -W -Wall -Wno-psabi -O0 output pattern test, is res: 52938470, 11111133333222
FAIL: libffi.call/return_ll1.c -W -Wall -Wno-psabi -O2 output pattern test, is res: 52938470, 11111133333222
FAIL: libffi.call/return_ll1.c -W -Wall -Wno-psabi -O3 output pattern test, is res: 52938470, 11111133333222
FAIL: libffi.call/return_ll1.c -W -Wall -Wno-psabi -Os output pattern test, is res: 52938470, 11111133333222
FAIL: libffi.call/return_ll1.c -W -Wall -Wno-psabi -O2 -fomit-frame-pointer output pattern test, is res: 52938470, 11111133333222
FAIL: libffi.call/return_sc.c -W -Wall -Wno-psabi -O0 execution test
FAIL: libffi.call/return_uc.c -W -Wall -Wno-psabi -O0 execution test
FAIL: libffi.call/return_ul.c -W -Wall -Wno-psabi -O2 output pattern test, is res: 2147483647, 1073741824
FAIL: libffi.call/return_ul.c -W -Wall -Wno-psabi -O3 output pattern test, is res: 2147483647, 1073741824
FAIL: libffi.call/return_ul.c -W -Wall -Wno-psabi -Os output pattern test, is res: 2147483647, 1073741824
FAIL: libffi.call/return_ul.c -W -Wall -Wno-psabi -O2 -fomit-frame-pointer output pattern test, is res: 2147483647, 1073741824
FAIL: libffi.call/stret_large.c -W -Wall -Wno-psabi -O0 execution test
FAIL: libffi.call/stret_large.c -W -Wall -Wno-psabi -O2 execution test
FAIL: libffi.call/stret_large.c -W -Wall -Wno-psabi -O3 execution test
FAIL: libffi.call/stret_large.c -W -Wall -Wno-psabi -Os execution test
FAIL: libffi.call/stret_large.c -W -Wall -Wno-psabi -O2 -fomit-frame-pointer execution test
FAIL: libffi.call/stret_large2.c -W -Wall -Wno-psabi -O0 execution test
FAIL: libffi.call/stret_large2.c -W -Wall -Wno-psabi -O2 execution test
FAIL: libffi.call/stret_large2.c -W -Wall -Wno-psabi -O3 execution test
FAIL: libffi.call/stret_large2.c -W -Wall -Wno-psabi -Os execution test
FAIL: libffi.call/stret_large2.c -W -Wall -Wno-psabi -O2 -fomit-frame-pointer execution test
FAIL: libffi.call/stret_medium.c -W -Wall -Wno-psabi -O0 execution test
FAIL: libffi.call/stret_medium.c -W -Wall -Wno-psabi -O2 execution test
FAIL: libffi.call/stret_medium.c -W -Wall -Wno-psabi -O3 execution test
FAIL: libffi.call/stret_medium.c -W -Wall -Wno-psabi -Os execution test
FAIL: libffi.call/stret_medium.c -W -Wall -Wno-psabi -O2 -fomit-frame-pointer execution test
FAIL: libffi.call/stret_medium2.c -W -Wall -Wno-psabi -O0 execution test
FAIL: libffi.call/stret_medium2.c -W -Wall -Wno-psabi -O2 execution test
FAIL: libffi.call/stret_medium2.c -W -Wall -Wno-psabi -O3 execution test
FAIL: libffi.call/stret_medium2.c -W -Wall -Wno-psabi -Os execution test
FAIL: libffi.call/stret_medium2.c -W -Wall -Wno-psabi -O2 -fomit-frame-pointer execution test
FAIL: libffi.call/strlen.c -W -Wall -Wno-psabi -O0 execution test
FAIL: libffi.call/strlen2.c -W -Wall -Wno-psabi -O0 execution test
FAIL: libffi.call/strlen3.c -W -Wall -Wno-psabi -O0 execution test
FAIL: libffi.call/strlen4.c -W -Wall -Wno-psabi -O0 execution test
FAIL: libffi.call/testclosure.c -W -Wall -Wno-psabi -O0 execution test
FAIL: libffi.call/testclosure.c -W -Wall -Wno-psabi -O2 execution test
FAIL: libffi.call/testclosure.c -W -Wall -Wno-psabi -O3 execution test
FAIL: libffi.call/testclosure.c -W -Wall -Wno-psabi -Os execution test
FAIL: libffi.call/testclosure.c -W -Wall -Wno-psabi -O2 -fomit-frame-pointer execution test
FAIL: libffi.complex/cls_align_complex_double.c -W -Wall -Wno-psabi -O0 execution test
FAIL: libffi.complex/cls_align_complex_double.c -W -Wall -Wno-psabi -O2 execution test
FAIL: libffi.complex/cls_align_complex_double.c -W -Wall -Wno-psabi -O3 execution test
FAIL: libffi.complex/cls_align_complex_double.c -W -Wall -Wno-psabi -Os execution test
FAIL: libffi.complex/cls_align_complex_double.c -W -Wall -Wno-psabi -O2 -fomit-frame-pointer execution test
FAIL: libffi.complex/cls_align_complex_float.c -W -Wall -Wno-psabi -O0 execution test
FAIL: libffi.complex/cls_align_complex_float.c -W -Wall -Wno-psabi -O2 execution test
FAIL: libffi.complex/cls_align_complex_float.c -W -Wall -Wno-psabi -O3 execution test
FAIL: libffi.complex/cls_align_complex_float.c -W -Wall -Wno-psabi -Os execution test
FAIL: libffi.complex/cls_align_complex_float.c -W -Wall -Wno-psabi -O2 -fomit-frame-pointer execution test
FAIL: libffi.complex/cls_align_complex_longdouble.c -W -Wall -Wno-psabi -O0 execution test
FAIL: libffi.complex/cls_align_complex_longdouble.c -W -Wall -Wno-psabi -O2 execution test
FAIL: libffi.complex/cls_align_complex_longdouble.c -W -Wall -Wno-psabi -O3 execution test
FAIL: libffi.complex/cls_align_complex_longdouble.c -W -Wall -Wno-psabi -Os execution test
FAIL: libffi.complex/cls_align_complex_longdouble.c -W -Wall -Wno-psabi -O2 -fomit-frame-pointer execution test
FAIL: libffi.complex/cls_complex_double.c -W -Wall -Wno-psabi -O0 execution test
FAIL: libffi.complex/cls_complex_double.c -W -Wall -Wno-psabi -O2 execution test
FAIL: libffi.complex/cls_complex_double.c -W -Wall -Wno-psabi -O3 execution test
FAIL: libffi.complex/cls_complex_double.c -W -Wall -Wno-psabi -Os execution test
FAIL: libffi.complex/cls_complex_double.c -W -Wall -Wno-psabi -O2 -fomit-frame-pointer execution test
FAIL: libffi.complex/cls_complex_float.c -W -Wall -Wno-psabi -O0 execution test
FAIL: libffi.complex/cls_complex_float.c -W -Wall -Wno-psabi -O2 execution test
FAIL: libffi.complex/cls_complex_float.c -W -Wall -Wno-psabi -O3 execution test
FAIL: libffi.complex/cls_complex_float.c -W -Wall -Wno-psabi -Os execution test
FAIL: libffi.complex/cls_complex_float.c -W -Wall -Wno-psabi -O2 -fomit-frame-pointer execution test
FAIL: libffi.complex/cls_complex_longdouble.c -W -Wall -Wno-psabi -O0 execution test
FAIL: libffi.complex/cls_complex_longdouble.c -W -Wall -Wno-psabi -O2 execution test
FAIL: libffi.complex/cls_complex_longdouble.c -W -Wall -Wno-psabi -O3 execution test
FAIL: libffi.complex/cls_complex_longdouble.c -W -Wall -Wno-psabi -Os execution test
FAIL: libffi.complex/cls_complex_longdouble.c -W -Wall -Wno-psabi -O2 -fomit-frame-pointer execution test
FAIL: libffi.complex/cls_complex_struct_double.c -W -Wall -Wno-psabi -O0 execution test
FAIL: libffi.complex/cls_complex_struct_double.c -W -Wall -Wno-psabi -O2 execution test
FAIL: libffi.complex/cls_complex_struct_double.c -W -Wall -Wno-psabi -O3 execution test
FAIL: libffi.complex/cls_complex_struct_double.c -W -Wall -Wno-psabi -Os execution test
FAIL: libffi.complex/cls_complex_struct_double.c -W -Wall -Wno-psabi -O2 -fomit-frame-pointer execution test
FAIL: libffi.complex/cls_complex_struct_float.c -W -Wall -Wno-psabi -O0 execution test
FAIL: libffi.complex/cls_complex_struct_float.c -W -Wall -Wno-psabi -O2 execution test
FAIL: libffi.complex/cls_complex_struct_float.c -W -Wall -Wno-psabi -O3 execution test
FAIL: libffi.complex/cls_complex_struct_float.c -W -Wall -Wno-psabi -Os execution test
FAIL: libffi.complex/cls_complex_struct_float.c -W -Wall -Wno-psabi -O2 -fomit-frame-pointer execution test
FAIL: libffi.complex/cls_complex_struct_longdouble.c -W -Wall -Wno-psabi -O0 execution test
FAIL: libffi.complex/cls_complex_struct_longdouble.c -W -Wall -Wno-psabi -O2 execution test
FAIL: libffi.complex/cls_complex_struct_longdouble.c -W -Wall -Wno-psabi -O3 execution test
FAIL: libffi.complex/cls_complex_struct_longdouble.c -W -Wall -Wno-psabi -Os execution test
FAIL: libffi.complex/cls_complex_struct_longdouble.c -W -Wall -Wno-psabi -O2 -fomit-frame-pointer execution test
FAIL: libffi.complex/cls_complex_va_double.c -W -Wall -Wno-psabi -O0 execution test
FAIL: libffi.complex/cls_complex_va_double.c -W -Wall -Wno-psabi -O2 execution test
FAIL: libffi.complex/cls_complex_va_double.c -W -Wall -Wno-psabi -O3 execution test
FAIL: libffi.complex/cls_complex_va_double.c -W -Wall -Wno-psabi -Os execution test
FAIL: libffi.complex/cls_complex_va_double.c -W -Wall -Wno-psabi -O2 -fomit-frame-pointer execution test
FAIL: libffi.complex/cls_complex_va_float.c -W -Wall -Wno-psabi -O0 execution test
FAIL: libffi.complex/cls_complex_va_float.c -W -Wall -Wno-psabi -O2 execution test
FAIL: libffi.complex/cls_complex_va_float.c -W -Wall -Wno-psabi -O3 execution test
FAIL: libffi.complex/cls_complex_va_float.c -W -Wall -Wno-psabi -Os execution test
FAIL: libffi.complex/cls_complex_va_float.c -W -Wall -Wno-psabi -O2 -fomit-frame-pointer execution test
FAIL: libffi.complex/cls_complex_va_longdouble.c -W -Wall -Wno-psabi -O0 execution test
FAIL: libffi.complex/cls_complex_va_longdouble.c -W -Wall -Wno-psabi -O2 execution test
FAIL: libffi.complex/cls_complex_va_longdouble.c -W -Wall -Wno-psabi -O3 execution test
FAIL: libffi.complex/cls_complex_va_longdouble.c -W -Wall -Wno-psabi -Os execution test
FAIL: libffi.complex/cls_complex_va_longdouble.c -W -Wall -Wno-psabi -O2 -fomit-frame-pointer execution test
FAIL: libffi.go/closure1.c -W -Wall -Wno-psabi -O0 execution test
FAIL: libffi.go/closure1.c -W -Wall -Wno-psabi -O2 execution test
FAIL: libffi.go/closure1.c -W -Wall -Wno-psabi -O3 execution test
FAIL: libffi.go/closure1.c -W -Wall -Wno-psabi -Os execution test
FAIL: libffi.go/closure1.c -W -Wall -Wno-psabi -O2 -fomit-frame-pointer execution test
FAIL: libffi.special/unwindtest.cc -shared-libgcc -lstdc++ execution test
FAIL: libffi.special/unwindtest.cc -shared-libgcc -lstdc++ execution test
FAIL: libffi.special/unwindtest.cc -shared-libgcc -lstdc++ execution test
FAIL: libffi.special/unwindtest.cc -shared-libgcc -lstdc++ execution test
=== libffi Summary for unix//-mabi=ilp32 ===
# of expected passes 1216
# of unexpected failures 549
=== libffi Summary ===
# of expected passes 3430
# of unexpected failures 549
=== libgomp tests ===
Running target unix//-mabi=lp64
=== libgomp Summary for unix//-mabi=lp64 ===
# of expected passes 5680
# of unsupported tests 279
Running target unix//-mabi=ilp32
FAIL: libgomp.c++/copyin-2.C (internal compiler error)
FAIL: libgomp.c++/copyin-2.C (test for excess errors)
UNRESOLVED: libgomp.c++/copyin-2.C compilation failed to produce executable
FAIL: libgomp.c++/ctor-5.C (internal compiler error)
FAIL: libgomp.c++/ctor-5.C (test for excess errors)
UNRESOLVED: libgomp.c++/ctor-5.C compilation failed to produce executable
FAIL: libgomp.fortran/allocatable11.f90 -O0 (internal compiler error)
FAIL: libgomp.fortran/allocatable11.f90 -O0 (test for excess errors)
UNRESOLVED: libgomp.fortran/allocatable11.f90 -O0 compilation failed to produce executable
FAIL: libgomp.fortran/allocatable2.f90 -O0 (internal compiler error)
FAIL: libgomp.fortran/allocatable2.f90 -O0 (test for excess errors)
UNRESOLVED: libgomp.fortran/allocatable2.f90 -O0 compilation failed to produce executable
FAIL: libgomp.fortran/allocatable8.f90 -O0 (internal compiler error)
FAIL: libgomp.fortran/allocatable8.f90 -O0 (test for excess errors)
UNRESOLVED: libgomp.fortran/allocatable8.f90 -O0 compilation failed to produce executable
FAIL: libgomp.fortran/appendix-a/a.22.7.f90 -O0 (internal compiler error)
FAIL: libgomp.fortran/appendix-a/a.22.7.f90 -O0 (test for excess errors)
UNRESOLVED: libgomp.fortran/appendix-a/a.22.7.f90 -O0 compilation failed to produce executable
FAIL: libgomp.fortran/pointer2.f90 -O0 (internal compiler error)
FAIL: libgomp.fortran/pointer2.f90 -O0 (test for excess errors)
UNRESOLVED: libgomp.fortran/pointer2.f90 -O0 compilation failed to produce executable
FAIL: libgomp.fortran/pr25162.f -O0 (internal compiler error)
FAIL: libgomp.fortran/pr25162.f -O0 (test for excess errors)
UNRESOLVED: libgomp.fortran/pr25162.f -O0 compilation failed to produce executable
FAIL: libgomp.fortran/pr25162.f -O1 (internal compiler error)
FAIL: libgomp.fortran/pr25162.f -O1 (test for excess errors)
UNRESOLVED: libgomp.fortran/pr25162.f -O1 compilation failed to produce executable
FAIL: libgomp.fortran/pr25162.f -O2 (internal compiler error)
FAIL: libgomp.fortran/pr25162.f -O2 (test for excess errors)
UNRESOLVED: libgomp.fortran/pr25162.f -O2 compilation failed to produce executable
FAIL: libgomp.fortran/pr25162.f -O3 -fomit-frame-pointer (internal compiler error)
FAIL: libgomp.fortran/pr25162.f -O3 -fomit-frame-pointer (test for excess errors)
UNRESOLVED: libgomp.fortran/pr25162.f -O3 -fomit-frame-pointer compilation failed to produce executable
FAIL: libgomp.fortran/pr25162.f -O3 -fomit-frame-pointer -funroll-loops (internal compiler error)
FAIL: libgomp.fortran/pr25162.f -O3 -fomit-frame-pointer -funroll-loops (test for excess errors)
UNRESOLVED: libgomp.fortran/pr25162.f -O3 -fomit-frame-pointer -funroll-loops compilation failed to produce executable
FAIL: libgomp.fortran/pr25162.f -O3 -fomit-frame-pointer -funroll-all-loops -finline-functions (internal compiler error)
FAIL: libgomp.fortran/pr25162.f -O3 -fomit-frame-pointer -funroll-all-loops -finline-functions (test for excess errors)
UNRESOLVED: libgomp.fortran/pr25162.f -O3 -fomit-frame-pointer -funroll-all-loops -finline-functions compilation failed to produce executable
FAIL: libgomp.fortran/pr25162.f -O3 -g (internal compiler error)
FAIL: libgomp.fortran/pr25162.f -O3 -g (test for excess errors)
UNRESOLVED: libgomp.fortran/pr25162.f -O3 -g compilation failed to produce executable
FAIL: libgomp.fortran/pr25162.f -Os (internal compiler error)
FAIL: libgomp.fortran/pr25162.f -Os (test for excess errors)
UNRESOLVED: libgomp.fortran/pr25162.f -Os compilation failed to produce executable
FAIL: libgomp.fortran/threadprivate2.f90 -O0 (internal compiler error)
FAIL: libgomp.fortran/threadprivate2.f90 -O0 (test for excess errors)
UNRESOLVED: libgomp.fortran/threadprivate2.f90 -O0 compilation failed to produce executable
FAIL: libgomp.fortran/threadprivate2.f90 -O1 (internal compiler error)
FAIL: libgomp.fortran/threadprivate2.f90 -O1 (test for excess errors)
UNRESOLVED: libgomp.fortran/threadprivate2.f90 -O1 compilation failed to produce executable
FAIL: libgomp.fortran/threadprivate2.f90 -O2 (internal compiler error)
FAIL: libgomp.fortran/threadprivate2.f90 -O2 (test for excess errors)
UNRESOLVED: libgomp.fortran/threadprivate2.f90 -O2 compilation failed to produce executable
FAIL: libgomp.fortran/threadprivate2.f90 -O3 -fomit-frame-pointer (internal compiler error)
FAIL: libgomp.fortran/threadprivate2.f90 -O3 -fomit-frame-pointer (test for excess errors)
UNRESOLVED: libgomp.fortran/threadprivate2.f90 -O3 -fomit-frame-pointer compilation failed to produce executable
FAIL: libgomp.fortran/threadprivate2.f90 -O3 -fomit-frame-pointer -funroll-loops (internal compiler error)
FAIL: libgomp.fortran/threadprivate2.f90 -O3 -fomit-frame-pointer -funroll-loops (test for excess errors)
UNRESOLVED: libgomp.fortran/threadprivate2.f90 -O3 -fomit-frame-pointer -funroll-loops compilation failed to produce executable
FAIL: libgomp.fortran/threadprivate2.f90 -O3 -fomit-frame-pointer -funroll-all-loops -finline-functions (internal compiler error)
FAIL: libgomp.fortran/threadprivate2.f90 -O3 -fomit-frame-pointer -funroll-all-loops -finline-functions (test for excess errors)
UNRESOLVED: libgomp.fortran/threadprivate2.f90 -O3 -fomit-frame-pointer -funroll-all-loops -finline-functions compilation failed to produce executable
FAIL: libgomp.fortran/threadprivate2.f90 -O3 -g (internal compiler error)
FAIL: libgomp.fortran/threadprivate2.f90 -O3 -g (test for excess errors)
UNRESOLVED: libgomp.fortran/threadprivate2.f90 -O3 -g compilation failed to produce executable
FAIL: libgomp.fortran/threadprivate2.f90 -Os (internal compiler error)
FAIL: libgomp.fortran/threadprivate2.f90 -Os (test for excess errors)
UNRESOLVED: libgomp.fortran/threadprivate2.f90 -Os compilation failed to produce executable
FAIL: libgomp.fortran/threadprivate3.f90 -O0 (internal compiler error)
FAIL: libgomp.fortran/threadprivate3.f90 -O0 (test for excess errors)
UNRESOLVED: libgomp.fortran/threadprivate3.f90 -O0 compilation failed to produce executable
FAIL: libgomp.fortran/threadprivate3.f90 -O1 (internal compiler error)
FAIL: libgomp.fortran/threadprivate3.f90 -O1 (test for excess errors)
UNRESOLVED: libgomp.fortran/threadprivate3.f90 -O1 compilation failed to produce executable
FAIL: libgomp.fortran/threadprivate3.f90 -O2 (internal compiler error)
FAIL: libgomp.fortran/threadprivate3.f90 -O2 (test for excess errors)
UNRESOLVED: libgomp.fortran/threadprivate3.f90 -O2 compilation failed to produce executable
FAIL: libgomp.fortran/threadprivate3.f90 -O3 -fomit-frame-pointer (internal compiler error)
FAIL: libgomp.fortran/threadprivate3.f90 -O3 -fomit-frame-pointer (test for excess errors)
UNRESOLVED: libgomp.fortran/threadprivate3.f90 -O3 -fomit-frame-pointer compilation failed to produce executable
FAIL: libgomp.fortran/threadprivate3.f90 -O3 -fomit-frame-pointer -funroll-loops (internal compiler error)
FAIL: libgomp.fortran/threadprivate3.f90 -O3 -fomit-frame-pointer -funroll-loops (test for excess errors)
UNRESOLVED: libgomp.fortran/threadprivate3.f90 -O3 -fomit-frame-pointer -funroll-loops compilation failed to produce executable
FAIL: libgomp.fortran/threadprivate3.f90 -O3 -fomit-frame-pointer -funroll-all-loops -finline-functions (internal compiler error)
FAIL: libgomp.fortran/threadprivate3.f90 -O3 -fomit-frame-pointer -funroll-all-loops -finline-functions (test for excess errors)
UNRESOLVED: libgomp.fortran/threadprivate3.f90 -O3 -fomit-frame-pointer -funroll-all-loops -finline-functions compilation failed to produce executable
FAIL: libgomp.fortran/threadprivate3.f90 -O3 -g (internal compiler error)
FAIL: libgomp.fortran/threadprivate3.f90 -O3 -g (test for excess errors)
UNRESOLVED: libgomp.fortran/threadprivate3.f90 -O3 -g compilation failed to produce executable
FAIL: libgomp.fortran/threadprivate3.f90 -Os (internal compiler error)
FAIL: libgomp.fortran/threadprivate3.f90 -Os (test for excess errors)
UNRESOLVED: libgomp.fortran/threadprivate3.f90 -Os compilation failed to produce executable
=== libgomp Summary for unix//-mabi=ilp32 ===
# of expected passes 5618
# of unexpected failures 62
# of unresolved testcases 31
# of unsupported tests 279
=== libgomp Summary ===
# of expected passes 11298
# of unexpected failures 62
# of unresolved testcases 31
# of unsupported tests 558
=== libitm tests ===
Running target unix//-mabi=lp64
=== libitm Summary for unix//-mabi=lp64 ===
# of expected passes 26
# of expected failures 3
# of unsupported tests 1
Running target unix//-mabi=ilp32
=== libitm Summary for unix//-mabi=ilp32 ===
# of expected passes 26
# of expected failures 3
# of unsupported tests 1
=== libitm Summary ===
# of expected passes 52
# of expected failures 6
# of unsupported tests 2
=== libjava tests ===
Running target unix//-mabi=lp64
FAIL: PR16923.c compilation
FAIL: Throw_2 execution - source compiled test
FAIL: Throw_2 -findirect-dispatch execution - source compiled test
FAIL: Throw_2 -O3 execution - source compiled test
FAIL: Throw_2 -O3 -findirect-dispatch execution - source compiled test
=== libjava Summary for unix//-mabi=lp64 ===
# of expected passes 2572
# of unexpected failures 5
# of expected failures 4
# of untested testcases 4
Running target unix//-mabi=ilp32
FAIL: PR9577 run
FAIL: longfield run
FAIL: shortfield run
FAIL: TestClosureGC run
FAIL: libjava.jar/TestClosureGC.jar execution - gij test
FAIL: simple run
FAIL: libjava.jar/simple.jar execution - gij test
FAIL: PR15133 run
FAIL: PR18116 run
FAIL: PR28178 run
FAIL: bytebuffer run
FAIL: calls run
FAIL: cxxtest run
FAIL: directbuffer run
FAIL: field run
FAIL: final_method run
FAIL: findclass run
FAIL: findclass2 run
FAIL: iface run
FAIL: init run
FAIL: invoke run
FAIL: jniutf run
FAIL: martin run
FAIL: noclass run
FAIL: overload run
FAIL: pr11951 run
FAIL: pr18278 run
FAIL: pr23739 run
FAIL: register run
FAIL: register2 run
FAIL: simple_int run
FAIL: throwit run
FAIL: virtual run
FAIL: PR16923.c compilation
FAIL: pr29812 execution - gij test
FAIL: getargssize run
FAIL: getlocalvartable run
FAIL: getstacktrace run
FAIL: events run
FAIL: getallthreads run
FAIL: geterrorname run
FAIL: getmethodname run
FAIL: ArrayStore execution - source compiled test
FAIL: ArrayStore -findirect-dispatch execution - source compiled test
FAIL: ArrayStore -O3 execution - source compiled test
FAIL: ArrayStore -O3 -findirect-dispatch execution - source compiled test
FAIL: ArrayStore2 execution - source compiled test
FAIL: ArrayStore2 -findirect-dispatch execution - source compiled test
FAIL: ArrayStore2 -O3 execution - source compiled test
FAIL: ArrayStore2 -O3 -findirect-dispatch execution - source compiled test
FAIL: Array_1 execution - source compiled test
FAIL: Array_1 -findirect-dispatch execution - source compiled test
FAIL: Array_1 -O3 execution - source compiled test
FAIL: Array_1 -O3 -findirect-dispatch execution - source compiled test
FAIL: Array_2 execution - source compiled test
FAIL: Array_2 -findirect-dispatch execution - source compiled test
FAIL: Array_2 -O3 execution - source compiled test
FAIL: Array_2 -O3 -findirect-dispatch execution - source compiled test
FAIL: Array_3 execution - source compiled test
FAIL: Array_3 -findirect-dispatch execution - source compiled test
FAIL: Array_3 -O3 execution - source compiled test
FAIL: Array_3 -O3 -findirect-dispatch execution - source compiled test
FAIL: Class_1 execution - source compiled test
FAIL: Class_1 -findirect-dispatch execution - source compiled test
FAIL: Class_1 -O3 execution - source compiled test
FAIL: Class_1 -O3 -findirect-dispatch execution - source compiled test
FAIL: CompareNaN execution - source compiled test
FAIL: CompareNaN -findirect-dispatch execution - source compiled test
FAIL: CompareNaN -O3 execution - source compiled test
FAIL: CompareNaN -O3 -findirect-dispatch execution - source compiled test
FAIL: Divide_1 execution - source compiled test
FAIL: Divide_1 -findirect-dispatch execution - source compiled test
FAIL: Divide_1 -O3 execution - source compiled test
FAIL: Divide_1 -O3 -findirect-dispatch execution - source compiled test
FAIL: Divide_2 execution - source compiled test
FAIL: Divide_2 -findirect-dispatch execution - source compiled test
FAIL: Divide_2 -O3 execution - source compiled test
FAIL: Divide_2 -O3 -findirect-dispatch execution - source compiled test
FAIL: EvaluationOrder execution - source compiled test
FAIL: EvaluationOrder -findirect-dispatch execution - source compiled test
FAIL: EvaluationOrder -O3 execution - source compiled test
FAIL: EvaluationOrder -O3 -findirect-dispatch execution - source compiled test
FAIL: ExtraClassLoader execution - source compiled test
FAIL: ExtraClassLoader -findirect-dispatch execution - source compiled test
FAIL: ExtraClassLoader -O3 execution - source compiled test
FAIL: ExtraClassLoader -O3 -findirect-dispatch execution - source compiled test
FAIL: FileHandleGcTest execution - source compiled test
FAIL: FileHandleGcTest -findirect-dispatch execution - source compiled test
FAIL: FileHandleGcTest -O3 execution - source compiled test
FAIL: FileHandleGcTest -O3 -findirect-dispatch execution - source compiled test
FAIL: Final execution - source compiled test
FAIL: Final -findirect-dispatch execution - source compiled test
FAIL: Final -O3 execution - source compiled test
FAIL: Final -O3 -findirect-dispatch execution - source compiled test
FAIL: Float_1 execution - source compiled test
FAIL: Float_1 -findirect-dispatch execution - source compiled test
FAIL: Float_1 -O3 execution - source compiled test
FAIL: Float_1 -O3 -findirect-dispatch execution - source compiled test
FAIL: Float_2 execution - source compiled test
FAIL: Float_2 -findirect-dispatch execution - source compiled test
FAIL: Float_2 -O3 execution - source compiled test
FAIL: Float_2 -O3 -findirect-dispatch execution - source compiled test
FAIL: G19990301_01 execution - source compiled test
FAIL: G19990301_01 -findirect-dispatch execution - source compiled test
FAIL: G19990301_01 -O3 execution - source compiled test
FAIL: G19990301_01 -O3 -findirect-dispatch execution - source compiled test
FAIL: G19990302_02 execution - source compiled test
FAIL: G19990302_02 -findirect-dispatch execution - source compiled test
FAIL: G19990302_02 -O3 execution - source compiled test
FAIL: G19990302_02 -O3 -findirect-dispatch execution - source compiled test
FAIL: G19990303_01 execution - source compiled test
FAIL: G19990303_01 -findirect-dispatch execution - source compiled test
FAIL: G19990303_01 -O3 execution - source compiled test
FAIL: G19990303_01 -O3 -findirect-dispatch execution - source compiled test
FAIL: G19990303_02 execution - source compiled test
FAIL: G19990303_02 -findirect-dispatch execution - source compiled test
FAIL: G19990303_02 -O3 execution - source compiled test
FAIL: G19990303_02 -O3 -findirect-dispatch execution - source compiled test
FAIL: G19990304_01 execution - source compiled test
FAIL: G19990304_01 -findirect-dispatch execution - source compiled test
FAIL: G19990304_01 -O3 execution - source compiled test
FAIL: G19990304_01 -O3 -findirect-dispatch execution - source compiled test
FAIL: G19990310_01 execution - source compiled test
FAIL: G19990310_01 -findirect-dispatch execution - source compiled test
FAIL: G19990310_01 -O3 execution - source compiled test
FAIL: G19990310_01 -O3 -findirect-dispatch execution - source compiled test
FAIL: II execution - source compiled test
FAIL: II -findirect-dispatch execution - source compiled test
FAIL: II -O3 execution - source compiled test
FAIL: II -O3 -findirect-dispatch execution - source compiled test
FAIL: InterfaceDispatch execution - source compiled test
FAIL: InterfaceDispatch -findirect-dispatch execution - source compiled test
FAIL: InterfaceDispatch -O3 execution - source compiled test
FAIL: InterfaceDispatch -O3 -findirect-dispatch execution - source compiled test
FAIL: InvokeInterface execution - source compiled test
FAIL: InvokeInterface -findirect-dispatch execution - source compiled test
FAIL: InvokeInterface -O3 execution - source compiled test
FAIL: InvokeInterface -O3 -findirect-dispatch execution - source compiled test
FAIL: InvokeReturn execution - source compiled test
FAIL: InvokeReturn -findirect-dispatch execution - source compiled test
FAIL: InvokeReturn -O3 execution - source compiled test
FAIL: InvokeReturn -O3 -findirect-dispatch execution - source compiled test
FAIL: Invoke_1 execution - source compiled test
FAIL: Invoke_1 -findirect-dispatch execution - source compiled test
FAIL: Invoke_1 -O3 execution - source compiled test
FAIL: Invoke_1 -O3 -findirect-dispatch execution - source compiled test
FAIL: Invoke_2 execution - source compiled test
FAIL: Invoke_2 -findirect-dispatch execution - source compiled test
FAIL: Invoke_2 -O3 execution - source compiled test
FAIL: Invoke_2 -O3 -findirect-dispatch execution - source compiled test
FAIL: KeepInline execution - source compiled test
FAIL: KeepInline -findirect-dispatch execution - source compiled test
FAIL: KeepInline -O3 execution - source compiled test
FAIL: KeepInline -O3 -findirect-dispatch execution - source compiled test
FAIL: LargeFile execution - source compiled test
FAIL: LargeFile -findirect-dispatch execution - source compiled test
FAIL: LargeFile -O3 execution - source compiled test
FAIL: LargeFile -O3 -findirect-dispatch execution - source compiled test
FAIL: MathBuiltin execution - source compiled test
FAIL: MathBuiltin -findirect-dispatch execution - source compiled test
FAIL: MathBuiltin -O3 execution - source compiled test
FAIL: MathBuiltin -O3 -findirect-dispatch execution - source compiled test
FAIL: Matrix4f execution - source compiled test
FAIL: Matrix4f -findirect-dispatch execution - source compiled test
FAIL: Matrix4f -O3 execution - source compiled test
FAIL: Matrix4f -O3 -findirect-dispatch execution - source compiled test
FAIL: N19990310_02 execution - source compiled test
FAIL: N19990310_02 -findirect-dispatch execution - source compiled test
FAIL: N19990310_02 -O3 execution - source compiled test
FAIL: N19990310_02 -O3 -findirect-dispatch execution - source compiled test
FAIL: N19990310_3 execution - source compiled test
FAIL: N19990310_3 -findirect-dispatch execution - source compiled test
FAIL: N19990310_3 -O3 execution - source compiled test
FAIL: N19990310_3 -O3 -findirect-dispatch execution - source compiled test
FAIL: N19990310_4 execution - source compiled test
FAIL: N19990310_4 -findirect-dispatch execution - source compiled test
FAIL: N19990310_4 -O3 execution - source compiled test
FAIL: N19990310_4 -O3 -findirect-dispatch execution - source compiled test
FAIL: N19990310_5 execution - source compiled test
FAIL: N19990310_5 -findirect-dispatch execution - source compiled test
FAIL: N19990310_5 -O3 execution - source compiled test
FAIL: N19990310_5 -O3 -findirect-dispatch execution - source compiled test
FAIL: Overflow execution - source compiled test
FAIL: Overflow -findirect-dispatch execution - source compiled test
FAIL: Overflow -O3 execution - source compiled test
FAIL: Overflow -O3 -findirect-dispatch execution - source compiled test
FAIL: PR12350 execution - source compiled test
FAIL: PR12350 -findirect-dispatch execution - source compiled test
FAIL: PR12350 -O3 execution - source compiled test
FAIL: PR12350 -O3 -findirect-dispatch execution - source compiled test
FAIL: PR12416 execution - source compiled test
FAIL: PR12416 -findirect-dispatch execution - source compiled test
FAIL: PR12416 -O3 execution - source compiled test
FAIL: PR12416 -O3 -findirect-dispatch execution - source compiled test
FAIL: PR12656 execution - source compiled test
FAIL: PR12656 -findirect-dispatch execution - source compiled test
FAIL: PR12656 -O3 execution - source compiled test
FAIL: PR12656 -O3 -findirect-dispatch execution - source compiled test
FAIL: PR12915 execution - source compiled test
FAIL: PR12915 -findirect-dispatch execution - source compiled test
FAIL: PR12915 -O3 execution - source compiled test
FAIL: PR12915 -O3 -findirect-dispatch execution - source compiled test
FAIL: PR141 execution - source compiled test
FAIL: PR141 -findirect-dispatch execution - source compiled test
FAIL: PR141 -O3 execution - source compiled test
FAIL: PR141 -O3 -findirect-dispatch execution - source compiled test
FAIL: PR160 execution - source compiled test
FAIL: PR160 -findirect-dispatch execution - source compiled test
FAIL: PR160 -O3 execution - source compiled test
FAIL: PR160 -O3 -findirect-dispatch execution - source compiled test
FAIL: PR162 execution - source compiled test
FAIL: PR162 -findirect-dispatch execution - source compiled test
FAIL: PR162 -O3 execution - source compiled test
FAIL: PR162 -O3 -findirect-dispatch execution - source compiled test
FAIL: PR16867 execution - source compiled test
FAIL: PR16867 -findirect-dispatch execution - source compiled test
FAIL: PR16867 -O3 execution - source compiled test
FAIL: PR16867 -O3 -findirect-dispatch execution - source compiled test
FAIL: PR18699 execution - source compiled test
FAIL: PR18699 -findirect-dispatch execution - source compiled test
FAIL: PR18699 -O3 execution - source compiled test
FAIL: PR18699 -O3 -findirect-dispatch execution - source compiled test
FAIL: PR19870 execution - source compiled test
FAIL: PR19870 -findirect-dispatch execution - source compiled test
FAIL: PR19870 -O3 execution - source compiled test
FAIL: PR19870 -O3 -findirect-dispatch execution - source compiled test
FAIL: PR19870_2 execution - source compiled test
FAIL: PR19870_2 -findirect-dispatch execution - source compiled test
FAIL: PR19870_2 -O3 execution - source compiled test
FAIL: PR19870_2 -O3 -findirect-dispatch execution - source compiled test
FAIL: PR19921 execution - source compiled test
FAIL: PR19921 -findirect-dispatch execution - source compiled test
FAIL: PR19921 -O3 execution - source compiled test
FAIL: PR19921 -O3 -findirect-dispatch execution - source compiled test
FAIL: PR20056 execution - source compiled test
FAIL: PR20056 -findirect-dispatch execution - source compiled test
FAIL: PR20056 -O3 execution - source compiled test
FAIL: PR20056 -O3 -findirect-dispatch execution - source compiled test
FAIL: PR218 execution - source compiled test
FAIL: PR218 -findirect-dispatch execution - source compiled test
FAIL: PR218 -O3 execution - source compiled test
FAIL: PR218 -O3 -findirect-dispatch execution - source compiled test
FAIL: PR242 execution - source compiled test
FAIL: PR242 -findirect-dispatch execution - source compiled test
FAIL: PR242 -O3 execution - source compiled test
FAIL: PR242 -O3 -findirect-dispatch execution - source compiled test
FAIL: PR25535 execution - source compiled test
FAIL: PR25535 -findirect-dispatch execution - source compiled test
FAIL: PR25535 -O3 execution - source compiled test
FAIL: PR25535 -O3 -findirect-dispatch execution - source compiled test
FAIL: PR260 execution - source compiled test
FAIL: PR260 -findirect-dispatch execution - source compiled test
FAIL: PR260 -O3 execution - source compiled test
FAIL: PR260 -O3 -findirect-dispatch execution - source compiled test
FAIL: PR26858 execution - source compiled test
FAIL: PR26858 -findirect-dispatch execution - source compiled test
FAIL: PR26858 -O3 execution - source compiled test
FAIL: PR26858 -O3 -findirect-dispatch execution - source compiled test
FAIL: PR27908 execution - source compiled test
FAIL: PR27908 -findirect-dispatch execution - source compiled test
FAIL: PR27908 -O3 execution - source compiled test
FAIL: PR27908 -O3 -findirect-dispatch execution - source compiled test
FAIL: PR29013 execution - source compiled test
FAIL: PR29013 -findirect-dispatch execution - source compiled test
FAIL: PR29013 -O3 execution - source compiled test
FAIL: PR29013 -O3 -findirect-dispatch execution - source compiled test
FAIL: PR29495 execution - source compiled test
FAIL: PR29495 -findirect-dispatch execution - source compiled test
FAIL: PR29495 -O3 execution - source compiled test
FAIL: PR29495 -O3 -findirect-dispatch execution - source compiled test
FAIL: PR3096 execution - source compiled test
FAIL: PR3096 -findirect-dispatch execution - source compiled test
FAIL: PR3096 -O3 execution - source compiled test
FAIL: PR3096 -O3 -findirect-dispatch execution - source compiled test
FAIL: PR31264 execution - source compiled test
FAIL: PR31264 -findirect-dispatch execution - source compiled test
FAIL: PR31264 -O3 execution - source compiled test
FAIL: PR31264 -O3 -findirect-dispatch execution - source compiled test
FAIL: PR35020 execution - source compiled test
FAIL: PR35020 -findirect-dispatch execution - source compiled test
FAIL: PR35020 -O3 execution - source compiled test
FAIL: PR35020 -O3 -findirect-dispatch execution - source compiled test
FAIL: PR36252 execution - source compiled test
FAIL: PR36252 -findirect-dispatch execution - source compiled test
FAIL: PR36252 -O3 execution - source compiled test
FAIL: PR36252 -O3 -findirect-dispatch execution - source compiled test
FAIL: PR3731 execution - source compiled test
FAIL: PR3731 -findirect-dispatch execution - source compiled test
FAIL: PR3731 -O3 execution - source compiled test
FAIL: PR3731 -O3 -findirect-dispatch execution - source compiled test
FAIL: PR5057 execution - source compiled test
FAIL: PR5057 -findirect-dispatch execution - source compiled test
FAIL: PR5057 -O3 execution - source compiled test
FAIL: PR5057 -O3 -findirect-dispatch execution - source compiled test
FAIL: PR5057_2 execution - source compiled test
FAIL: PR5057_2 -findirect-dispatch execution - source compiled test
FAIL: PR5057_2 -O3 execution - source compiled test
FAIL: PR5057_2 -O3 -findirect-dispatch execution - source compiled test
FAIL: PR55 execution - source compiled test
FAIL: PR55 -findirect-dispatch execution - source compiled test
FAIL: PR55 -O3 execution - source compiled test
FAIL: PR55 -O3 -findirect-dispatch execution - source compiled test
FAIL: PR56 execution - source compiled test
FAIL: PR56 -findirect-dispatch execution - source compiled test
FAIL: PR56 -O3 execution - source compiled test
FAIL: PR56 -O3 -findirect-dispatch execution - source compiled test
FAIL: PR6085 execution - source compiled test
FAIL: PR6085 -findirect-dispatch execution - source compiled test
FAIL: PR6085 -O3 execution - source compiled test
FAIL: PR6085 -O3 -findirect-dispatch execution - source compiled test
FAIL: PR6204 execution - source compiled test
FAIL: PR6204 -findirect-dispatch execution - source compiled test
FAIL: PR6204 -O3 execution - source compiled test
FAIL: PR6204 -O3 -findirect-dispatch execution - source compiled test
FAIL: PR6729 execution - source compiled test
FAIL: PR6729 -findirect-dispatch execution - source compiled test
FAIL: PR6729 -O3 execution - source compiled test
FAIL: PR6729 -O3 -findirect-dispatch execution - source compiled test
FAIL: PR6820 execution - source compiled test
FAIL: PR6820 -findirect-dispatch execution - source compiled test
FAIL: PR6820 -O3 execution - source compiled test
FAIL: PR6820 -O3 -findirect-dispatch execution - source compiled test
FAIL: PR7482 execution - source compiled test
FAIL: PR7482 -findirect-dispatch execution - source compiled test
FAIL: PR7482 -O3 execution - source compiled test
FAIL: PR7482 -O3 -findirect-dispatch execution - source compiled test
FAIL: Process_1 execution - source compiled test
FAIL: Process_1 -findirect-dispatch execution - source compiled test
FAIL: Process_1 -O3 execution - source compiled test
FAIL: Process_1 -O3 -findirect-dispatch execution - source compiled test
FAIL: Process_2 execution - source compiled test
FAIL: Process_2 -findirect-dispatch execution - source compiled test
FAIL: Process_2 -O3 execution - source compiled test
FAIL: Process_2 -O3 -findirect-dispatch execution - source compiled test
FAIL: Process_3 execution - source compiled test
FAIL: Process_3 -findirect-dispatch execution - source compiled test
FAIL: Process_3 -O3 execution - source compiled test
FAIL: Process_3 -O3 -findirect-dispatch execution - source compiled test
FAIL: Process_4 execution - source compiled test
FAIL: Process_4 -findirect-dispatch execution - source compiled test
FAIL: Process_4 -O3 execution - source compiled test
FAIL: Process_4 -O3 -findirect-dispatch execution - source compiled test
FAIL: Process_5 execution - source compiled test
FAIL: Process_5 -findirect-dispatch execution - source compiled test
FAIL: Process_5 -O3 execution - source compiled test
FAIL: Process_5 -O3 -findirect-dispatch execution - source compiled test
FAIL: Process_6 execution - source compiled test
FAIL: Process_6 -findirect-dispatch execution - source compiled test
FAIL: Process_6 -O3 execution - source compiled test
FAIL: Process_6 -O3 -findirect-dispatch execution - source compiled test
FAIL: Process_7 execution - source compiled test
FAIL: Process_7 -findirect-dispatch execution - source compiled test
FAIL: Process_7 -O3 execution - source compiled test
FAIL: Process_7 -O3 -findirect-dispatch execution - source compiled test
FAIL: ProxyTest execution - source compiled test
FAIL: ProxyTest -findirect-dispatch execution - source compiled test
FAIL: ProxyTest -O3 execution - source compiled test
FAIL: ProxyTest -O3 -findirect-dispatch execution - source compiled test
FAIL: RH194522 execution - source compiled test
FAIL: RH194522 -findirect-dispatch execution - source compiled test
FAIL: RH194522 -O3 execution - source compiled test
FAIL: RH194522 -O3 -findirect-dispatch execution - source compiled test
FAIL: Serialization execution - source compiled test
FAIL: Serialization -findirect-dispatch execution - source compiled test
FAIL: Serialization -O3 execution - source compiled test
FAIL: Serialization -O3 -findirect-dispatch execution - source compiled test
FAIL: Shazam execution - source compiled test
FAIL: Shazam -findirect-dispatch execution - source compiled test
FAIL: Shazam -O3 execution - source compiled test
FAIL: Shazam -O3 -findirect-dispatch execution - source compiled test
FAIL: StackTrace2 execution - source compiled test
FAIL: StackTrace2 -findirect-dispatch execution - source compiled test
FAIL: StackTrace2 -O3 execution - source compiled test
FAIL: StackTrace2 -O3 -findirect-dispatch execution - source compiled test
FAIL: StaticConstructor execution - source compiled test
FAIL: StaticConstructor -findirect-dispatch execution - source compiled test
FAIL: StaticConstructor -O3 execution - source compiled test
FAIL: StaticConstructor -O3 -findirect-dispatch execution - source compiled test
FAIL: StringBuffer_1 execution - source compiled test
FAIL: StringBuffer_1 -findirect-dispatch execution - source compiled test
FAIL: StringBuffer_1 -O3 execution - source compiled test
FAIL: StringBuffer_1 -O3 -findirect-dispatch execution - source compiled test
FAIL: StringBuffer_overflow execution - source compiled test
FAIL: StringBuffer_overflow -findirect-dispatch execution - source compiled test
FAIL: StringBuffer_overflow -O3 execution - source compiled test
FAIL: StringBuffer_overflow -O3 -findirect-dispatch execution - source compiled test
FAIL: String_overflow execution - source compiled test
FAIL: String_overflow -findirect-dispatch execution - source compiled test
FAIL: String_overflow -O3 execution - source compiled test
FAIL: String_overflow -O3 -findirect-dispatch execution - source compiled test
FAIL: SyncGlobal execution - source compiled test
FAIL: SyncGlobal -findirect-dispatch execution - source compiled test
FAIL: SyncGlobal -O3 execution - source compiled test
FAIL: SyncGlobal -O3 -findirect-dispatch execution - source compiled test
FAIL: SyncTest execution - source compiled test
FAIL: SyncTest -findirect-dispatch execution - source compiled test
FAIL: SyncTest -O3 execution - source compiled test
FAIL: SyncTest -O3 -findirect-dispatch execution - source compiled test
FAIL: Synch execution - source compiled test
FAIL: Synch -findirect-dispatch execution - source compiled test
FAIL: Synch -O3 execution - source compiled test
FAIL: Synch -O3 -findirect-dispatch execution - source compiled test
FAIL: TLtest execution - source compiled test
FAIL: TLtest -findirect-dispatch execution - source compiled test
FAIL: TLtest -O3 execution - source compiled test
FAIL: TLtest -O3 -findirect-dispatch execution - source compiled test
FAIL: TestProxy execution - source compiled test
FAIL: TestProxy -findirect-dispatch execution - source compiled test
FAIL: TestProxy -O3 execution - source compiled test
FAIL: TestProxy -O3 -findirect-dispatch execution - source compiled test
FAIL: Thread_Alive execution - source compiled test
FAIL: Thread_Alive -findirect-dispatch execution - source compiled test
FAIL: Thread_Alive -O3 execution - source compiled test
FAIL: Thread_Alive -O3 -findirect-dispatch execution - source compiled test
FAIL: Thread_HoldsLock execution - source compiled test
FAIL: Thread_HoldsLock -findirect-dispatch execution - source compiled test
FAIL: Thread_HoldsLock -O3 execution - source compiled test
FAIL: Thread_HoldsLock -O3 -findirect-dispatch execution - source compiled test
FAIL: Thread_Interrupt execution - source compiled test
FAIL: Thread_Interrupt -findirect-dispatch execution - source compiled test
FAIL: Thread_Interrupt -O3 execution - source compiled test
FAIL: Thread_Interrupt -O3 -findirect-dispatch execution - source compiled test
FAIL: Thread_Join execution - source compiled test
FAIL: Thread_Join -findirect-dispatch execution - source compiled test
FAIL: Thread_Join -O3 execution - source compiled test
FAIL: Thread_Join -O3 -findirect-dispatch execution - source compiled test
FAIL: Thread_Monitor execution - source compiled test
FAIL: Thread_Monitor -findirect-dispatch execution - source compiled test
FAIL: Thread_Monitor -O3 execution - source compiled test
FAIL: Thread_Monitor -O3 -findirect-dispatch execution - source compiled test
FAIL: Thread_Sleep execution - source compiled test
FAIL: Thread_Sleep -findirect-dispatch execution - source compiled test
FAIL: Thread_Sleep -O3 execution - source compiled test
FAIL: Thread_Sleep -O3 -findirect-dispatch execution - source compiled test
FAIL: Thread_Sleep_2 execution - source compiled test
FAIL: Thread_Sleep_2 -findirect-dispatch execution - source compiled test
FAIL: Thread_Sleep_2 -O3 execution - source compiled test
FAIL: Thread_Sleep_2 -O3 -findirect-dispatch execution - source compiled test
FAIL: Thread_Wait execution - source compiled test
FAIL: Thread_Wait -findirect-dispatch execution - source compiled test
FAIL: Thread_Wait -O3 execution - source compiled test
FAIL: Thread_Wait -O3 -findirect-dispatch execution - source compiled test
FAIL: Thread_Wait_2 execution - source compiled test
FAIL: Thread_Wait_2 -findirect-dispatch execution - source compiled test
FAIL: Thread_Wait_2 -O3 execution - source compiled test
FAIL: Thread_Wait_2 -O3 -findirect-dispatch execution - source compiled test
FAIL: Thread_Wait_Interrupt execution - source compiled test
FAIL: Thread_Wait_Interrupt -findirect-dispatch execution - source compiled test
FAIL: Thread_Wait_Interrupt -O3 execution - source compiled test
FAIL: Thread_Wait_Interrupt -O3 -findirect-dispatch execution - source compiled test
FAIL: Throw_1 execution - source compiled test
FAIL: Throw_1 -findirect-dispatch execution - source compiled test
FAIL: Throw_1 -O3 execution - source compiled test
FAIL: Throw_1 -O3 -findirect-dispatch execution - source compiled test
FAIL: Throw_2 execution - source compiled test
FAIL: Throw_2 -findirect-dispatch execution - source compiled test
FAIL: Throw_2 -O3 execution - source compiled test
FAIL: Throw_2 -O3 -findirect-dispatch execution - source compiled test
FAIL: Throw_3 execution - source compiled test
FAIL: Throw_3 -findirect-dispatch execution - source compiled test
FAIL: Throw_3 -O3 execution - source compiled test
FAIL: Throw_3 -O3 -findirect-dispatch execution - source compiled test
FAIL: WalkerTest execution - source compiled test
FAIL: WalkerTest -findirect-dispatch execution - source compiled test
FAIL: WalkerTest -O3 execution - source compiled test
FAIL: WalkerTest -O3 -findirect-dispatch execution - source compiled test
FAIL: anfi execution - source compiled test
FAIL: anfi -findirect-dispatch execution - source compiled test
FAIL: anfi -O3 execution - source compiled test
FAIL: anfi -O3 -findirect-dispatch execution - source compiled test
FAIL: anon execution - source compiled test
FAIL: anon -findirect-dispatch execution - source compiled test
FAIL: anon -O3 execution - source compiled test
FAIL: anon -O3 -findirect-dispatch execution - source compiled test
FAIL: anon2 execution - source compiled test
FAIL: anon2 -findirect-dispatch execution - source compiled test
FAIL: anon2 -O3 execution - source compiled test
FAIL: anon2 -O3 -findirect-dispatch execution - source compiled test
FAIL: anon3 execution - source compiled test
FAIL: anon3 -findirect-dispatch execution - source compiled test
FAIL: anon3 -O3 execution - source compiled test
FAIL: anon3 -O3 -findirect-dispatch execution - source compiled test
FAIL: anon4 execution - source compiled test
FAIL: anon4 -findirect-dispatch execution - source compiled test
FAIL: anon4 -O3 execution - source compiled test
FAIL: anon4 -O3 -findirect-dispatch execution - source compiled test
FAIL: anon_ctor_itf_arg execution - source compiled test
FAIL: anon_ctor_itf_arg -findirect-dispatch execution - source compiled test
FAIL: anon_ctor_itf_arg -O3 execution - source compiled test
FAIL: anon_ctor_itf_arg -O3 -findirect-dispatch execution - source compiled test
FAIL: anonarray execution - source compiled test
FAIL: anonarray -findirect-dispatch execution - source compiled test
FAIL: anonarray -O3 execution - source compiled test
FAIL: anonarray -O3 -findirect-dispatch execution - source compiled test
FAIL: anonarray2 execution - source compiled test
FAIL: anonarray2 -findirect-dispatch execution - source compiled test
FAIL: anonarray2 -O3 execution - source compiled test
FAIL: anonarray2 -O3 -findirect-dispatch execution - source compiled test
FAIL: anonarray3 execution - source compiled test
FAIL: anonarray3 -findirect-dispatch execution - source compiled test
FAIL: anonarray3 -O3 execution - source compiled test
FAIL: anonarray3 -O3 -findirect-dispatch execution - source compiled test
FAIL: assign execution - source compiled test
FAIL: assign -findirect-dispatch execution - source compiled test
FAIL: assign -O3 execution - source compiled test
FAIL: assign -O3 -findirect-dispatch execution - source compiled test
FAIL: assign2 execution - source compiled test
FAIL: assign2 -findirect-dispatch execution - source compiled test
FAIL: assign2 -O3 execution - source compiled test
FAIL: assign2 -O3 -findirect-dispatch execution - source compiled test
FAIL: bclink execution - source compiled test
FAIL: bclink -findirect-dispatch execution - source compiled test
FAIL: bclink -O3 execution - source compiled test
FAIL: bclink -O3 -findirect-dispatch execution - source compiled test
FAIL: bytearray execution - source compiled test
FAIL: bytearray -findirect-dispatch execution - source compiled test
FAIL: bytearray -O3 execution - source compiled test
FAIL: bytearray -O3 -findirect-dispatch execution - source compiled test
FAIL: direct_read execution - source compiled test
FAIL: direct_read -findirect-dispatch execution - source compiled test
FAIL: direct_read -O3 execution - source compiled test
FAIL: direct_read -O3 -findirect-dispatch execution - source compiled test
FAIL: direct_write execution - source compiled test
FAIL: direct_write -findirect-dispatch execution - source compiled test
FAIL: direct_write -O3 execution - source compiled test
FAIL: direct_write -O3 -findirect-dispatch execution - source compiled test
FAIL: emptystring execution - source compiled test
FAIL: emptystring -findirect-dispatch execution - source compiled test
FAIL: emptystring -O3 execution - source compiled test
FAIL: emptystring -O3 -findirect-dispatch execution - source compiled test
FAIL: err1 execution - source compiled test
FAIL: err1 -findirect-dispatch execution - source compiled test
FAIL: err1 -O3 execution - source compiled test
FAIL: err1 -O3 -findirect-dispatch execution - source compiled test
FAIL: err10 execution - source compiled test
FAIL: err10 -findirect-dispatch execution - source compiled test
FAIL: err10 -O3 execution - source compiled test
FAIL: err10 -O3 -findirect-dispatch execution - source compiled test
FAIL: err11 execution - source compiled test
FAIL: err11 -findirect-dispatch execution - source compiled test
FAIL: err11 -O3 execution - source compiled test
FAIL: err11 -O3 -findirect-dispatch execution - source compiled test
FAIL: err12 execution - source compiled test
FAIL: err12 -findirect-dispatch execution - source compiled test
FAIL: err12 -O3 execution - source compiled test
FAIL: err12 -O3 -findirect-dispatch execution - source compiled test
FAIL: err13 execution - source compiled test
FAIL: err13 -findirect-dispatch execution - source compiled test
FAIL: err13 -O3 execution - source compiled test
FAIL: err13 -O3 -findirect-dispatch execution - source compiled test
FAIL: err14 execution - source compiled test
FAIL: err14 -findirect-dispatch execution - source compiled test
FAIL: err14 -O3 execution - source compiled test
FAIL: err14 -O3 -findirect-dispatch execution - source compiled test
FAIL: err2 execution - source compiled test
FAIL: err2 -findirect-dispatch execution - source compiled test
FAIL: err2 -O3 execution - source compiled test
FAIL: err2 -O3 -findirect-dispatch execution - source compiled test
FAIL: err3 execution - source compiled test
FAIL: err3 -findirect-dispatch execution - source compiled test
FAIL: err3 -O3 execution - source compiled test
FAIL: err3 -O3 -findirect-dispatch execution - source compiled test
FAIL: err4 execution - source compiled test
FAIL: err4 -findirect-dispatch execution - source compiled test
FAIL: err4 -O3 execution - source compiled test
FAIL: err4 -O3 -findirect-dispatch execution - source compiled test
FAIL: err5 execution - source compiled test
FAIL: err5 -findirect-dispatch execution - source compiled test
FAIL: err5 -O3 execution - source compiled test
FAIL: err5 -O3 -findirect-dispatch execution - source compiled test
FAIL: err6 execution - source compiled test
FAIL: err6 -findirect-dispatch execution - source compiled test
FAIL: err6 -O3 execution - source compiled test
FAIL: err6 -O3 -findirect-dispatch execution - source compiled test
FAIL: err7 execution - source compiled test
FAIL: err7 -findirect-dispatch execution - source compiled test
FAIL: err7 -O3 execution - source compiled test
FAIL: err7 -O3 -findirect-dispatch execution - source compiled test
FAIL: err8 execution - source compiled test
FAIL: err8 -findirect-dispatch execution - source compiled test
FAIL: err8 -O3 execution - source compiled test
FAIL: err8 -O3 -findirect-dispatch execution - source compiled test
FAIL: err9 execution - source compiled test
FAIL: err9 -findirect-dispatch execution - source compiled test
FAIL: err9 -O3 execution - source compiled test
FAIL: err9 -O3 -findirect-dispatch execution - source compiled test
FAIL: final_inner execution - source compiled test
FAIL: final_inner -findirect-dispatch execution - source compiled test
FAIL: final_inner -O3 execution - source compiled test
FAIL: final_inner -O3 -findirect-dispatch execution - source compiled test
FAIL: final_int execution - source compiled test
FAIL: final_int -findirect-dispatch execution - source compiled test
FAIL: final_int -O3 execution - source compiled test
FAIL: final_int -O3 -findirect-dispatch execution - source compiled test
FAIL: final_static_and_friend execution - source compiled test
FAIL: final_static_and_friend -findirect-dispatch execution - source compiled test
FAIL: final_static_and_friend -O3 execution - source compiled test
FAIL: final_static_and_friend -O3 -findirect-dispatch execution - source compiled test
FAIL: indirect execution - source compiled test
FAIL: indirect -findirect-dispatch execution - source compiled test
FAIL: indirect -O3 execution - source compiled test
FAIL: indirect -O3 -findirect-dispatch execution - source compiled test
FAIL: indirect_read execution - source compiled test
FAIL: indirect_read -findirect-dispatch execution - source compiled test
FAIL: indirect_read -O3 execution - source compiled test
FAIL: indirect_read -O3 -findirect-dispatch execution - source compiled test
FAIL: indirect_write execution - source compiled test
FAIL: indirect_write -findirect-dispatch execution - source compiled test
FAIL: indirect_write -O3 execution - source compiled test
FAIL: indirect_write -O3 -findirect-dispatch execution - source compiled test
FAIL: initexc execution - source compiled test
FAIL: initexc -findirect-dispatch execution - source compiled test
FAIL: initexc -O3 execution - source compiled test
FAIL: initexc -O3 -findirect-dispatch execution - source compiled test
FAIL: initfield execution - source compiled test
FAIL: initfield -findirect-dispatch execution - source compiled test
FAIL: initfield -O3 execution - source compiled test
FAIL: initfield -O3 -findirect-dispatch execution - source compiled test
FAIL: inline execution - source compiled test
FAIL: inline -findirect-dispatch execution - source compiled test
FAIL: inline -O3 execution - source compiled test
FAIL: inline -O3 -findirect-dispatch execution - source compiled test
FAIL: inner1 execution - source compiled test
FAIL: inner1 -findirect-dispatch execution - source compiled test
FAIL: inner1 -O3 execution - source compiled test
FAIL: inner1 -O3 -findirect-dispatch execution - source compiled test
FAIL: inner2 execution - source compiled test
FAIL: inner2 -findirect-dispatch execution - source compiled test
FAIL: inner2 -O3 execution - source compiled test
FAIL: inner2 -O3 -findirect-dispatch execution - source compiled test
FAIL: inner3 execution - source compiled test
FAIL: inner3 -findirect-dispatch execution - source compiled test
FAIL: inner3 -O3 execution - source compiled test
FAIL: inner3 -O3 -findirect-dispatch execution - source compiled test
FAIL: inner4 execution - source compiled test
FAIL: inner4 -findirect-dispatch execution - source compiled test
FAIL: inner4 -O3 execution - source compiled test
FAIL: inner4 -O3 -findirect-dispatch execution - source compiled test
FAIL: inner_array execution - source compiled test
FAIL: inner_array -findirect-dispatch execution - source compiled test
FAIL: inner_array -O3 execution - source compiled test
FAIL: inner_array -O3 -findirect-dispatch execution - source compiled test
FAIL: inner_interface execution - source compiled test
FAIL: inner_interface -findirect-dispatch execution - source compiled test
FAIL: inner_interface -O3 execution - source compiled test
FAIL: inner_interface -O3 -findirect-dispatch execution - source compiled test
FAIL: instance execution - source compiled test
FAIL: instance -findirect-dispatch execution - source compiled test
FAIL: instance -O3 execution - source compiled test
FAIL: instance -O3 -findirect-dispatch execution - source compiled test
FAIL: instinit execution - source compiled test
FAIL: instinit -findirect-dispatch execution - source compiled test
FAIL: instinit -O3 execution - source compiled test
FAIL: instinit -O3 -findirect-dispatch execution - source compiled test
FAIL: instinit2 execution - source compiled test
FAIL: instinit2 -findirect-dispatch execution - source compiled test
FAIL: instinit2 -O3 execution - source compiled test
FAIL: instinit2 -O3 -findirect-dispatch execution - source compiled test
FAIL: invoke_from_inner execution - source compiled test
FAIL: invoke_from_inner -findirect-dispatch execution - source compiled test
FAIL: invoke_from_inner -O3 execution - source compiled test
FAIL: invoke_from_inner -O3 -findirect-dispatch execution - source compiled test
FAIL: invokethrow execution - source compiled test
FAIL: invokethrow -findirect-dispatch execution - source compiled test
FAIL: invokethrow -O3 execution - source compiled test
FAIL: invokethrow -O3 -findirect-dispatch execution - source compiled test
FAIL: klass execution - source compiled test
FAIL: klass -findirect-dispatch execution - source compiled test
FAIL: klass -O3 execution - source compiled test
FAIL: klass -O3 -findirect-dispatch execution - source compiled test
FAIL: md5test execution - source compiled test
FAIL: md5test -findirect-dispatch execution - source compiled test
FAIL: md5test -O3 execution - source compiled test
FAIL: md5test -O3 -findirect-dispatch execution - source compiled test
FAIL: multiple_finit execution - source compiled test
FAIL: multiple_finit -findirect-dispatch execution - source compiled test
FAIL: multiple_finit -O3 execution - source compiled test
FAIL: multiple_finit -O3 -findirect-dispatch execution - source compiled test
FAIL: negzero execution - source compiled test
FAIL: negzero -findirect-dispatch execution - source compiled test
FAIL: negzero -O3 execution - source compiled test
FAIL: negzero -O3 -findirect-dispatch execution - source compiled test
FAIL: nested_with_ctor execution - source compiled test
FAIL: nested_with_ctor -findirect-dispatch execution - source compiled test
FAIL: nested_with_ctor -O3 execution - source compiled test
FAIL: nested_with_ctor -O3 -findirect-dispatch execution - source compiled test
FAIL: newarray_overflow execution - source compiled test
FAIL: newarray_overflow -findirect-dispatch execution - source compiled test
FAIL: newarray_overflow -O3 execution - source compiled test
FAIL: newarray_overflow -O3 -findirect-dispatch execution - source compiled test
FAIL: override execution - source compiled test
FAIL: override -findirect-dispatch execution - source compiled test
FAIL: override -O3 execution - source compiled test
FAIL: override -O3 -findirect-dispatch execution - source compiled test
FAIL: pr109 execution - source compiled test
FAIL: pr109 -findirect-dispatch execution - source compiled test
FAIL: pr109 -O3 execution - source compiled test
FAIL: pr109 -O3 -findirect-dispatch execution - source compiled test
FAIL: pr13107 execution - source compiled test
FAIL: pr13107 -findirect-dispatch execution - source compiled test
FAIL: pr13107 -O3 execution - source compiled test
FAIL: pr13107 -O3 -findirect-dispatch execution - source compiled test
FAIL: pr13107_2 execution - source compiled test
FAIL: pr13107_2 -findirect-dispatch execution - source compiled test
FAIL: pr13107_2 -O3 execution - source compiled test
FAIL: pr13107_2 -O3 -findirect-dispatch execution - source compiled test
FAIL: pr13107_3 execution - source compiled test
FAIL: pr13107_3 -findirect-dispatch execution - source compiled test
FAIL: pr13107_3 -O3 execution - source compiled test
FAIL: pr13107_3 -O3 -findirect-dispatch execution - source compiled test
FAIL: pr133 execution - source compiled test
FAIL: pr133 -findirect-dispatch execution - source compiled test
FAIL: pr133 -O3 execution - source compiled test
FAIL: pr133 -O3 -findirect-dispatch execution - source compiled test
FAIL: pr16789 execution - source compiled test
FAIL: pr16789 -findirect-dispatch execution - source compiled test
FAIL: pr16789 -O3 execution - source compiled test
FAIL: pr16789 -O3 -findirect-dispatch execution - source compiled test
FAIL: pr17536 execution - source compiled test
FAIL: pr17536 -findirect-dispatch execution - source compiled test
FAIL: pr17536 -O3 execution - source compiled test
FAIL: pr17536 -O3 -findirect-dispatch execution - source compiled test
FAIL: pr179 execution - source compiled test
FAIL: pr179 -findirect-dispatch execution - source compiled test
FAIL: pr179 -O3 execution - source compiled test
FAIL: pr179 -O3 -findirect-dispatch execution - source compiled test
FAIL: pr184 execution - source compiled test
FAIL: pr184 -findirect-dispatch execution - source compiled test
FAIL: pr184 -O3 execution - source compiled test
FAIL: pr184 -O3 -findirect-dispatch execution - source compiled test
FAIL: pr21785 execution - source compiled test
FAIL: pr21785 -findirect-dispatch execution - source compiled test
FAIL: pr21785 -O3 execution - source compiled test
FAIL: pr21785 -O3 -findirect-dispatch execution - source compiled test
FAIL: pr21844 execution - source compiled test
FAIL: pr21844 -findirect-dispatch execution - source compiled test
FAIL: pr21844 -O3 execution - source compiled test
FAIL: pr21844 -O3 -findirect-dispatch execution - source compiled test
FAIL: pr24321 execution - source compiled test
FAIL: pr24321 -findirect-dispatch execution - source compiled test
FAIL: pr24321 -O3 execution - source compiled test
FAIL: pr24321 -O3 -findirect-dispatch execution - source compiled test
FAIL: pr25676 execution - source compiled test
FAIL: pr25676 -findirect-dispatch execution - source compiled test
FAIL: pr25676 -O3 execution - source compiled test
FAIL: pr25676 -O3 -findirect-dispatch execution - source compiled test
FAIL: pr26390 execution - source compiled test
FAIL: pr26390 -findirect-dispatch execution - source compiled test
FAIL: pr26390 -O3 execution - source compiled test
FAIL: pr26390 -O3 -findirect-dispatch execution - source compiled test
FAIL: pr26990 execution - source compiled test
FAIL: pr26990 -findirect-dispatch execution - source compiled test
FAIL: pr26990 -O3 execution - source compiled test
FAIL: pr26990 -O3 -findirect-dispatch execution - source compiled test
FAIL: pr27171 execution - source compiled test
FAIL: pr27171 -findirect-dispatch execution - source compiled test
FAIL: pr27171 -O3 execution - source compiled test
FAIL: pr27171 -O3 -findirect-dispatch execution - source compiled test
FAIL: pr6388 execution - source compiled test
FAIL: pr6388 -findirect-dispatch execution - source compiled test
FAIL: pr6388 -O3 execution - source compiled test
FAIL: pr6388 -O3 -findirect-dispatch execution - source compiled test
FAIL: pr83 execution - source compiled test
FAIL: pr83 -findirect-dispatch execution - source compiled test
FAIL: pr83 -O3 execution - source compiled test
FAIL: pr83 -O3 -findirect-dispatch execution - source compiled test
FAIL: pr8415 execution - source compiled test
FAIL: pr8415 -findirect-dispatch execution - source compiled test
FAIL: pr8415 -O3 execution - source compiled test
FAIL: pr8415 -O3 -findirect-dispatch execution - source compiled test
FAIL: pr8676 execution - source compiled test
FAIL: pr8676 -findirect-dispatch execution - source compiled test
FAIL: pr8676 -O3 execution - source compiled test
FAIL: pr8676 -O3 -findirect-dispatch execution - source compiled test
FAIL: pr8823 execution - source compiled test
FAIL: pr8823 -findirect-dispatch execution - source compiled test
FAIL: pr8823 -O3 execution - source compiled test
FAIL: pr8823 -O3 -findirect-dispatch execution - source compiled test
FAIL: pr8945 execution - source compiled test
FAIL: pr8945 -findirect-dispatch execution - source compiled test
FAIL: pr8945 -O3 execution - source compiled test
FAIL: pr8945 -O3 -findirect-dispatch execution - source compiled test
FAIL: private_direct_read execution - source compiled test
FAIL: private_direct_read -findirect-dispatch execution - source compiled test
FAIL: private_direct_read -O3 execution - source compiled test
FAIL: private_direct_read -O3 -findirect-dispatch execution - source compiled test
FAIL: search_outer execution - source compiled test
FAIL: search_outer -findirect-dispatch execution - source compiled test
FAIL: search_outer -O3 execution - source compiled test
FAIL: search_outer -O3 -findirect-dispatch execution - source compiled test
FAIL: shatest execution - source compiled test
FAIL: shatest -findirect-dispatch execution - source compiled test
FAIL: shatest -O3 execution - source compiled test
FAIL: shatest -O3 -findirect-dispatch execution - source compiled test
FAIL: sourcelocation execution - source compiled test
FAIL: sourcelocation -findirect-dispatch execution - source compiled test
FAIL: sourcelocation -O3 execution - source compiled test
FAIL: sourcelocation -O3 -findirect-dispatch execution - source compiled test
FAIL: stacktrace execution - source compiled test
FAIL: stacktrace -findirect-dispatch execution - source compiled test
FAIL: stacktrace -O3 execution - source compiled test
FAIL: stacktrace -O3 -findirect-dispatch execution - source compiled test
FAIL: stringconst execution - source compiled test
FAIL: stringconst -findirect-dispatch execution - source compiled test
FAIL: stringconst -O3 execution - source compiled test
FAIL: stringconst -O3 -findirect-dispatch execution - source compiled test
FAIL: stringconst2 execution - source compiled test
FAIL: stringconst2 -findirect-dispatch execution - source compiled test
FAIL: stringconst2 -O3 execution - source compiled test
FAIL: stringconst2 -O3 -findirect-dispatch execution - source compiled test
FAIL: stub execution - source compiled test
FAIL: stub -findirect-dispatch execution - source compiled test
FAIL: stub -O3 execution - source compiled test
FAIL: stub -O3 -findirect-dispatch execution - source compiled test
FAIL: test_long execution - source compiled test
FAIL: test_long -findirect-dispatch execution - source compiled test
FAIL: test_long -O3 execution - source compiled test
FAIL: test_long -O3 -findirect-dispatch execution - source compiled test
FAIL: tmi execution - source compiled test
FAIL: tmi -findirect-dispatch execution - source compiled test
FAIL: tmi -O3 execution - source compiled test
FAIL: tmi -O3 -findirect-dispatch execution - source compiled test
FAIL: tp execution - source compiled test
FAIL: tp -findirect-dispatch execution - source compiled test
FAIL: tp -O3 execution - source compiled test
FAIL: tp -O3 -findirect-dispatch execution - source compiled test
FAIL: update_outer execution - source compiled test
FAIL: update_outer -findirect-dispatch execution - source compiled test
FAIL: update_outer -O3 execution - source compiled test
FAIL: update_outer -O3 -findirect-dispatch execution - source compiled test
FAIL: utf8concat execution - source compiled test
FAIL: utf8concat -findirect-dispatch execution - source compiled test
FAIL: utf8concat -O3 execution - source compiled test
FAIL: utf8concat -O3 -findirect-dispatch execution - source compiled test
FAIL: utilTest execution - source compiled test
FAIL: utilTest -findirect-dispatch execution - source compiled test
FAIL: utilTest -O3 execution - source compiled test
FAIL: utilTest -O3 -findirect-dispatch execution - source compiled test
FAIL: verify execution - source compiled test
FAIL: verify -findirect-dispatch execution - source compiled test
FAIL: verify -O3 execution - source compiled test
FAIL: verify -O3 -findirect-dispatch execution - source compiled test
FAIL: TestEarlyGC execution - source compiled test
FAIL: TestLeak execution - source compiled test
FAIL: TestMultiple execution - source compiled test
FAIL: TestParent execution - source compiled test
=== libjava Summary for unix//-mabi=ilp32 ===
# of expected passes 880
# of unexpected failures 846
# of untested testcases 845
=== libjava Summary ===
# of expected passes 3452
# of unexpected failures 851
# of expected failures 4
# of untested testcases 849
=== libstdc++ tests ===
Running target unix//-mabi=ilp32
FAIL: libstdc++-abi/abi_check
FAIL: 30_threads/thread/native_handle/cancel.cc execution test
=== libstdc++ Summary for unix//-mabi=ilp32 ===
# of expected passes 8892
# of unexpected failures 2
# of expected failures 64
# of unsupported tests 609
Running target unix//-mabi=lp64
=== libstdc++ Summary for unix//-mabi=lp64 ===
# of expected passes 9375
# of expected failures 65
# of unsupported tests 602
=== libstdc++ Summary ===
# of expected passes 18267
# of unexpected failures 2
# of expected failures 129
# of unsupported tests 1211
=== g++ tests ===
Running target unix//-mabi=ilp32
FAIL: g++.dg/ext/cleanup-10.C -std=gnu++11 execution test
FAIL: g++.dg/ext/cleanup-10.C -std=gnu++14 execution test
FAIL: g++.dg/ext/cleanup-10.C -std=gnu++98 execution test
FAIL: g++.dg/ext/cleanup-11.C -std=gnu++11 execution test
FAIL: g++.dg/ext/cleanup-11.C -std=gnu++14 execution test
FAIL: g++.dg/ext/cleanup-11.C -std=gnu++98 execution test
FAIL: g++.dg/ext/cleanup-8.C -std=gnu++11 execution test
FAIL: g++.dg/ext/cleanup-8.C -std=gnu++14 execution test
FAIL: g++.dg/ext/cleanup-8.C -std=gnu++98 execution test
FAIL: g++.dg/ext/cleanup-9.C -std=gnu++11 execution test
FAIL: g++.dg/ext/cleanup-9.C -std=gnu++14 execution test
FAIL: g++.dg/ext/cleanup-9.C -std=gnu++98 execution test
FAIL: g++.dg/ext/sync-4.C -std=gnu++11 execution test
FAIL: g++.dg/ext/sync-4.C -std=gnu++14 execution test
FAIL: g++.dg/ext/sync-4.C -std=gnu++98 execution test
FAIL: g++.dg/guality/pr55665.C -O2 line 23 p == 40
FAIL: g++.dg/guality/pr55665.C -O3 -fomit-frame-pointer line 23 p == 40
FAIL: g++.dg/guality/pr55665.C -O3 -g line 23 p == 40
FAIL: g++.dg/tls/init-1.C -std=c++11 (internal compiler error)
FAIL: g++.dg/tls/init-1.C -std=c++11 (test for excess errors)
FAIL: g++.dg/tls/init-1.C -std=c++14 (internal compiler error)
FAIL: g++.dg/tls/init-1.C -std=c++14 (test for excess errors)
FAIL: g++.dg/tls/init-1.C -std=c++98 (internal compiler error)
FAIL: g++.dg/tls/init-1.C -std=c++98 (test for excess errors)
FAIL: g++.dg/tls/thread_local-ice3.C -std=c++11 (internal compiler error)
FAIL: g++.dg/tls/thread_local-ice3.C -std=c++11 (test for excess errors)
FAIL: g++.dg/tls/thread_local-ice3.C -std=c++14 (internal compiler error)
FAIL: g++.dg/tls/thread_local-ice3.C -std=c++14 (test for excess errors)
FAIL: g++.dg/tls/thread_local-order1.C -std=c++11 (internal compiler error)
FAIL: g++.dg/tls/thread_local-order1.C -std=c++11 (test for excess errors)
UNRESOLVED: g++.dg/tls/thread_local-order1.C -std=c++11 compilation failed to produce executable
FAIL: g++.dg/tls/thread_local-order1.C -std=c++14 (internal compiler error)
FAIL: g++.dg/tls/thread_local-order1.C -std=c++14 (test for excess errors)
UNRESOLVED: g++.dg/tls/thread_local-order1.C -std=c++14 compilation failed to produce executable
FAIL: g++.dg/tls/thread_local-order2.C -std=c++11 (internal compiler error)
FAIL: g++.dg/tls/thread_local-order2.C -std=c++11 (test for excess errors)
UNRESOLVED: g++.dg/tls/thread_local-order2.C -std=c++11 compilation failed to produce executable
FAIL: g++.dg/tls/thread_local-order2.C -std=c++14 (internal compiler error)
FAIL: g++.dg/tls/thread_local-order2.C -std=c++14 (test for excess errors)
UNRESOLVED: g++.dg/tls/thread_local-order2.C -std=c++14 compilation failed to produce executable
UNRESOLVED: g++.dg/tls/thread_local-wrap2.C -std=c++11 scan-assembler _ZTW1i
UNRESOLVED: g++.dg/tls/thread_local-wrap2.C -std=c++11 scan-assembler-not _ZTH1i
FAIL: g++.dg/tls/thread_local-wrap2.C -std=c++11 (internal compiler error)
FAIL: g++.dg/tls/thread_local-wrap2.C -std=c++11 (test for excess errors)
UNRESOLVED: g++.dg/tls/thread_local-wrap2.C -std=c++14 scan-assembler _ZTW1i
UNRESOLVED: g++.dg/tls/thread_local-wrap2.C -std=c++14 scan-assembler-not _ZTH1i
FAIL: g++.dg/tls/thread_local-wrap2.C -std=c++14 (internal compiler error)
FAIL: g++.dg/tls/thread_local-wrap2.C -std=c++14 (test for excess errors)
UNRESOLVED: g++.dg/tls/thread_local1.C -std=c++11 scan-assembler _ZGVZ1fvE1a
UNRESOLVED: g++.dg/tls/thread_local1.C -std=c++11 scan-assembler-not .comm
UNRESOLVED: g++.dg/tls/thread_local1.C -std=c++11 scan-assembler-not cxa_guard
FAIL: g++.dg/tls/thread_local1.C -std=c++11 (internal compiler error)
FAIL: g++.dg/tls/thread_local1.C -std=c++11 (test for excess errors)
UNRESOLVED: g++.dg/tls/thread_local1.C -std=c++14 scan-assembler _ZGVZ1fvE1a
UNRESOLVED: g++.dg/tls/thread_local1.C -std=c++14 scan-assembler-not .comm
UNRESOLVED: g++.dg/tls/thread_local1.C -std=c++14 scan-assembler-not cxa_guard
FAIL: g++.dg/tls/thread_local1.C -std=c++14 (internal compiler error)
FAIL: g++.dg/tls/thread_local1.C -std=c++14 (test for excess errors)
FAIL: g++.dg/tls/thread_local10.C -std=c++11 (internal compiler error)
FAIL: g++.dg/tls/thread_local10.C -std=c++11 (test for excess errors)
UNRESOLVED: g++.dg/tls/thread_local10.C -std=c++11 compilation failed to produce executable
FAIL: g++.dg/tls/thread_local10.C -std=c++14 (internal compiler error)
FAIL: g++.dg/tls/thread_local10.C -std=c++14 (test for excess errors)
UNRESOLVED: g++.dg/tls/thread_local10.C -std=c++14 compilation failed to produce executable
FAIL: g++.dg/tls/thread_local2.C -std=c++11 (internal compiler error)
FAIL: g++.dg/tls/thread_local2.C -std=c++11 (test for excess errors)
UNRESOLVED: g++.dg/tls/thread_local2.C -std=c++11 compilation failed to produce executable
FAIL: g++.dg/tls/thread_local2.C -std=c++14 (internal compiler error)
FAIL: g++.dg/tls/thread_local2.C -std=c++14 (test for excess errors)
UNRESOLVED: g++.dg/tls/thread_local2.C -std=c++14 compilation failed to produce executable
FAIL: g++.dg/tls/thread_local2g.C -std=c++11 (internal compiler error)
FAIL: g++.dg/tls/thread_local2g.C -std=c++11 (test for excess errors)
UNRESOLVED: g++.dg/tls/thread_local2g.C -std=c++11 compilation failed to produce executable
FAIL: g++.dg/tls/thread_local2g.C -std=c++14 (internal compiler error)
FAIL: g++.dg/tls/thread_local2g.C -std=c++14 (test for excess errors)
UNRESOLVED: g++.dg/tls/thread_local2g.C -std=c++14 compilation failed to produce executable
FAIL: g++.dg/tls/thread_local3.C -std=gnu++11 (internal compiler error)
FAIL: g++.dg/tls/thread_local3.C -std=gnu++11 (test for excess errors)
UNRESOLVED: g++.dg/tls/thread_local3.C -std=gnu++11 compilation failed to produce executable
FAIL: g++.dg/tls/thread_local3.C -std=gnu++14 (internal compiler error)
FAIL: g++.dg/tls/thread_local3.C -std=gnu++14 (test for excess errors)
UNRESOLVED: g++.dg/tls/thread_local3.C -std=gnu++14 compilation failed to produce executable
FAIL: g++.dg/tls/thread_local3g.C -std=gnu++11 (internal compiler error)
FAIL: g++.dg/tls/thread_local3g.C -std=gnu++11 (test for excess errors)
UNRESOLVED: g++.dg/tls/thread_local3g.C -std=gnu++11 compilation failed to produce executable
FAIL: g++.dg/tls/thread_local3g.C -std=gnu++14 (internal compiler error)
FAIL: g++.dg/tls/thread_local3g.C -std=gnu++14 (test for excess errors)
UNRESOLVED: g++.dg/tls/thread_local3g.C -std=gnu++14 compilation failed to produce executable
FAIL: g++.dg/tls/thread_local4.C -std=gnu++11 (internal compiler error)
FAIL: g++.dg/tls/thread_local4.C -std=gnu++11 (test for excess errors)
UNRESOLVED: g++.dg/tls/thread_local4.C -std=gnu++11 compilation failed to produce executable
FAIL: g++.dg/tls/thread_local4.C -std=gnu++14 (internal compiler error)
FAIL: g++.dg/tls/thread_local4.C -std=gnu++14 (test for excess errors)
UNRESOLVED: g++.dg/tls/thread_local4.C -std=gnu++14 compilation failed to produce executable
FAIL: g++.dg/tls/thread_local4g.C -std=gnu++11 (internal compiler error)
FAIL: g++.dg/tls/thread_local4g.C -std=gnu++11 (test for excess errors)
UNRESOLVED: g++.dg/tls/thread_local4g.C -std=gnu++11 compilation failed to produce executable
FAIL: g++.dg/tls/thread_local4g.C -std=gnu++14 (internal compiler error)
FAIL: g++.dg/tls/thread_local4g.C -std=gnu++14 (test for excess errors)
UNRESOLVED: g++.dg/tls/thread_local4g.C -std=gnu++14 compilation failed to produce executable
FAIL: g++.dg/tls/thread_local5.C -std=gnu++11 (internal compiler error)
FAIL: g++.dg/tls/thread_local5.C -std=gnu++11 (test for excess errors)
UNRESOLVED: g++.dg/tls/thread_local5.C -std=gnu++11 compilation failed to produce executable
FAIL: g++.dg/tls/thread_local5.C -std=gnu++14 (internal compiler error)
FAIL: g++.dg/tls/thread_local5.C -std=gnu++14 (test for excess errors)
UNRESOLVED: g++.dg/tls/thread_local5.C -std=gnu++14 compilation failed to produce executable
FAIL: g++.dg/tls/thread_local5g.C -std=gnu++11 (internal compiler error)
FAIL: g++.dg/tls/thread_local5g.C -std=gnu++11 (test for excess errors)
UNRESOLVED: g++.dg/tls/thread_local5g.C -std=gnu++11 compilation failed to produce executable
FAIL: g++.dg/tls/thread_local5g.C -std=gnu++14 (internal compiler error)
FAIL: g++.dg/tls/thread_local5g.C -std=gnu++14 (test for excess errors)
UNRESOLVED: g++.dg/tls/thread_local5g.C -std=gnu++14 compilation failed to produce executable
FAIL: g++.dg/tls/thread_local6.C -std=c++11 (internal compiler error)
FAIL: g++.dg/tls/thread_local6.C -std=c++11 (test for excess errors)
UNRESOLVED: g++.dg/tls/thread_local6.C -std=c++11 compilation failed to produce executable
FAIL: g++.dg/tls/thread_local6.C -std=c++14 (internal compiler error)
FAIL: g++.dg/tls/thread_local6.C -std=c++14 (test for excess errors)
UNRESOLVED: g++.dg/tls/thread_local6.C -std=c++14 compilation failed to produce executable
FAIL: g++.dg/tls/thread_local6g.C -std=c++11 (internal compiler error)
FAIL: g++.dg/tls/thread_local6g.C -std=c++11 (test for excess errors)
UNRESOLVED: g++.dg/tls/thread_local6g.C -std=c++11 compilation failed to produce executable
FAIL: g++.dg/tls/thread_local6g.C -std=c++14 (internal compiler error)
FAIL: g++.dg/tls/thread_local6g.C -std=c++14 (test for excess errors)
UNRESOLVED: g++.dg/tls/thread_local6g.C -std=c++14 compilation failed to produce executable
UNRESOLVED: g++.dg/tls/thread_local7.C -std=c++11 scan-assembler-not \\\\.data
FAIL: g++.dg/tls/thread_local7.C -std=c++11 (internal compiler error)
FAIL: g++.dg/tls/thread_local7.C -std=c++11 (test for excess errors)
UNRESOLVED: g++.dg/tls/thread_local7.C -std=c++14 scan-assembler-not \\\\.data
FAIL: g++.dg/tls/thread_local7.C -std=c++14 (internal compiler error)
FAIL: g++.dg/tls/thread_local7.C -std=c++14 (test for excess errors)
UNRESOLVED: g++.dg/tls/thread_local7g.C -std=c++11 scan-assembler-not \\\\.data
FAIL: g++.dg/tls/thread_local7g.C -std=c++11 (internal compiler error)
FAIL: g++.dg/tls/thread_local7g.C -std=c++11 (test for excess errors)
UNRESOLVED: g++.dg/tls/thread_local7g.C -std=c++14 scan-assembler-not \\\\.data
FAIL: g++.dg/tls/thread_local7g.C -std=c++14 (internal compiler error)
FAIL: g++.dg/tls/thread_local7g.C -std=c++14 (test for excess errors)
UNRESOLVED: g++.dg/tls/thread_local8.C -std=c++11 scan-assembler _ZTH12foo_instance
FAIL: g++.dg/tls/thread_local8.C -std=c++11 (internal compiler error)
FAIL: g++.dg/tls/thread_local8.C -std=c++11 (test for excess errors)
UNRESOLVED: g++.dg/tls/thread_local8.C -std=c++14 scan-assembler _ZTH12foo_instance
FAIL: g++.dg/tls/thread_local8.C -std=c++14 (internal compiler error)
FAIL: g++.dg/tls/thread_local8.C -std=c++14 (test for excess errors)
FAIL: g++.dg/tls/thread_local9.C -std=c++11 (internal compiler error)
FAIL: g++.dg/tls/thread_local9.C -std=c++11 (test for excess errors)
UNRESOLVED: g++.dg/tls/thread_local9.C -std=c++11 compilation failed to produce executable
FAIL: g++.dg/tls/thread_local9.C -std=c++14 (internal compiler error)
FAIL: g++.dg/tls/thread_local9.C -std=c++14 (test for excess errors)
UNRESOLVED: g++.dg/tls/thread_local9.C -std=c++14 compilation failed to produce executable
=== g++ Summary for unix//-mabi=ilp32 ===
# of expected passes 81885
# of unexpected failures 104
# of expected failures 267
# of unresolved testcases 44
# of unsupported tests 3517
Running target unix//-mabi=lp64
FAIL: g++.dg/guality/pr55665.C -O2 line 23 p == 40
FAIL: g++.dg/guality/pr55665.C -O3 -fomit-frame-pointer line 23 p == 40
FAIL: g++.dg/guality/pr55665.C -O3 -g line 23 p == 40
XPASS: g++.dg/tls/thread_local-order2.C -std=c++11 execution test
XPASS: g++.dg/tls/thread_local-order2.C -std=c++14 execution test
=== g++ Summary for unix//-mabi=lp64 ===
# of expected passes 81872
# of unexpected failures 3
# of unexpected successes 2
# of expected failures 267
# of unsupported tests 3524
=== g++ Summary ===
# of expected passes 163757
# of unexpected failures 107
# of unexpected successes 2
# of expected failures 534
# of unresolved testcases 44
# of unsupported tests 7041
/data/src/gcc-cavium/gcc/objdir/gcc/testsuite/g++/../../xg++ version 5.0.0 20150201 (experimental) (GCC)
=== gcc tests ===
Running target unix//-mabi=ilp32
FAIL: gcc.c-torture/compile/pr37433.c -O2 (internal compiler error)
FAIL: gcc.c-torture/compile/pr37433.c -O2 (test for excess errors)
FAIL: gcc.c-torture/compile/pr37433.c -O2 -flto -fno-use-linker-plugin -flto-partition=none (internal compiler error)
FAIL: gcc.c-torture/compile/pr37433.c -O2 -flto -fno-use-linker-plugin -flto-partition=none (test for excess errors)
FAIL: gcc.c-torture/compile/pr37433.c -O3 -fomit-frame-pointer (internal compiler error)
FAIL: gcc.c-torture/compile/pr37433.c -O3 -fomit-frame-pointer (test for excess errors)
FAIL: gcc.c-torture/compile/pr37433.c -O3 -g (internal compiler error)
FAIL: gcc.c-torture/compile/pr37433.c -O3 -g (test for excess errors)
FAIL: gcc.c-torture/compile/pr37433.c -Os (internal compiler error)
FAIL: gcc.c-torture/compile/pr37433.c -Os (test for excess errors)
FAIL: gcc.dg/atomic/c11-atomic-exec-5.c -O2 -flto -fno-use-linker-plugin -flto-partition=none execution test
FAIL: gcc.dg/atomic/c11-atomic-exec-5.c -O2 -flto -fuse-linker-plugin -fno-fat-lto-objects execution test
FAIL: gcc.dg/atomic/c11-atomic-exec-5.c -O3 -fomit-frame-pointer -funroll-all-loops -finline-functions execution test
FAIL: gcc.dg/atomic/c11-atomic-exec-5.c -O3 -g execution test
FAIL: gcc.dg/atomic/c11-atomic-exec-5.c -Os execution test
WARNING: program timed out.
WARNING: program timed out.
WARNING: program timed out.
WARNING: program timed out.
WARNING: program timed out.
FAIL: gcc.dg/c99-stdint-1.c (test for excess errors)
FAIL: gcc.dg/cleanup-10.c execution test
FAIL: gcc.dg/cleanup-11.c execution test
FAIL: gcc.dg/cleanup-8.c execution test
FAIL: gcc.dg/cleanup-9.c execution test
FAIL: gcc.dg/pr64434.c scan-rtl-dump-times expand "Swap operands" 1
FAIL: gcc.dg/tls/opt-11.c (internal compiler error)
FAIL: gcc.dg/tls/opt-11.c (test for excess errors)
UNRESOLVED: gcc.dg/tls/opt-11.c compilation failed to produce executable
FAIL: gcc.dg/torture/tls/run-le.c -O0 (internal compiler error)
FAIL: gcc.dg/torture/tls/run-le.c -O0 (test for excess errors)
FAIL: gcc.dg/torture/tls/run-le.c -O0 -fPIC (internal compiler error)
FAIL: gcc.dg/torture/tls/run-le.c -O0 -fPIC (test for excess errors)
UNRESOLVED: gcc.dg/torture/tls/run-le.c -O0 -fPIC compilation failed to produce executable
FAIL: gcc.dg/torture/tls/run-le.c -O0 -fpic (internal compiler error)
FAIL: gcc.dg/torture/tls/run-le.c -O0 -fpic (test for excess errors)
UNRESOLVED: gcc.dg/torture/tls/run-le.c -O0 -fpic compilation failed to produce executable
UNRESOLVED: gcc.dg/torture/tls/run-le.c -O0 compilation failed to produce executable
FAIL: gcc.dg/torture/tls/run-le.c -O1 -fPIC (internal compiler error)
FAIL: gcc.dg/torture/tls/run-le.c -O1 -fPIC (test for excess errors)
UNRESOLVED: gcc.dg/torture/tls/run-le.c -O1 -fPIC compilation failed to produce executable
FAIL: gcc.dg/torture/tls/run-le.c -O1 -fpic (internal compiler error)
FAIL: gcc.dg/torture/tls/run-le.c -O1 -fpic (test for excess errors)
UNRESOLVED: gcc.dg/torture/tls/run-le.c -O1 -fpic compilation failed to produce executable
FAIL: gcc.dg/torture/tls/run-le.c -O2 -fPIC (internal compiler error)
FAIL: gcc.dg/torture/tls/run-le.c -O2 -fPIC (test for excess errors)
UNRESOLVED: gcc.dg/torture/tls/run-le.c -O2 -fPIC compilation failed to produce executable
FAIL: gcc.dg/torture/tls/run-le.c -O2 -fpic (internal compiler error)
FAIL: gcc.dg/torture/tls/run-le.c -O2 -fpic (test for excess errors)
UNRESOLVED: gcc.dg/torture/tls/run-le.c -O2 -fpic compilation failed to produce executable
FAIL: gcc.dg/torture/tls/run-le.c -O3 -fomit-frame-pointer -fPIC (internal compiler error)
FAIL: gcc.dg/torture/tls/run-le.c -O3 -fomit-frame-pointer -fPIC (test for excess errors)
UNRESOLVED: gcc.dg/torture/tls/run-le.c -O3 -fomit-frame-pointer -fPIC compilation failed to produce executable
FAIL: gcc.dg/torture/tls/run-le.c -O3 -fomit-frame-pointer -fpic (internal compiler error)
FAIL: gcc.dg/torture/tls/run-le.c -O3 -fomit-frame-pointer -fpic (test for excess errors)
UNRESOLVED: gcc.dg/torture/tls/run-le.c -O3 -fomit-frame-pointer -fpic compilation failed to produce executable
FAIL: gcc.dg/torture/tls/run-le.c -O3 -g -fPIC (internal compiler error)
FAIL: gcc.dg/torture/tls/run-le.c -O3 -g -fPIC (test for excess errors)
UNRESOLVED: gcc.dg/torture/tls/run-le.c -O3 -g -fPIC compilation failed to produce executable
FAIL: gcc.dg/torture/tls/run-le.c -O3 -g -fpic (internal compiler error)
FAIL: gcc.dg/torture/tls/run-le.c -O3 -g -fpic (test for excess errors)
UNRESOLVED: gcc.dg/torture/tls/run-le.c -O3 -g -fpic compilation failed to produce executable
FAIL: gcc.dg/torture/tls/run-le.c -Os -fPIC (internal compiler error)
FAIL: gcc.dg/torture/tls/run-le.c -Os -fPIC (test for excess errors)
UNRESOLVED: gcc.dg/torture/tls/run-le.c -Os -fPIC compilation failed to produce executable
FAIL: gcc.dg/torture/tls/run-le.c -Os -fpic (internal compiler error)
FAIL: gcc.dg/torture/tls/run-le.c -Os -fpic (test for excess errors)
UNRESOLVED: gcc.dg/torture/tls/run-le.c -Os -fpic compilation failed to produce executable
FAIL: gcc.dg/torture/tls/tls-reload-1.c -O0 (internal compiler error)
FAIL: gcc.dg/torture/tls/tls-reload-1.c -O0 (test for excess errors)
UNRESOLVED: gcc.dg/torture/tls/tls-reload-1.c -O0 compilation failed to produce executable
FAIL: gcc.dg/torture/tls/tls-test.c -O0 (internal compiler error)
FAIL: gcc.dg/torture/tls/tls-test.c -O0 (test for excess errors)
UNRESOLVED: gcc.dg/torture/tls/tls-test.c -O0 compilation failed to produce executable
FAIL: gcc.dg/tree-ssa/ivopts-lt-2.c scan-tree-dump-times ivopts "PHI <p_" 1
FAIL: gcc.dg/tree-ssa/ivopts-lt-2.c scan-tree-dump-times ivopts "p_[0-9]* <" 1
FAIL: gcc.dg/tree-ssa/ssa-dom-cse-2.c scan-tree-dump optimized "return 28;"
FAIL: gcc.dg/vect/slp-perm-3.c -flto -ffat-lto-objects scan-tree-dump-times vect "vectorizing stmts using SLP" 1
FAIL: gcc.dg/vect/slp-perm-3.c scan-tree-dump-times vect "vectorizing stmts using SLP" 1
FAIL: gcc.dg/vect/vect-rounding-lceil.c -flto -ffat-lto-objects scan-tree-dump-times vect "vectorized 1 loops" 1
FAIL: gcc.dg/vect/vect-rounding-lceil.c scan-tree-dump-times vect "vectorized 1 loops" 1
FAIL: gcc.dg/vect/vect-rounding-lfloor.c -flto -ffat-lto-objects scan-tree-dump-times vect "vectorized 1 loops" 1
FAIL: gcc.dg/vect/vect-rounding-lfloor.c scan-tree-dump-times vect "vectorized 1 loops" 1
FAIL: gcc.target/aarch64/atomic-op-consume.c scan-assembler-times ldxr\\tw[0-9]+, \\\\[x[0-9]+\\\\] 6
FAIL: gcc.target/aarch64/extend.c scan-assembler ldr\\tw[0-9]+,.*sxtw #?2]
FAIL: gcc.target/aarch64/extend.c scan-assembler ldr\\tw[0-9]+,.*sxtw]
FAIL: gcc.target/aarch64/extend.c scan-assembler ldr\\tw[0-9]+,.*uxtw #?2]
FAIL: gcc.target/aarch64/extend.c scan-assembler ldr\\tw[0-9]+,.*uxtw]
FAIL: gcc.target/aarch64/extend.c scan-assembler sub\\tw[0-9]+,.*sxth #?1
FAIL: gcc.target/aarch64/index.c scan-assembler-not [us]xtw\\t
FAIL: gcc.target/aarch64/subsp.c scan-assembler sub\\tsp, sp, x[0-9]*, sxtw 4\\n
FAIL: gcc.target/aarch64/symbol-range.c (test for excess errors)
UNRESOLVED: gcc.target/aarch64/symbol-range.c scan-assembler-not adrp\\tx[0-9]+, fixed_regs\\\\+
FAIL: gcc.target/aarch64/vect-abs-compile.c scan-assembler abs\\\\tv[0-9]+.16b
FAIL: gcc.target/aarch64/vect-abs-compile.c scan-assembler abs\\\\tv[0-9]+.8h
=== gcc Summary for unix//-mabi=ilp32 ===
# of expected passes 94751
# of unexpected failures 73
# of expected failures 253
# of unresolved testcases 17
# of unsupported tests 1568
Running target unix//-mabi=lp64
XPASS: gcc.dg/guality/example.c -O0 execution test
XPASS: gcc.dg/guality/example.c -O1 execution test
XPASS: gcc.dg/guality/guality.c -O0 execution test
XPASS: gcc.dg/guality/guality.c -O1 execution test
XPASS: gcc.dg/guality/guality.c -O2 execution test
XPASS: gcc.dg/guality/guality.c -O2 -flto -fno-use-linker-plugin -flto-partition=none execution test
XPASS: gcc.dg/guality/guality.c -O2 -flto -fuse-linker-plugin -fno-fat-lto-objects execution test
XPASS: gcc.dg/guality/guality.c -O3 -fomit-frame-pointer execution test
XPASS: gcc.dg/guality/guality.c -O3 -g execution test
XPASS: gcc.dg/guality/guality.c -Os execution test
XPASS: gcc.dg/guality/inline-params.c -O2 execution test
XPASS: gcc.dg/guality/inline-params.c -O2 -flto -fno-use-linker-plugin -flto-partition=none execution test
XPASS: gcc.dg/guality/inline-params.c -O3 -fomit-frame-pointer execution test
XPASS: gcc.dg/guality/inline-params.c -O3 -g execution test
XPASS: gcc.dg/guality/inline-params.c -Os execution test
FAIL: gcc.dg/guality/nrv-1.c -O2 -flto -fuse-linker-plugin -fno-fat-lto-objects line 20 a2.i[0] == 42
FAIL: gcc.dg/guality/param-3.c -O1 line 20 str.pa == 31415927
FAIL: gcc.dg/guality/param-3.c -O1 line 20 str.pb == 27182818
FAIL: gcc.dg/guality/pr36728-1.c -O1 line 16 arg1 == 1
FAIL: gcc.dg/guality/pr36728-1.c -O1 line 16 arg3 == 3
FAIL: gcc.dg/guality/pr36728-1.c -O1 line 16 arg7 == 30
FAIL: gcc.dg/guality/pr36728-1.c -O1 line 18 arg1 == 1
FAIL: gcc.dg/guality/pr36728-1.c -O1 line 18 arg3 == 3
FAIL: gcc.dg/guality/pr36728-1.c -O1 line 18 arg4 == 4
FAIL: gcc.dg/guality/pr36728-1.c -O1 line 18 arg7 == 30
FAIL: gcc.dg/guality/pr36728-1.c -O2 line 16 arg1 == 1
FAIL: gcc.dg/guality/pr36728-1.c -O2 line 16 arg4 == 4
FAIL: gcc.dg/guality/pr36728-1.c -O2 line 16 arg7 == 30
FAIL: gcc.dg/guality/pr36728-1.c -O2 line 16 y == 2
FAIL: gcc.dg/guality/pr36728-1.c -O2 line 18 arg1 == 1
FAIL: gcc.dg/guality/pr36728-1.c -O2 line 18 arg3 == 3
FAIL: gcc.dg/guality/pr36728-1.c -O2 line 18 arg4 == 4
FAIL: gcc.dg/guality/pr36728-1.c -O2 line 18 arg7 == 30
FAIL: gcc.dg/guality/pr36728-1.c -O2 -flto -fno-use-linker-plugin -flto-partition=none line 16 arg1 == 1
FAIL: gcc.dg/guality/pr36728-1.c -O2 -flto -fno-use-linker-plugin -flto-partition=none line 16 arg4 == 4
FAIL: gcc.dg/guality/pr36728-1.c -O2 -flto -fno-use-linker-plugin -flto-partition=none line 16 arg7 == 30
FAIL: gcc.dg/guality/pr36728-1.c -O2 -flto -fno-use-linker-plugin -flto-partition=none line 16 y == 2
FAIL: gcc.dg/guality/pr36728-1.c -O2 -flto -fno-use-linker-plugin -flto-partition=none line 18 arg1 == 1
FAIL: gcc.dg/guality/pr36728-1.c -O2 -flto -fno-use-linker-plugin -flto-partition=none line 18 arg3 == 3
FAIL: gcc.dg/guality/pr36728-1.c -O2 -flto -fno-use-linker-plugin -flto-partition=none line 18 arg4 == 4
FAIL: gcc.dg/guality/pr36728-1.c -O2 -flto -fno-use-linker-plugin -flto-partition=none line 18 arg7 == 30
FAIL: gcc.dg/guality/pr36728-1.c -O2 -flto -fuse-linker-plugin -fno-fat-lto-objects line 16 arg1 == 1
FAIL: gcc.dg/guality/pr36728-1.c -O2 -flto -fuse-linker-plugin -fno-fat-lto-objects line 16 arg4 == 4
FAIL: gcc.dg/guality/pr36728-1.c -O2 -flto -fuse-linker-plugin -fno-fat-lto-objects line 16 arg5 == 5
FAIL: gcc.dg/guality/pr36728-1.c -O2 -flto -fuse-linker-plugin -fno-fat-lto-objects line 16 arg7 == 30
FAIL: gcc.dg/guality/pr36728-1.c -O2 -flto -fuse-linker-plugin -fno-fat-lto-objects line 16 y == 2
FAIL: gcc.dg/guality/pr36728-1.c -O2 -flto -fuse-linker-plugin -fno-fat-lto-objects line 18 arg1 == 1
FAIL: gcc.dg/guality/pr36728-1.c -O2 -flto -fuse-linker-plugin -fno-fat-lto-objects line 18 arg3 == 3
FAIL: gcc.dg/guality/pr36728-1.c -O2 -flto -fuse-linker-plugin -fno-fat-lto-objects line 18 arg4 == 4
FAIL: gcc.dg/guality/pr36728-1.c -O2 -flto -fuse-linker-plugin -fno-fat-lto-objects line 18 arg5 == 5
FAIL: gcc.dg/guality/pr36728-1.c -O2 -flto -fuse-linker-plugin -fno-fat-lto-objects line 18 arg7 == 30
FAIL: gcc.dg/guality/pr36728-1.c -O3 -fomit-frame-pointer line 16 arg1 == 1
FAIL: gcc.dg/guality/pr36728-1.c -O3 -fomit-frame-pointer line 16 arg4 == 4
FAIL: gcc.dg/guality/pr36728-1.c -O3 -fomit-frame-pointer line 16 arg7 == 30
FAIL: gcc.dg/guality/pr36728-1.c -O3 -fomit-frame-pointer line 16 y == 2
FAIL: gcc.dg/guality/pr36728-1.c -O3 -fomit-frame-pointer line 18 arg1 == 1
FAIL: gcc.dg/guality/pr36728-1.c -O3 -fomit-frame-pointer line 18 arg3 == 3
FAIL: gcc.dg/guality/pr36728-1.c -O3 -fomit-frame-pointer line 18 arg4 == 4
FAIL: gcc.dg/guality/pr36728-1.c -O3 -fomit-frame-pointer line 18 arg7 == 30
FAIL: gcc.dg/guality/pr36728-1.c -O3 -g line 16 arg1 == 1
FAIL: gcc.dg/guality/pr36728-1.c -O3 -g line 16 arg4 == 4
FAIL: gcc.dg/guality/pr36728-1.c -O3 -g line 16 arg7 == 30
FAIL: gcc.dg/guality/pr36728-1.c -O3 -g line 16 y == 2
FAIL: gcc.dg/guality/pr36728-1.c -O3 -g line 18 arg1 == 1
FAIL: gcc.dg/guality/pr36728-1.c -O3 -g line 18 arg3 == 3
FAIL: gcc.dg/guality/pr36728-1.c -O3 -g line 18 arg4 == 4
FAIL: gcc.dg/guality/pr36728-1.c -O3 -g line 18 arg7 == 30
FAIL: gcc.dg/guality/pr36728-1.c -Os line 16 arg1 == 1
FAIL: gcc.dg/guality/pr36728-1.c -Os line 16 arg3 == 3
FAIL: gcc.dg/guality/pr36728-1.c -Os line 16 arg4 == 4
FAIL: gcc.dg/guality/pr36728-1.c -Os line 16 arg7 == 30
FAIL: gcc.dg/guality/pr36728-1.c -Os line 18 arg1 == 1
FAIL: gcc.dg/guality/pr36728-1.c -Os line 18 arg3 == 3
FAIL: gcc.dg/guality/pr36728-1.c -Os line 18 arg4 == 4
FAIL: gcc.dg/guality/pr36728-1.c -Os line 18 arg7 == 30
FAIL: gcc.dg/guality/pr36728-2.c -O1 line 16 arg1 == 1
FAIL: gcc.dg/guality/pr36728-2.c -O1 line 16 arg2 == 2
FAIL: gcc.dg/guality/pr36728-2.c -O1 line 18 arg1 == 1
FAIL: gcc.dg/guality/pr36728-2.c -O1 line 18 arg2 == 2
FAIL: gcc.dg/guality/pr36728-2.c -O1 line 18 arg3 == 3
FAIL: gcc.dg/guality/pr36728-2.c -O2 line 16 arg4 == 4
FAIL: gcc.dg/guality/pr36728-2.c -O2 line 16 arg5 == 5
FAIL: gcc.dg/guality/pr36728-2.c -O2 line 18 *x == (char) 25
FAIL: gcc.dg/guality/pr36728-2.c -O2 line 18 arg1 == 1
FAIL: gcc.dg/guality/pr36728-2.c -O2 line 18 arg2 == 2
FAIL: gcc.dg/guality/pr36728-2.c -O2 line 18 arg4 == 4
FAIL: gcc.dg/guality/pr36728-2.c -O2 line 18 arg5 == 5
FAIL: gcc.dg/guality/pr36728-2.c -O2 line 18 y == 2
FAIL: gcc.dg/guality/pr36728-2.c -O2 -flto -fno-use-linker-plugin -flto-partition=none line 16 arg4 == 4
FAIL: gcc.dg/guality/pr36728-2.c -O2 -flto -fno-use-linker-plugin -flto-partition=none line 16 arg5 == 5
FAIL: gcc.dg/guality/pr36728-2.c -O2 -flto -fno-use-linker-plugin -flto-partition=none line 18 *x == (char) 25
FAIL: gcc.dg/guality/pr36728-2.c -O2 -flto -fno-use-linker-plugin -flto-partition=none line 18 arg1 == 1
FAIL: gcc.dg/guality/pr36728-2.c -O2 -flto -fno-use-linker-plugin -flto-partition=none line 18 arg2 == 2
FAIL: gcc.dg/guality/pr36728-2.c -O2 -flto -fno-use-linker-plugin -flto-partition=none line 18 arg4 == 4
FAIL: gcc.dg/guality/pr36728-2.c -O2 -flto -fno-use-linker-plugin -flto-partition=none line 18 arg5 == 5
FAIL: gcc.dg/guality/pr36728-2.c -O2 -flto -fno-use-linker-plugin -flto-partition=none line 18 y == 2
FAIL: gcc.dg/guality/pr36728-2.c -O2 -flto -fuse-linker-plugin -fno-fat-lto-objects line 16 arg4 == 4
FAIL: gcc.dg/guality/pr36728-2.c -O2 -flto -fuse-linker-plugin -fno-fat-lto-objects line 16 arg5 == 5
FAIL: gcc.dg/guality/pr36728-2.c -O2 -flto -fuse-linker-plugin -fno-fat-lto-objects line 18 arg1 == 1
FAIL: gcc.dg/guality/pr36728-2.c -O2 -flto -fuse-linker-plugin -fno-fat-lto-objects line 18 arg2 == 2
FAIL: gcc.dg/guality/pr36728-2.c -O2 -flto -fuse-linker-plugin -fno-fat-lto-objects line 18 arg3 == 3
FAIL: gcc.dg/guality/pr36728-2.c -O2 -flto -fuse-linker-plugin -fno-fat-lto-objects line 18 arg4 == 4
FAIL: gcc.dg/guality/pr36728-2.c -O2 -flto -fuse-linker-plugin -fno-fat-lto-objects line 18 arg5 == 5
FAIL: gcc.dg/guality/pr36728-2.c -O3 -fomit-frame-pointer line 16 arg4 == 4
FAIL: gcc.dg/guality/pr36728-2.c -O3 -fomit-frame-pointer line 16 arg5 == 5
FAIL: gcc.dg/guality/pr36728-2.c -O3 -fomit-frame-pointer line 18 *x == (char) 25
FAIL: gcc.dg/guality/pr36728-2.c -O3 -fomit-frame-pointer line 18 arg1 == 1
FAIL: gcc.dg/guality/pr36728-2.c -O3 -fomit-frame-pointer line 18 arg2 == 2
FAIL: gcc.dg/guality/pr36728-2.c -O3 -fomit-frame-pointer line 18 arg4 == 4
FAIL: gcc.dg/guality/pr36728-2.c -O3 -fomit-frame-pointer line 18 arg5 == 5
FAIL: gcc.dg/guality/pr36728-2.c -O3 -fomit-frame-pointer line 18 y == 2
FAIL: gcc.dg/guality/pr36728-2.c -O3 -g line 16 arg4 == 4
FAIL: gcc.dg/guality/pr36728-2.c -O3 -g line 16 arg5 == 5
FAIL: gcc.dg/guality/pr36728-2.c -O3 -g line 18 *x == (char) 25
FAIL: gcc.dg/guality/pr36728-2.c -O3 -g line 18 arg1 == 1
FAIL: gcc.dg/guality/pr36728-2.c -O3 -g line 18 arg2 == 2
FAIL: gcc.dg/guality/pr36728-2.c -O3 -g line 18 arg4 == 4
FAIL: gcc.dg/guality/pr36728-2.c -O3 -g line 18 arg5 == 5
FAIL: gcc.dg/guality/pr36728-2.c -O3 -g line 18 y == 2
FAIL: gcc.dg/guality/pr36728-2.c -Os line 16 arg1 == 1
FAIL: gcc.dg/guality/pr36728-2.c -Os line 16 arg2 == 2
FAIL: gcc.dg/guality/pr36728-2.c -Os line 16 arg3 == 3
FAIL: gcc.dg/guality/pr36728-2.c -Os line 18 arg1 == 1
FAIL: gcc.dg/guality/pr36728-2.c -Os line 18 arg2 == 2
FAIL: gcc.dg/guality/pr36728-2.c -Os line 18 arg3 == 3
FAIL: gcc.dg/guality/pr36728-2.c -Os line 18 y == 2
FAIL: gcc.dg/guality/pr36728-3.c -O1 line 14 arg1 == 1
FAIL: gcc.dg/guality/pr36728-3.c -O1 line 14 arg3 == 3
FAIL: gcc.dg/guality/pr36728-3.c -O1 line 14 arg7 == 30
FAIL: gcc.dg/guality/pr36728-3.c -O1 line 16 arg1 == 1
FAIL: gcc.dg/guality/pr36728-3.c -O1 line 16 arg3 == 3
FAIL: gcc.dg/guality/pr36728-3.c -O1 line 16 arg7 == 30
FAIL: gcc.dg/guality/pr36728-3.c -O2 line 14 arg1 == 1
FAIL: gcc.dg/guality/pr36728-3.c -O2 line 14 arg3 == 3
FAIL: gcc.dg/guality/pr36728-3.c -O2 line 14 arg4 == 4
FAIL: gcc.dg/guality/pr36728-3.c -O2 line 14 arg7 == 30
FAIL: gcc.dg/guality/pr36728-3.c -O2 line 16 arg1 == 1
FAIL: gcc.dg/guality/pr36728-3.c -O2 line 16 arg3 == 3
FAIL: gcc.dg/guality/pr36728-3.c -O2 line 16 arg4 == 4
FAIL: gcc.dg/guality/pr36728-3.c -O2 line 16 arg7 == 30
FAIL: gcc.dg/guality/pr36728-3.c -O2 -flto -fno-use-linker-plugin -flto-partition=none line 14 arg1 == 1
FAIL: gcc.dg/guality/pr36728-3.c -O2 -flto -fno-use-linker-plugin -flto-partition=none line 14 arg3 == 3
FAIL: gcc.dg/guality/pr36728-3.c -O2 -flto -fno-use-linker-plugin -flto-partition=none line 14 arg4 == 4
FAIL: gcc.dg/guality/pr36728-3.c -O2 -flto -fno-use-linker-plugin -flto-partition=none line 14 arg7 == 30
FAIL: gcc.dg/guality/pr36728-3.c -O2 -flto -fno-use-linker-plugin -flto-partition=none line 16 arg1 == 1
FAIL: gcc.dg/guality/pr36728-3.c -O2 -flto -fno-use-linker-plugin -flto-partition=none line 16 arg3 == 3
FAIL: gcc.dg/guality/pr36728-3.c -O2 -flto -fno-use-linker-plugin -flto-partition=none line 16 arg4 == 4
FAIL: gcc.dg/guality/pr36728-3.c -O2 -flto -fno-use-linker-plugin -flto-partition=none line 16 arg7 == 30
FAIL: gcc.dg/guality/pr36728-3.c -O2 -flto -fuse-linker-plugin -fno-fat-lto-objects line 14 arg1 == 1
FAIL: gcc.dg/guality/pr36728-3.c -O2 -flto -fuse-linker-plugin -fno-fat-lto-objects line 14 arg3 == 3
FAIL: gcc.dg/guality/pr36728-3.c -O2 -flto -fuse-linker-plugin -fno-fat-lto-objects line 14 arg4 == 4
FAIL: gcc.dg/guality/pr36728-3.c -O2 -flto -fuse-linker-plugin -fno-fat-lto-objects line 14 arg7 == 30
FAIL: gcc.dg/guality/pr36728-3.c -O2 -flto -fuse-linker-plugin -fno-fat-lto-objects line 16 arg1 == 1
FAIL: gcc.dg/guality/pr36728-3.c -O2 -flto -fuse-linker-plugin -fno-fat-lto-objects line 16 arg3 == 3
FAIL: gcc.dg/guality/pr36728-3.c -O2 -flto -fuse-linker-plugin -fno-fat-lto-objects line 16 arg4 == 4
FAIL: gcc.dg/guality/pr36728-3.c -O2 -flto -fuse-linker-plugin -fno-fat-lto-objects line 16 arg7 == 30
FAIL: gcc.dg/guality/pr36728-3.c -O3 -fomit-frame-pointer line 14 arg1 == 1
FAIL: gcc.dg/guality/pr36728-3.c -O3 -fomit-frame-pointer line 14 arg3 == 3
FAIL: gcc.dg/guality/pr36728-3.c -O3 -fomit-frame-pointer line 14 arg4 == 4
FAIL: gcc.dg/guality/pr36728-3.c -O3 -fomit-frame-pointer line 14 arg7 == 30
FAIL: gcc.dg/guality/pr36728-3.c -O3 -fomit-frame-pointer line 16 arg1 == 1
FAIL: gcc.dg/guality/pr36728-3.c -O3 -fomit-frame-pointer line 16 arg3 == 3
FAIL: gcc.dg/guality/pr36728-3.c -O3 -fomit-frame-pointer line 16 arg4 == 4
FAIL: gcc.dg/guality/pr36728-3.c -O3 -fomit-frame-pointer line 16 arg7 == 30
FAIL: gcc.dg/guality/pr36728-3.c -O3 -g line 14 arg1 == 1
FAIL: gcc.dg/guality/pr36728-3.c -O3 -g line 14 arg3 == 3
FAIL: gcc.dg/guality/pr36728-3.c -O3 -g line 14 arg4 == 4
FAIL: gcc.dg/guality/pr36728-3.c -O3 -g line 14 arg7 == 30
FAIL: gcc.dg/guality/pr36728-3.c -O3 -g line 16 arg1 == 1
FAIL: gcc.dg/guality/pr36728-3.c -O3 -g line 16 arg3 == 3
FAIL: gcc.dg/guality/pr36728-3.c -O3 -g line 16 arg4 == 4
FAIL: gcc.dg/guality/pr36728-3.c -O3 -g line 16 arg7 == 30
FAIL: gcc.dg/guality/pr36728-3.c -Os line 14 arg1 == 1
FAIL: gcc.dg/guality/pr36728-3.c -Os line 14 arg3 == 3
FAIL: gcc.dg/guality/pr36728-3.c -Os line 14 arg7 == 30
FAIL: gcc.dg/guality/pr36728-3.c -Os line 16 arg1 == 1
FAIL: gcc.dg/guality/pr36728-3.c -Os line 16 arg3 == 3
FAIL: gcc.dg/guality/pr36728-3.c -Os line 16 arg7 == 30
FAIL: gcc.dg/guality/pr36728-4.c -O1 line 14 arg1 == 1
FAIL: gcc.dg/guality/pr36728-4.c -O1 line 14 arg2 == 2
FAIL: gcc.dg/guality/pr36728-4.c -O1 line 16 arg1 == 1
FAIL: gcc.dg/guality/pr36728-4.c -O1 line 16 arg2 == 2
FAIL: gcc.dg/guality/pr36728-4.c -O2 line 14 arg1 == 1
FAIL: gcc.dg/guality/pr36728-4.c -O2 line 14 arg2 == 2
FAIL: gcc.dg/guality/pr36728-4.c -O2 line 14 arg3 == 3
FAIL: gcc.dg/guality/pr36728-4.c -O2 line 16 arg1 == 1
FAIL: gcc.dg/guality/pr36728-4.c -O2 line 16 arg2 == 2
FAIL: gcc.dg/guality/pr36728-4.c -O2 line 16 arg3 == 3
FAIL: gcc.dg/guality/pr36728-4.c -O2 -flto -fno-use-linker-plugin -flto-partition=none line 14 arg1 == 1
FAIL: gcc.dg/guality/pr36728-4.c -O2 -flto -fno-use-linker-plugin -flto-partition=none line 14 arg2 == 2
FAIL: gcc.dg/guality/pr36728-4.c -O2 -flto -fno-use-linker-plugin -flto-partition=none line 14 arg3 == 3
FAIL: gcc.dg/guality/pr36728-4.c -O2 -flto -fno-use-linker-plugin -flto-partition=none line 16 arg1 == 1
FAIL: gcc.dg/guality/pr36728-4.c -O2 -flto -fno-use-linker-plugin -flto-partition=none line 16 arg2 == 2
FAIL: gcc.dg/guality/pr36728-4.c -O2 -flto -fno-use-linker-plugin -flto-partition=none line 16 arg3 == 3
FAIL: gcc.dg/guality/pr36728-4.c -O2 -flto -fuse-linker-plugin -fno-fat-lto-objects line 14 arg1 == 1
FAIL: gcc.dg/guality/pr36728-4.c -O2 -flto -fuse-linker-plugin -fno-fat-lto-objects line 14 arg2 == 2
FAIL: gcc.dg/guality/pr36728-4.c -O2 -flto -fuse-linker-plugin -fno-fat-lto-objects line 14 arg3 == 3
FAIL: gcc.dg/guality/pr36728-4.c -O2 -flto -fuse-linker-plugin -fno-fat-lto-objects line 16 arg1 == 1
FAIL: gcc.dg/guality/pr36728-4.c -O2 -flto -fuse-linker-plugin -fno-fat-lto-objects line 16 arg2 == 2
FAIL: gcc.dg/guality/pr36728-4.c -O2 -flto -fuse-linker-plugin -fno-fat-lto-objects line 16 arg3 == 3
FAIL: gcc.dg/guality/pr36728-4.c -O3 -fomit-frame-pointer line 14 arg1 == 1
FAIL: gcc.dg/guality/pr36728-4.c -O3 -fomit-frame-pointer line 14 arg2 == 2
FAIL: gcc.dg/guality/pr36728-4.c -O3 -fomit-frame-pointer line 14 arg3 == 3
FAIL: gcc.dg/guality/pr36728-4.c -O3 -fomit-frame-pointer line 16 arg1 == 1
FAIL: gcc.dg/guality/pr36728-4.c -O3 -fomit-frame-pointer line 16 arg2 == 2
FAIL: gcc.dg/guality/pr36728-4.c -O3 -fomit-frame-pointer line 16 arg3 == 3
FAIL: gcc.dg/guality/pr36728-4.c -O3 -g line 14 arg1 == 1
FAIL: gcc.dg/guality/pr36728-4.c -O3 -g line 14 arg2 == 2
FAIL: gcc.dg/guality/pr36728-4.c -O3 -g line 14 arg3 == 3
FAIL: gcc.dg/guality/pr36728-4.c -O3 -g line 16 arg1 == 1
FAIL: gcc.dg/guality/pr36728-4.c -O3 -g line 16 arg2 == 2
FAIL: gcc.dg/guality/pr36728-4.c -O3 -g line 16 arg3 == 3
FAIL: gcc.dg/guality/pr36728-4.c -Os line 14 arg1 == 1
FAIL: gcc.dg/guality/pr36728-4.c -Os line 14 arg2 == 2
FAIL: gcc.dg/guality/pr36728-4.c -Os line 16 arg1 == 1
FAIL: gcc.dg/guality/pr36728-4.c -Os line 16 arg2 == 2
XPASS: gcc.dg/guality/pr41353-1.c -O0 line 28 j == 28 + 37
XPASS: gcc.dg/guality/pr41447-1.c -O0 execution test
XPASS: gcc.dg/guality/pr41447-1.c -O1 execution test
XPASS: gcc.dg/guality/pr41447-1.c -O2 -flto -fno-use-linker-plugin -flto-partition=none execution test
XPASS: gcc.dg/guality/pr41447-1.c -O2 -flto -fuse-linker-plugin -fno-fat-lto-objects execution test
XPASS: gcc.dg/guality/pr41447-1.c -O3 -fomit-frame-pointer execution test
XPASS: gcc.dg/guality/pr41616-1.c -O0 execution test
XPASS: gcc.dg/guality/pr41616-1.c -O1 execution test
XPASS: gcc.dg/guality/pr41616-1.c -O2 execution test
XPASS: gcc.dg/guality/pr41616-1.c -O2 -flto -fno-use-linker-plugin -flto-partition=none execution test
XPASS: gcc.dg/guality/pr41616-1.c -O3 -fomit-frame-pointer execution test
XPASS: gcc.dg/guality/pr41616-1.c -O3 -g execution test
XPASS: gcc.dg/guality/pr41616-1.c -Os execution test
FAIL: gcc.dg/guality/pr43051-1.c -O1 line 34 c == &a[0]
FAIL: gcc.dg/guality/pr43051-1.c -O2 line 34 c == &a[0]
FAIL: gcc.dg/guality/pr43051-1.c -O2 line 39 c == &a[0]
FAIL: gcc.dg/guality/pr43051-1.c -O2 line 40 v == 1
FAIL: gcc.dg/guality/pr43051-1.c -O2 line 41 e == &a[1]
FAIL: gcc.dg/guality/pr43051-1.c -O2 -flto -fno-use-linker-plugin -flto-partition=none line 34 c == &a[0]
FAIL: gcc.dg/guality/pr43051-1.c -O2 -flto -fno-use-linker-plugin -flto-partition=none line 39 c == &a[0]
FAIL: gcc.dg/guality/pr43051-1.c -O2 -flto -fno-use-linker-plugin -flto-partition=none line 40 v == 1
FAIL: gcc.dg/guality/pr43051-1.c -O2 -flto -fno-use-linker-plugin -flto-partition=none line 41 e == &a[1]
FAIL: gcc.dg/guality/pr43051-1.c -O2 -flto -fuse-linker-plugin -fno-fat-lto-objects line 34 c == &a[0]
FAIL: gcc.dg/guality/pr43051-1.c -O2 -flto -fuse-linker-plugin -fno-fat-lto-objects line 39 c == &a[0]
FAIL: gcc.dg/guality/pr43051-1.c -O2 -flto -fuse-linker-plugin -fno-fat-lto-objects line 40 v == 1
FAIL: gcc.dg/guality/pr43051-1.c -O2 -flto -fuse-linker-plugin -fno-fat-lto-objects line 41 e == &a[1]
FAIL: gcc.dg/guality/pr43051-1.c -O3 -fomit-frame-pointer line 35 v == 1
FAIL: gcc.dg/guality/pr43051-1.c -O3 -fomit-frame-pointer line 36 e == &a[1]
FAIL: gcc.dg/guality/pr43051-1.c -O3 -fomit-frame-pointer line 39 c == &a[0]
FAIL: gcc.dg/guality/pr43051-1.c -O3 -fomit-frame-pointer line 40 v == 1
FAIL: gcc.dg/guality/pr43051-1.c -O3 -fomit-frame-pointer line 41 e == &a[1]
FAIL: gcc.dg/guality/pr43051-1.c -O3 -fomit-frame-pointer -funroll-all-loops -finline-functions line 35 v == 1
FAIL: gcc.dg/guality/pr43051-1.c -O3 -fomit-frame-pointer -funroll-all-loops -finline-functions line 36 e == &a[1]
FAIL: gcc.dg/guality/pr43051-1.c -O3 -fomit-frame-pointer -funroll-all-loops -finline-functions line 39 c == &a[0]
FAIL: gcc.dg/guality/pr43051-1.c -O3 -fomit-frame-pointer -funroll-all-loops -finline-functions line 40 v == 1
FAIL: gcc.dg/guality/pr43051-1.c -O3 -fomit-frame-pointer -funroll-all-loops -finline-functions line 41 e == &a[1]
FAIL: gcc.dg/guality/pr43051-1.c -O3 -fomit-frame-pointer -funroll-loops line 35 v == 1
FAIL: gcc.dg/guality/pr43051-1.c -O3 -fomit-frame-pointer -funroll-loops line 36 e == &a[1]
FAIL: gcc.dg/guality/pr43051-1.c -O3 -fomit-frame-pointer -funroll-loops line 39 c == &a[0]
FAIL: gcc.dg/guality/pr43051-1.c -O3 -fomit-frame-pointer -funroll-loops line 40 v == 1
FAIL: gcc.dg/guality/pr43051-1.c -O3 -fomit-frame-pointer -funroll-loops line 41 e == &a[1]
FAIL: gcc.dg/guality/pr43051-1.c -O3 -g line 35 v == 1
FAIL: gcc.dg/guality/pr43051-1.c -O3 -g line 36 e == &a[1]
FAIL: gcc.dg/guality/pr43051-1.c -O3 -g line 39 c == &a[0]
FAIL: gcc.dg/guality/pr43051-1.c -O3 -g line 40 v == 1
FAIL: gcc.dg/guality/pr43051-1.c -O3 -g line 41 e == &a[1]
FAIL: gcc.dg/guality/pr43051-1.c -Os line 36 e == &a[1]
FAIL: gcc.dg/guality/pr43051-1.c -Os line 39 c == &a[0]
FAIL: gcc.dg/guality/pr43051-1.c -Os line 40 v == 1
FAIL: gcc.dg/guality/pr43051-1.c -Os line 41 e == &a[1]
FAIL: gcc.dg/guality/pr43177.c -O2 line 15 l == 10
FAIL: gcc.dg/guality/pr43177.c -O2 line 15 x == 7
FAIL: gcc.dg/guality/pr43177.c -O2 line 24 l == 10
FAIL: gcc.dg/guality/pr43177.c -O2 line 24 x == 7
FAIL: gcc.dg/guality/pr43177.c -O2 -flto -fno-use-linker-plugin -flto-partition=none line 15 l == 10
FAIL: gcc.dg/guality/pr43177.c -O2 -flto -fno-use-linker-plugin -flto-partition=none line 15 x == 7
FAIL: gcc.dg/guality/pr43177.c -O2 -flto -fno-use-linker-plugin -flto-partition=none line 24 l == 10
FAIL: gcc.dg/guality/pr43177.c -O2 -flto -fno-use-linker-plugin -flto-partition=none line 24 x == 7
FAIL: gcc.dg/guality/pr43177.c -O2 -flto -fuse-linker-plugin -fno-fat-lto-objects line 15 l == 10
FAIL: gcc.dg/guality/pr43177.c -O2 -flto -fuse-linker-plugin -fno-fat-lto-objects line 15 x == 7
FAIL: gcc.dg/guality/pr43177.c -O2 -flto -fuse-linker-plugin -fno-fat-lto-objects line 24 l == 10
FAIL: gcc.dg/guality/pr43177.c -O2 -flto -fuse-linker-plugin -fno-fat-lto-objects line 24 x == 7
FAIL: gcc.dg/guality/pr43177.c -O3 -fomit-frame-pointer line 15 l == 10
FAIL: gcc.dg/guality/pr43177.c -O3 -fomit-frame-pointer line 15 x == 7
FAIL: gcc.dg/guality/pr43177.c -O3 -fomit-frame-pointer line 24 l == 10
FAIL: gcc.dg/guality/pr43177.c -O3 -fomit-frame-pointer line 24 x == 7
FAIL: gcc.dg/guality/pr43177.c -O3 -g line 15 l == 10
FAIL: gcc.dg/guality/pr43177.c -O3 -g line 15 x == 7
FAIL: gcc.dg/guality/pr43177.c -O3 -g line 24 l == 10
FAIL: gcc.dg/guality/pr43177.c -O3 -g line 24 x == 7
FAIL: gcc.dg/guality/pr43177.c -Os line 15 l == 10
FAIL: gcc.dg/guality/pr43177.c -Os line 15 x == 7
FAIL: gcc.dg/guality/pr43177.c -Os line 24 l == 10
FAIL: gcc.dg/guality/pr43177.c -Os line 24 x == 7
FAIL: gcc.dg/guality/pr43479.c -O1 line 13 h == 9
FAIL: gcc.dg/guality/pr43479.c -O1 line 18 h == 9
FAIL: gcc.dg/guality/pr43479.c -O2 line 13 h == 9
FAIL: gcc.dg/guality/pr43479.c -O2 line 18 h == 9
FAIL: gcc.dg/guality/pr43479.c -O2 -flto -fno-use-linker-plugin -flto-partition=none line 13 h == 9
FAIL: gcc.dg/guality/pr43479.c -O2 -flto -fno-use-linker-plugin -flto-partition=none line 18 h == 9
FAIL: gcc.dg/guality/pr43479.c -O2 -flto -fuse-linker-plugin -fno-fat-lto-objects line 13 h == 9
FAIL: gcc.dg/guality/pr43479.c -O2 -flto -fuse-linker-plugin -fno-fat-lto-objects line 18 h == 9
FAIL: gcc.dg/guality/pr43479.c -O3 -fomit-frame-pointer line 13 h == 9
FAIL: gcc.dg/guality/pr43479.c -O3 -fomit-frame-pointer line 18 h == 9
FAIL: gcc.dg/guality/pr43479.c -O3 -g line 13 h == 9
FAIL: gcc.dg/guality/pr43479.c -O3 -g line 18 h == 9
FAIL: gcc.dg/guality/pr43479.c -Os line 13 h == 9
FAIL: gcc.dg/guality/pr43479.c -Os line 18 h == 9
FAIL: gcc.dg/guality/pr45882.c -O2 -flto -fuse-linker-plugin -fno-fat-lto-objects line 16 d == 112
FAIL: gcc.dg/guality/pr45882.c -O2 -flto -fuse-linker-plugin -fno-fat-lto-objects line 16 e == 142
FAIL: gcc.dg/guality/pr54200.c -O1 line 20 z == 3
FAIL: gcc.dg/guality/pr54200.c -O2 line 20 z == 3
FAIL: gcc.dg/guality/pr54200.c -O2 -flto -fno-use-linker-plugin -flto-partition=none line 20 z == 3
FAIL: gcc.dg/guality/pr54200.c -O2 -flto -fuse-linker-plugin -fno-fat-lto-objects line 20 z == 3
FAIL: gcc.dg/guality/pr54200.c -O3 -fomit-frame-pointer line 20 z == 3
FAIL: gcc.dg/guality/pr54200.c -O3 -g line 20 z == 3
FAIL: gcc.dg/guality/pr54200.c -Os line 20 z == 3
FAIL: gcc.dg/guality/pr54519-1.c -O2 -flto -fno-use-linker-plugin -flto-partition=none line 20 y == 25
FAIL: gcc.dg/guality/pr54519-1.c -O2 -flto -fno-use-linker-plugin -flto-partition=none line 20 z == 6
FAIL: gcc.dg/guality/pr54519-1.c -O2 -flto -fno-use-linker-plugin -flto-partition=none line 23 y == 117
FAIL: gcc.dg/guality/pr54519-1.c -O2 -flto -fno-use-linker-plugin -flto-partition=none line 23 z == 8
FAIL: gcc.dg/guality/pr54519-1.c -O2 -flto -fuse-linker-plugin -fno-fat-lto-objects line 20 y == 25
FAIL: gcc.dg/guality/pr54519-1.c -O2 -flto -fuse-linker-plugin -fno-fat-lto-objects line 20 z == 6
FAIL: gcc.dg/guality/pr54519-2.c -O2 line 17 x == 6
FAIL: gcc.dg/guality/pr54519-2.c -O2 -flto -fno-use-linker-plugin -flto-partition=none line 17 x == 6
FAIL: gcc.dg/guality/pr54519-2.c -O2 -flto -fno-use-linker-plugin -flto-partition=none line 17 y == 25
FAIL: gcc.dg/guality/pr54519-2.c -O2 -flto -fuse-linker-plugin -fno-fat-lto-objects line 17 y == 25
FAIL: gcc.dg/guality/pr54519-3.c -O2 -flto -fno-use-linker-plugin -flto-partition=none line 20 y == 25
FAIL: gcc.dg/guality/pr54519-3.c -O2 -flto -fno-use-linker-plugin -flto-partition=none line 20 z == 6
FAIL: gcc.dg/guality/pr54519-3.c -O2 -flto -fno-use-linker-plugin -flto-partition=none line 23 y == 117
FAIL: gcc.dg/guality/pr54519-3.c -O2 -flto -fno-use-linker-plugin -flto-partition=none line 23 z == 8
FAIL: gcc.dg/guality/pr54519-3.c -O2 -flto -fuse-linker-plugin -fno-fat-lto-objects line 20 x == 36
FAIL: gcc.dg/guality/pr54519-3.c -O2 -flto -fuse-linker-plugin -fno-fat-lto-objects line 20 y == 25
FAIL: gcc.dg/guality/pr54519-3.c -O2 -flto -fuse-linker-plugin -fno-fat-lto-objects line 20 z == 6
FAIL: gcc.dg/guality/pr54519-3.c -O2 -flto -fuse-linker-plugin -fno-fat-lto-objects line 23 x == 98
FAIL: gcc.dg/guality/pr54519-3.c -O2 -flto -fuse-linker-plugin -fno-fat-lto-objects line 23 y == 117
FAIL: gcc.dg/guality/pr54519-3.c -O2 -flto -fuse-linker-plugin -fno-fat-lto-objects line 23 z == 8
FAIL: gcc.dg/guality/pr54519-4.c -O2 -flto -fno-use-linker-plugin -flto-partition=none line 17 y == 25
FAIL: gcc.dg/guality/pr54519-4.c -O2 -flto -fuse-linker-plugin -fno-fat-lto-objects line 17 x == 6
FAIL: gcc.dg/guality/pr54519-4.c -O2 -flto -fuse-linker-plugin -fno-fat-lto-objects line 17 y == 25
FAIL: gcc.dg/guality/pr54519-5.c -O2 line 17 x == 6
FAIL: gcc.dg/guality/pr54519-5.c -O2 -flto -fno-use-linker-plugin -flto-partition=none line 17 x == 6
FAIL: gcc.dg/guality/pr54519-5.c -O2 -flto -fno-use-linker-plugin -flto-partition=none line 17 y == 25
FAIL: gcc.dg/guality/pr54519-5.c -O2 -flto -fuse-linker-plugin -fno-fat-lto-objects line 17 y == 25
FAIL: gcc.dg/guality/pr54693-2.c -O3 -fomit-frame-pointer -funroll-all-loops -finline-functions line 21 i == v + 1
FAIL: gcc.dg/guality/pr54693.c -O1 line 22 i == c - 48
FAIL: gcc.dg/guality/pr54693.c -O2 line 22 i == c - 48
FAIL: gcc.dg/guality/pr54693.c -O2 -flto -fno-use-linker-plugin -flto-partition=none line 22 i == c - 48
FAIL: gcc.dg/guality/pr54693.c -O2 -flto -fuse-linker-plugin -fno-fat-lto-objects line 22 i == c - 48
FAIL: gcc.dg/guality/pr54693.c -O3 -fomit-frame-pointer line 22 i == c - 48
FAIL: gcc.dg/guality/pr54693.c -O3 -fomit-frame-pointer -funroll-all-loops -finline-functions line 22 i == c - 48
FAIL: gcc.dg/guality/pr54693.c -O3 -fomit-frame-pointer -funroll-loops line 22 i == c - 48
FAIL: gcc.dg/guality/pr54693.c -O3 -g line 22 i == c - 48
FAIL: gcc.dg/guality/pr54970.c -O1 line 15 a[0] == 1
FAIL: gcc.dg/guality/pr54970.c -O1 line 20 a[0] == 1
FAIL: gcc.dg/guality/pr54970.c -O1 line 25 a[0] == 1
FAIL: gcc.dg/guality/pr54970.c -O1 line 31 a[0] == 4
FAIL: gcc.dg/guality/pr54970.c -O1 line 36 a[0] == 4
FAIL: gcc.dg/guality/pr54970.c -O1 line 45 a[0] == 4
FAIL: gcc.dg/guality/pr54970.c -O1 line 45 p[-2] == 4
FAIL: gcc.dg/guality/pr54970.c -O1 line 45 q[-1] == 4
FAIL: gcc.dg/guality/pr54970.c -O2 line 15 a[0] == 1
FAIL: gcc.dg/guality/pr54970.c -O2 line 20 a[0] == 1
FAIL: gcc.dg/guality/pr54970.c -O2 line 25 a[0] == 1
FAIL: gcc.dg/guality/pr54970.c -O2 line 31 a[0] == 4
FAIL: gcc.dg/guality/pr54970.c -O2 line 36 a[0] == 4
FAIL: gcc.dg/guality/pr54970.c -O2 line 45 a[0] == 4
FAIL: gcc.dg/guality/pr54970.c -O2 line 45 p[-2] == 4
FAIL: gcc.dg/guality/pr54970.c -O2 line 45 q[-1] == 4
FAIL: gcc.dg/guality/pr54970.c -O2 -flto -fno-use-linker-plugin -flto-partition=none line 15 a[0] == 1
FAIL: gcc.dg/guality/pr54970.c -O2 -flto -fno-use-linker-plugin -flto-partition=none line 20 a[0] == 1
FAIL: gcc.dg/guality/pr54970.c -O2 -flto -fno-use-linker-plugin -flto-partition=none line 25 a[0] == 1
FAIL: gcc.dg/guality/pr54970.c -O2 -flto -fno-use-linker-plugin -flto-partition=none line 31 a[0] == 4
FAIL: gcc.dg/guality/pr54970.c -O2 -flto -fno-use-linker-plugin -flto-partition=none line 36 a[0] == 4
FAIL: gcc.dg/guality/pr54970.c -O2 -flto -fno-use-linker-plugin -flto-partition=none line 45 a[0] == 4
FAIL: gcc.dg/guality/pr54970.c -O2 -flto -fno-use-linker-plugin -flto-partition=none line 45 p[-2] == 4
FAIL: gcc.dg/guality/pr54970.c -O2 -flto -fno-use-linker-plugin -flto-partition=none line 45 q[-1] == 4
FAIL: gcc.dg/guality/pr54970.c -O2 -flto -fuse-linker-plugin -fno-fat-lto-objects line 15 a[0] == 1
FAIL: gcc.dg/guality/pr54970.c -O2 -flto -fuse-linker-plugin -fno-fat-lto-objects line 20 a[0] == 1
FAIL: gcc.dg/guality/pr54970.c -O2 -flto -fuse-linker-plugin -fno-fat-lto-objects line 25 a[0] == 1
FAIL: gcc.dg/guality/pr54970.c -O2 -flto -fuse-linker-plugin -fno-fat-lto-objects line 31 a[0] == 4
FAIL: gcc.dg/guality/pr54970.c -O2 -flto -fuse-linker-plugin -fno-fat-lto-objects line 36 a[0] == 4
FAIL: gcc.dg/guality/pr54970.c -O2 -flto -fuse-linker-plugin -fno-fat-lto-objects line 45 a[0] == 4
FAIL: gcc.dg/guality/pr54970.c -O2 -flto -fuse-linker-plugin -fno-fat-lto-objects line 45 p[-2] == 4
FAIL: gcc.dg/guality/pr54970.c -O2 -flto -fuse-linker-plugin -fno-fat-lto-objects line 45 q[-1] == 4
FAIL: gcc.dg/guality/pr54970.c -O3 -fomit-frame-pointer line 15 a[0] == 1
FAIL: gcc.dg/guality/pr54970.c -O3 -fomit-frame-pointer line 20 a[0] == 1
FAIL: gcc.dg/guality/pr54970.c -O3 -fomit-frame-pointer line 25 a[0] == 1
FAIL: gcc.dg/guality/pr54970.c -O3 -fomit-frame-pointer line 31 a[0] == 4
FAIL: gcc.dg/guality/pr54970.c -O3 -fomit-frame-pointer line 36 a[0] == 4
FAIL: gcc.dg/guality/pr54970.c -O3 -fomit-frame-pointer line 45 a[0] == 4
FAIL: gcc.dg/guality/pr54970.c -O3 -fomit-frame-pointer line 45 p[-2] == 4
FAIL: gcc.dg/guality/pr54970.c -O3 -fomit-frame-pointer line 45 q[-1] == 4
FAIL: gcc.dg/guality/pr54970.c -O3 -g line 15 a[0] == 1
FAIL: gcc.dg/guality/pr54970.c -O3 -g line 20 a[0] == 1
FAIL: gcc.dg/guality/pr54970.c -O3 -g line 25 a[0] == 1
FAIL: gcc.dg/guality/pr54970.c -O3 -g line 31 a[0] == 4
FAIL: gcc.dg/guality/pr54970.c -O3 -g line 36 a[0] == 4
FAIL: gcc.dg/guality/pr54970.c -O3 -g line 45 a[0] == 4
FAIL: gcc.dg/guality/pr54970.c -O3 -g line 45 p[-2] == 4
FAIL: gcc.dg/guality/pr54970.c -O3 -g line 45 q[-1] == 4
FAIL: gcc.dg/guality/pr54970.c -Os line 15 a[0] == 1
FAIL: gcc.dg/guality/pr54970.c -Os line 20 a[0] == 1
FAIL: gcc.dg/guality/pr54970.c -Os line 25 a[0] == 1
FAIL: gcc.dg/guality/pr54970.c -Os line 31 a[0] == 4
FAIL: gcc.dg/guality/pr54970.c -Os line 36 a[0] == 4
FAIL: gcc.dg/guality/pr54970.c -Os line 45 a[0] == 4
FAIL: gcc.dg/guality/pr54970.c -Os line 45 p[-2] == 4
FAIL: gcc.dg/guality/pr54970.c -Os line 45 q[-1] == 4
FAIL: gcc.dg/guality/sra-1.c -O2 line 21 a.i == 4
FAIL: gcc.dg/guality/sra-1.c -O2 line 32 a[0] == 4
FAIL: gcc.dg/guality/sra-1.c -O2 line 32 a[1] == 14
FAIL: gcc.dg/guality/sra-1.c -O2 line 43 a.i == 4
FAIL: gcc.dg/guality/sra-1.c -O2 line 43 a.j == 14
FAIL: gcc.dg/guality/sra-1.c -O2 -flto -fno-use-linker-plugin -flto-partition=none line 21 a.i == 4
FAIL: gcc.dg/guality/sra-1.c -O2 -flto -fno-use-linker-plugin -flto-partition=none line 21 a.j == 14
FAIL: gcc.dg/guality/sra-1.c -O2 -flto -fno-use-linker-plugin -flto-partition=none line 43 a.i == 4
FAIL: gcc.dg/guality/sra-1.c -O2 -flto -fno-use-linker-plugin -flto-partition=none line 43 a.j == 14
FAIL: gcc.dg/guality/sra-1.c -O2 -flto -fuse-linker-plugin -fno-fat-lto-objects line 21 a.i == 4
FAIL: gcc.dg/guality/sra-1.c -O2 -flto -fuse-linker-plugin -fno-fat-lto-objects line 43 a.i == 4
FAIL: gcc.dg/guality/sra-1.c -O3 -fomit-frame-pointer line 21 a.i == 4
FAIL: gcc.dg/guality/sra-1.c -O3 -fomit-frame-pointer line 32 a[0] == 4
FAIL: gcc.dg/guality/sra-1.c -O3 -fomit-frame-pointer line 32 a[1] == 14
FAIL: gcc.dg/guality/sra-1.c -O3 -fomit-frame-pointer line 43 a.i == 4
FAIL: gcc.dg/guality/sra-1.c -O3 -fomit-frame-pointer line 43 a.j == 14
FAIL: gcc.dg/guality/sra-1.c -O3 -g line 21 a.i == 4
FAIL: gcc.dg/guality/sra-1.c -O3 -g line 32 a[0] == 4
FAIL: gcc.dg/guality/sra-1.c -O3 -g line 32 a[1] == 14
FAIL: gcc.dg/guality/sra-1.c -O3 -g line 43 a.i == 4
FAIL: gcc.dg/guality/sra-1.c -O3 -g line 43 a.j == 14
FAIL: gcc.dg/guality/sra-1.c -Os line 21 a.i == 4
FAIL: gcc.dg/guality/sra-1.c -Os line 32 a[0] == 4
FAIL: gcc.dg/guality/sra-1.c -Os line 32 a[1] == 14
FAIL: gcc.dg/guality/sra-1.c -Os line 43 a.i == 4
FAIL: gcc.dg/guality/sra-1.c -Os line 43 a.j == 14
FAIL: gcc.dg/guality/vla-1.c -O1 line 17 sizeof (a) == 6
FAIL: gcc.dg/guality/vla-1.c -O2 line 17 sizeof (a) == 6
FAIL: gcc.dg/guality/vla-1.c -O2 -flto -fno-use-linker-plugin -flto-partition=none line 17 sizeof (a) == 6
FAIL: gcc.dg/guality/vla-1.c -O2 -flto -fuse-linker-plugin -fno-fat-lto-objects line 17 sizeof (a) == 6
FAIL: gcc.dg/guality/vla-1.c -O3 -fomit-frame-pointer line 17 sizeof (a) == 6
FAIL: gcc.dg/guality/vla-1.c -O3 -g line 17 sizeof (a) == 6
FAIL: gcc.dg/guality/vla-1.c -Os line 17 sizeof (a) == 6
FAIL: gcc.dg/guality/vla-2.c -O2 line 25 sizeof (a) == 6 * sizeof (int)
FAIL: gcc.dg/guality/vla-2.c -O2 -flto -fno-use-linker-plugin -flto-partition=none line 25 sizeof (a) == 6 * sizeof (int)
FAIL: gcc.dg/guality/vla-2.c -O2 -flto -fuse-linker-plugin -fno-fat-lto-objects line 25 sizeof (a) == 6 * sizeof (int)
FAIL: gcc.dg/guality/vla-2.c -O3 -fomit-frame-pointer line 25 sizeof (a) == 6 * sizeof (int)
FAIL: gcc.dg/guality/vla-2.c -O3 -g line 25 sizeof (a) == 6 * sizeof (int)
FAIL: gcc.dg/guality/vla-2.c -Os line 25 sizeof (a) == 6 * sizeof (int)
FAIL: gcc.dg/tree-ssa/ssa-dom-cse-2.c scan-tree-dump optimized "return 28;"
FAIL: gcc.dg/vect/slp-perm-3.c -flto -ffat-lto-objects scan-tree-dump-times vect "vectorizing stmts using SLP" 1
FAIL: gcc.dg/vect/slp-perm-3.c scan-tree-dump-times vect "vectorizing stmts using SLP" 1
FAIL: gcc.target/aarch64/atomic-op-consume.c scan-assembler-times ldxr\\tw[0-9]+, \\\\[x[0-9]+\\\\] 6
FAIL: gcc.target/aarch64/extend.c scan-assembler add\\tw[0-9]+,.*sxth #?1
FAIL: gcc.target/aarch64/extend.c scan-assembler sub\\tw[0-9]+,.*sxth #?1
FAIL: gcc.target/aarch64/vect-abs-compile.c scan-assembler abs\\\\tv[0-9]+.16b
FAIL: gcc.target/aarch64/vect-abs-compile.c scan-assembler abs\\\\tv[0-9]+.8h
=== gcc Summary for unix//-mabi=lp64 ===
# of expected passes 97791
# of unexpected failures 424
# of unexpected successes 28
# of expected failures 276
# of unsupported tests 1689
=== gcc Summary ===
# of expected passes 192542
# of unexpected failures 497
# of unexpected successes 28
# of expected failures 529
# of unresolved testcases 17
# of unsupported tests 3257
/data/src/gcc-cavium/gcc/objdir/gcc/xgcc version 5.0.0 20150201 (experimental) (GCC)
=== gfortran tests ===
Running target unix//-mabi=ilp32
FAIL: gfortran.dg/pr45636.f90 -O scan-tree-dump-times forwprop2 "memset" 0
FAIL: gfortran.dg/gomp/appendix-a/a.33.1.f90 -O (internal compiler error)
FAIL: gfortran.dg/gomp/appendix-a/a.33.1.f90 -O (test for excess errors)
FAIL: gfortran.dg/ieee/ieee_6.f90 -O0 execution test
FAIL: gfortran.dg/ieee/ieee_6.f90 -O1 execution test
FAIL: gfortran.dg/ieee/ieee_6.f90 -O2 execution test
FAIL: gfortran.dg/ieee/ieee_6.f90 -O3 -fomit-frame-pointer execution test
FAIL: gfortran.dg/ieee/ieee_6.f90 -O3 -fomit-frame-pointer -funroll-all-loops -finline-functions execution test
FAIL: gfortran.dg/ieee/ieee_6.f90 -O3 -fomit-frame-pointer -funroll-loops execution test
FAIL: gfortran.dg/ieee/ieee_6.f90 -O3 -g execution test
FAIL: gfortran.dg/ieee/ieee_6.f90 -Os execution test
=== gfortran Summary for unix//-mabi=ilp32 ===
# of expected passes 47313
# of unexpected failures 11
# of expected failures 65
# of unsupported tests 67
Running target unix//-mabi=lp64
FAIL: gfortran.dg/class_allocate_18.f90 -O0 execution test
FAIL: gfortran.dg/class_allocate_18.f90 -O1 execution test
FAIL: gfortran.dg/class_allocate_18.f90 -O2 execution test
FAIL: gfortran.dg/class_allocate_18.f90 -O3 -fomit-frame-pointer execution test
FAIL: gfortran.dg/class_allocate_18.f90 -O3 -fomit-frame-pointer -funroll-all-loops -finline-functions execution test
FAIL: gfortran.dg/class_allocate_18.f90 -O3 -fomit-frame-pointer -funroll-loops execution test
FAIL: gfortran.dg/class_allocate_18.f90 -O3 -g execution test
FAIL: gfortran.dg/class_allocate_18.f90 -Os execution test
FAIL: gfortran.dg/pr45636.f90 -O scan-tree-dump-times forwprop2 "memset" 0
FAIL: gfortran.dg/ieee/ieee_6.f90 -O0 execution test
FAIL: gfortran.dg/ieee/ieee_6.f90 -O1 execution test
FAIL: gfortran.dg/ieee/ieee_6.f90 -O2 execution test
FAIL: gfortran.dg/ieee/ieee_6.f90 -O3 -fomit-frame-pointer execution test
FAIL: gfortran.dg/ieee/ieee_6.f90 -O3 -fomit-frame-pointer -funroll-all-loops -finline-functions execution test
FAIL: gfortran.dg/ieee/ieee_6.f90 -O3 -fomit-frame-pointer -funroll-loops execution test
FAIL: gfortran.dg/ieee/ieee_6.f90 -O3 -g execution test
FAIL: gfortran.dg/ieee/ieee_6.f90 -Os execution test
=== gfortran Summary for unix//-mabi=lp64 ===
# of expected passes 47308
# of unexpected failures 17
# of expected failures 65
# of unsupported tests 65
=== gfortran Summary ===
# of expected passes 94621
# of unexpected failures 28
# of expected failures 130
# of unsupported tests 132
/data/src/gcc-cavium/gcc/objdir/gcc/testsuite/gfortran/../../gfortran version 5.0.0 20150201 (experimental) (GCC)
=== objc tests ===
Running target unix//-mabi=ilp32
UNRESOLVED: objc.dg/stabs-1.m -fgnu-runtime scan-assembler (.SUBSPA.*[\$]CODE[\$]|.text"?)\\n\\t.stabs.*100,0,0,([.\$])?L?L[\$]?etext[0-9]*\\n([.\$])?L?L[\$]?etext
FAIL: objc.dg/stabs-1.m -fgnu-runtime (test for excess errors)
=== objc Summary for unix//-mabi=ilp32 ===
# of expected passes 3014
# of unexpected failures 1
# of unresolved testcases 1
# of unsupported tests 74
Running target unix//-mabi=lp64
UNRESOLVED: objc.dg/stabs-1.m -fgnu-runtime scan-assembler (.SUBSPA.*[\$]CODE[\$]|.text"?)\\n\\t.stabs.*100,0,0,([.\$])?L?L[\$]?etext[0-9]*\\n([.\$])?L?L[\$]?etext
FAIL: objc.dg/stabs-1.m -fgnu-runtime (test for excess errors)
=== objc Summary for unix//-mabi=lp64 ===
# of expected passes 3014
# of unexpected failures 1
# of unresolved testcases 1
# of unsupported tests 74
=== objc Summary ===
# of expected passes 6028
# of unexpected failures 2
# of unresolved testcases 2
# of unsupported tests 148
/data/src/gcc-cavium/gcc/objdir/gcc/xgcc version 5.0.0 20150201 (experimental) (GCC)
Compiler version: 5.0.020150201(experimental)(GCC)
Platform: aarch64-unknown-linux-gnu
configure flags: --with-sysroot=/data/thunderx-tools/aarch64-thunderx-linux-gnu/sys-root --with-multilib-list=lp64,ilp32 --disable-libsanitizer