This is the mail archive of the
gcc-testresults@gcc.gnu.org
mailing list for the GCC project.
Results for 4.9.2 (GCC) testsuite on x86_64-unknown-linux-gnu
- From: Reinier Jonker <rjonker at nikhef dot nl>
- To: gcc-testresults at gcc dot gnu dot org
- Date: Wed, 28 Jan 2015 19:24:52 +0100
- Subject: Results for 4.9.2 (GCC) testsuite on x86_64-unknown-linux-gnu
- Authentication-results: sourceware.org; auth=none
LAST_UPDATED: Obtained from SVN: tags/gcc_4_9_2_release revision 216910
Native configuration is x86_64-unknown-linux-gnu
=== g++ tests ===
Running target unix
FAIL: c-c++-common/tsan/thread_leak1.c -O0 output pattern test, is ==================
WARNING: ThreadSanitizer: thread leak (pid=19152)
FAIL: c-c++-common/tsan/thread_leak1.c -O2 output pattern test, is ==================
WARNING: ThreadSanitizer: thread leak (pid=19179)
=== g++ Summary ===
# of expected passes 88535
# of unexpected failures 2
# of expected failures 445
# of unsupported tests 3075
/data/gravwav/rjonker/build/gcc-build/gcc/testsuite/g++/../../xg++ version 4.9.2 (GCC)
=== gcc tests ===
Running target unix
FAIL: c-c++-common/tsan/thread_leak1.c -O0 output pattern test, is ==================
WARNING: ThreadSanitizer: thread leak (pid=24140)
FAIL: c-c++-common/tsan/thread_leak1.c -O2 output pattern test, is ==================
WARNING: ThreadSanitizer: thread leak (pid=24167)
=== gcc Summary ===
# of expected passes 105257
# of unexpected failures 2
# of expected failures 252
# of unsupported tests 2023
/data/gravwav/rjonker/build/gcc-build/gcc/xgcc version 4.9.2 (GCC)
=== gfortran tests ===
Running target unix
=== gfortran Summary ===
# of expected passes 45932
# of expected failures 38
# of unsupported tests 87
/data/gravwav/rjonker/build/gcc-build/gcc/testsuite/gfortran/../../gfortran version 4.9.2 (GCC)
=== objc tests ===
Running target unix
=== objc Summary ===
# of expected passes 2988
# of expected failures 6
# of unsupported tests 74
/data/gravwav/rjonker/build/gcc-build/gcc/xgcc version 4.9.2 (GCC)
=== boehm-gc tests ===
Running target unix
=== boehm-gc Summary ===
# of expected passes 12
# of unsupported tests 1
=== libatomic tests ===
Running target unix
=== libatomic Summary ===
# of expected passes 54
=== libffi tests ===
Running target unix
=== libffi Summary ===
# of expected passes 1819
# of unsupported tests 55
=== libgomp tests ===
Running target unix
=== libgomp Summary ===
# of expected passes 3198
# of unsupported tests 35
=== libitm tests ===
Running target unix
=== libitm Summary ===
# of expected passes 26
# of expected failures 3
# of unsupported tests 1
=== libjava tests ===
Running target unix
XPASS: sourcelocation -O3 -findirect-dispatch output - source compiled test
=== libjava Summary ===
# of expected passes 2582
# of unexpected successes 1
# of expected failures 3
=== libstdc++ tests ===
Running target unix
=== libstdc++ Summary ===
# of expected passes 9939
# of expected failures 41
# of unsupported tests 226
Compiler version: 4.9.2 (GCC)
Platform: x86_64-unknown-linux-gnu
configure flags: --prefix=/project/gravwav/rjonker --with-gmp=/project/gravwav/rjonker --with-mpfr=/project/gravwav/rjonker --with-mpc=/project/gravwav/rjonker --disable-multilib