This is the mail archive of the
gcc-testresults@gcc.gnu.org
mailing list for the GCC project.
Results for 5.0.0 20150127 (experimental) [trunk revision 220167] (Debian 5-20150127-1) testsuite on i586-pc-gnu
- From: Matthias Klose <doko at debian dot org>
- To: gcc-testresults at gcc dot gnu dot org
- Cc: debian-gcc at lists dot debian dot org
- Date: Wed, 28 Jan 2015 17:54:34 +0000
- Subject: Results for 5.0.0 20150127 (experimental) [trunk revision 220167] (Debian 5-20150127-1) testsuite on i586-pc-gnu
- Authentication-results: sourceware.org; auth=none
- Reply-to: Matthias Klose <doko at debian dot org>
LAST_UPDATED: Tue Jan 27 13:14:22 UTC 2015 (revision 220167)
Target: i586-gnu
gcc version 5.0.0 20150127 (experimental) [trunk revision 220167] (Debian 5-20150127-1)
Native configuration is i586-pc-gnu
=== g++ tests ===
Running target unix
FAIL: g++.dg/cdce3.C -std=gnu++98 execution test
FAIL: g++.dg/cdce3.C -std=gnu++11 execution test
FAIL: g++.dg/cdce3.C -std=gnu++14 execution test
FAIL: g++.dg/cpp0x/auto9.C -std=c++14 (test for errors, line 92)
FAIL: g++.dg/cpp0x/auto9.C -std=c++14 (test for errors, line 93)
FAIL: g++.dg/cpp0x/auto9.C -std=c++14 (test for errors, line 94)
FAIL: g++.dg/cpp0x/auto9.C -std=c++14 (test for errors, line 98)
FAIL: g++.dg/cpp0x/auto9.C -std=c++14 (test for errors, line 99)
FAIL: g++.dg/cpp0x/auto9.C -std=c++14 (test for errors, line 105)
FAIL: g++.dg/cpp0x/auto9.C -std=c++14 (test for errors, line 110)
FAIL: g++.dg/cpp0x/auto9.C -std=c++14 (test for errors, line 114)
FAIL: g++.dg/cpp0x/auto9.C -std=c++14 (test for errors, line 117)
FAIL: g++.dg/cpp0x/auto9.C -std=c++14 (test for errors, line 119)
FAIL: g++.dg/cpp0x/auto9.C -std=c++14 (test for errors, line 120)
FAIL: g++.dg/cpp0x/auto9.C -std=c++14 (test for errors, line 123)
FAIL: g++.dg/cpp0x/auto9.C -std=c++14 (test for excess errors)
FAIL: g++.dg/cpp0x/gnu_fext-numeric-literals.C -std=gnu++11 (test for errors, line 89)
FAIL: g++.dg/cpp0x/gnu_fext-numeric-literals.C -std=gnu++11 (test for errors, line 90)
FAIL: g++.dg/cpp0x/gnu_fext-numeric-literals.C -std=gnu++11 (test for errors, line 91)
FAIL: g++.dg/cpp0x/gnu_fext-numeric-literals.C -std=gnu++11 (test for errors, line 92)
FAIL: g++.dg/cpp0x/gnu_fext-numeric-literals.C -std=gnu++11 (test for excess errors)
FAIL: g++.dg/cpp0x/gnu_fext-numeric-literals.C -std=gnu++14 (test for errors, line 89)
FAIL: g++.dg/cpp0x/gnu_fext-numeric-literals.C -std=gnu++14 (test for errors, line 90)
FAIL: g++.dg/cpp0x/gnu_fext-numeric-literals.C -std=gnu++14 (test for errors, line 91)
FAIL: g++.dg/cpp0x/gnu_fext-numeric-literals.C -std=gnu++14 (test for errors, line 92)
FAIL: g++.dg/cpp0x/gnu_fext-numeric-literals.C -std=gnu++14 (test for excess errors)
FAIL: g++.dg/cpp0x/std_fext-numeric-literals.C -std=gnu++11 (test for errors, line 89)
FAIL: g++.dg/cpp0x/std_fext-numeric-literals.C -std=gnu++11 (test for errors, line 90)
FAIL: g++.dg/cpp0x/std_fext-numeric-literals.C -std=gnu++11 (test for errors, line 91)
FAIL: g++.dg/cpp0x/std_fext-numeric-literals.C -std=gnu++11 (test for errors, line 92)
FAIL: g++.dg/cpp0x/std_fext-numeric-literals.C -std=gnu++11 (test for excess errors)
FAIL: g++.dg/cpp0x/std_fext-numeric-literals.C -std=gnu++14 (test for errors, line 89)
FAIL: g++.dg/cpp0x/std_fext-numeric-literals.C -std=gnu++14 (test for errors, line 90)
FAIL: g++.dg/cpp0x/std_fext-numeric-literals.C -std=gnu++14 (test for errors, line 91)
FAIL: g++.dg/cpp0x/std_fext-numeric-literals.C -std=gnu++14 (test for errors, line 92)
FAIL: g++.dg/cpp0x/std_fext-numeric-literals.C -std=gnu++14 (test for excess errors)
FAIL: g++.dg/cpp0x/udlit-implicit-conv-neg.C -std=c++11 (test for errors, line 62)
FAIL: g++.dg/cpp0x/udlit-implicit-conv-neg.C -std=c++11 (test for errors, line 63)
FAIL: g++.dg/cpp0x/udlit-implicit-conv-neg.C -std=c++11 (test for excess errors)
FAIL: g++.dg/cpp0x/udlit-implicit-conv-neg.C -std=c++14 (test for errors, line 62)
FAIL: g++.dg/cpp0x/udlit-implicit-conv-neg.C -std=c++14 (test for errors, line 63)
FAIL: g++.dg/cpp0x/udlit-implicit-conv-neg.C -std=c++14 (test for excess errors)
FAIL: g++.dg/eh/sighandle.C -std=gnu++98 execution test
FAIL: g++.dg/eh/sighandle.C -std=gnu++11 execution test
FAIL: g++.dg/eh/sighandle.C -std=gnu++14 execution test
FAIL: g++.dg/ext/cleanup-10.C -std=gnu++98 execution test
FAIL: g++.dg/ext/cleanup-10.C -std=gnu++11 execution test
FAIL: g++.dg/ext/cleanup-10.C -std=gnu++14 execution test
FAIL: g++.dg/ext/cleanup-11.C -std=gnu++98 execution test
FAIL: g++.dg/ext/cleanup-11.C -std=gnu++11 execution test
FAIL: g++.dg/ext/cleanup-11.C -std=gnu++14 execution test
FAIL: g++.dg/ext/cleanup-8.C -std=gnu++98 execution test
FAIL: g++.dg/ext/cleanup-8.C -std=gnu++11 execution test
FAIL: g++.dg/ext/cleanup-8.C -std=gnu++14 execution test
FAIL: g++.dg/ext/cleanup-9.C -std=gnu++98 execution test
FAIL: g++.dg/ext/cleanup-9.C -std=gnu++11 execution test
FAIL: g++.dg/ext/cleanup-9.C -std=gnu++14 execution test
FAIL: g++.dg/ext/sync-4.C -std=gnu++98 execution test
FAIL: g++.dg/ext/sync-4.C -std=gnu++11 execution test
FAIL: g++.dg/ext/sync-4.C -std=gnu++14 execution test
FAIL: g++.dg/ext/unary_trait_incomplete.C -std=c++98 (test for errors, line 68)
FAIL: g++.dg/ext/unary_trait_incomplete.C -std=c++98 (test for errors, line 72)
FAIL: g++.dg/ext/unary_trait_incomplete.C -std=c++98 (test for errors, line 74)
FAIL: g++.dg/ext/unary_trait_incomplete.C -std=c++98 (test for excess errors)
FAIL: g++.dg/ext/unary_trait_incomplete.C -std=c++11 (test for errors, line 68)
FAIL: g++.dg/ext/unary_trait_incomplete.C -std=c++11 (test for errors, line 72)
FAIL: g++.dg/ext/unary_trait_incomplete.C -std=c++11 (test for errors, line 74)
FAIL: g++.dg/ext/unary_trait_incomplete.C -std=c++11 (test for excess errors)
FAIL: g++.dg/ext/unary_trait_incomplete.C -std=c++14 (test for errors, line 68)
FAIL: g++.dg/ext/unary_trait_incomplete.C -std=c++14 (test for errors, line 72)
FAIL: g++.dg/ext/unary_trait_incomplete.C -std=c++14 (test for errors, line 74)
FAIL: g++.dg/ext/unary_trait_incomplete.C -std=c++14 (test for excess errors)
FAIL: g++.dg/init/pr25811.C -std=c++98 (test for warnings, line 92)
FAIL: g++.dg/init/pr25811.C -std=c++98 (test for warnings, line 98)
FAIL: g++.dg/init/pr25811.C -std=c++98 (test for warnings, line 104)
FAIL: g++.dg/init/pr25811.C -std=c++98 (test for warnings, line 110)
FAIL: g++.dg/init/pr25811.C -std=c++98 (test for warnings, line 130)
FAIL: g++.dg/init/pr25811.C -std=c++98 (test for errors, line 205)
FAIL: g++.dg/init/pr25811.C -std=c++98 (test for errors, line 210)
FAIL: g++.dg/init/pr25811.C -std=c++98 (test for excess errors)
FAIL: g++.dg/init/pr43719.C -std=c++98 (test for warnings, line 85)
FAIL: g++.dg/init/pr43719.C -std=c++98 (test for warnings, line 90)
FAIL: g++.dg/init/pr43719.C -std=c++98 (test for warnings, line 95)
FAIL: g++.dg/init/pr43719.C -std=c++98 (test for warnings, line 114)
FAIL: g++.dg/init/pr43719.C -std=c++98 (test for errors, line 195)
FAIL: g++.dg/other/default3.C -std=c++98 (test for errors, line 91)
FAIL: g++.dg/other/default3.C -std=c++98 (test for errors, line 96)
FAIL: g++.dg/other/default3.C -std=c++98 (test for errors, line 99)
FAIL: g++.dg/other/default3.C -std=c++98 (test for errors, line 102)
FAIL: g++.dg/other/default3.C -std=c++98 (test for errors, line 106)
FAIL: g++.dg/other/default3.C -std=c++98 (test for errors, line 109)
FAIL: g++.dg/other/default3.C -std=c++11 (test for errors, line 91)
FAIL: g++.dg/other/default3.C -std=c++11 (test for errors, line 96)
FAIL: g++.dg/other/default3.C -std=c++11 (test for errors, line 99)
FAIL: g++.dg/other/default3.C -std=c++11 (test for errors, line 102)
FAIL: g++.dg/other/default3.C -std=c++11 (test for errors, line 106)
FAIL: g++.dg/other/default3.C -std=c++11 (test for errors, line 109)
FAIL: g++.dg/other/default3.C -std=c++14 (test for errors, line 91)
FAIL: g++.dg/other/default3.C -std=c++14 (test for errors, line 96)
FAIL: g++.dg/other/default3.C -std=c++14 (test for errors, line 99)
FAIL: g++.dg/other/default3.C -std=c++14 (test for errors, line 102)
FAIL: g++.dg/other/default3.C -std=c++14 (test for errors, line 106)
FAIL: g++.dg/other/default3.C -std=c++14 (test for errors, line 109)
FAIL: g++.dg/template/dependent-expr5.C -std=c++98 (test for excess errors)
FAIL: g++.dg/template/dependent-expr5.C -std=c++11 (test for excess errors)
FAIL: g++.dg/template/dependent-expr5.C -std=c++14 (test for excess errors)
FAIL: g++.dg/warn/Waddress-1.C -std=gnu++98 (test for errors, line 43)
FAIL: g++.dg/warn/Waddress-1.C -std=gnu++98 (test for warnings, line 43)
FAIL: g++.dg/warn/Waddress-1.C -std=gnu++98 (test for errors, line 45)
FAIL: g++.dg/warn/Waddress-1.C -std=gnu++98 (test for warnings, line 45)
FAIL: g++.dg/warn/Waddress-1.C -std=gnu++98 (test for errors, line 47)
FAIL: g++.dg/warn/Waddress-1.C -std=gnu++98 (test for warnings, line 47)
FAIL: g++.dg/warn/Waddress-1.C -std=gnu++98 (test for errors, line 49)
FAIL: g++.dg/warn/Waddress-1.C -std=gnu++98 (test for warnings, line 49)
FAIL: g++.dg/warn/Waddress-1.C -std=gnu++11 (test for errors, line 43)
FAIL: g++.dg/warn/Waddress-1.C -std=gnu++11 (test for warnings, line 43)
FAIL: g++.dg/warn/Waddress-1.C -std=gnu++11 (test for errors, line 45)
FAIL: g++.dg/warn/Waddress-1.C -std=gnu++11 (test for warnings, line 45)
FAIL: g++.dg/warn/Waddress-1.C -std=gnu++11 (test for errors, line 47)
FAIL: g++.dg/warn/Waddress-1.C -std=gnu++11 (test for warnings, line 47)
FAIL: g++.dg/warn/Waddress-1.C -std=gnu++11 (test for errors, line 49)
FAIL: g++.dg/warn/Waddress-1.C -std=gnu++11 (test for warnings, line 49)
FAIL: g++.dg/warn/Waddress-1.C -std=gnu++14 (test for errors, line 43)
FAIL: g++.dg/warn/Waddress-1.C -std=gnu++14 (test for warnings, line 43)
FAIL: g++.dg/warn/Waddress-1.C -std=gnu++14 (test for errors, line 45)
FAIL: g++.dg/warn/Waddress-1.C -std=gnu++14 (test for warnings, line 45)
FAIL: g++.dg/warn/Waddress-1.C -std=gnu++14 (test for errors, line 47)
FAIL: g++.dg/warn/Waddress-1.C -std=gnu++14 (test for warnings, line 47)
FAIL: g++.dg/warn/Waddress-1.C -std=gnu++14 (test for errors, line 49)
FAIL: g++.dg/warn/Waddress-1.C -std=gnu++14 (test for warnings, line 49)
FAIL: g++.dg/warn/Wconversion-real-integer.C -std=gnu++98 (test for warnings, line 111)
FAIL: g++.dg/warn/Wconversion-real-integer.C -std=gnu++98 (test for excess errors)
FAIL: g++.dg/warn/Wconversion-real-integer.C -std=gnu++11 (test for warnings, line 111)
FAIL: g++.dg/warn/Wconversion-real-integer.C -std=gnu++11 (test for excess errors)
FAIL: g++.dg/warn/Wconversion-real-integer.C -std=gnu++14 (test for warnings, line 111)
FAIL: g++.dg/warn/Wconversion-real-integer.C -std=gnu++14 (test for excess errors)
FAIL: g++.dg/warn/Wmemset-transposed-args-1.C -std=gnu++98 (test for warnings, line 69)
FAIL: g++.dg/warn/Wmemset-transposed-args-1.C -std=gnu++98 (test for warnings, line 70)
FAIL: g++.dg/warn/Wmemset-transposed-args-1.C -std=gnu++98 (test for warnings, line 71)
FAIL: g++.dg/warn/Wmemset-transposed-args-1.C -std=gnu++98 (test for excess errors)
FAIL: g++.dg/warn/Wmemset-transposed-args-1.C -std=gnu++11 (test for warnings, line 69)
FAIL: g++.dg/warn/Wmemset-transposed-args-1.C -std=gnu++11 (test for warnings, line 70)
FAIL: g++.dg/warn/Wmemset-transposed-args-1.C -std=gnu++11 (test for warnings, line 71)
FAIL: g++.dg/warn/Wmemset-transposed-args-1.C -std=gnu++11 (test for excess errors)
FAIL: g++.dg/warn/Wmemset-transposed-args-1.C -std=gnu++14 (test for warnings, line 69)
FAIL: g++.dg/warn/Wmemset-transposed-args-1.C -std=gnu++14 (test for warnings, line 70)
FAIL: g++.dg/warn/Wmemset-transposed-args-1.C -std=gnu++14 (test for warnings, line 71)
FAIL: g++.dg/warn/Wmemset-transposed-args-1.C -std=gnu++14 (test for excess errors)
FAIL: g++.dg/warn/Wparentheses-10.C -std=gnu++98 correct warning (test for warnings, line 113)
FAIL: g++.dg/warn/Wparentheses-10.C -std=gnu++98 correct warning (test for warnings, line 116)
FAIL: g++.dg/warn/Wparentheses-10.C -std=gnu++11 correct warning (test for warnings, line 113)
FAIL: g++.dg/warn/Wparentheses-10.C -std=gnu++11 correct warning (test for warnings, line 116)
FAIL: g++.dg/warn/Wparentheses-10.C -std=gnu++14 correct warning (test for warnings, line 113)
FAIL: g++.dg/warn/Wparentheses-10.C -std=gnu++14 correct warning (test for warnings, line 116)
FAIL: g++.dg/warn/Wparentheses-18.C -std=gnu++98 correct warning (test for warnings, line 111)
FAIL: g++.dg/warn/Wparentheses-18.C -std=gnu++98 correct warning (test for warnings, line 114)
FAIL: g++.dg/warn/Wparentheses-18.C -std=gnu++98 correct warning (test for warnings, line 117)
FAIL: g++.dg/warn/Wparentheses-18.C -std=gnu++11 correct warning (test for warnings, line 111)
FAIL: g++.dg/warn/Wparentheses-18.C -std=gnu++11 correct warning (test for warnings, line 114)
FAIL: g++.dg/warn/Wparentheses-18.C -std=gnu++11 correct warning (test for warnings, line 117)
FAIL: g++.dg/warn/Wparentheses-18.C -std=gnu++14 correct warning (test for warnings, line 111)
FAIL: g++.dg/warn/Wparentheses-18.C -std=gnu++14 correct warning (test for warnings, line 114)
FAIL: g++.dg/warn/Wparentheses-18.C -std=gnu++14 correct warning (test for warnings, line 117)
FAIL: g++.dg/warn/Wparentheses-19.C -std=gnu++98 correct warning (test for warnings, line 111)
FAIL: g++.dg/warn/Wparentheses-19.C -std=gnu++98 correct warning (test for warnings, line 114)
FAIL: g++.dg/warn/Wparentheses-19.C -std=gnu++98 correct warning (test for warnings, line 117)
FAIL: g++.dg/warn/Wparentheses-19.C -std=gnu++11 correct warning (test for warnings, line 111)
FAIL: g++.dg/warn/Wparentheses-19.C -std=gnu++11 correct warning (test for warnings, line 114)
FAIL: g++.dg/warn/Wparentheses-19.C -std=gnu++11 correct warning (test for warnings, line 117)
FAIL: g++.dg/warn/Wparentheses-19.C -std=gnu++14 correct warning (test for warnings, line 111)
FAIL: g++.dg/warn/Wparentheses-19.C -std=gnu++14 correct warning (test for warnings, line 114)
FAIL: g++.dg/warn/Wparentheses-19.C -std=gnu++14 correct warning (test for warnings, line 117)
FAIL: g++.dg/warn/Wparentheses-9.C -std=gnu++98 correct warning (test for warnings, line 113)
FAIL: g++.dg/warn/Wparentheses-9.C -std=gnu++98 correct warning (test for warnings, line 116)
FAIL: g++.dg/warn/Wparentheses-9.C -std=gnu++11 correct warning (test for warnings, line 113)
FAIL: g++.dg/warn/Wparentheses-9.C -std=gnu++11 correct warning (test for warnings, line 116)
FAIL: g++.dg/warn/Wparentheses-9.C -std=gnu++14 correct warning (test for warnings, line 113)
FAIL: g++.dg/warn/Wparentheses-9.C -std=gnu++14 correct warning (test for warnings, line 116)
FAIL: g++.dg/warn/Wsign-conversion.C -std=gnu++98 (test for warnings, line 89)
FAIL: g++.dg/warn/Wsign-conversion.C -std=gnu++98 (test for warnings, line 90)
FAIL: g++.dg/warn/Wsign-conversion.C -std=gnu++98 (test for warnings, line 91)
FAIL: g++.dg/warn/Wsign-conversion.C -std=gnu++98 (test for warnings, line 94)
FAIL: g++.dg/warn/Wsign-conversion.C -std=gnu++98 (test for excess errors)
FAIL: g++.dg/warn/Wsign-conversion.C -std=gnu++11 (test for warnings, line 89)
FAIL: g++.dg/warn/Wsign-conversion.C -std=gnu++11 (test for warnings, line 90)
FAIL: g++.dg/warn/Wsign-conversion.C -std=gnu++11 (test for warnings, line 91)
FAIL: g++.dg/warn/Wsign-conversion.C -std=gnu++11 (test for warnings, line 94)
FAIL: g++.dg/warn/Wsign-conversion.C -std=gnu++11 (test for excess errors)
FAIL: g++.dg/warn/Wsign-conversion.C -std=gnu++14 (test for warnings, line 89)
FAIL: g++.dg/warn/Wsign-conversion.C -std=gnu++14 (test for warnings, line 90)
FAIL: g++.dg/warn/Wsign-conversion.C -std=gnu++14 (test for warnings, line 91)
FAIL: g++.dg/warn/Wsign-conversion.C -std=gnu++14 (test for warnings, line 94)
FAIL: g++.dg/warn/Wsign-conversion.C -std=gnu++14 (test for excess errors)
FAIL: g++.dg/warn/pr16302.C -std=gnu++98 (test for warnings, line 45)
FAIL: g++.dg/warn/pr16302.C -std=gnu++98 (test for excess errors)
FAIL: g++.dg/warn/pr16302.C -std=gnu++11 (test for warnings, line 45)
FAIL: g++.dg/warn/pr16302.C -std=gnu++11 (test for excess errors)
FAIL: g++.dg/warn/pr16302.C -std=gnu++14 (test for warnings, line 45)
FAIL: g++.dg/warn/pr16302.C -std=gnu++14 (test for excess errors)
FAIL: g++.dg/warn/sequence-pt-1.C -std=gnu++98 sequence point warning (test for warnings, line 62)
FAIL: g++.dg/warn/sequence-pt-1.C -std=gnu++98 sequence point warning (test for warnings, line 63)
FAIL: g++.dg/warn/sequence-pt-1.C -std=gnu++98 sequence point warning (test for warnings, line 64)
FAIL: g++.dg/warn/sequence-pt-1.C -std=gnu++98 (test for excess errors)
FAIL: g++.dg/warn/sequence-pt-1.C -std=gnu++11 sequence point warning (test for warnings, line 62)
FAIL: g++.dg/warn/sequence-pt-1.C -std=gnu++11 sequence point warning (test for warnings, line 63)
FAIL: g++.dg/warn/sequence-pt-1.C -std=gnu++11 sequence point warning (test for warnings, line 64)
FAIL: g++.dg/warn/sequence-pt-1.C -std=gnu++11 (test for excess errors)
FAIL: g++.dg/warn/sequence-pt-1.C -std=gnu++14 sequence point warning (test for warnings, line 62)
FAIL: g++.dg/warn/sequence-pt-1.C -std=gnu++14 sequence point warning (test for warnings, line 63)
FAIL: g++.dg/warn/sequence-pt-1.C -std=gnu++14 sequence point warning (test for warnings, line 64)
FAIL: g++.dg/warn/sequence-pt-1.C -std=gnu++14 (test for excess errors)
FAIL: c-c++-common/Wcast-qual-1.c -std=gnu++98 (test for warnings, line 154)
FAIL: c-c++-common/Wcast-qual-1.c -std=gnu++98 (test for warnings, line 155)
FAIL: c-c++-common/Wcast-qual-1.c -std=gnu++98 (test for warnings, line 156)
FAIL: c-c++-common/Wcast-qual-1.c -std=gnu++98 (test for warnings, line 157)
FAIL: c-c++-common/Wcast-qual-1.c -std=gnu++98 (test for excess errors)
FAIL: c-c++-common/Wcast-qual-1.c -std=gnu++11 (test for warnings, line 154)
FAIL: c-c++-common/Wcast-qual-1.c -std=gnu++11 (test for warnings, line 155)
FAIL: c-c++-common/Wcast-qual-1.c -std=gnu++11 (test for warnings, line 156)
FAIL: c-c++-common/Wcast-qual-1.c -std=gnu++11 (test for warnings, line 157)
FAIL: c-c++-common/Wcast-qual-1.c -std=gnu++11 (test for excess errors)
FAIL: c-c++-common/Wcast-qual-1.c -std=gnu++14 (test for warnings, line 154)
FAIL: c-c++-common/Wcast-qual-1.c -std=gnu++14 (test for warnings, line 155)
FAIL: c-c++-common/Wcast-qual-1.c -std=gnu++14 (test for warnings, line 156)
FAIL: c-c++-common/Wcast-qual-1.c -std=gnu++14 (test for warnings, line 157)
FAIL: c-c++-common/Wcast-qual-1.c -std=gnu++14 (test for excess errors)
FAIL: c-c++-common/Wsizeof-pointer-memaccess2.c -std=gnu++98 (test for excess errors)
FAIL: c-c++-common/Wsizeof-pointer-memaccess2.c -std=gnu++11 (test for excess errors)
FAIL: c-c++-common/Wsizeof-pointer-memaccess2.c -std=gnu++14 (test for excess errors)
FAIL: c-c++-common/goacc/asyncwait-1.c -std=c++98 (test for errors, line 186)
FAIL: c-c++-common/goacc/asyncwait-1.c -std=c++98 (test for errors, line 188)
FAIL: c-c++-common/goacc/asyncwait-1.c -std=c++98 (test for errors, line 190)
FAIL: c-c++-common/goacc/asyncwait-1.c -std=c++98 (test for errors, line 192)
FAIL: c-c++-common/goacc/asyncwait-1.c -std=c++98 (test for errors, line 194)
FAIL: c-c++-common/goacc/asyncwait-1.c -std=c++98 (test for errors, line 196)
FAIL: c-c++-common/goacc/asyncwait-1.c -std=c++98 (test for errors, line 198)
FAIL: c-c++-common/goacc/asyncwait-1.c -std=c++98 (test for errors, line 200)
FAIL: c-c++-common/goacc/asyncwait-1.c -std=c++98 (test for errors, line 202)
FAIL: c-c++-common/goacc/asyncwait-1.c -std=c++98 (test for errors, line 204)
FAIL: c-c++-common/goacc/asyncwait-1.c -std=c++98 (test for errors, line 206)
FAIL: c-c++-common/goacc/asyncwait-1.c -std=c++98 (test for errors, line 210)
FAIL: c-c++-common/goacc/asyncwait-1.c -std=c++98 (test for excess errors)
FAIL: c-c++-common/goacc/asyncwait-1.c -std=c++11 (test for errors, line 186)
FAIL: c-c++-common/goacc/asyncwait-1.c -std=c++11 (test for errors, line 188)
FAIL: c-c++-common/goacc/asyncwait-1.c -std=c++11 (test for errors, line 190)
FAIL: c-c++-common/goacc/asyncwait-1.c -std=c++11 (test for errors, line 192)
FAIL: c-c++-common/goacc/asyncwait-1.c -std=c++11 (test for errors, line 194)
FAIL: c-c++-common/goacc/asyncwait-1.c -std=c++11 (test for errors, line 196)
FAIL: c-c++-common/goacc/asyncwait-1.c -std=c++11 (test for errors, line 198)
FAIL: c-c++-common/goacc/asyncwait-1.c -std=c++11 (test for errors, line 200)
FAIL: c-c++-common/goacc/asyncwait-1.c -std=c++11 (test for errors, line 202)
FAIL: c-c++-common/goacc/asyncwait-1.c -std=c++11 (test for errors, line 204)
FAIL: c-c++-common/goacc/asyncwait-1.c -std=c++11 (test for errors, line 206)
FAIL: c-c++-common/goacc/asyncwait-1.c -std=c++11 (test for errors, line 210)
FAIL: c-c++-common/goacc/asyncwait-1.c -std=c++11 (test for excess errors)
FAIL: c-c++-common/goacc/asyncwait-1.c -std=c++14 (test for errors, line 186)
FAIL: c-c++-common/goacc/asyncwait-1.c -std=c++14 (test for errors, line 188)
FAIL: c-c++-common/goacc/asyncwait-1.c -std=c++14 (test for errors, line 190)
FAIL: c-c++-common/goacc/asyncwait-1.c -std=c++14 (test for errors, line 192)
FAIL: c-c++-common/goacc/asyncwait-1.c -std=c++14 (test for errors, line 194)
FAIL: c-c++-common/goacc/asyncwait-1.c -std=c++14 (test for errors, line 196)
FAIL: c-c++-common/goacc/asyncwait-1.c -std=c++14 (test for errors, line 198)
FAIL: c-c++-common/goacc/asyncwait-1.c -std=c++14 (test for errors, line 200)
FAIL: c-c++-common/goacc/asyncwait-1.c -std=c++14 (test for errors, line 202)
FAIL: c-c++-common/goacc/asyncwait-1.c -std=c++14 (test for errors, line 204)
FAIL: c-c++-common/goacc/asyncwait-1.c -std=c++14 (test for errors, line 206)
FAIL: c-c++-common/goacc/asyncwait-1.c -std=c++14 (test for errors, line 210)
FAIL: c-c++-common/goacc/asyncwait-1.c -std=c++14 (test for excess errors)
FAIL: g++.dg/gomp/udr-3.C -std=gnu++98 (test for warnings, line 148)
FAIL: g++.dg/gomp/udr-3.C -std=gnu++98 (test for errors, line 149)
FAIL: g++.dg/gomp/udr-3.C -std=gnu++98 (test for warnings, line 150)
FAIL: g++.dg/gomp/udr-3.C -std=gnu++98 (test for errors, line 151)
FAIL: g++.dg/gomp/udr-3.C -std=gnu++98 (test for excess errors)
FAIL: g++.dg/gomp/udr-3.C -std=gnu++11 (test for warnings, line 148)
FAIL: g++.dg/gomp/udr-3.C -std=gnu++11 (test for errors, line 149)
FAIL: g++.dg/gomp/udr-3.C -std=gnu++11 (test for warnings, line 150)
FAIL: g++.dg/gomp/udr-3.C -std=gnu++11 (test for errors, line 151)
FAIL: g++.dg/gomp/udr-3.C -std=gnu++11 (test for excess errors)
FAIL: g++.dg/gomp/udr-3.C -std=gnu++14 (test for warnings, line 148)
FAIL: g++.dg/gomp/udr-3.C -std=gnu++14 (test for errors, line 149)
FAIL: g++.dg/gomp/udr-3.C -std=gnu++14 (test for warnings, line 150)
FAIL: g++.dg/gomp/udr-3.C -std=gnu++14 (test for errors, line 151)
FAIL: g++.dg/gomp/udr-3.C -std=gnu++14 (test for excess errors)
XPASS: g++.dg/tls/thread_local-order2.C -std=c++11 execution test
XPASS: g++.dg/tls/thread_local-order2.C -std=c++14 execution test
FAIL: g++.dg/tls/thread_local3.C -std=gnu++11 execution test
FAIL: g++.dg/tls/thread_local3.C -std=gnu++14 execution test
FAIL: g++.dg/tls/thread_local3g.C -std=gnu++11 execution test
FAIL: g++.dg/tls/thread_local3g.C -std=gnu++14 execution test
FAIL: g++.dg/tls/thread_local4.C -std=gnu++11 execution test
FAIL: g++.dg/tls/thread_local4.C -std=gnu++14 execution test
FAIL: g++.dg/tls/thread_local4g.C -std=gnu++11 execution test
FAIL: g++.dg/tls/thread_local4g.C -std=gnu++14 execution test
FAIL: g++.dg/tls/thread_local5.C -std=gnu++11 execution test
FAIL: g++.dg/tls/thread_local5.C -std=gnu++14 execution test
FAIL: g++.dg/tls/thread_local5g.C -std=gnu++11 execution test
FAIL: g++.dg/tls/thread_local5g.C -std=gnu++14 execution test
FAIL: g++.dg/torture/Wsizeof-pointer-memaccess2.C -O2 (test for excess errors)
FAIL: g++.dg/torture/pr34850.C -O3 -fomit-frame-pointer (test for excess errors)
FAIL: g++.dg/torture/pr34850.C -O3 -g (test for excess errors)
FAIL: g++.old-deja/g++.bugs/900428_01.C -std=c++98 (test for warnings, line 163)
FAIL: g++.old-deja/g++.bugs/900428_01.C -std=c++11 (test for warnings, line 163)
FAIL: g++.old-deja/g++.bugs/900428_01.C -std=c++14 (test for warnings, line 163)
FAIL: g++.old-deja/g++.mike/p784.C -std=gnu++98 (test for errors, line 2286)
FAIL: g++.old-deja/g++.mike/p784.C -std=gnu++98 (test for excess errors)
FAIL: g++.old-deja/g++.mike/p784.C -std=gnu++11 (test for errors, line 2286)
FAIL: g++.old-deja/g++.mike/p784.C -std=gnu++11 (test for excess errors)
FAIL: g++.old-deja/g++.mike/p784.C -std=gnu++14 (test for errors, line 2286)
FAIL: g++.old-deja/g++.mike/p784.C -std=gnu++14 (test for excess errors)
FAIL: g++.old-deja/g++.other/overload11.C -std=c++98 (test for errors, line 81)
FAIL: g++.old-deja/g++.other/overload11.C -std=c++98 (test for errors, line 82)
FAIL: g++.old-deja/g++.other/overload11.C -std=c++98 (test for errors, line 84)
FAIL: g++.old-deja/g++.other/overload11.C -std=c++98 (test for errors, line 85)
FAIL: g++.old-deja/g++.other/overload11.C -std=c++98 (test for errors, line 87)
FAIL: g++.old-deja/g++.other/overload11.C -std=c++98 (test for errors, line 88)
FAIL: g++.old-deja/g++.other/overload11.C -std=c++11 (test for errors, line 81)
FAIL: g++.old-deja/g++.other/overload11.C -std=c++11 (test for errors, line 82)
FAIL: g++.old-deja/g++.other/overload11.C -std=c++11 (test for errors, line 84)
FAIL: g++.old-deja/g++.other/overload11.C -std=c++11 (test for errors, line 85)
FAIL: g++.old-deja/g++.other/overload11.C -std=c++11 (test for errors, line 87)
FAIL: g++.old-deja/g++.other/overload11.C -std=c++11 (test for errors, line 88)
FAIL: g++.old-deja/g++.other/overload11.C -std=c++14 (test for errors, line 81)
FAIL: g++.old-deja/g++.other/overload11.C -std=c++14 (test for errors, line 82)
FAIL: g++.old-deja/g++.other/overload11.C -std=c++14 (test for errors, line 84)
FAIL: g++.old-deja/g++.other/overload11.C -std=c++14 (test for errors, line 85)
FAIL: g++.old-deja/g++.other/overload11.C -std=c++14 (test for errors, line 87)
FAIL: g++.old-deja/g++.other/overload11.C -std=c++14 (test for errors, line 88)
FAIL: g++.old-deja/g++.pt/ptrmem6.C -std=c++98 (test for errors, line 31)
=== g++ Summary for unix ===
# of expected passes 82274
# of unexpected failures 326
# of unexpected successes 2
# of expected failures 265
# of unsupported tests 3081
Running target unix/-fstack-protector
FAIL: g++.dg/cdce3.C -std=gnu++98 execution test
FAIL: g++.dg/cdce3.C -std=gnu++11 execution test
FAIL: g++.dg/cdce3.C -std=gnu++14 execution test
FAIL: g++.dg/cpp0x/auto9.C -std=c++14 (test for errors, line 92)
FAIL: g++.dg/cpp0x/auto9.C -std=c++14 (test for errors, line 93)
FAIL: g++.dg/cpp0x/auto9.C -std=c++14 (test for errors, line 94)
FAIL: g++.dg/cpp0x/auto9.C -std=c++14 (test for errors, line 98)
FAIL: g++.dg/cpp0x/auto9.C -std=c++14 (test for errors, line 99)
FAIL: g++.dg/cpp0x/auto9.C -std=c++14 (test for errors, line 105)
FAIL: g++.dg/cpp0x/auto9.C -std=c++14 (test for errors, line 110)
FAIL: g++.dg/cpp0x/auto9.C -std=c++14 (test for errors, line 114)
FAIL: g++.dg/cpp0x/auto9.C -std=c++14 (test for errors, line 117)
FAIL: g++.dg/cpp0x/auto9.C -std=c++14 (test for errors, line 119)
FAIL: g++.dg/cpp0x/auto9.C -std=c++14 (test for errors, line 120)
FAIL: g++.dg/cpp0x/auto9.C -std=c++14 (test for errors, line 123)
FAIL: g++.dg/cpp0x/auto9.C -std=c++14 (test for excess errors)
FAIL: g++.dg/cpp0x/gnu_fext-numeric-literals.C -std=gnu++11 (test for errors, line 89)
FAIL: g++.dg/cpp0x/gnu_fext-numeric-literals.C -std=gnu++11 (test for errors, line 90)
FAIL: g++.dg/cpp0x/gnu_fext-numeric-literals.C -std=gnu++11 (test for errors, line 91)
FAIL: g++.dg/cpp0x/gnu_fext-numeric-literals.C -std=gnu++11 (test for errors, line 92)
FAIL: g++.dg/cpp0x/gnu_fext-numeric-literals.C -std=gnu++11 (test for excess errors)
FAIL: g++.dg/cpp0x/gnu_fext-numeric-literals.C -std=gnu++14 (test for errors, line 89)
FAIL: g++.dg/cpp0x/gnu_fext-numeric-literals.C -std=gnu++14 (test for errors, line 90)
FAIL: g++.dg/cpp0x/gnu_fext-numeric-literals.C -std=gnu++14 (test for errors, line 91)
FAIL: g++.dg/cpp0x/gnu_fext-numeric-literals.C -std=gnu++14 (test for errors, line 92)
FAIL: g++.dg/cpp0x/gnu_fext-numeric-literals.C -std=gnu++14 (test for excess errors)
FAIL: g++.dg/cpp0x/std_fext-numeric-literals.C -std=gnu++11 (test for errors, line 89)
FAIL: g++.dg/cpp0x/std_fext-numeric-literals.C -std=gnu++11 (test for errors, line 90)
FAIL: g++.dg/cpp0x/std_fext-numeric-literals.C -std=gnu++11 (test for errors, line 91)
FAIL: g++.dg/cpp0x/std_fext-numeric-literals.C -std=gnu++11 (test for errors, line 92)
FAIL: g++.dg/cpp0x/std_fext-numeric-literals.C -std=gnu++11 (test for excess errors)
FAIL: g++.dg/cpp0x/std_fext-numeric-literals.C -std=gnu++14 (test for errors, line 89)
FAIL: g++.dg/cpp0x/std_fext-numeric-literals.C -std=gnu++14 (test for errors, line 90)
FAIL: g++.dg/cpp0x/std_fext-numeric-literals.C -std=gnu++14 (test for errors, line 91)
FAIL: g++.dg/cpp0x/std_fext-numeric-literals.C -std=gnu++14 (test for errors, line 92)
FAIL: g++.dg/cpp0x/std_fext-numeric-literals.C -std=gnu++14 (test for excess errors)
FAIL: g++.dg/cpp0x/udlit-implicit-conv-neg.C -std=c++11 (test for errors, line 62)
FAIL: g++.dg/cpp0x/udlit-implicit-conv-neg.C -std=c++11 (test for errors, line 63)
FAIL: g++.dg/cpp0x/udlit-implicit-conv-neg.C -std=c++11 (test for excess errors)
FAIL: g++.dg/cpp0x/udlit-implicit-conv-neg.C -std=c++14 (test for errors, line 62)
FAIL: g++.dg/cpp0x/udlit-implicit-conv-neg.C -std=c++14 (test for errors, line 63)
FAIL: g++.dg/cpp0x/udlit-implicit-conv-neg.C -std=c++14 (test for excess errors)
FAIL: g++.dg/eh/sighandle.C -std=gnu++98 execution test
FAIL: g++.dg/eh/sighandle.C -std=gnu++11 execution test
FAIL: g++.dg/eh/sighandle.C -std=gnu++14 execution test
FAIL: g++.dg/ext/cleanup-10.C -std=gnu++98 execution test
FAIL: g++.dg/ext/cleanup-10.C -std=gnu++11 execution test
FAIL: g++.dg/ext/cleanup-10.C -std=gnu++14 execution test
FAIL: g++.dg/ext/cleanup-11.C -std=gnu++98 execution test
FAIL: g++.dg/ext/cleanup-11.C -std=gnu++11 execution test
FAIL: g++.dg/ext/cleanup-11.C -std=gnu++14 execution test
FAIL: g++.dg/ext/cleanup-8.C -std=gnu++98 execution test
FAIL: g++.dg/ext/cleanup-8.C -std=gnu++11 execution test
FAIL: g++.dg/ext/cleanup-8.C -std=gnu++14 execution test
FAIL: g++.dg/ext/cleanup-9.C -std=gnu++98 execution test
FAIL: g++.dg/ext/cleanup-9.C -std=gnu++11 execution test
FAIL: g++.dg/ext/cleanup-9.C -std=gnu++14 execution test
FAIL: g++.dg/ext/sync-4.C -std=gnu++98 execution test
FAIL: g++.dg/ext/sync-4.C -std=gnu++11 execution test
FAIL: g++.dg/ext/sync-4.C -std=gnu++14 execution test
FAIL: g++.dg/ext/unary_trait_incomplete.C -std=c++98 (test for errors, line 68)
FAIL: g++.dg/ext/unary_trait_incomplete.C -std=c++98 (test for errors, line 72)
FAIL: g++.dg/ext/unary_trait_incomplete.C -std=c++98 (test for errors, line 74)
FAIL: g++.dg/ext/unary_trait_incomplete.C -std=c++98 (test for excess errors)
FAIL: g++.dg/ext/unary_trait_incomplete.C -std=c++11 (test for errors, line 68)
FAIL: g++.dg/ext/unary_trait_incomplete.C -std=c++11 (test for errors, line 72)
FAIL: g++.dg/ext/unary_trait_incomplete.C -std=c++11 (test for errors, line 74)
FAIL: g++.dg/ext/unary_trait_incomplete.C -std=c++11 (test for excess errors)
FAIL: g++.dg/ext/unary_trait_incomplete.C -std=c++14 (test for errors, line 68)
FAIL: g++.dg/ext/unary_trait_incomplete.C -std=c++14 (test for errors, line 72)
FAIL: g++.dg/ext/unary_trait_incomplete.C -std=c++14 (test for errors, line 74)
FAIL: g++.dg/ext/unary_trait_incomplete.C -std=c++14 (test for excess errors)
FAIL: g++.dg/fstack-protector-strong.C -std=gnu++98 scan-assembler-times stack_chk_fail 7
FAIL: g++.dg/fstack-protector-strong.C -std=gnu++11 scan-assembler-times stack_chk_fail 7
FAIL: g++.dg/fstack-protector-strong.C -std=gnu++14 scan-assembler-times stack_chk_fail 7
FAIL: g++.dg/init/pr43719.C -std=c++98 (test for warnings, line 85)
FAIL: g++.dg/init/pr43719.C -std=c++98 (test for warnings, line 90)
FAIL: g++.dg/init/pr43719.C -std=c++98 (test for warnings, line 95)
FAIL: g++.dg/init/pr43719.C -std=c++98 (test for warnings, line 114)
FAIL: g++.dg/init/pr43719.C -std=c++98 (test for errors, line 195)
FAIL: g++.dg/other/default3.C -std=c++98 (test for errors, line 91)
FAIL: g++.dg/other/default3.C -std=c++98 (test for errors, line 96)
FAIL: g++.dg/other/default3.C -std=c++98 (test for errors, line 99)
FAIL: g++.dg/other/default3.C -std=c++98 (test for errors, line 102)
FAIL: g++.dg/other/default3.C -std=c++98 (test for errors, line 106)
FAIL: g++.dg/other/default3.C -std=c++98 (test for errors, line 109)
FAIL: g++.dg/other/default3.C -std=c++11 (test for errors, line 91)
FAIL: g++.dg/other/default3.C -std=c++11 (test for errors, line 96)
FAIL: g++.dg/other/default3.C -std=c++11 (test for errors, line 99)
FAIL: g++.dg/other/default3.C -std=c++11 (test for errors, line 102)
FAIL: g++.dg/other/default3.C -std=c++11 (test for errors, line 106)
FAIL: g++.dg/other/default3.C -std=c++11 (test for errors, line 109)
FAIL: g++.dg/other/default3.C -std=c++14 (test for errors, line 91)
FAIL: g++.dg/other/default3.C -std=c++14 (test for errors, line 96)
FAIL: g++.dg/other/default3.C -std=c++14 (test for errors, line 99)
FAIL: g++.dg/other/default3.C -std=c++14 (test for errors, line 102)
FAIL: g++.dg/other/default3.C -std=c++14 (test for errors, line 106)
FAIL: g++.dg/other/default3.C -std=c++14 (test for errors, line 109)
FAIL: g++.dg/template/dependent-expr5.C -std=c++98 (test for excess errors)
FAIL: g++.dg/template/dependent-expr5.C -std=c++11 (test for excess errors)
FAIL: g++.dg/template/dependent-expr5.C -std=c++14 (test for excess errors)
FAIL: g++.dg/warn/Waddress-1.C -std=gnu++98 (test for errors, line 43)
FAIL: g++.dg/warn/Waddress-1.C -std=gnu++98 (test for warnings, line 43)
FAIL: g++.dg/warn/Waddress-1.C -std=gnu++98 (test for errors, line 45)
FAIL: g++.dg/warn/Waddress-1.C -std=gnu++98 (test for warnings, line 45)
FAIL: g++.dg/warn/Waddress-1.C -std=gnu++98 (test for errors, line 47)
FAIL: g++.dg/warn/Waddress-1.C -std=gnu++98 (test for warnings, line 47)
FAIL: g++.dg/warn/Waddress-1.C -std=gnu++98 (test for errors, line 49)
FAIL: g++.dg/warn/Waddress-1.C -std=gnu++98 (test for warnings, line 49)
FAIL: g++.dg/warn/Waddress-1.C -std=gnu++11 (test for errors, line 43)
FAIL: g++.dg/warn/Waddress-1.C -std=gnu++11 (test for warnings, line 43)
FAIL: g++.dg/warn/Waddress-1.C -std=gnu++11 (test for errors, line 45)
FAIL: g++.dg/warn/Waddress-1.C -std=gnu++11 (test for warnings, line 45)
FAIL: g++.dg/warn/Waddress-1.C -std=gnu++11 (test for errors, line 47)
FAIL: g++.dg/warn/Waddress-1.C -std=gnu++11 (test for warnings, line 47)
FAIL: g++.dg/warn/Waddress-1.C -std=gnu++11 (test for errors, line 49)
FAIL: g++.dg/warn/Waddress-1.C -std=gnu++11 (test for warnings, line 49)
FAIL: g++.dg/warn/Waddress-1.C -std=gnu++14 (test for errors, line 43)
FAIL: g++.dg/warn/Waddress-1.C -std=gnu++14 (test for warnings, line 43)
FAIL: g++.dg/warn/Waddress-1.C -std=gnu++14 (test for errors, line 45)
FAIL: g++.dg/warn/Waddress-1.C -std=gnu++14 (test for warnings, line 45)
FAIL: g++.dg/warn/Waddress-1.C -std=gnu++14 (test for errors, line 47)
FAIL: g++.dg/warn/Waddress-1.C -std=gnu++14 (test for warnings, line 47)
FAIL: g++.dg/warn/Waddress-1.C -std=gnu++14 (test for errors, line 49)
FAIL: g++.dg/warn/Waddress-1.C -std=gnu++14 (test for warnings, line 49)
FAIL: g++.dg/warn/Wconversion-real-integer.C -std=gnu++98 (test for warnings, line 111)
FAIL: g++.dg/warn/Wconversion-real-integer.C -std=gnu++98 (test for excess errors)
FAIL: g++.dg/warn/Wconversion-real-integer.C -std=gnu++11 (test for warnings, line 111)
FAIL: g++.dg/warn/Wconversion-real-integer.C -std=gnu++11 (test for excess errors)
FAIL: g++.dg/warn/Wconversion-real-integer.C -std=gnu++14 (test for warnings, line 111)
FAIL: g++.dg/warn/Wconversion-real-integer.C -std=gnu++14 (test for excess errors)
FAIL: g++.dg/warn/Wmemset-transposed-args-1.C -std=gnu++98 (test for warnings, line 69)
FAIL: g++.dg/warn/Wmemset-transposed-args-1.C -std=gnu++98 (test for warnings, line 70)
FAIL: g++.dg/warn/Wmemset-transposed-args-1.C -std=gnu++98 (test for warnings, line 71)
FAIL: g++.dg/warn/Wmemset-transposed-args-1.C -std=gnu++98 (test for excess errors)
FAIL: g++.dg/warn/Wmemset-transposed-args-1.C -std=gnu++11 (test for warnings, line 69)
FAIL: g++.dg/warn/Wmemset-transposed-args-1.C -std=gnu++11 (test for warnings, line 70)
FAIL: g++.dg/warn/Wmemset-transposed-args-1.C -std=gnu++11 (test for warnings, line 71)
FAIL: g++.dg/warn/Wmemset-transposed-args-1.C -std=gnu++11 (test for excess errors)
FAIL: g++.dg/warn/Wmemset-transposed-args-1.C -std=gnu++14 (test for warnings, line 69)
FAIL: g++.dg/warn/Wmemset-transposed-args-1.C -std=gnu++14 (test for warnings, line 70)
FAIL: g++.dg/warn/Wmemset-transposed-args-1.C -std=gnu++14 (test for warnings, line 71)
FAIL: g++.dg/warn/Wmemset-transposed-args-1.C -std=gnu++14 (test for excess errors)
FAIL: g++.dg/warn/Wparentheses-10.C -std=gnu++98 correct warning (test for warnings, line 113)
FAIL: g++.dg/warn/Wparentheses-10.C -std=gnu++98 correct warning (test for warnings, line 116)
FAIL: g++.dg/warn/Wparentheses-10.C -std=gnu++11 correct warning (test for warnings, line 113)
FAIL: g++.dg/warn/Wparentheses-10.C -std=gnu++11 correct warning (test for warnings, line 116)
FAIL: g++.dg/warn/Wparentheses-10.C -std=gnu++14 correct warning (test for warnings, line 113)
FAIL: g++.dg/warn/Wparentheses-10.C -std=gnu++14 correct warning (test for warnings, line 116)
FAIL: g++.dg/warn/Wparentheses-18.C -std=gnu++98 correct warning (test for warnings, line 111)
FAIL: g++.dg/warn/Wparentheses-18.C -std=gnu++98 correct warning (test for warnings, line 114)
FAIL: g++.dg/warn/Wparentheses-18.C -std=gnu++98 correct warning (test for warnings, line 117)
FAIL: g++.dg/warn/Wparentheses-18.C -std=gnu++11 correct warning (test for warnings, line 111)
FAIL: g++.dg/warn/Wparentheses-18.C -std=gnu++11 correct warning (test for warnings, line 114)
FAIL: g++.dg/warn/Wparentheses-18.C -std=gnu++11 correct warning (test for warnings, line 117)
FAIL: g++.dg/warn/Wparentheses-18.C -std=gnu++14 correct warning (test for warnings, line 111)
FAIL: g++.dg/warn/Wparentheses-18.C -std=gnu++14 correct warning (test for warnings, line 114)
FAIL: g++.dg/warn/Wparentheses-18.C -std=gnu++14 correct warning (test for warnings, line 117)
FAIL: g++.dg/warn/Wparentheses-19.C -std=gnu++98 correct warning (test for warnings, line 111)
FAIL: g++.dg/warn/Wparentheses-19.C -std=gnu++98 correct warning (test for warnings, line 114)
FAIL: g++.dg/warn/Wparentheses-19.C -std=gnu++98 correct warning (test for warnings, line 117)
FAIL: g++.dg/warn/Wparentheses-19.C -std=gnu++11 correct warning (test for warnings, line 111)
FAIL: g++.dg/warn/Wparentheses-19.C -std=gnu++11 correct warning (test for warnings, line 114)
FAIL: g++.dg/warn/Wparentheses-19.C -std=gnu++11 correct warning (test for warnings, line 117)
FAIL: g++.dg/warn/Wparentheses-19.C -std=gnu++14 correct warning (test for warnings, line 111)
FAIL: g++.dg/warn/Wparentheses-19.C -std=gnu++14 correct warning (test for warnings, line 114)
FAIL: g++.dg/warn/Wparentheses-19.C -std=gnu++14 correct warning (test for warnings, line 117)
FAIL: g++.dg/warn/Wparentheses-9.C -std=gnu++98 correct warning (test for warnings, line 113)
FAIL: g++.dg/warn/Wparentheses-9.C -std=gnu++98 correct warning (test for warnings, line 116)
FAIL: g++.dg/warn/Wparentheses-9.C -std=gnu++11 correct warning (test for warnings, line 113)
FAIL: g++.dg/warn/Wparentheses-9.C -std=gnu++11 correct warning (test for warnings, line 116)
FAIL: g++.dg/warn/Wparentheses-9.C -std=gnu++14 correct warning (test for warnings, line 113)
FAIL: g++.dg/warn/Wparentheses-9.C -std=gnu++14 correct warning (test for warnings, line 116)
FAIL: g++.dg/warn/Wsign-conversion.C -std=gnu++98 (test for warnings, line 89)
FAIL: g++.dg/warn/Wsign-conversion.C -std=gnu++98 (test for warnings, line 90)
FAIL: g++.dg/warn/Wsign-conversion.C -std=gnu++98 (test for warnings, line 91)
FAIL: g++.dg/warn/Wsign-conversion.C -std=gnu++98 (test for warnings, line 94)
FAIL: g++.dg/warn/Wsign-conversion.C -std=gnu++98 (test for excess errors)
FAIL: g++.dg/warn/Wsign-conversion.C -std=gnu++11 (test for warnings, line 89)
FAIL: g++.dg/warn/Wsign-conversion.C -std=gnu++11 (test for warnings, line 90)
FAIL: g++.dg/warn/Wsign-conversion.C -std=gnu++11 (test for warnings, line 91)
FAIL: g++.dg/warn/Wsign-conversion.C -std=gnu++11 (test for warnings, line 94)
FAIL: g++.dg/warn/Wsign-conversion.C -std=gnu++11 (test for excess errors)
FAIL: g++.dg/warn/Wsign-conversion.C -std=gnu++14 (test for warnings, line 89)
FAIL: g++.dg/warn/Wsign-conversion.C -std=gnu++14 (test for warnings, line 90)
FAIL: g++.dg/warn/Wsign-conversion.C -std=gnu++14 (test for warnings, line 91)
FAIL: g++.dg/warn/Wsign-conversion.C -std=gnu++14 (test for warnings, line 94)
FAIL: g++.dg/warn/Wsign-conversion.C -std=gnu++14 (test for excess errors)
FAIL: g++.dg/warn/pr16302.C -std=gnu++98 (test for warnings, line 45)
FAIL: g++.dg/warn/pr16302.C -std=gnu++98 (test for excess errors)
FAIL: g++.dg/warn/pr16302.C -std=gnu++11 (test for warnings, line 45)
FAIL: g++.dg/warn/pr16302.C -std=gnu++11 (test for excess errors)
FAIL: g++.dg/warn/pr16302.C -std=gnu++14 (test for warnings, line 45)
FAIL: g++.dg/warn/pr16302.C -std=gnu++14 (test for excess errors)
FAIL: g++.dg/warn/sequence-pt-1.C -std=gnu++98 sequence point warning (test for warnings, line 62)
FAIL: g++.dg/warn/sequence-pt-1.C -std=gnu++98 sequence point warning (test for warnings, line 63)
FAIL: g++.dg/warn/sequence-pt-1.C -std=gnu++98 sequence point warning (test for warnings, line 64)
FAIL: g++.dg/warn/sequence-pt-1.C -std=gnu++98 (test for excess errors)
FAIL: g++.dg/warn/sequence-pt-1.C -std=gnu++11 sequence point warning (test for warnings, line 62)
FAIL: g++.dg/warn/sequence-pt-1.C -std=gnu++11 sequence point warning (test for warnings, line 63)
FAIL: g++.dg/warn/sequence-pt-1.C -std=gnu++11 sequence point warning (test for warnings, line 64)
FAIL: g++.dg/warn/sequence-pt-1.C -std=gnu++11 (test for excess errors)
FAIL: g++.dg/warn/sequence-pt-1.C -std=gnu++14 sequence point warning (test for warnings, line 62)
FAIL: g++.dg/warn/sequence-pt-1.C -std=gnu++14 sequence point warning (test for warnings, line 63)
FAIL: g++.dg/warn/sequence-pt-1.C -std=gnu++14 sequence point warning (test for warnings, line 64)
FAIL: g++.dg/warn/sequence-pt-1.C -std=gnu++14 (test for excess errors)
FAIL: c-c++-common/Wcast-qual-1.c -std=gnu++98 (test for warnings, line 154)
FAIL: c-c++-common/Wcast-qual-1.c -std=gnu++98 (test for warnings, line 155)
FAIL: c-c++-common/Wcast-qual-1.c -std=gnu++98 (test for warnings, line 156)
FAIL: c-c++-common/Wcast-qual-1.c -std=gnu++98 (test for warnings, line 157)
FAIL: c-c++-common/Wcast-qual-1.c -std=gnu++98 (test for excess errors)
FAIL: c-c++-common/Wcast-qual-1.c -std=gnu++11 (test for warnings, line 154)
FAIL: c-c++-common/Wcast-qual-1.c -std=gnu++11 (test for warnings, line 155)
FAIL: c-c++-common/Wcast-qual-1.c -std=gnu++11 (test for warnings, line 156)
FAIL: c-c++-common/Wcast-qual-1.c -std=gnu++11 (test for warnings, line 157)
FAIL: c-c++-common/Wcast-qual-1.c -std=gnu++11 (test for excess errors)
FAIL: c-c++-common/Wcast-qual-1.c -std=gnu++14 (test for warnings, line 154)
FAIL: c-c++-common/Wcast-qual-1.c -std=gnu++14 (test for warnings, line 155)
FAIL: c-c++-common/Wcast-qual-1.c -std=gnu++14 (test for warnings, line 156)
FAIL: c-c++-common/Wcast-qual-1.c -std=gnu++14 (test for warnings, line 157)
FAIL: c-c++-common/Wcast-qual-1.c -std=gnu++14 (test for excess errors)
FAIL: c-c++-common/Wsizeof-pointer-memaccess2.c -std=gnu++98 (test for excess errors)
FAIL: c-c++-common/Wsizeof-pointer-memaccess2.c -std=gnu++11 (test for excess errors)
FAIL: c-c++-common/Wsizeof-pointer-memaccess2.c -std=gnu++14 (test for excess errors)
FAIL: c-c++-common/goacc/asyncwait-1.c -std=c++98 (test for errors, line 186)
FAIL: c-c++-common/goacc/asyncwait-1.c -std=c++98 (test for errors, line 188)
FAIL: c-c++-common/goacc/asyncwait-1.c -std=c++98 (test for errors, line 190)
FAIL: c-c++-common/goacc/asyncwait-1.c -std=c++98 (test for errors, line 192)
FAIL: c-c++-common/goacc/asyncwait-1.c -std=c++98 (test for errors, line 194)
FAIL: c-c++-common/goacc/asyncwait-1.c -std=c++98 (test for errors, line 196)
FAIL: c-c++-common/goacc/asyncwait-1.c -std=c++98 (test for errors, line 198)
FAIL: c-c++-common/goacc/asyncwait-1.c -std=c++98 (test for errors, line 200)
FAIL: c-c++-common/goacc/asyncwait-1.c -std=c++98 (test for errors, line 202)
FAIL: c-c++-common/goacc/asyncwait-1.c -std=c++98 (test for errors, line 204)
FAIL: c-c++-common/goacc/asyncwait-1.c -std=c++98 (test for errors, line 206)
FAIL: c-c++-common/goacc/asyncwait-1.c -std=c++98 (test for errors, line 210)
FAIL: c-c++-common/goacc/asyncwait-1.c -std=c++98 (test for excess errors)
FAIL: c-c++-common/goacc/asyncwait-1.c -std=c++11 (test for errors, line 186)
FAIL: c-c++-common/goacc/asyncwait-1.c -std=c++11 (test for errors, line 188)
FAIL: c-c++-common/goacc/asyncwait-1.c -std=c++11 (test for errors, line 190)
FAIL: c-c++-common/goacc/asyncwait-1.c -std=c++11 (test for errors, line 192)
FAIL: c-c++-common/goacc/asyncwait-1.c -std=c++11 (test for errors, line 194)
FAIL: c-c++-common/goacc/asyncwait-1.c -std=c++11 (test for errors, line 196)
FAIL: c-c++-common/goacc/asyncwait-1.c -std=c++11 (test for errors, line 198)
FAIL: c-c++-common/goacc/asyncwait-1.c -std=c++11 (test for errors, line 200)
FAIL: c-c++-common/goacc/asyncwait-1.c -std=c++11 (test for errors, line 202)
FAIL: c-c++-common/goacc/asyncwait-1.c -std=c++11 (test for errors, line 204)
FAIL: c-c++-common/goacc/asyncwait-1.c -std=c++11 (test for errors, line 206)
FAIL: c-c++-common/goacc/asyncwait-1.c -std=c++11 (test for errors, line 210)
FAIL: c-c++-common/goacc/asyncwait-1.c -std=c++11 (test for excess errors)
FAIL: c-c++-common/goacc/asyncwait-1.c -std=c++14 (test for errors, line 186)
FAIL: c-c++-common/goacc/asyncwait-1.c -std=c++14 (test for errors, line 188)
FAIL: c-c++-common/goacc/asyncwait-1.c -std=c++14 (test for errors, line 190)
FAIL: c-c++-common/goacc/asyncwait-1.c -std=c++14 (test for errors, line 192)
FAIL: c-c++-common/goacc/asyncwait-1.c -std=c++14 (test for errors, line 194)
FAIL: c-c++-common/goacc/asyncwait-1.c -std=c++14 (test for errors, line 196)
FAIL: c-c++-common/goacc/asyncwait-1.c -std=c++14 (test for errors, line 198)
FAIL: c-c++-common/goacc/asyncwait-1.c -std=c++14 (test for errors, line 200)
FAIL: c-c++-common/goacc/asyncwait-1.c -std=c++14 (test for errors, line 202)
FAIL: c-c++-common/goacc/asyncwait-1.c -std=c++14 (test for errors, line 204)
FAIL: c-c++-common/goacc/asyncwait-1.c -std=c++14 (test for errors, line 206)
FAIL: c-c++-common/goacc/asyncwait-1.c -std=c++14 (test for errors, line 210)
FAIL: c-c++-common/goacc/asyncwait-1.c -std=c++14 (test for excess errors)
FAIL: g++.dg/gomp/udr-3.C -std=gnu++98 (test for warnings, line 148)
FAIL: g++.dg/gomp/udr-3.C -std=gnu++98 (test for errors, line 149)
FAIL: g++.dg/gomp/udr-3.C -std=gnu++98 (test for warnings, line 150)
FAIL: g++.dg/gomp/udr-3.C -std=gnu++98 (test for errors, line 151)
FAIL: g++.dg/gomp/udr-3.C -std=gnu++98 (test for excess errors)
FAIL: g++.dg/gomp/udr-3.C -std=gnu++11 (test for warnings, line 148)
FAIL: g++.dg/gomp/udr-3.C -std=gnu++11 (test for errors, line 149)
FAIL: g++.dg/gomp/udr-3.C -std=gnu++11 (test for warnings, line 150)
FAIL: g++.dg/gomp/udr-3.C -std=gnu++11 (test for errors, line 151)
FAIL: g++.dg/gomp/udr-3.C -std=gnu++11 (test for excess errors)
FAIL: g++.dg/gomp/udr-3.C -std=gnu++14 (test for warnings, line 148)
FAIL: g++.dg/gomp/udr-3.C -std=gnu++14 (test for errors, line 149)
FAIL: g++.dg/gomp/udr-3.C -std=gnu++14 (test for warnings, line 150)
FAIL: g++.dg/gomp/udr-3.C -std=gnu++14 (test for errors, line 151)
FAIL: g++.dg/gomp/udr-3.C -std=gnu++14 (test for excess errors)
XPASS: g++.dg/tls/thread_local-order2.C -std=c++11 execution test
XPASS: g++.dg/tls/thread_local-order2.C -std=c++14 execution test
FAIL: g++.dg/tls/thread_local3.C -std=gnu++11 execution test
FAIL: g++.dg/tls/thread_local3.C -std=gnu++14 execution test
FAIL: g++.dg/tls/thread_local3g.C -std=gnu++11 execution test
FAIL: g++.dg/tls/thread_local3g.C -std=gnu++14 execution test
FAIL: g++.dg/tls/thread_local4.C -std=gnu++11 execution test
FAIL: g++.dg/tls/thread_local4.C -std=gnu++14 execution test
FAIL: g++.dg/tls/thread_local4g.C -std=gnu++11 execution test
FAIL: g++.dg/tls/thread_local4g.C -std=gnu++14 execution test
FAIL: g++.dg/tls/thread_local5.C -std=gnu++11 execution test
FAIL: g++.dg/tls/thread_local5.C -std=gnu++14 execution test
FAIL: g++.dg/tls/thread_local5g.C -std=gnu++11 execution test
FAIL: g++.dg/tls/thread_local5g.C -std=gnu++14 execution test
FAIL: g++.dg/torture/Wsizeof-pointer-memaccess2.C -O2 (test for excess errors)
FAIL: g++.dg/torture/pr34850.C -O3 -fomit-frame-pointer (test for excess errors)
FAIL: g++.dg/torture/pr34850.C -O3 -g (test for excess errors)
FAIL: g++.old-deja/g++.bugs/900428_01.C -std=c++98 (test for warnings, line 163)
FAIL: g++.old-deja/g++.bugs/900428_01.C -std=c++11 (test for warnings, line 163)
FAIL: g++.old-deja/g++.bugs/900428_01.C -std=c++14 (test for warnings, line 163)
FAIL: g++.old-deja/g++.mike/p784.C -std=gnu++14 (test for errors, line 2286)
FAIL: g++.old-deja/g++.mike/p784.C -std=gnu++14 (test for excess errors)
FAIL: g++.old-deja/g++.other/overload11.C -std=c++14 (test for errors, line 81)
FAIL: g++.old-deja/g++.other/overload11.C -std=c++14 (test for errors, line 82)
FAIL: g++.old-deja/g++.other/overload11.C -std=c++14 (test for errors, line 84)
FAIL: g++.old-deja/g++.other/overload11.C -std=c++14 (test for errors, line 85)
FAIL: g++.old-deja/g++.other/overload11.C -std=c++14 (test for errors, line 87)
FAIL: g++.old-deja/g++.other/overload11.C -std=c++14 (test for errors, line 88)
=== g++ Summary for unix/-fstack-protector ===
# of expected passes 82296
# of unexpected failures 304
# of unexpected successes 2
# of expected failures 265
# of unsupported tests 3081
=== g++ Summary ===
# of expected passes 164570
# of unexpected failures 630
# of unexpected successes 4
# of expected failures 530
# of unsupported tests 6162
/build/gcc-5-URJI_6/gcc-5-5-20150127/build/gcc/testsuite/g++/../../xg++ version 5.0.0 20150127 (experimental) [trunk revision 220167] (Debian 5-20150127-1)
=== gcc tests ===
Running target unix
FAIL: gcc.c-torture/compile/limits-fndefn.c -O2 -flto -fno-use-linker-plugin -flto-partition=none (internal compiler error)
FAIL: gcc.c-torture/compile/limits-fndefn.c -O2 -flto -fno-use-linker-plugin -flto-partition=none (test for excess errors)
FAIL: gcc.c-torture/compile/limits-fndefn.c -O2 -flto -fuse-linker-plugin -fno-fat-lto-objects (internal compiler error)
FAIL: gcc.c-torture/compile/limits-fndefn.c -O2 -flto -fuse-linker-plugin -fno-fat-lto-objects (test for excess errors)
FAIL: gcc.dg/cpp/macspace1.c (test for warnings, line 47)
FAIL: gcc.dg/cpp/macspace1.c (test for warnings, line 48)
FAIL: gcc.dg/cpp/macspace1.c (test for warnings, line 49)
FAIL: gcc.dg/cpp/macspace1.c (test for warnings, line 50)
FAIL: gcc.dg/cpp/macspace1.c (test for warnings, line 51)
FAIL: gcc.dg/cpp/macspace1.c (test for warnings, line 52)
FAIL: gcc.dg/cpp/macspace1.c (test for warnings, line 53)
FAIL: gcc.dg/cpp/macspace1.c (test for warnings, line 54)
FAIL: gcc.dg/cpp/macspace1.c (test for warnings, line 55)
FAIL: gcc.dg/cpp/macspace1.c (test for warnings, line 56)
FAIL: gcc.dg/cpp/macspace1.c (test for warnings, line 57)
FAIL: gcc.dg/cpp/macspace1.c (test for warnings, line 58)
FAIL: gcc.dg/cpp/macspace1.c (test for warnings, line 59)
FAIL: gcc.dg/cpp/macspace1.c (test for excess errors)
FAIL: gcc.dg/cpp/macspace2.c (test for errors, line 45)
FAIL: gcc.dg/cpp/macspace2.c (test for errors, line 46)
FAIL: gcc.dg/cpp/macspace2.c (test for errors, line 47)
FAIL: gcc.dg/cpp/macspace2.c (test for errors, line 48)
FAIL: gcc.dg/cpp/macspace2.c (test for errors, line 49)
FAIL: gcc.dg/cpp/macspace2.c (test for errors, line 50)
FAIL: gcc.dg/cpp/macspace2.c (test for errors, line 51)
FAIL: gcc.dg/cpp/macspace2.c (test for errors, line 52)
FAIL: gcc.dg/cpp/macspace2.c (test for errors, line 53)
FAIL: gcc.dg/cpp/macspace2.c (test for errors, line 54)
FAIL: gcc.dg/cpp/macspace2.c (test for errors, line 55)
FAIL: gcc.dg/cpp/macspace2.c (test for errors, line 56)
FAIL: gcc.dg/cpp/macspace2.c (test for errors, line 57)
FAIL: gcc.dg/cpp/macspace2.c (test for errors, line 58)
FAIL: gcc.dg/cpp/macspace2.c (test for errors, line 59)
FAIL: gcc.dg/cpp/macspace2.c (test for excess errors)
FAIL: gcc.dg/cpp/pr33466.c (test for errors, line 53)
FAIL: gcc.dg/cpp/pr33466.c (test for errors, line 54)
FAIL: gcc.dg/cpp/pr33466.c (test for errors, line 55)
FAIL: gcc.dg/cpp/pr33466.c (test for errors, line 56)
FAIL: gcc.dg/cpp/pr33466.c (test for errors, line 57)
FAIL: gcc.dg/cpp/pr33466.c (test for errors, line 58)
FAIL: gcc.dg/cpp/pr33466.c (test for errors, line 59)
FAIL: gcc.dg/cpp/pr33466.c (test for errors, line 60)
FAIL: gcc.dg/cpp/pr33466.c (test for errors, line 61)
FAIL: gcc.dg/cpp/pr33466.c (test for errors, line 62)
FAIL: gcc.dg/cpp/pr33466.c (test for errors, line 63)
FAIL: gcc.dg/cpp/pr33466.c (test for errors, line 64)
FAIL: gcc.dg/cpp/pr33466.c (test for excess errors)
FAIL: gcc.dg/Wcxx-compat-6.c (test for warnings, line 101)
FAIL: gcc.dg/Wcxx-compat-6.c (test for warnings, line 103)
FAIL: gcc.dg/Wcxx-compat-6.c (test for excess errors)
FAIL: gcc.dg/Wparentheses-2.c correct warning (test for warnings, line 115)
FAIL: gcc.dg/Wparentheses-2.c correct warning (test for warnings, line 118)
FAIL: gcc.dg/Wparentheses-2.c (test for excess errors)
FAIL: gcc.dg/Wparentheses-6.c correct warning (test for warnings, line 118)
FAIL: gcc.dg/Wparentheses-6.c (test for excess errors)
FAIL: gcc.dg/Wparentheses-7.c correct warning (test for warnings, line 118)
FAIL: gcc.dg/Wparentheses-7.c (test for excess errors)
FAIL: gcc.dg/Wsign-conversion.c (test for warnings, line 90)
FAIL: gcc.dg/Wsign-conversion.c (test for warnings, line 91)
FAIL: gcc.dg/Wsign-conversion.c (test for warnings, line 94)
FAIL: gcc.dg/Wsign-conversion.c (test for excess errors)
FAIL: gcc.dg/builtins-error.c (test for errors, line 59)
FAIL: gcc.dg/builtins-error.c (test for errors, line 60)
FAIL: gcc.dg/builtins-error.c (test for errors, line 61)
FAIL: gcc.dg/builtins-error.c (test for errors, line 62)
FAIL: gcc.dg/builtins-error.c (test for errors, line 63)
FAIL: gcc.dg/builtins-error.c (test for excess errors)
FAIL: gcc.dg/c99-typespec-1.c unsigned long long int float (test for errors, line 1159)
FAIL: gcc.dg/c99-typespec-1.c unsigned long long int double (test for errors, line 1160)
FAIL: gcc.dg/c99-typespec-1.c unsigned long long int signed (test for errors, line 1161)
FAIL: gcc.dg/c99-typespec-1.c unsigned long long int unsigned (test for errors, line 1162)
FAIL: gcc.dg/c99-typespec-1.c unsigned long long int _Bool (test for errors, line 1163)
FAIL: gcc.dg/c99-typespec-1.c unsigned long long int _Complex (test for errors, line 1164)
FAIL: gcc.dg/c99-typespec-1.c (test for excess errors)
FAIL: gcc.dg/cleanup-10.c execution test
FAIL: gcc.dg/cleanup-11.c execution test
FAIL: gcc.dg/cleanup-8.c execution test
FAIL: gcc.dg/cleanup-9.c execution test
FAIL: gcc.dg/enum-incomplete-1.c (test for errors, line 69)
FAIL: gcc.dg/enum-incomplete-1.c (test for errors, line 70)
FAIL: gcc.dg/enum-incomplete-1.c (test for errors, line 71)
FAIL: gcc.dg/enum-incomplete-1.c (test for errors, line 72)
FAIL: gcc.dg/enum-incomplete-1.c (test for errors, line 76)
FAIL: gcc.dg/enum-incomplete-1.c (test for errors, line 77)
FAIL: gcc.dg/enum-incomplete-1.c (test for errors, line 79)
FAIL: gcc.dg/enum-incomplete-1.c (test for errors, line 80)
FAIL: gcc.dg/enum-incomplete-1.c (test for errors, line 81)
FAIL: gcc.dg/enum-incomplete-1.c (test for errors, line 83)
FAIL: gcc.dg/enum-incomplete-1.c (test for errors, line 85)
FAIL: gcc.dg/enum-incomplete-1.c (test for excess errors)
FAIL: gcc.dg/overflow-warn-2.c (test for warnings, line 103)
FAIL: gcc.dg/overflow-warn-2.c (test for warnings, line 119)
FAIL: gcc.dg/overflow-warn-2.c (test for warnings, line 122)
FAIL: gcc.dg/overflow-warn-2.c (test for warnings, line 125)
FAIL: gcc.dg/overflow-warn-2.c -Wtraditional-conversion (test for warnings, line 127)
FAIL: gcc.dg/overflow-warn-2.c -Wtraditional-conversion (test for warnings, line 131)
FAIL: gcc.dg/overflow-warn-2.c (test for excess errors)
FAIL: gcc.dg/pointer-array-quals-1.c (test for warnings, line 95)
FAIL: gcc.dg/pointer-array-quals-1.c (test for errors, line 96)
FAIL: gcc.dg/pointer-array-quals-1.c (test for errors, line 97)
FAIL: gcc.dg/pointer-array-quals-1.c (test for errors, line 98)
FAIL: gcc.dg/pointer-array-quals-1.c (test for warnings, line 99)
FAIL: gcc.dg/pointer-array-quals-1.c (test for warnings, line 100)
FAIL: gcc.dg/pointer-array-quals-1.c (test for warnings, line 101)
FAIL: gcc.dg/pointer-array-quals-1.c (test for warnings, line 102)
FAIL: gcc.dg/pointer-array-quals-1.c (test for warnings, line 103)
FAIL: gcc.dg/pointer-array-quals-1.c (test for warnings, line 104)
FAIL: gcc.dg/pointer-array-quals-1.c (test for excess errors)
FAIL: gcc.dg/pr45352-1.c (test for excess errors)
FAIL: gcc.dg/pr61096-1.c (test for errors, line 61)
FAIL: gcc.dg/pr61096-1.c (test for excess errors)
FAIL: gcc.dg/pr63914.c (test for excess errors)
FAIL: gcc.dg/sequence-pt-1.c sequence point warning (test for warnings, line 64)
FAIL: gcc.dg/sequence-pt-1.c sequence point warning (test for warnings, line 65)
FAIL: gcc.dg/sequence-pt-1.c (test for excess errors)
FAIL: c-c++-common/Wcast-qual-1.c -Wc++-compat (test for warnings, line 149)
FAIL: c-c++-common/Wcast-qual-1.c -Wc++-compat (test for warnings, line 150)
FAIL: c-c++-common/Wcast-qual-1.c -Wc++-compat (test for warnings, line 151)
FAIL: c-c++-common/Wcast-qual-1.c -Wc++-compat (test for warnings, line 154)
FAIL: c-c++-common/Wcast-qual-1.c -Wc++-compat (test for warnings, line 155)
FAIL: c-c++-common/Wcast-qual-1.c -Wc++-compat (test for warnings, line 156)
FAIL: c-c++-common/Wcast-qual-1.c -Wc++-compat (test for warnings, line 157)
FAIL: c-c++-common/Wcast-qual-1.c -Wc++-compat (test for excess errors)
FAIL: c-c++-common/Wsizeof-pointer-memaccess1.c -Wc++-compat (test for warnings, line 123)
FAIL: c-c++-common/Wsizeof-pointer-memaccess1.c -Wc++-compat (test for warnings, line 124)
FAIL: c-c++-common/Wsizeof-pointer-memaccess1.c -Wc++-compat (test for warnings, line 151)
FAIL: c-c++-common/Wsizeof-pointer-memaccess1.c -Wc++-compat (test for warnings, line 152)
FAIL: c-c++-common/Wsizeof-pointer-memaccess1.c -Wc++-compat (test for warnings, line 153)
FAIL: c-c++-common/Wsizeof-pointer-memaccess1.c -Wc++-compat (test for warnings, line 154)
FAIL: c-c++-common/Wsizeof-pointer-memaccess1.c -Wc++-compat (test for excess errors)
FAIL: gcc.dg/format/asm_fprintf-1.c repeated flag warning (test for warnings, line 74)
FAIL: gcc.dg/format/asm_fprintf-1.c wide string (test for warnings, line 75)
FAIL: gcc.dg/format/asm_fprintf-1.c %s with NULL (test for warnings, line 76)
FAIL: gcc.dg/format/asm_fprintf-1.c bad argument types (test for warnings, line 79)
FAIL: gcc.dg/format/asm_fprintf-1.c (test for excess errors)
FAIL: gcc.dg/format/asm_fprintf-1.c -DWIDE repeated flag warning (test for warnings, line 74)
FAIL: gcc.dg/format/asm_fprintf-1.c -DWIDE wide string (test for warnings, line 75)
FAIL: gcc.dg/format/asm_fprintf-1.c -DWIDE %s with NULL (test for warnings, line 76)
FAIL: gcc.dg/format/asm_fprintf-1.c -DWIDE bad argument types (test for warnings, line 79)
FAIL: gcc.dg/format/asm_fprintf-1.c -DWIDE (test for excess errors)
FAIL: gcc.dg/format/ext-2.c bad use of I flag (test for warnings, line 70)
FAIL: gcc.dg/format/ext-2.c bad use of I flag (test for warnings, line 71)
FAIL: gcc.dg/format/ext-2.c bad use of I flag (test for warnings, line 72)
FAIL: gcc.dg/format/ext-2.c (test for excess errors)
FAIL: gcc.dg/format/ext-2.c -DWIDE bad use of I flag (test for warnings, line 70)
FAIL: gcc.dg/format/ext-2.c -DWIDE bad use of I flag (test for warnings, line 71)
FAIL: gcc.dg/format/ext-2.c -DWIDE bad use of I flag (test for warnings, line 72)
FAIL: gcc.dg/format/ext-2.c -DWIDE (test for excess errors)
FAIL: c-c++-common/goacc/asyncwait-1.c (test for errors, line 198)
FAIL: c-c++-common/goacc/asyncwait-1.c (test for errors, line 200)
FAIL: c-c++-common/goacc/asyncwait-1.c (test for errors, line 202)
FAIL: c-c++-common/goacc/asyncwait-1.c (test for errors, line 204)
FAIL: c-c++-common/goacc/asyncwait-1.c (test for errors, line 206)
FAIL: c-c++-common/goacc/asyncwait-1.c (test for errors, line 210)
FAIL: c-c++-common/goacc/asyncwait-1.c (test for excess errors)
FAIL: gcc.dg/gomp/nesting-1.c (test for errors, line 164)
FAIL: gcc.dg/gomp/nesting-1.c (test for errors, line 170)
FAIL: gcc.dg/gomp/nesting-1.c (test for errors, line 174)
FAIL: gcc.dg/gomp/nesting-1.c (test for errors, line 183)
FAIL: gcc.dg/gomp/nesting-1.c (test for errors, line 193)
FAIL: gcc.dg/gomp/nesting-1.c (test for errors, line 205)
FAIL: gcc.dg/gomp/nesting-1.c (test for errors, line 234)
FAIL: gcc.dg/gomp/nesting-1.c (test for errors, line 237)
FAIL: gcc.dg/gomp/udr-2.c (test for errors, line 37)
FAIL: gcc.dg/gomp/udr-2.c (test for errors, line 38)
FAIL: gcc.dg/gomp/udr-2.c (test for errors, line 39)
FAIL: gcc.dg/gomp/udr-2.c (test for errors, line 40)
FAIL: gcc.dg/gomp/udr-2.c (test for errors, line 41)
FAIL: gcc.dg/graphite/vect-pr43423.c scan-tree-dump-times vect "vectorized 2 loops" 1
FAIL: gcc.dg/noncompile/920923-1.c -O0 (test for errors, line 112)
FAIL: gcc.dg/noncompile/920923-1.c -O0 (test for errors, line 117)
FAIL: gcc.dg/noncompile/920923-1.c -O0 (test for excess errors)
FAIL: gcc.dg/noncompile/920923-1.c -O1 (test for errors, line 112)
FAIL: gcc.dg/noncompile/920923-1.c -O1 (test for errors, line 117)
FAIL: gcc.dg/noncompile/920923-1.c -O1 (test for excess errors)
FAIL: gcc.dg/noncompile/920923-1.c -O2 (test for errors, line 112)
FAIL: gcc.dg/noncompile/920923-1.c -O2 (test for errors, line 117)
FAIL: gcc.dg/noncompile/920923-1.c -O2 (test for excess errors)
FAIL: gcc.dg/noncompile/920923-1.c -O3 -fomit-frame-pointer (test for errors, line 112)
FAIL: gcc.dg/noncompile/920923-1.c -O3 -fomit-frame-pointer (test for errors, line 117)
FAIL: gcc.dg/noncompile/920923-1.c -O3 -fomit-frame-pointer (test for excess errors)
FAIL: gcc.dg/noncompile/920923-1.c -O3 -fomit-frame-pointer -funroll-loops (test for errors, line 112)
FAIL: gcc.dg/noncompile/920923-1.c -O3 -fomit-frame-pointer -funroll-loops (test for errors, line 117)
FAIL: gcc.dg/noncompile/920923-1.c -O3 -fomit-frame-pointer -funroll-loops (test for excess errors)
FAIL: gcc.dg/noncompile/920923-1.c -O3 -fomit-frame-pointer -funroll-all-loops -finline-functions (test for errors, line 112)
FAIL: gcc.dg/noncompile/920923-1.c -O3 -fomit-frame-pointer -funroll-all-loops -finline-functions (test for errors, line 117)
FAIL: gcc.dg/noncompile/920923-1.c -O3 -fomit-frame-pointer -funroll-all-loops -finline-functions (test for excess errors)
FAIL: gcc.dg/noncompile/920923-1.c -O3 -g (test for errors, line 112)
FAIL: gcc.dg/noncompile/920923-1.c -O3 -g (test for errors, line 117)
FAIL: gcc.dg/noncompile/920923-1.c -O3 -g (test for excess errors)
FAIL: gcc.dg/noncompile/920923-1.c -Os (test for errors, line 112)
FAIL: gcc.dg/noncompile/920923-1.c -Os (test for errors, line 117)
FAIL: gcc.dg/noncompile/920923-1.c -Os (test for excess errors)
FAIL: gcc.dg/noncompile/920923-1.c -O2 -flto -fno-use-linker-plugin -flto-partition=none (test for errors, line 112)
FAIL: gcc.dg/noncompile/920923-1.c -O2 -flto -fno-use-linker-plugin -flto-partition=none (test for errors, line 117)
FAIL: gcc.dg/noncompile/920923-1.c -O2 -flto -fno-use-linker-plugin -flto-partition=none (test for excess errors)
FAIL: gcc.dg/noncompile/920923-1.c -O2 -flto -fuse-linker-plugin -fno-fat-lto-objects (test for errors, line 112)
FAIL: gcc.dg/noncompile/920923-1.c -O2 -flto -fuse-linker-plugin -fno-fat-lto-objects (test for errors, line 117)
FAIL: gcc.dg/noncompile/920923-1.c -O2 -flto -fuse-linker-plugin -fno-fat-lto-objects (test for excess errors)
FAIL: largefile.c -O0 -g -I. -Dwith_PCH (internal compiler error)
FAIL: largefile.c -O0 -g -I. -Dwith_PCH (test for excess errors)
FAIL: gcc.dg/pch/largefile.c -O0 -g assembly comparison
FAIL: largefile.c -O0 -I. -Dwith_PCH (test for excess errors)
FAIL: gcc.dg/pch/largefile.c -O0 assembly comparison
FAIL: largefile.c -O1 -I. -Dwith_PCH (internal compiler error)
FAIL: largefile.c -O1 -I. -Dwith_PCH (test for excess errors)
FAIL: gcc.dg/pch/largefile.c -O1 assembly comparison
FAIL: largefile.c -O2 -I. -Dwith_PCH (internal compiler error)
FAIL: largefile.c -O2 -I. -Dwith_PCH (test for excess errors)
FAIL: gcc.dg/pch/largefile.c -O2 assembly comparison
FAIL: largefile.c -O3 -fomit-frame-pointer -I. -Dwith_PCH (internal compiler error)
FAIL: largefile.c -O3 -fomit-frame-pointer -I. -Dwith_PCH (test for excess errors)
FAIL: gcc.dg/pch/largefile.c -O3 -fomit-frame-pointer assembly comparison
FAIL: largefile.c -O3 -g -I. -Dwith_PCH (internal compiler error)
FAIL: largefile.c -O3 -g -I. -Dwith_PCH (test for excess errors)
FAIL: gcc.dg/pch/largefile.c -O3 -g assembly comparison
FAIL: largefile.c -Os -I. -Dwith_PCH (internal compiler error)
FAIL: largefile.c -Os -I. -Dwith_PCH (test for excess errors)
FAIL: gcc.dg/pch/largefile.c -Os assembly comparison
FAIL: gcc.target/i386/mcount_pic.c (test for excess errors)
UNRESOLVED: gcc.target/i386/mcount_pic.c compilation failed to produce executable
FAIL: gcc.target/i386/pr49095.c scan-assembler-not test[lq]
FAIL: gcc.target/i386/testround-1.c (test for errors, line 502)
FAIL: gcc.target/i386/testround-1.c (test for errors, line 503)
FAIL: gcc.target/i386/testround-1.c (test for errors, line 505)
FAIL: gcc.target/i386/testround-1.c (test for errors, line 506)
FAIL: gcc.target/i386/testround-1.c (test for excess errors)
=== gcc Summary for unix ===
# of expected passes 105377
# of unexpected failures 226
# of expected failures 260
# of unresolved testcases 1
# of unsupported tests 1331
Running target unix/-fstack-protector
FAIL: gcc.c-torture/compile/limits-fndefn.c -O2 -flto -fno-use-linker-plugin -flto-partition=none (internal compiler error)
FAIL: gcc.c-torture/compile/limits-fndefn.c -O2 -flto -fno-use-linker-plugin -flto-partition=none (test for excess errors)
FAIL: gcc.c-torture/compile/limits-fndefn.c -O2 -flto -fuse-linker-plugin -fno-fat-lto-objects (internal compiler error)
FAIL: gcc.c-torture/compile/limits-fndefn.c -O2 -flto -fuse-linker-plugin -fno-fat-lto-objects (test for excess errors)
FAIL: gcc.dg/cpp/macspace1.c (test for warnings, line 47)
FAIL: gcc.dg/cpp/macspace1.c (test for warnings, line 48)
FAIL: gcc.dg/cpp/macspace1.c (test for warnings, line 49)
FAIL: gcc.dg/cpp/macspace1.c (test for warnings, line 50)
FAIL: gcc.dg/cpp/macspace1.c (test for warnings, line 51)
FAIL: gcc.dg/cpp/macspace1.c (test for warnings, line 52)
FAIL: gcc.dg/cpp/macspace1.c (test for warnings, line 53)
FAIL: gcc.dg/cpp/macspace1.c (test for warnings, line 54)
FAIL: gcc.dg/cpp/macspace1.c (test for warnings, line 55)
FAIL: gcc.dg/cpp/macspace1.c (test for warnings, line 56)
FAIL: gcc.dg/cpp/macspace1.c (test for warnings, line 57)
FAIL: gcc.dg/cpp/macspace1.c (test for warnings, line 58)
FAIL: gcc.dg/cpp/macspace1.c (test for warnings, line 59)
FAIL: gcc.dg/cpp/macspace1.c (test for excess errors)
FAIL: gcc.dg/cpp/macspace2.c (test for errors, line 45)
FAIL: gcc.dg/cpp/macspace2.c (test for errors, line 46)
FAIL: gcc.dg/cpp/macspace2.c (test for errors, line 47)
FAIL: gcc.dg/cpp/macspace2.c (test for errors, line 48)
FAIL: gcc.dg/cpp/macspace2.c (test for errors, line 49)
FAIL: gcc.dg/cpp/macspace2.c (test for errors, line 50)
FAIL: gcc.dg/cpp/macspace2.c (test for errors, line 51)
FAIL: gcc.dg/cpp/macspace2.c (test for errors, line 52)
FAIL: gcc.dg/cpp/macspace2.c (test for errors, line 53)
FAIL: gcc.dg/cpp/macspace2.c (test for errors, line 54)
FAIL: gcc.dg/cpp/macspace2.c (test for errors, line 55)
FAIL: gcc.dg/cpp/macspace2.c (test for errors, line 56)
FAIL: gcc.dg/cpp/macspace2.c (test for errors, line 57)
FAIL: gcc.dg/cpp/macspace2.c (test for errors, line 58)
FAIL: gcc.dg/cpp/macspace2.c (test for errors, line 59)
FAIL: gcc.dg/cpp/macspace2.c (test for excess errors)
FAIL: gcc.dg/cpp/pr33466.c (test for errors, line 53)
FAIL: gcc.dg/cpp/pr33466.c (test for errors, line 54)
FAIL: gcc.dg/cpp/pr33466.c (test for errors, line 55)
FAIL: gcc.dg/cpp/pr33466.c (test for errors, line 56)
FAIL: gcc.dg/cpp/pr33466.c (test for errors, line 57)
FAIL: gcc.dg/cpp/pr33466.c (test for errors, line 58)
FAIL: gcc.dg/cpp/pr33466.c (test for errors, line 59)
FAIL: gcc.dg/cpp/pr33466.c (test for errors, line 60)
FAIL: gcc.dg/cpp/pr33466.c (test for errors, line 61)
FAIL: gcc.dg/cpp/pr33466.c (test for errors, line 62)
FAIL: gcc.dg/cpp/pr33466.c (test for errors, line 63)
FAIL: gcc.dg/cpp/pr33466.c (test for errors, line 64)
FAIL: gcc.dg/cpp/pr33466.c (test for excess errors)
FAIL: gcc.dg/Wcxx-compat-6.c (test for warnings, line 101)
FAIL: gcc.dg/Wcxx-compat-6.c (test for warnings, line 103)
FAIL: gcc.dg/Wcxx-compat-6.c (test for excess errors)
FAIL: gcc.dg/Wparentheses-2.c correct warning (test for warnings, line 115)
FAIL: gcc.dg/Wparentheses-2.c correct warning (test for warnings, line 118)
FAIL: gcc.dg/Wparentheses-2.c (test for excess errors)
FAIL: gcc.dg/Wparentheses-6.c correct warning (test for warnings, line 118)
FAIL: gcc.dg/Wparentheses-6.c (test for excess errors)
FAIL: gcc.dg/Wparentheses-7.c correct warning (test for warnings, line 118)
FAIL: gcc.dg/Wparentheses-7.c (test for excess errors)
FAIL: gcc.dg/Wsign-conversion.c (test for warnings, line 90)
FAIL: gcc.dg/Wsign-conversion.c (test for warnings, line 91)
FAIL: gcc.dg/Wsign-conversion.c (test for warnings, line 94)
FAIL: gcc.dg/Wsign-conversion.c (test for excess errors)
FAIL: gcc.dg/builtins-error.c (test for errors, line 59)
FAIL: gcc.dg/builtins-error.c (test for errors, line 60)
FAIL: gcc.dg/builtins-error.c (test for errors, line 61)
FAIL: gcc.dg/builtins-error.c (test for errors, line 62)
FAIL: gcc.dg/builtins-error.c (test for errors, line 63)
FAIL: gcc.dg/builtins-error.c (test for excess errors)
FAIL: gcc.dg/c99-typespec-1.c unsigned long long int float (test for errors, line 1159)
FAIL: gcc.dg/c99-typespec-1.c unsigned long long int double (test for errors, line 1160)
FAIL: gcc.dg/c99-typespec-1.c unsigned long long int signed (test for errors, line 1161)
FAIL: gcc.dg/c99-typespec-1.c unsigned long long int unsigned (test for errors, line 1162)
FAIL: gcc.dg/c99-typespec-1.c unsigned long long int _Bool (test for errors, line 1163)
FAIL: gcc.dg/c99-typespec-1.c unsigned long long int _Complex (test for errors, line 1164)
FAIL: gcc.dg/c99-typespec-1.c (test for excess errors)
FAIL: gcc.dg/cleanup-10.c execution test
FAIL: gcc.dg/cleanup-11.c execution test
FAIL: gcc.dg/cleanup-8.c execution test
FAIL: gcc.dg/cleanup-9.c execution test
FAIL: gcc.dg/enum-incomplete-1.c (test for errors, line 69)
FAIL: gcc.dg/enum-incomplete-1.c (test for errors, line 70)
FAIL: gcc.dg/enum-incomplete-1.c (test for errors, line 71)
FAIL: gcc.dg/enum-incomplete-1.c (test for errors, line 72)
FAIL: gcc.dg/enum-incomplete-1.c (test for errors, line 76)
FAIL: gcc.dg/enum-incomplete-1.c (test for errors, line 77)
FAIL: gcc.dg/enum-incomplete-1.c (test for errors, line 79)
FAIL: gcc.dg/enum-incomplete-1.c (test for errors, line 80)
FAIL: gcc.dg/enum-incomplete-1.c (test for errors, line 81)
FAIL: gcc.dg/enum-incomplete-1.c (test for errors, line 83)
FAIL: gcc.dg/enum-incomplete-1.c (test for errors, line 85)
FAIL: gcc.dg/enum-incomplete-1.c (test for excess errors)
FAIL: gcc.dg/fstack-protector-strong.c scan-assembler-times stack_chk_fail 12
FAIL: gcc.dg/overflow-warn-2.c (test for warnings, line 103)
FAIL: gcc.dg/overflow-warn-2.c (test for warnings, line 119)
FAIL: gcc.dg/overflow-warn-2.c (test for warnings, line 122)
FAIL: gcc.dg/overflow-warn-2.c (test for warnings, line 125)
FAIL: gcc.dg/overflow-warn-2.c -Wtraditional-conversion (test for warnings, line 127)
FAIL: gcc.dg/overflow-warn-2.c -Wtraditional-conversion (test for warnings, line 131)
FAIL: gcc.dg/overflow-warn-2.c (test for excess errors)
FAIL: gcc.dg/pointer-array-quals-1.c (test for warnings, line 95)
FAIL: gcc.dg/pointer-array-quals-1.c (test for errors, line 96)
FAIL: gcc.dg/pointer-array-quals-1.c (test for errors, line 97)
FAIL: gcc.dg/pointer-array-quals-1.c (test for errors, line 98)
FAIL: gcc.dg/pointer-array-quals-1.c (test for warnings, line 99)
FAIL: gcc.dg/pointer-array-quals-1.c (test for warnings, line 100)
FAIL: gcc.dg/pointer-array-quals-1.c (test for warnings, line 101)
FAIL: gcc.dg/pointer-array-quals-1.c (test for warnings, line 102)
FAIL: gcc.dg/pointer-array-quals-1.c (test for warnings, line 103)
FAIL: gcc.dg/pointer-array-quals-1.c (test for warnings, line 104)
FAIL: gcc.dg/pointer-array-quals-1.c (test for excess errors)
FAIL: gcc.dg/pr45352-1.c (test for excess errors)
FAIL: gcc.dg/pr61096-1.c (test for errors, line 61)
FAIL: gcc.dg/pr61096-1.c (test for excess errors)
FAIL: gcc.dg/pr63914.c (test for excess errors)
FAIL: gcc.dg/sequence-pt-1.c sequence point warning (test for warnings, line 64)
FAIL: gcc.dg/sequence-pt-1.c sequence point warning (test for warnings, line 65)
FAIL: gcc.dg/sequence-pt-1.c (test for excess errors)
FAIL: gcc.dg/stack-usage-1.c scan-file foo\\t(256|264)\\tstatic
FAIL: gcc.dg/superblock.c scan-rtl-dump-times sched2 "ADVANCING TO" 2
FAIL: c-c++-common/Wcast-qual-1.c -Wc++-compat (test for warnings, line 149)
FAIL: c-c++-common/Wcast-qual-1.c -Wc++-compat (test for warnings, line 150)
FAIL: c-c++-common/Wcast-qual-1.c -Wc++-compat (test for warnings, line 151)
FAIL: c-c++-common/Wcast-qual-1.c -Wc++-compat (test for warnings, line 154)
FAIL: c-c++-common/Wcast-qual-1.c -Wc++-compat (test for warnings, line 155)
FAIL: c-c++-common/Wcast-qual-1.c -Wc++-compat (test for warnings, line 156)
FAIL: c-c++-common/Wcast-qual-1.c -Wc++-compat (test for warnings, line 157)
FAIL: c-c++-common/Wcast-qual-1.c -Wc++-compat (test for excess errors)
FAIL: c-c++-common/Wsizeof-pointer-memaccess1.c -Wc++-compat (test for warnings, line 123)
FAIL: c-c++-common/Wsizeof-pointer-memaccess1.c -Wc++-compat (test for warnings, line 124)
FAIL: c-c++-common/Wsizeof-pointer-memaccess1.c -Wc++-compat (test for warnings, line 151)
FAIL: c-c++-common/Wsizeof-pointer-memaccess1.c -Wc++-compat (test for warnings, line 152)
FAIL: c-c++-common/Wsizeof-pointer-memaccess1.c -Wc++-compat (test for warnings, line 153)
FAIL: c-c++-common/Wsizeof-pointer-memaccess1.c -Wc++-compat (test for warnings, line 154)
FAIL: c-c++-common/Wsizeof-pointer-memaccess1.c -Wc++-compat (test for excess errors)
FAIL: gcc.dg/format/asm_fprintf-1.c repeated flag warning (test for warnings, line 74)
FAIL: gcc.dg/format/asm_fprintf-1.c wide string (test for warnings, line 75)
FAIL: gcc.dg/format/asm_fprintf-1.c %s with NULL (test for warnings, line 76)
FAIL: gcc.dg/format/asm_fprintf-1.c bad argument types (test for warnings, line 79)
FAIL: gcc.dg/format/asm_fprintf-1.c (test for excess errors)
FAIL: gcc.dg/format/asm_fprintf-1.c -DWIDE repeated flag warning (test for warnings, line 74)
FAIL: gcc.dg/format/asm_fprintf-1.c -DWIDE wide string (test for warnings, line 75)
FAIL: gcc.dg/format/asm_fprintf-1.c -DWIDE %s with NULL (test for warnings, line 76)
FAIL: gcc.dg/format/asm_fprintf-1.c -DWIDE bad argument types (test for warnings, line 79)
FAIL: gcc.dg/format/asm_fprintf-1.c -DWIDE (test for excess errors)
FAIL: gcc.dg/format/ext-2.c bad use of I flag (test for warnings, line 70)
FAIL: gcc.dg/format/ext-2.c bad use of I flag (test for warnings, line 71)
FAIL: gcc.dg/format/ext-2.c bad use of I flag (test for warnings, line 72)
FAIL: gcc.dg/format/ext-2.c (test for excess errors)
FAIL: gcc.dg/format/ext-2.c -DWIDE bad use of I flag (test for warnings, line 70)
FAIL: gcc.dg/format/ext-2.c -DWIDE bad use of I flag (test for warnings, line 71)
FAIL: gcc.dg/format/ext-2.c -DWIDE bad use of I flag (test for warnings, line 72)
FAIL: gcc.dg/format/ext-2.c -DWIDE (test for excess errors)
FAIL: c-c++-common/goacc/asyncwait-1.c (test for errors, line 198)
FAIL: c-c++-common/goacc/asyncwait-1.c (test for errors, line 200)
FAIL: c-c++-common/goacc/asyncwait-1.c (test for errors, line 202)
FAIL: c-c++-common/goacc/asyncwait-1.c (test for errors, line 204)
FAIL: c-c++-common/goacc/asyncwait-1.c (test for errors, line 206)
FAIL: c-c++-common/goacc/asyncwait-1.c (test for errors, line 210)
FAIL: c-c++-common/goacc/asyncwait-1.c (test for excess errors)
FAIL: gcc.dg/gomp/nesting-1.c (test for errors, line 164)
FAIL: gcc.dg/gomp/nesting-1.c (test for errors, line 170)
FAIL: gcc.dg/gomp/nesting-1.c (test for errors, line 174)
FAIL: gcc.dg/gomp/nesting-1.c (test for errors, line 183)
FAIL: gcc.dg/gomp/nesting-1.c (test for errors, line 193)
FAIL: gcc.dg/gomp/nesting-1.c (test for errors, line 205)
FAIL: gcc.dg/gomp/nesting-1.c (test for errors, line 234)
FAIL: gcc.dg/gomp/nesting-1.c (test for errors, line 237)
FAIL: gcc.dg/gomp/udr-2.c (test for errors, line 37)
FAIL: gcc.dg/gomp/udr-2.c (test for errors, line 38)
FAIL: gcc.dg/gomp/udr-2.c (test for errors, line 39)
FAIL: gcc.dg/gomp/udr-2.c (test for errors, line 40)
FAIL: gcc.dg/gomp/udr-2.c (test for errors, line 41)
FAIL: gcc.dg/graphite/vect-pr43423.c scan-tree-dump-times vect "vectorized 2 loops" 1
FAIL: gcc.dg/noncompile/920923-1.c -O0 (test for errors, line 112)
FAIL: gcc.dg/noncompile/920923-1.c -O0 (test for errors, line 117)
FAIL: gcc.dg/noncompile/920923-1.c -O0 (test for excess errors)
FAIL: gcc.dg/noncompile/920923-1.c -O1 (test for errors, line 112)
FAIL: gcc.dg/noncompile/920923-1.c -O1 (test for errors, line 117)
FAIL: gcc.dg/noncompile/920923-1.c -O1 (test for excess errors)
FAIL: gcc.dg/noncompile/920923-1.c -O2 (test for errors, line 112)
FAIL: gcc.dg/noncompile/920923-1.c -O2 (test for errors, line 117)
FAIL: gcc.dg/noncompile/920923-1.c -O2 (test for excess errors)
FAIL: gcc.dg/noncompile/920923-1.c -O3 -fomit-frame-pointer (test for errors, line 112)
FAIL: gcc.dg/noncompile/920923-1.c -O3 -fomit-frame-pointer (test for errors, line 117)
FAIL: gcc.dg/noncompile/920923-1.c -O3 -fomit-frame-pointer (test for excess errors)
FAIL: gcc.dg/noncompile/920923-1.c -O3 -fomit-frame-pointer -funroll-loops (test for errors, line 112)
FAIL: gcc.dg/noncompile/920923-1.c -O3 -fomit-frame-pointer -funroll-loops (test for errors, line 117)
FAIL: gcc.dg/noncompile/920923-1.c -O3 -fomit-frame-pointer -funroll-loops (test for excess errors)
FAIL: gcc.dg/noncompile/920923-1.c -O3 -fomit-frame-pointer -funroll-all-loops -finline-functions (test for errors, line 112)
FAIL: gcc.dg/noncompile/920923-1.c -O3 -fomit-frame-pointer -funroll-all-loops -finline-functions (test for errors, line 117)
FAIL: gcc.dg/noncompile/920923-1.c -O3 -fomit-frame-pointer -funroll-all-loops -finline-functions (test for excess errors)
FAIL: gcc.dg/noncompile/920923-1.c -O3 -g (test for errors, line 112)
FAIL: gcc.dg/noncompile/920923-1.c -O3 -g (test for errors, line 117)
FAIL: gcc.dg/noncompile/920923-1.c -O3 -g (test for excess errors)
FAIL: gcc.dg/noncompile/920923-1.c -Os (test for errors, line 112)
FAIL: gcc.dg/noncompile/920923-1.c -Os (test for errors, line 117)
FAIL: gcc.dg/noncompile/920923-1.c -Os (test for excess errors)
FAIL: gcc.dg/noncompile/920923-1.c -O2 -flto -fno-use-linker-plugin -flto-partition=none (test for errors, line 112)
FAIL: gcc.dg/noncompile/920923-1.c -O2 -flto -fno-use-linker-plugin -flto-partition=none (test for errors, line 117)
FAIL: gcc.dg/noncompile/920923-1.c -O2 -flto -fno-use-linker-plugin -flto-partition=none (test for excess errors)
FAIL: gcc.dg/noncompile/920923-1.c -O2 -flto -fuse-linker-plugin -fno-fat-lto-objects (test for errors, line 112)
FAIL: gcc.dg/noncompile/920923-1.c -O2 -flto -fuse-linker-plugin -fno-fat-lto-objects (test for errors, line 117)
FAIL: gcc.dg/noncompile/920923-1.c -O2 -flto -fuse-linker-plugin -fno-fat-lto-objects (test for excess errors)
FAIL: largefile.c -O0 -g -I. -Dwith_PCH (internal compiler error)
FAIL: largefile.c -O0 -g -I. -Dwith_PCH (test for excess errors)
FAIL: gcc.dg/pch/largefile.c -O0 -g assembly comparison
FAIL: largefile.c -O0 -I. -Dwith_PCH (internal compiler error)
FAIL: largefile.c -O0 -I. -Dwith_PCH (test for excess errors)
FAIL: gcc.dg/pch/largefile.c -O0 assembly comparison
FAIL: largefile.c -O1 -I. -Dwith_PCH (internal compiler error)
FAIL: largefile.c -O1 -I. -Dwith_PCH (test for excess errors)
FAIL: gcc.dg/pch/largefile.c -O1 assembly comparison
FAIL: largefile.c -O2 -I. -Dwith_PCH (internal compiler error)
FAIL: largefile.c -O2 -I. -Dwith_PCH (test for excess errors)
FAIL: gcc.dg/pch/largefile.c -O2 assembly comparison
FAIL: largefile.c -O3 -fomit-frame-pointer -I. -Dwith_PCH (internal compiler error)
FAIL: largefile.c -O3 -fomit-frame-pointer -I. -Dwith_PCH (test for excess errors)
FAIL: gcc.dg/pch/largefile.c -O3 -fomit-frame-pointer assembly comparison
FAIL: largefile.c -O3 -g -I. -Dwith_PCH (internal compiler error)
FAIL: largefile.c -O3 -g -I. -Dwith_PCH (test for excess errors)
FAIL: gcc.dg/pch/largefile.c -O3 -g assembly comparison
FAIL: largefile.c -Os -I. -Dwith_PCH (internal compiler error)
FAIL: largefile.c -Os -I. -Dwith_PCH (test for excess errors)
FAIL: gcc.dg/pch/largefile.c -Os assembly comparison
FAIL: gcc.target/i386/mcount_pic.c (test for excess errors)
UNRESOLVED: gcc.target/i386/mcount_pic.c compilation failed to produce executable
FAIL: gcc.target/i386/pr49095.c scan-assembler-not test[lq]
FAIL: gcc.target/i386/testround-1.c (test for errors, line 502)
FAIL: gcc.target/i386/testround-1.c (test for errors, line 503)
FAIL: gcc.target/i386/testround-1.c (test for errors, line 505)
FAIL: gcc.target/i386/testround-1.c (test for errors, line 506)
FAIL: gcc.target/i386/testround-1.c (test for excess errors)
=== gcc Summary for unix/-fstack-protector ===
# of expected passes 105375
# of unexpected failures 230
# of expected failures 260
# of unresolved testcases 1
# of unsupported tests 1331
=== gcc Summary ===
# of expected passes 210752
# of unexpected failures 456
# of expected failures 520
# of unresolved testcases 2
# of unsupported tests 2662
/build/gcc-5-URJI_6/gcc-5-5-20150127/build/gcc/xgcc version 5.0.0 20150127 (experimental) [trunk revision 220167] (Debian 5-20150127-1)
=== gfortran tests ===
Running target unix
FAIL: gfortran.dg/argument_checking_9.f90 -O (test for errors, line 49)
FAIL: gfortran.dg/argument_checking_9.f90 -O (test for excess errors)
FAIL: gfortran.dg/class_allocate_18.f90 -O0 (test for excess errors)
UNRESOLVED: gfortran.dg/class_allocate_18.f90 -O0 compilation failed to produce executable
FAIL: gfortran.dg/class_allocate_18.f90 -O1 (test for excess errors)
UNRESOLVED: gfortran.dg/class_allocate_18.f90 -O1 compilation failed to produce executable
FAIL: gfortran.dg/class_allocate_18.f90 -O2 (test for excess errors)
UNRESOLVED: gfortran.dg/class_allocate_18.f90 -O2 compilation failed to produce executable
FAIL: gfortran.dg/class_allocate_18.f90 -O3 -fomit-frame-pointer (test for excess errors)
UNRESOLVED: gfortran.dg/class_allocate_18.f90 -O3 -fomit-frame-pointer compilation failed to produce executable
FAIL: gfortran.dg/class_allocate_18.f90 -O3 -fomit-frame-pointer -funroll-loops (test for excess errors)
UNRESOLVED: gfortran.dg/class_allocate_18.f90 -O3 -fomit-frame-pointer -funroll-loops compilation failed to produce executable
FAIL: gfortran.dg/class_allocate_18.f90 -O3 -fomit-frame-pointer -funroll-all-loops -finline-functions (test for excess errors)
UNRESOLVED: gfortran.dg/class_allocate_18.f90 -O3 -fomit-frame-pointer -funroll-all-loops -finline-functions compilation failed to produce executable
FAIL: gfortran.dg/class_allocate_18.f90 -O3 -g (test for excess errors)
UNRESOLVED: gfortran.dg/class_allocate_18.f90 -O3 -g compilation failed to produce executable
FAIL: gfortran.dg/class_allocate_18.f90 -Os (test for excess errors)
UNRESOLVED: gfortran.dg/class_allocate_18.f90 -Os compilation failed to produce executable
FAIL: gfortran.dg/min_max_conformance.f90 -O (test for errors, line 45)
FAIL: gfortran.dg/min_max_conformance.f90 -O (test for errors, line 46)
FAIL: gfortran.dg/min_max_conformance.f90 -O (test for errors, line 47)
FAIL: gfortran.dg/min_max_conformance.f90 -O (test for errors, line 48)
FAIL: gfortran.dg/min_max_conformance.f90 -O (test for errors, line 49)
FAIL: gfortran.dg/min_max_conformance.f90 -O (test for errors, line 50)
FAIL: gfortran.dg/min_max_conformance.f90 -O (test for excess errors)
FAIL: gfortran.dg/widechar_3.f90 -O (test for errors, line 94)
FAIL: gfortran.dg/widechar_3.f90 -O (test for errors, line 96)
FAIL: gfortran.dg/widechar_3.f90 -O (test for errors, line 98)
FAIL: gfortran.dg/widechar_3.f90 -O (test for errors, line 100)
FAIL: gfortran.dg/widechar_3.f90 -O (test for errors, line 102)
FAIL: gfortran.dg/widechar_3.f90 -O (test for errors, line 104)
FAIL: gfortran.dg/widechar_3.f90 -O (test for errors, line 106)
FAIL: gfortran.dg/widechar_3.f90 -O (test for errors, line 108)
FAIL: gfortran.dg/widechar_3.f90 -O (test for errors, line 110)
FAIL: gfortran.dg/goacc/enter-exit-data.f95 -O (test for errors, line 78)
FAIL: gfortran.dg/goacc/enter-exit-data.f95 -O (test for errors, line 80)
FAIL: gfortran.dg/goacc/enter-exit-data.f95 -O (test for errors, line 81)
FAIL: gfortran.dg/goacc/enter-exit-data.f95 -O (test for errors, line 82)
FAIL: gfortran.dg/goacc/enter-exit-data.f95 -O (test for errors, line 83)
FAIL: gfortran.dg/goacc/enter-exit-data.f95 -O (test for errors, line 84)
FAIL: gfortran.dg/goacc/enter-exit-data.f95 -O (test for errors, line 85)
FAIL: gfortran.dg/goacc/enter-exit-data.f95 -O (test for errors, line 86)
FAIL: gfortran.dg/goacc/enter-exit-data.f95 -O (test for excess errors)
FAIL: gfortran.dg/goacc/reduction.f95 -O (test for errors, line 133)
FAIL: gfortran.dg/goacc/reduction.f95 -O (test for errors, line 135)
FAIL: gfortran.dg/goacc/reduction.f95 -O (test for excess errors)
FAIL: gfortran.dg/goacc/sie.f95 -O (test for errors, line 210)
FAIL: gfortran.dg/goacc/sie.f95 -O (test for errors, line 213)
FAIL: gfortran.dg/goacc/sie.f95 -O (test for errors, line 216)
FAIL: gfortran.dg/goacc/sie.f95 -O (test for warnings, line 233)
FAIL: gfortran.dg/goacc/sie.f95 -O (test for warnings, line 236)
FAIL: gfortran.dg/goacc/sie.f95 -O (test for errors, line 242)
FAIL: gfortran.dg/goacc/sie.f95 -O (test for errors, line 245)
FAIL: gfortran.dg/goacc/sie.f95 -O (test for errors, line 248)
FAIL: gfortran.dg/goacc/sie.f95 -O (test for excess errors)
FAIL: gfortran.dg/gomp/reduction1.f90 -O (test for errors, line 125)
FAIL: gfortran.dg/gomp/reduction1.f90 -O (test for errors, line 127)
FAIL: gfortran.dg/gomp/reduction1.f90 -O (test for errors, line 129)
FAIL: gfortran.dg/gomp/reduction1.f90 -O (test for excess errors)
FAIL: gfortran.dg/gomp/udr6.f90 -O (test for errors, line 142)
FAIL: gfortran.dg/gomp/udr6.f90 -O (test for errors, line 143)
FAIL: gfortran.dg/gomp/udr6.f90 -O (test for errors, line 144)
FAIL: gfortran.dg/gomp/udr6.f90 -O (test for errors, line 145)
FAIL: gfortran.dg/gomp/udr6.f90 -O (test for errors, line 146)
FAIL: gfortran.dg/gomp/udr6.f90 -O (test for errors, line 147)
FAIL: gfortran.dg/gomp/udr6.f90 -O (test for errors, line 148)
FAIL: gfortran.dg/gomp/udr6.f90 -O (test for errors, line 149)
FAIL: gfortran.dg/gomp/udr6.f90 -O (test for errors, line 150)
FAIL: gfortran.dg/gomp/udr6.f90 -O (test for excess errors)
FAIL: gfortran.dg/graphite/pr42393.f90 -O (internal compiler error)
FAIL: gfortran.dg/graphite/pr42393.f90 -O (test for excess errors)
=== gfortran Summary for unix ===
# of expected passes 47682
# of unexpected failures 63
# of expected failures 77
# of unresolved testcases 8
# of unsupported tests 217
Running target unix/-fstack-protector
FAIL: gfortran.dg/argument_checking_9.f90 -O (test for errors, line 49)
FAIL: gfortran.dg/argument_checking_9.f90 -O (test for excess errors)
FAIL: gfortran.dg/class_allocate_18.f90 -O0 (test for excess errors)
UNRESOLVED: gfortran.dg/class_allocate_18.f90 -O0 compilation failed to produce executable
FAIL: gfortran.dg/class_allocate_18.f90 -O1 (test for excess errors)
UNRESOLVED: gfortran.dg/class_allocate_18.f90 -O1 compilation failed to produce executable
FAIL: gfortran.dg/class_allocate_18.f90 -O2 (test for excess errors)
UNRESOLVED: gfortran.dg/class_allocate_18.f90 -O2 compilation failed to produce executable
FAIL: gfortran.dg/class_allocate_18.f90 -O3 -fomit-frame-pointer (test for excess errors)
UNRESOLVED: gfortran.dg/class_allocate_18.f90 -O3 -fomit-frame-pointer compilation failed to produce executable
FAIL: gfortran.dg/class_allocate_18.f90 -O3 -fomit-frame-pointer -funroll-loops (test for excess errors)
UNRESOLVED: gfortran.dg/class_allocate_18.f90 -O3 -fomit-frame-pointer -funroll-loops compilation failed to produce executable
FAIL: gfortran.dg/class_allocate_18.f90 -O3 -fomit-frame-pointer -funroll-all-loops -finline-functions (test for excess errors)
UNRESOLVED: gfortran.dg/class_allocate_18.f90 -O3 -fomit-frame-pointer -funroll-all-loops -finline-functions compilation failed to produce executable
FAIL: gfortran.dg/class_allocate_18.f90 -O3 -g (test for excess errors)
UNRESOLVED: gfortran.dg/class_allocate_18.f90 -O3 -g compilation failed to produce executable
FAIL: gfortran.dg/class_allocate_18.f90 -Os (test for excess errors)
UNRESOLVED: gfortran.dg/class_allocate_18.f90 -Os compilation failed to produce executable
FAIL: gfortran.dg/min_max_conformance.f90 -O (test for errors, line 45)
FAIL: gfortran.dg/min_max_conformance.f90 -O (test for errors, line 46)
FAIL: gfortran.dg/min_max_conformance.f90 -O (test for errors, line 47)
FAIL: gfortran.dg/min_max_conformance.f90 -O (test for errors, line 48)
FAIL: gfortran.dg/min_max_conformance.f90 -O (test for errors, line 49)
FAIL: gfortran.dg/min_max_conformance.f90 -O (test for errors, line 50)
FAIL: gfortran.dg/min_max_conformance.f90 -O (test for excess errors)
FAIL: gfortran.dg/goacc/enter-exit-data.f95 -O (test for errors, line 78)
FAIL: gfortran.dg/goacc/enter-exit-data.f95 -O (test for errors, line 80)
FAIL: gfortran.dg/goacc/enter-exit-data.f95 -O (test for errors, line 81)
FAIL: gfortran.dg/goacc/enter-exit-data.f95 -O (test for errors, line 82)
FAIL: gfortran.dg/goacc/enter-exit-data.f95 -O (test for errors, line 83)
FAIL: gfortran.dg/goacc/enter-exit-data.f95 -O (test for errors, line 84)
FAIL: gfortran.dg/goacc/enter-exit-data.f95 -O (test for errors, line 85)
FAIL: gfortran.dg/goacc/enter-exit-data.f95 -O (test for errors, line 86)
FAIL: gfortran.dg/goacc/enter-exit-data.f95 -O (test for excess errors)
FAIL: gfortran.dg/goacc/reduction.f95 -O (test for errors, line 133)
FAIL: gfortran.dg/goacc/reduction.f95 -O (test for errors, line 135)
FAIL: gfortran.dg/goacc/reduction.f95 -O (test for excess errors)
FAIL: gfortran.dg/goacc/sie.f95 -O (test for errors, line 210)
FAIL: gfortran.dg/goacc/sie.f95 -O (test for errors, line 213)
FAIL: gfortran.dg/goacc/sie.f95 -O (test for errors, line 216)
FAIL: gfortran.dg/goacc/sie.f95 -O (test for warnings, line 233)
FAIL: gfortran.dg/goacc/sie.f95 -O (test for warnings, line 236)
FAIL: gfortran.dg/goacc/sie.f95 -O (test for errors, line 242)
FAIL: gfortran.dg/goacc/sie.f95 -O (test for errors, line 245)
FAIL: gfortran.dg/goacc/sie.f95 -O (test for errors, line 248)
FAIL: gfortran.dg/goacc/sie.f95 -O (test for excess errors)
FAIL: gfortran.dg/gomp/reduction1.f90 -O (test for errors, line 125)
FAIL: gfortran.dg/gomp/reduction1.f90 -O (test for errors, line 127)
FAIL: gfortran.dg/gomp/reduction1.f90 -O (test for errors, line 129)
FAIL: gfortran.dg/gomp/reduction1.f90 -O (test for excess errors)
FAIL: gfortran.dg/gomp/udr6.f90 -O (test for errors, line 142)
FAIL: gfortran.dg/gomp/udr6.f90 -O (test for errors, line 143)
FAIL: gfortran.dg/gomp/udr6.f90 -O (test for errors, line 144)
FAIL: gfortran.dg/gomp/udr6.f90 -O (test for errors, line 145)
FAIL: gfortran.dg/gomp/udr6.f90 -O (test for errors, line 146)
FAIL: gfortran.dg/gomp/udr6.f90 -O (test for errors, line 147)
FAIL: gfortran.dg/gomp/udr6.f90 -O (test for errors, line 148)
FAIL: gfortran.dg/gomp/udr6.f90 -O (test for errors, line 149)
FAIL: gfortran.dg/gomp/udr6.f90 -O (test for errors, line 150)
FAIL: gfortran.dg/gomp/udr6.f90 -O (test for excess errors)
FAIL: gfortran.dg/graphite/pr42393.f90 -O (internal compiler error)
FAIL: gfortran.dg/graphite/pr42393.f90 -O (test for excess errors)
=== gfortran Summary for unix/-fstack-protector ===
# of expected passes 47691
# of unexpected failures 54
# of expected failures 77
# of unresolved testcases 8
# of unsupported tests 217
=== gfortran Summary ===
# of expected passes 95373
# of unexpected failures 117
# of expected failures 154
# of unresolved testcases 16
# of unsupported tests 434
/build/gcc-5-URJI_6/gcc-5-5-20150127/build/gcc/testsuite/gfortran/../../gfortran version 5.0.0 20150127 (experimental) [trunk revision 220167] (Debian 5-20150127-1)
=== obj-c++ tests ===
Running target unix
=== obj-c++ Summary for unix ===
# of expected passes 1453
# of expected failures 2
# of unsupported tests 86
Running target unix/-fstack-protector
=== obj-c++ Summary for unix/-fstack-protector ===
# of expected passes 1453
# of expected failures 2
# of unsupported tests 86
=== obj-c++ Summary ===
# of expected passes 2906
# of expected failures 4
# of unsupported tests 172
/build/gcc-5-URJI_6/gcc-5-5-20150127/build/gcc/testsuite/obj-c++/../../xg++ version 5.0.0 20150127 (experimental) [trunk revision 220167] (Debian 5-20150127-1)
=== objc tests ===
Running target unix
=== objc Summary for unix ===
# of expected passes 3010
# of expected failures 6
# of unsupported tests 74
Running target unix/-fstack-protector
=== objc Summary for unix/-fstack-protector ===
# of expected passes 3010
# of expected failures 6
# of unsupported tests 74
=== objc Summary ===
# of expected passes 6020
# of expected failures 12
# of unsupported tests 148
/build/gcc-5-URJI_6/gcc-5-5-20150127/build/gcc/xgcc version 5.0.0 20150127 (experimental) [trunk revision 220167] (Debian 5-20150127-1)
=== boehm-gc tests ===
Running target unix
=== boehm-gc Summary for unix ===
# of expected passes 12
# of unsupported tests 1
Running target unix/-fstack-protector
=== boehm-gc Summary for unix/-fstack-protector ===
# of expected passes 12
# of unsupported tests 1
=== boehm-gc Summary ===
# of expected passes 24
# of unsupported tests 2
=== libatomic tests ===
Running target unix
=== libatomic Summary for unix ===
# of expected passes 44
# of unsupported tests 5
Running target unix/-fstack-protector
=== libatomic Summary for unix/-fstack-protector ===
# of expected passes 44
# of unsupported tests 5
=== libatomic Summary ===
# of expected passes 88
# of unsupported tests 10
=== libffi tests ===
Running target unix
=== libffi Summary for unix ===
# of expected passes 2799
Running target unix/-fstack-protector
=== libffi Summary for unix/-fstack-protector ===
# of expected passes 2799
=== libffi Summary ===
# of expected passes 5598
=== libgomp tests ===
Running target unix
FAIL: libgomp.c/lock-1.c execution test
FAIL: libgomp.c/lock-2.c execution test
FAIL: libgomp.c/lock-3.c execution test
FAIL: libgomp.fortran/lib1.f90 -O1 execution test
FAIL: libgomp.fortran/lib1.f90 -O2 execution test
FAIL: libgomp.fortran/lib1.f90 -O3 -fomit-frame-pointer execution test
FAIL: libgomp.fortran/lib1.f90 -O3 -fomit-frame-pointer -funroll-loops execution test
FAIL: libgomp.fortran/lib1.f90 -O3 -g execution test
FAIL: libgomp.fortran/lib1.f90 -Os execution test
FAIL: libgomp.fortran/lib2.f -O2 execution test
FAIL: libgomp.fortran/lib2.f -O3 -fomit-frame-pointer -funroll-all-loops -finline-functions execution test
FAIL: libgomp.fortran/lib2.f -O3 -g execution test
FAIL: libgomp.fortran/lib3.f -O1 execution test
FAIL: libgomp.fortran/lib3.f -O2 execution test
FAIL: libgomp.fortran/lib3.f -O3 -fomit-frame-pointer execution test
FAIL: libgomp.fortran/lib3.f -O3 -fomit-frame-pointer -funroll-loops execution test
FAIL: libgomp.fortran/lib3.f -O3 -fomit-frame-pointer -funroll-all-loops -finline-functions execution test
FAIL: libgomp.fortran/lib3.f -Os execution test
=== libgomp Summary for unix ===
# of expected passes 5763
# of unexpected failures 18
# of unsupported tests 253
Running target unix/-fstack-protector
FAIL: libgomp.c/lock-1.c execution test
FAIL: libgomp.c/lock-2.c execution test
FAIL: libgomp.c/lock-3.c execution test
FAIL: libgomp.fortran/lib1.f90 -O3 -fomit-frame-pointer execution test
FAIL: libgomp.fortran/lib1.f90 -O3 -fomit-frame-pointer -funroll-loops execution test
FAIL: libgomp.fortran/lib1.f90 -O3 -fomit-frame-pointer -funroll-all-loops -finline-functions execution test
FAIL: libgomp.fortran/lib1.f90 -O3 -g execution test
FAIL: libgomp.fortran/lib2.f -O2 execution test
FAIL: libgomp.fortran/lib2.f -O3 -fomit-frame-pointer execution test
FAIL: libgomp.fortran/lib2.f -O3 -fomit-frame-pointer -funroll-loops execution test
FAIL: libgomp.fortran/lib3.f -O3 -fomit-frame-pointer execution test
FAIL: libgomp.fortran/lib3.f -O3 -fomit-frame-pointer -funroll-loops execution test
FAIL: libgomp.fortran/lib3.f -O3 -fomit-frame-pointer -funroll-all-loops -finline-functions execution test
=== libgomp Summary for unix/-fstack-protector ===
# of expected passes 5768
# of unexpected failures 13
# of unsupported tests 253
=== libgomp Summary ===
# of expected passes 11531
# of unexpected failures 31
# of unsupported tests 506
=== libjava tests ===
Running target unix
=== libstdc++ tests ===
Running target unix
FAIL: 22_locale/numpunct/members/char/3.cc execution test
FAIL: 22_locale/time_get/get_date/wchar_t/4.cc execution test
FAIL: 27_io/basic_filebuf/close/char/4879.cc execution test
FAIL: 27_io/basic_filebuf/close/char/9964.cc execution test
FAIL: 27_io/basic_filebuf/imbue/char/13171-2.cc execution test
FAIL: 27_io/basic_filebuf/imbue/wchar_t/14975-2.cc execution test
WARNING: program timed out.
FAIL: 27_io/basic_filebuf/open/char/9507.cc execution test
FAIL: 27_io/basic_filebuf/seekoff/char/26777.cc execution test
WARNING: program timed out.
FAIL: 27_io/basic_filebuf/showmanyc/char/9533-1.cc execution test
FAIL: 27_io/basic_filebuf/underflow/char/10097.cc execution test
FAIL: 27_io/objects/char/7.cc execution test
FAIL: 27_io/objects/char/9661-1.cc execution test
FAIL: 27_io/objects/wchar_t/7.cc execution test
FAIL: 27_io/objects/wchar_t/9661-1.cc execution test
WARNING: program timed out.
FAIL: 30_threads/async/forced_unwind.cc execution test
WARNING: program timed out.
FAIL: 30_threads/condition_variable/members/3.cc execution test
WARNING: program timed out.
FAIL: 30_threads/packaged_task/forced_unwind.cc execution test
WARNING: program timed out.
FAIL: 30_threads/thread/native_handle/cancel.cc execution test
FAIL: libstdc++-prettyprinters/48362.cc print t2
FAIL: libstdc++-prettyprinters/cxx11.cc print tpl
FAIL: libstdc++-prettyprinters/cxx11.cc print rtpl
=== libstdc++ Summary for unix ===
# of expected passes 10388
# of unexpected failures 21
# of expected failures 65
# of unsupported tests 251
Running target unix/-fstack-protector
FAIL: 22_locale/numpunct/members/char/3.cc execution test
FAIL: 22_locale/time_get/get_date/wchar_t/4.cc execution test
XPASS: 26_numerics/headers/cmath/c_math.cc execution test
FAIL: 27_io/basic_filebuf/close/char/4879.cc execution test
FAIL: 27_io/basic_filebuf/close/char/9964.cc execution test
FAIL: 27_io/basic_filebuf/imbue/char/13171-2.cc execution test
FAIL: 27_io/basic_filebuf/imbue/wchar_t/14975-2.cc execution test
WARNING: program timed out.
FAIL: 27_io/basic_filebuf/open/char/9507.cc execution test
FAIL: 27_io/basic_filebuf/seekoff/char/26777.cc execution test
WARNING: program timed out.
FAIL: 27_io/basic_filebuf/showmanyc/char/9533-1.cc execution test
FAIL: 27_io/basic_filebuf/underflow/char/10097.cc execution test
FAIL: 27_io/objects/char/7.cc execution test
FAIL: 27_io/objects/char/9661-1.cc execution test
FAIL: 27_io/objects/wchar_t/7.cc execution test
FAIL: 27_io/objects/wchar_t/9661-1.cc execution test
WARNING: program timed out.
FAIL: 30_threads/async/forced_unwind.cc execution test
WARNING: program timed out.
FAIL: 30_threads/condition_variable/members/3.cc execution test
WARNING: program timed out.
FAIL: 30_threads/packaged_task/forced_unwind.cc execution test
WARNING: program timed out.
FAIL: 30_threads/thread/native_handle/cancel.cc execution test
FAIL: libstdc++-prettyprinters/48362.cc print t2
FAIL: libstdc++-prettyprinters/cxx11.cc print tpl
FAIL: libstdc++-prettyprinters/cxx11.cc print rtpl
=== libstdc++ Summary for unix/-fstack-protector ===
# of expected passes 4508
# of unexpected failures 21
# of unexpected successes 1
# of expected failures 61
# of unsupported tests 251
=== libstdc++ Summary ===
# of expected passes 14896
# of unexpected failures 42
# of unexpected successes 1
# of expected failures 126
# of unsupported tests 502
Compiler version: 5.0.0 20150127 (experimental) [trunk revision 220167] (Debian 5-20150127-1)
Platform: i586-pc-gnu
configure flags: -v --with-pkgversion='Debian 5-20150127-1' --with-bugurl=file:///usr/share/doc/gcc-5/README.Bugs --enable-languages=c,c++,java,fortran,objc,obj-c++ --prefix=/usr --program-suffix=-5 --enable-shared --enable-linker-build-id --libexecdir=/usr/lib --without-included-gettext --enable-threads=posix --with-gxx-include-dir=/usr/include/c++/5 --libdir=/usr/lib --enable-nls --with-sysroot=/ --enable-clocale=gnu --enable-libstdcxx-debug --enable-libstdcxx-time=yes --disable-libitm --disable-libsanitizer --enable-plugin --with-system-zlib --disable-browser-plugin --enable-java-awt=gtk --enable-gtk-cairo --with-java-home=/usr/lib/jvm/java-1.5.0-gcj-5-hurd-i386/jre --enable-java-home --with-jvm-root-dir=/usr/lib/jvm/java-1.5.0-gcj-5-hurd-i386 --with-jvm-jar-dir=/usr/lib/jvm-exports/java-1.5.0-gcj-5-hurd-i386 --with-arch-directory=i386 --with-ecj-jar=/usr/share/java/eclipse-ecj.jar --enable-multiarch --with-arch=i586 --with-tune=generic --enable-checking=release --build=i586-gnu --host=i586-gnu --target=i586-gnu
BOOT_CFLAGS=
Build Dependencies:
Desired=Unknown/Install/Remove/Purge/Hold
| Status=Not/Inst/Conf-files/Unpacked/halF-conf/Half-inst/trig-aWait/Trig-pend
|/ Err?=(none)/Reinst-required (Status,Err: uppercase=bad)
||/ Name Version Architecture Description
+++-==========================-=================-============-===============================================================================
ii binutils 2.25-3 hurd-i386 GNU assembler, linker and binary utilities
ii g++-4.9 4.9.2-10 hurd-i386 GNU C++ compiler
ii libc0.3:hurd-i386 2.19-12 hurd-i386 GNU C Library: Shared libraries
ii libcloog-isl-dev:hurd-i386 0.18.2-1+b1 hurd-i386 Chunky Loop Generator (development files)
ii libgmp-dev:hurd-i386 2:6.0.0+dfsg-6+b1 hurd-i386 Multiprecision arithmetic library developers tools
ii libisl-dev:hurd-i386 0.12.2-2 hurd-i386 manipulating sets and relations of integer points bounded by linear constraints
ii libmpc-dev:hurd-i386 1.0.2-2 hurd-i386 multiple precision complex floating-point library development package
ii libmpfr-dev:hurd-i386 3.1.2-2 hurd-i386 multiple precision floating-point computation developers tools
gcc-gfdl-build:
Build a dummy s-tm-texi without access to the texinfo sources
gcc-textdomain:
Set gettext's domain and textdomain to the versioned package name.
gcc-driver-extra-langs:
Add options and specs for languages that are not built from a source
(but built from separate sources).
gcc-hash-style-gnu:
Link using --hash-style=gnu (aarch64, alpha, amd64, armel, armhf, ia64,
i386, powerpc, ppc64, s390, sparc)
libstdc++-pic:
Build and install libstdc++_pic.a library.
libstdc++-doclink:
adjust hrefs to point to the local documentation
libstdc++-man-3cxx:
Install libstdc++ man pages with suffix .3cxx instead of .3
libstdc++-test-installed:
Add support to run the libstdc++-v3 testsuite using the
installed shared libraries.
libjava-stacktrace:
libgcj: Lookup source file name and line number in separated
debug files found in /usr/lib/debug
libjava-jnipath:
- Add /usr/lib/jni and /usr/lib/<multiarch>/jni to java.library.path.
- When running the i386 binaries on amd64, look in
- /usr/lib32/gcj-x.y and /usr/lib32/jni instead.
libjava-sjlj:
Don't try to use _Unwind_Backtrace on SJLJ targets.
See bug #387875, #388505, GCC PR 29206.
libjava-disable-plugin:
Don't build the gcjwebplugin, even when configured with --enable-plugin
alpha-no-ev4-directive:
never emit .ev4 directive.
boehm-gc-getnprocs:
boehm-gc/pthread_support.c (GC_get_nprocs): Use sysconf as fallback.
note-gnu-stack:
Add .note.GNU-stack sections for gcc's crt files, libffi and boehm-gc
Taken from FC.
libgomp-omp_h-multilib:
Fix up omp.h for multilibs.
sparc-force-cpu:
On sparc default to ultrasparc (v9a) in 32bit mode
gccgo-version:
Omit the subminor number from the go libdir
pr47818:
Fix PR ada/47818: Pragma Assert is rejected with No_Implementation_Pragmas restriction.
pr49944:
apply proposed patch for PR ada/49444.
gcc-base-version:
Set base version to 5, introduce full version 5.x.y.
libgo-testsuite:
Only run the libgo testsuite for flags configured in RUNTESTFLAGS
gcc-target-include-asm:
Search \$(builddir)/sys-include for the asm header files
libgo-revert-timeout-exp:
libgo-setcontext-config:
libgo: Overwrite the setcontext_clobbers_tls check on mips*
gcc-auto-build:
Fix cross building a native compiler.
kfreebsd-unwind:
DWARF2 EH unwinding support for AMD x86-64 and x86 KFreeBSD.
kfreebsd-boehm-gc:
boehm-gc: use mmap instead of brk also on kfreebsd-*.
hurd-boehm-gc:
libitm-no-fortify-source:
Build libitm with -U_FORTIFY_SOURCE on x86 and x86_64.
sparc64-biarch-long-double-128:
Fix --with-long-double-128 for sparc32 when defaulting to 64-bit.
libobjc-extern-inline:
libobjc: still export __objc_get_forward_imp and get_imp
gccgo-arm64:
gccgo: Enable cgo by default on linux/arm64.
ada-arm:
ada-hurd:
ada-kfreebsd:
add support for GNU/kFreeBSD.
ada-revert-pr63225:
Revert the changes made to allow bootstrapping with -fno-inline.
We allow inlining during bootstrap and this change breaks aliversion compatibility
with earlier uploads of libgnatvsn5. This patch shall be removed in the next
major version of GNAT.
gcc-d-lang:
Add D options and specs for the gcc driver.
gcc-sysroot:
Allow building --with-sysroot=/
sys-auxv-header:
Check for the sys/auxv.h header file.
libcilkrts-targets:
Disable libcilkrts on KFreeBSD and the Hurd. See #734973.
go-use-gold:
Pass -fuse-ld=gold to gccgo on targets supporting -fsplit-stack
arm-multilib-defaults:
Set MULTILIB_DEFAULTS for ARM multilib builds
hurd-changes:
Traditional GNU systems don't have a /usr directory. However, Debian
systems do, and we support both having a /usr -> . symlink, and having a
/usr directory like the other ports. So this patch should NOT go
upstream.
gcc-ice-apport:
Report an ICE to apport (if apport is available
and the environment variable GCC_NOAPPORT is not set)
libjava-fixed-symlinks:
Remove unneed '..' elements from symlinks in JAVA_HOME
libffi-ro-eh_frame_sect:
PR libffi/47248, force a read only eh frame section.
gcc-multiarch:
- Remaining multiarch patches, not yet submitted upstream.
- Add MULTIARCH_DIRNAME definitions for multilib configurations,
which are used for the non-multilib builds.
libjava-multiarch:
Install libjava libraries to multiarch location
libjava-nobiarch-check:
For biarch builds, disable the testsuite for the non-default architecture
for runtime libraries, which are not built by default (libjava).
config-ml:
- Disable some biarch libraries for biarch builds.
- Fix multilib builds on kernels which don't support all multilibs.
g++-multiarch-incdir:
Use /usr/include/<multiarch>/c++/4.x as the include directory
for host dependent c++ header files.
gcc-multilib-multiarch:
Don't auto-detect multilib osdirnames.
mips-fix-loongson2f-nop:
On mips, pass -mfix-loongson2f-nop to as, if -mno-fix-loongson2f-nop
is not passed.
libgomp-kfreebsd-testsuite:
Disable lock-2.c test on kfreebsd-*
go-testsuite:
Skip Go testcase on AArch64 which hangs on the buildds.
ada-749574:
ada-mips:
Improve support for mips.
ada-ppc64:
Counting all warnings,
there are 0 warnings in stage3 of this bootstrap.
Number of warnings per file:
Number of warning types: