This is the mail archive of the
gcc-testresults@gcc.gnu.org
mailing list for the GCC project.
Results for 5.0.0 20150123 (experimental) [trunk revision 220043] (GCC) testsuite on powerpc64-unknown-linux-gnu
- From: "Pat Haugen (POWER7)" <pthaugen at us dot ibm dot com>
- To: gcc-testresults at gcc dot gnu dot org
- Date: Sat, 24 Jan 2015 01:26:45 -0600
- Subject: Results for 5.0.0 20150123 (experimental) [trunk revision 220043] (GCC) testsuite on powerpc64-unknown-linux-gnu
- Authentication-results: sourceware.org; auth=none
Linux 2.6.32-431.17.1.el6.ppc64 ppc64
GNU C Library stable release version 2.12
GNU ld version 2.20.51.0.2-5.36.el6 20100205
GNU assembler version 2.20.51.0.2-5.36.el6 20100205
GNU Make 3.81
DejaGnu:
Expect version is 5.44.1.15
Tcl version is 8.5
Framework version is 1.4.4
64-bit
LAST_UPDATED: Fri Jan 23 15:46:09 UTC 2015 (revision 220043)
Native configuration is powerpc64-unknown-linux-gnu
=== gcc tests ===
Running target unix/-m32
FAIL: gcc.c-torture/compile/pr54713-2.c -Os (internal compiler error)
FAIL: gcc.c-torture/compile/pr54713-2.c -Os (test for excess errors)
FAIL: gcc.c-torture/compile/pr54713-3.c -Os (internal compiler error)
FAIL: gcc.c-torture/compile/pr54713-3.c -Os (test for excess errors)
FAIL: c-c++-common/asan/misalign-1.c -O0 output pattern test, is =================================================================
FAIL: c-c++-common/asan/misalign-1.c -O1 output pattern test, is =================================================================
FAIL: c-c++-common/asan/misalign-1.c -O2 output pattern test, is =================================================================
FAIL: c-c++-common/asan/misalign-1.c -O2 -flto output pattern test, is =================================================================
FAIL: c-c++-common/asan/misalign-1.c -O2 -flto -flto-partition=none output pattern test, is =================================================================
FAIL: c-c++-common/asan/misalign-1.c -O3 -fomit-frame-pointer output pattern test, is =================================================================
FAIL: c-c++-common/asan/misalign-1.c -O3 -g output pattern test, is =================================================================
FAIL: c-c++-common/asan/misalign-1.c -Os output pattern test, is =================================================================
FAIL: c-c++-common/asan/misalign-2.c -O0 output pattern test, is =================================================================
FAIL: c-c++-common/asan/misalign-2.c -O1 output pattern test, is =================================================================
FAIL: c-c++-common/asan/misalign-2.c -O2 output pattern test, is =================================================================
FAIL: c-c++-common/asan/misalign-2.c -O2 -flto output pattern test, is =================================================================
FAIL: c-c++-common/asan/misalign-2.c -O2 -flto -flto-partition=none output pattern test, is =================================================================
FAIL: c-c++-common/asan/misalign-2.c -O3 -fomit-frame-pointer output pattern test, is =================================================================
FAIL: c-c++-common/asan/misalign-2.c -O3 -g output pattern test, is =================================================================
FAIL: c-c++-common/asan/misalign-2.c -Os output pattern test, is =================================================================
FAIL: c-c++-common/asan/null-deref-1.c -O0 output pattern test, is ASAN:SIGSEGV
FAIL: c-c++-common/asan/null-deref-1.c -O1 output pattern test, is ASAN:SIGSEGV
FAIL: c-c++-common/asan/null-deref-1.c -O2 output pattern test, is ASAN:SIGSEGV
FAIL: c-c++-common/asan/null-deref-1.c -O2 -flto output pattern test, is ASAN:SIGSEGV
FAIL: c-c++-common/asan/null-deref-1.c -O2 -flto -flto-partition=none output pattern test, is ASAN:SIGSEGV
FAIL: c-c++-common/asan/null-deref-1.c -O3 -fomit-frame-pointer output pattern test, is ASAN:SIGSEGV
FAIL: c-c++-common/asan/null-deref-1.c -O3 -g output pattern test, is ASAN:SIGSEGV
FAIL: c-c++-common/asan/null-deref-1.c -Os output pattern test, is ASAN:SIGSEGV
FAIL: gcc.dg/sms-8.c scan-rtl-dump-times sms "SMS succeeded" 0
FAIL: gcc.dg/lto/20120723 c_lto_20120723_0.o-c_lto_20120723_1.o execute -O3 -fno-early-inlining -flto
FAIL: gcc.dg/torture/pr52429.c -O2 -flto (internal compiler error)
FAIL: gcc.dg/torture/pr52429.c -O2 -flto (test for excess errors)
FAIL: gcc.dg/torture/pr52429.c -O2 -flto -flto-partition=none (internal compiler error)
FAIL: gcc.dg/torture/pr52429.c -O2 -flto -flto-partition=none (test for excess errors)
FAIL: gcc.dg/tree-ssa/ivopts-lt-2.c scan-tree-dump-times ivopts "PHI <p_" 1
FAIL: gcc.dg/tree-ssa/ivopts-lt-2.c scan-tree-dump-times ivopts "PHI" 1
FAIL: gcc.dg/tree-ssa/ivopts-lt-2.c scan-tree-dump-times ivopts "p_[0-9]* <" 1
FAIL: gcc.dg/tree-ssa/sra-12.c scan-tree-dump-times release_ssa "l;" 0
FAIL: gcc.dg/tree-ssa/ssa-dom-cse-2.c scan-tree-dump optimized "return 28;"
FAIL: gcc.dg/vect/costmodel/ppc/costmodel-bb-slp-9a.c scan-tree-dump-times slp2 "basic block vectorized using SLP" 1
FAIL: gcc.dg/vect/costmodel/ppc/costmodel-vect-31a.c scan-tree-dump-times vect "vectorization not profitable" 1
FAIL: gcc.dg/vect/costmodel/ppc/costmodel-vect-33.c scan-tree-dump-times vect "vectorization not profitable" 1
FAIL: gcc.dg/vect/no-vfa-vect-depend-2.c scan-tree-dump-times vect "vectorized 1 loops" 1
FAIL: gcc.dg/vect/no-vfa-vect-depend-3.c scan-tree-dump-times vect "vectorized 1 loops" 4
FAIL: gcc.dg/vect/vect-31.c -flto -ffat-lto-objects scan-tree-dump-times vect "vectorized 4 loops" 1
FAIL: gcc.dg/vect/vect-31.c scan-tree-dump-times vect "vectorized 4 loops" 1
FAIL: gcc.target/powerpc/savres.c -Os (internal compiler error)
FAIL: gcc.target/powerpc/savres.c -Os (test for excess errors)
WARNING: gcc.target/powerpc/savres.c -Os compilation failed to produce executable
FAIL: gcc.target/powerpc/savres.c -Os -mno-multiple (internal compiler error)
FAIL: gcc.target/powerpc/savres.c -Os -mno-multiple (test for excess errors)
WARNING: gcc.target/powerpc/savres.c -Os -mno-multiple compilation failed to produce executable
=== gcc Summary for unix/-m32 ===
Running target unix/-m64
FAIL: c-c++-common/asan/misalign-1.c -O0 output pattern test, is =================================================================
FAIL: c-c++-common/asan/misalign-1.c -O1 output pattern test, is =================================================================
FAIL: c-c++-common/asan/misalign-1.c -O2 output pattern test, is =================================================================
FAIL: c-c++-common/asan/misalign-1.c -O2 -flto output pattern test, is =================================================================
FAIL: c-c++-common/asan/misalign-1.c -O2 -flto -flto-partition=none output pattern test, is =================================================================
FAIL: c-c++-common/asan/misalign-1.c -O3 -fomit-frame-pointer output pattern test, is =================================================================
FAIL: c-c++-common/asan/misalign-1.c -O3 -g output pattern test, is =================================================================
FAIL: c-c++-common/asan/misalign-1.c -Os output pattern test, is =================================================================
FAIL: c-c++-common/asan/misalign-2.c -O0 output pattern test, is =================================================================
FAIL: c-c++-common/asan/misalign-2.c -O1 output pattern test, is =================================================================
FAIL: c-c++-common/asan/misalign-2.c -O2 output pattern test, is =================================================================
FAIL: c-c++-common/asan/misalign-2.c -O2 -flto output pattern test, is =================================================================
FAIL: c-c++-common/asan/misalign-2.c -O2 -flto -flto-partition=none output pattern test, is =================================================================
FAIL: c-c++-common/asan/misalign-2.c -O3 -fomit-frame-pointer output pattern test, is =================================================================
FAIL: c-c++-common/asan/misalign-2.c -O3 -g output pattern test, is =================================================================
FAIL: c-c++-common/asan/misalign-2.c -Os output pattern test, is =================================================================
FAIL: c-c++-common/asan/null-deref-1.c -O0 output pattern test, is ASAN:SIGSEGV
FAIL: c-c++-common/asan/null-deref-1.c -O1 output pattern test, is ASAN:SIGSEGV
FAIL: c-c++-common/asan/null-deref-1.c -O2 output pattern test, is ASAN:SIGSEGV
FAIL: c-c++-common/asan/null-deref-1.c -O2 -flto output pattern test, is ASAN:SIGSEGV
FAIL: c-c++-common/asan/null-deref-1.c -O2 -flto -flto-partition=none output pattern test, is ASAN:SIGSEGV
FAIL: c-c++-common/asan/null-deref-1.c -O3 -fomit-frame-pointer output pattern test, is ASAN:SIGSEGV
FAIL: c-c++-common/asan/null-deref-1.c -O3 -g output pattern test, is ASAN:SIGSEGV
FAIL: c-c++-common/asan/null-deref-1.c -Os output pattern test, is ASAN:SIGSEGV
FAIL: gcc.dg/cwsc1.c execution test
FAIL: gcc.dg/pr44194-1.c scan-rtl-dump dse1 "global deletions = (2|3)"
FAIL: gcc.dg/sms-4.c scan-rtl-dump-times sms "SMS succeeded" 1
FAIL: gcc.dg/torture/pr52429.c -O2 -flto (internal compiler error)
FAIL: gcc.dg/torture/pr52429.c -O2 -flto (test for excess errors)
FAIL: gcc.dg/torture/pr52429.c -O2 -flto -flto-partition=none (internal compiler error)
FAIL: gcc.dg/torture/pr52429.c -O2 -flto -flto-partition=none (test for excess errors)
FAIL: gcc.dg/tree-ssa/ivopts-lt-2.c scan-tree-dump-times ivopts "PHI <p_" 1
FAIL: gcc.dg/tree-ssa/ivopts-lt-2.c scan-tree-dump-times ivopts "PHI" 1
FAIL: gcc.dg/tree-ssa/ivopts-lt-2.c scan-tree-dump-times ivopts "p_[0-9]* <" 1
FAIL: gcc.dg/tree-ssa/ssa-dom-cse-2.c scan-tree-dump optimized "return 28;"
FAIL: c-c++-common/ubsan/float-cast-overflow-7.c -O2 execution test
FAIL: c-c++-common/ubsan/float-cast-overflow-7.c -O2 -flto execution test
FAIL: c-c++-common/ubsan/float-cast-overflow-7.c -O2 -flto -flto-partition=none execution test
FAIL: c-c++-common/ubsan/float-cast-overflow-8.c -O2 output pattern test, is gcc/libsanitizer/ubsan/ubsan_handlers.cc:300: runtime error: value 0 is outside the range of representable values of type 'signed char'
FAIL: c-c++-common/ubsan/float-cast-overflow-8.c -O2 -flto output pattern test, is gcc/libsanitizer/ubsan/ubsan_handlers.cc:300: runtime error: value 0 is outside the range of representable values of type 'signed char'
FAIL: c-c++-common/ubsan/float-cast-overflow-8.c -O2 -flto -flto-partition=none output pattern test, is gcc/libsanitizer/ubsan/ubsan_handlers.cc:300: runtime error: value 0 is outside the range of representable values of type 'signed char'
FAIL: gcc.dg/vect/costmodel/ppc/costmodel-bb-slp-9a.c scan-tree-dump-times slp2 "basic block vectorized using SLP" 1
FAIL: gcc.dg/vect/costmodel/ppc/costmodel-vect-31a.c scan-tree-dump-times vect "vectorization not profitable" 1
FAIL: gcc.dg/vect/costmodel/ppc/costmodel-vect-33.c scan-tree-dump-times vect "vectorization not profitable" 1
FAIL: gcc.dg/vect/no-vfa-vect-depend-2.c scan-tree-dump-times vect "vectorized 1 loops" 1
FAIL: gcc.dg/vect/no-vfa-vect-depend-3.c scan-tree-dump-times vect "vectorized 1 loops" 4
FAIL: gcc.dg/vect/vect-31.c -flto -ffat-lto-objects scan-tree-dump-times vect "vectorized 4 loops" 1
FAIL: gcc.dg/vect/vect-31.c scan-tree-dump-times vect "vectorized 4 loops" 1
FAIL: gcc.target/powerpc/atomic-p7.c scan-assembler-times isync 12
=== gcc Summary for unix/-m64 ===
=== gcc Summary ===
/home/gccbuild/build/nightly/build-gcc-trunk/gcc/xgcc version 5.0.0 20150123 (experimental) [trunk revision 220043] (GCC)
=== gfortran tests ===
Running target unix/-m32
FAIL: gfortran.dg/default_format_denormal_2.f90 -O0 execution test
FAIL: gfortran.dg/default_format_denormal_2.f90 -O1 execution test
FAIL: gfortran.dg/default_format_denormal_2.f90 -O2 execution test
FAIL: gfortran.dg/default_format_denormal_2.f90 -O3 -fomit-frame-pointer execution test
FAIL: gfortran.dg/default_format_denormal_2.f90 -O3 -fomit-frame-pointer -funroll-all-loops -finline-functions execution test
FAIL: gfortran.dg/default_format_denormal_2.f90 -O3 -fomit-frame-pointer -funroll-loops execution test
FAIL: gfortran.dg/default_format_denormal_2.f90 -O3 -g execution test
FAIL: gfortran.dg/default_format_denormal_2.f90 -Os execution test
XPASS: gfortran.dg/nint_2.f90 -O0 execution test
=== gfortran Summary for unix/-m32 ===
# of expected passes 4050
Running target unix/-m64
FAIL: gfortran.dg/default_format_denormal_2.f90 -O0 execution test
FAIL: gfortran.dg/default_format_denormal_2.f90 -O1 execution test
FAIL: gfortran.dg/default_format_denormal_2.f90 -O2 execution test
FAIL: gfortran.dg/default_format_denormal_2.f90 -O3 -fomit-frame-pointer execution test
FAIL: gfortran.dg/default_format_denormal_2.f90 -O3 -fomit-frame-pointer -funroll-all-loops -finline-functions execution test
FAIL: gfortran.dg/default_format_denormal_2.f90 -O3 -fomit-frame-pointer -funroll-loops execution test
FAIL: gfortran.dg/default_format_denormal_2.f90 -O3 -g execution test
FAIL: gfortran.dg/default_format_denormal_2.f90 -Os execution test
XPASS: gfortran.dg/nint_2.f90 -O0 execution test
=== gfortran Summary for unix/-m64 ===
# of expected passes 4050
=== gfortran Summary ===
# of expected passes 8100
/home/gccbuild/build/nightly/build-gcc-trunk/gcc/testsuite/gfortran/../../gfortran version 5.0.0 20150123 (experimental) [trunk revision 220043] (GCC)
=== g++ tests ===
Running target unix/-m32
FAIL: c-c++-common/asan/null-deref-1.c -O2 output pattern test, is ASAN:SIGSEGV
FAIL: c-c++-common/asan/null-deref-1.c -O2 -flto output pattern test, is ASAN:SIGSEGV
FAIL: c-c++-common/asan/null-deref-1.c -O2 -flto -flto-partition=none output pattern test, is ASAN:SIGSEGV
FAIL: c-c++-common/asan/null-deref-1.c -O3 -fomit-frame-pointer output pattern test, is ASAN:SIGSEGV
FAIL: c-c++-common/asan/null-deref-1.c -O3 -g output pattern test, is ASAN:SIGSEGV
FAIL: g++.dg/abi/scoped1.C -std=gnu++11 execution test
FAIL: g++.dg/abi/scoped1.C -std=gnu++14 execution test
=== g++ Summary for unix/-m32 ===
# of expected passes 20281
# of expected failures 61
# of unsupported tests 86
Running target unix/-m64
FAIL: c-c++-common/asan/null-deref-1.c -O2 output pattern test, is ASAN:SIGSEGV
FAIL: c-c++-common/asan/null-deref-1.c -O2 -flto output pattern test, is ASAN:SIGSEGV
FAIL: c-c++-common/asan/null-deref-1.c -O2 -flto -flto-partition=none output pattern test, is ASAN:SIGSEGV
FAIL: c-c++-common/asan/null-deref-1.c -O3 -fomit-frame-pointer output pattern test, is ASAN:SIGSEGV
FAIL: c-c++-common/asan/null-deref-1.c -O3 -g output pattern test, is ASAN:SIGSEGV
FAIL: c-c++-common/asan/swapcontext-test-1.c -O0 execution test
FAIL: c-c++-common/asan/swapcontext-test-1.c -O1 execution test
FAIL: c-c++-common/asan/swapcontext-test-1.c -O2 execution test
FAIL: c-c++-common/asan/swapcontext-test-1.c -O2 -flto execution test
FAIL: c-c++-common/asan/swapcontext-test-1.c -O2 -flto -flto-partition=none execution test
FAIL: c-c++-common/asan/swapcontext-test-1.c -O3 -fomit-frame-pointer execution test
FAIL: c-c++-common/asan/swapcontext-test-1.c -O3 -fomit-frame-pointer -funroll-all-loops -finline-functions execution test
FAIL: c-c++-common/asan/swapcontext-test-1.c -O3 -fomit-frame-pointer -funroll-loops execution test
FAIL: c-c++-common/asan/swapcontext-test-1.c -O3 -g execution test
FAIL: c-c++-common/asan/swapcontext-test-1.c -Os execution test
FAIL: c-c++-common/ubsan/float-cast-overflow-7.c -O2 execution test
FAIL: c-c++-common/ubsan/float-cast-overflow-7.c -O2 -flto execution test
FAIL: c-c++-common/ubsan/float-cast-overflow-7.c -O2 -flto -flto-partition=none execution test
FAIL: c-c++-common/ubsan/float-cast-overflow-8.c -O2 output pattern test, is gcc/libsanitizer/ubsan/ubsan_handlers.cc:300: runtime error: value 0 is outside the range of representable values of type 'signed char'
FAIL: c-c++-common/ubsan/float-cast-overflow-8.c -O2 -flto output pattern test, is gcc/libsanitizer/ubsan/ubsan_handlers.cc:300: runtime error: value 0 is outside the range of representable values of type 'signed char'
FAIL: c-c++-common/ubsan/float-cast-overflow-8.c -O2 -flto -flto-partition=none output pattern test, is gcc/libsanitizer/ubsan/ubsan_handlers.cc:300: runtime error: value 0 is outside the range of representable values of type 'signed char'
=== g++ Summary for unix/-m64 ===
# of expected passes 20188
# of expected failures 61
# of unsupported tests 89
=== g++ Summary ===
# of expected passes 40469
# of expected failures 122
# of unsupported tests 175
/home/gccbuild/build/nightly/build-gcc-trunk/gcc/testsuite/g++/../../xg++ version 5.0.0 20150123 (experimental) [trunk revision 220043] (GCC)
=== go tests ===
Running target unix/-m32
FAIL: go.test/test/ken/cplx2.go execution, -O2 -g
FAIL: go.test/test/nilptr2.go execution, -O2 -g
=== go Summary for unix/-m32 ===
# of expected passes 6874
# of unexpected failures 2
# of expected failures 1
# of untested testcases 10
# of unsupported tests 3
Running target unix/-m64
FAIL: ./slice3-out.go execution, -O0 -g -fno-var-tracking-assignments
FAIL: go.test/test/chan/doubleselect.go execution, -O2 -g
FAIL: go.test/test/chan/powser1.go execution, -O2 -g
FAIL: go.test/test/chan/select3.go execution, -O2 -g
FAIL: go.test/test/chan/select5.go execution
FAIL: go.test/test/chan/select6.go execution, -O2 -g
FAIL: go.test/test/chan/sieve2.go execution, -O2 -g
FAIL: go.test/test/convT2X.go execution, -O2 -g
FAIL: go.test/test/ddd.go execution, -O2 -g
FAIL: go.test/test/divmod.go execution, -O2 -g
FAIL: go.test/test/escape.go execution, -O2 -g
FAIL: go.test/test/fixedbugs/bug147.go execution, -O2 -g
FAIL: go.test/test/fixedbugs/bug159.go execution, -O2 -g
FAIL: go.test/test/fixedbugs/bug177.go execution, -O2 -g
FAIL: go.test/test/fixedbugs/bug243.go execution, -O2 -g
FAIL: go.test/test/fixedbugs/bug293.go execution, -O2 -g
FAIL: go.test/test/fixedbugs/bug320.go execution, -O2 -g
FAIL: go.test/test/fixedbugs/bug369.go
FAIL: go.test/test/fixedbugs/bug474.go execution, -O2 -g
FAIL: go.test/test/fixedbugs/issue4085b.go execution, -O2 -g
FAIL: go.test/test/fixedbugs/issue5162.go execution
FAIL: go.test/test/fixedbugs/issue5753.go execution, -O2 -g
FAIL: go.test/test/fixedbugs/issue5963.go execution, -O2 -g
FAIL: go.test/test/index0.go execution
FAIL: go.test/test/index1.go execution
FAIL: go.test/test/index2.go execution
FAIL: go.test/test/ken/cplx2.go execution, -O2 -g
FAIL: go.test/test/method5.go execution, -O2 -g
FAIL: go.test/test/nil.go execution, -O2 -g
FAIL: go.test/test/nilptr2.go execution, -O2 -g
FAIL: go.test/test/recover.go execution, -O2 -g
FAIL: go.test/test/recover3.go execution, -O2 -g
=== go Summary for unix/-m64 ===
# of expected passes 3536
# of unexpected failures 32
# of expected failures 1
# of untested testcases 10
# of unsupported tests 3
=== go Summary ===
# of expected passes 10410
# of unexpected failures 34
# of expected failures 2
# of untested testcases 20
# of unsupported tests 6
/home/gccbuild/build/nightly/build-gcc-trunk/gcc/testsuite/go/../../gccgo version 5.0.0 20150123 (experimental) [trunk revision 220043] (GCC)
=== obj-c++ tests ===
Running target unix/-m32
=== obj-c++ Summary for unix/-m32 ===
# of expected passes 64
Running target unix/-m64
=== obj-c++ Summary for unix/-m64 ===
# of expected passes 64
=== obj-c++ Summary ===
# of expected passes 2898
# of expected failures 12
# of unsupported tests 172
/home/gccbuild/build/nightly/build-gcc-trunk/gcc/testsuite/obj-c++/../../xg++ version 5.0.0 20150123 (experimental) [trunk revision 220043] (GCC)
=== objc tests ===
Running target unix/-m32
=== objc Summary for unix/-m32 ===
# of expected passes 64
Running target unix/-m64
=== objc Summary for unix/-m64 ===
# of expected passes 64
=== objc Summary ===
# of expected passes 128
/home/gccbuild/build/nightly/build-gcc-trunk/gcc/xgcc version 5.0.0 20150123 (experimental) [trunk revision 220043] (GCC)
=== boehm-gc tests ===
Running target unix/-m32
=== boehm-gc Summary for unix/-m32 ===
# of expected passes 4
Running target unix/-m64
=== boehm-gc Summary for unix/-m64 ===
# of expected passes 4
=== boehm-gc Summary ===
# of expected passes 24
# of unsupported tests 2
=== libatomic tests ===
Running target unix/-m32
=== libatomic Summary for unix/-m32 ===
# of expected passes 44
# of unsupported tests 5
Running target unix/-m64
=== libatomic Summary for unix/-m64 ===
# of expected passes 54
=== libatomic Summary ===
# of expected passes 98
# of unsupported tests 5
=== libffi tests ===
Running target unix/-m32
=== libffi Summary for unix/-m32 ===
# of expected passes 24
Running target unix/-m64
=== libffi Summary for unix/-m64 ===
# of expected passes 24
=== libffi Summary ===
# of expected passes 3868
# of unsupported tests 56
=== libgo tests ===
Running target unix
FAIL: bufio
FAIL: bytes
FAIL: errors
FAIL: expvar
FAIL: flag
FAIL: fmt
FAIL: html
FAIL: image
FAIL: io
FAIL: log
FAIL: math
FAIL: mime
FAIL: net
FAIL: os
FAIL: path
FAIL: reflect
FAIL: regexp
FAIL: runtime
FAIL: sort
FAIL: strconv
FAIL: strings
FAIL: sync
FAIL: syscall
FAIL: time
FAIL: unicode
FAIL: archive/tar
FAIL: archive/zip
FAIL: compress/bzip2
FAIL: compress/flate
FAIL: compress/gzip
FAIL: compress/lzw
FAIL: compress/zlib
FAIL: container/heap
FAIL: container/list
FAIL: container/ring
FAIL: crypto/aes
FAIL: crypto/cipher
FAIL: crypto/des
FAIL: crypto/dsa
FAIL: crypto/ecdsa
FAIL: crypto/elliptic
FAIL: crypto/hmac
FAIL: crypto/md5
FAIL: crypto/rand
FAIL: crypto/rc4
FAIL: crypto/rsa
FAIL: crypto/sha1
FAIL: crypto/sha256
FAIL: crypto/sha512
FAIL: crypto/subtle
FAIL: crypto/tls
FAIL: crypto/x509
FAIL: database/sql
FAIL: database/sql/driver
FAIL: debug/dwarf
FAIL: debug/elf
FAIL: debug/macho
FAIL: debug/pe
FAIL: debug/plan9obj
FAIL: encoding/ascii85
FAIL: encoding/asn1
FAIL: encoding/base32
FAIL: encoding/base64
FAIL: encoding/binary
FAIL: encoding/csv
FAIL: encoding/gob
FAIL: encoding/hex
FAIL: encoding/json
FAIL: encoding/pem
FAIL: encoding/xml
FAIL: exp/proxy
FAIL: exp/terminal
FAIL: html/template
FAIL: go/ast
FAIL: go/doc
FAIL: go/format
FAIL: go/parser
FAIL: go/printer
FAIL: go/scanner
FAIL: go/token
FAIL: hash/adler32
FAIL: hash/crc32
FAIL: hash/crc64
FAIL: hash/fnv
FAIL: image/color
FAIL: image/draw
FAIL: image/jpeg
FAIL: image/png
FAIL: index/suffixarray
FAIL: io/ioutil
FAIL: log/syslog
FAIL: math/big
FAIL: math/cmplx
FAIL: math/rand
FAIL: mime/multipart
FAIL: net/http
FAIL: net/http/cgi
FAIL: net/http/cookiejar
FAIL: net/http/fcgi
FAIL: net/http/httptest
FAIL: net/http/httputil
FAIL: net/http/internal
FAIL: net/mail
FAIL: net/rpc
FAIL: net/smtp
FAIL: net/textproto
FAIL: net/url
FAIL: net/rpc/jsonrpc
FAIL: old/regexp
FAIL: old/template
FAIL: os/exec
FAIL: os/signal
FAIL: os/user
FAIL: path/filepath
FAIL: regexp/syntax
FAIL: runtime/pprof
FAIL: sync/atomic
FAIL: text/scanner
FAIL: text/tabwriter
FAIL: text/template
FAIL: text/template/parse
FAIL: testing/quick
FAIL: unicode/utf16
FAIL: unicode/utf8
=== libgo Summary for unix ===
# of unexpected failures 124
Running target unix/-m32
FAIL: math
FAIL: net
FAIL: runtime
FAIL: runtime/pprof
FAIL: sync/atomic
=== libgo Summary for unix/-m32 ===
# of expected passes 119
# of unexpected failures 5
=== libgo Summary ===
# of expected passes 119
# of unexpected failures 129
/home/gccbuild/build/nightly/build-gcc-trunk/./gcc/gccgo version 5.0.0 20150123 (experimental) [trunk revision 220043] (GCC)
=== libgomp tests ===
Running target unix/-m32
FAIL: libgomp.c/appendix-a/a.15.1.c execution test
FAIL: libgomp.c/appendix-a/a.16.1.c execution test
FAIL: libgomp.c/appendix-a/a.21.1.c execution test
FAIL: libgomp.c/appendix-a/a.26.1.c execution test
FAIL: libgomp.c/appendix-a/a.29.1.c execution test
FAIL: libgomp.c/appendix-a/a.39.1.c execution test
FAIL: libgomp.c/appendix-a/a.4.1.c execution test
FAIL: libgomp.c/atomic-4.c execution test
FAIL: libgomp.c/atomic-5.c execution test
FAIL: libgomp.c/cancel-taskgroup-1.c execution test
FAIL: libgomp.c/cancel-taskgroup-2.c execution test
FAIL: libgomp.c/collapse-1.c execution test
FAIL: libgomp.c/collapse-3.c execution test
FAIL: libgomp.c/critical-2.c execution test
FAIL: libgomp.c/debug-1.c execution test
FAIL: libgomp.c/depend-1.c execution test
FAIL: libgomp.c/depend-2.c execution test
FAIL: libgomp.c/depend-3.c execution test
FAIL: libgomp.c/depend-4.c execution test
FAIL: libgomp.c/depend-5.c execution test
FAIL: libgomp.c/examples-4/e.50.1.c execution test
FAIL: libgomp.c/examples-4/e.50.2.c execution test
FAIL: libgomp.c/examples-4/e.50.3.c execution test
FAIL: libgomp.c/examples-4/e.50.4.c execution test
FAIL: libgomp.c/examples-4/e.51.1.c execution test
FAIL: libgomp.c/examples-4/e.51.2.c execution test
FAIL: libgomp.c/examples-4/e.51.3.c execution test
FAIL: libgomp.c/examples-4/e.51.4.c execution test
FAIL: libgomp.c/examples-4/e.52.1.c execution test
FAIL: libgomp.c/examples-4/e.52.2.c execution test
FAIL: libgomp.c/examples-4/e.53.3.c execution test
FAIL: libgomp.c/examples-4/e.53.4.c execution test
FAIL: libgomp.c/examples-4/e.54.3.c execution test
FAIL: libgomp.c/examples-4/e.54.6.c execution test
FAIL: libgomp.c/examples-4/e.55.1.c execution test
FAIL: libgomp.c/for-1.c execution test
FAIL: libgomp.c/for-2.c execution test
FAIL: libgomp.c/for-3.c execution test
FAIL: libgomp.c/loop-10.c execution test
FAIL: libgomp.c/loop-11.c execution test
FAIL: libgomp.c/loop-12.c execution test
FAIL: libgomp.c/loop-13.c execution test
FAIL: libgomp.c/loop-14.c execution test
FAIL: libgomp.c/loop-15.c execution test
FAIL: libgomp.c/loop-5.c execution test
FAIL: libgomp.c/loop-6.c execution test
FAIL: libgomp.c/loop-8.c execution test
FAIL: libgomp.c/loop-9.c execution test
FAIL: libgomp.c/nestedfn-6.c execution test
FAIL: libgomp.c/nqueens-1.c execution test
FAIL: libgomp.c/omp-loop01.c execution test
FAIL: libgomp.c/omp-loop02.c execution test
FAIL: libgomp.c/omp-single-1.c execution test
FAIL: libgomp.c/omp-single-2.c execution test
FAIL: libgomp.c/omp-single-3.c execution test
FAIL: libgomp.c/omp_hello.c execution test
FAIL: libgomp.c/omp_matvec.c execution test
FAIL: libgomp.c/omp_orphan.c execution test
FAIL: libgomp.c/omp_reduction.c execution test
FAIL: libgomp.c/omp_workshare1.c execution test
FAIL: libgomp.c/omp_workshare2.c execution test
FAIL: libgomp.c/omp_workshare4.c execution test
FAIL: libgomp.c/pr29947-1.c execution test
FAIL: libgomp.c/pr29947-2.c execution test
FAIL: libgomp.c/pr35130.c execution test
FAIL: libgomp.c/pr35625.c execution test
FAIL: libgomp.c/pr36802-1.c execution test
FAIL: libgomp.c/pr38650.c execution test
FAIL: libgomp.c/pr39591-1.c execution test
FAIL: libgomp.c/pr39591-2.c execution test
FAIL: libgomp.c/pr39591-3.c execution test
FAIL: libgomp.c/pr42029.c execution test
FAIL: libgomp.c/pr43893.c execution test
FAIL: libgomp.c/pr49897-1.c execution test
FAIL: libgomp.c/pr49897-2.c execution test
FAIL: libgomp.c/pr49898-1.c execution test
FAIL: libgomp.c/pr49898-2.c execution test
FAIL: libgomp.c/pr52547.c execution test
FAIL: libgomp.c/pr58392.c execution test
FAIL: libgomp.c/pr58756.c execution test
FAIL: libgomp.c/reduction-5.c execution test
FAIL: libgomp.c/reduction-6.c execution test
FAIL: libgomp.c/sections-2.c execution test
FAIL: libgomp.c/shared-3.c execution test
FAIL: libgomp.c/simd-12.c execution test
FAIL: libgomp.c/simd-13.c execution test
FAIL: libgomp.c/simd-14.c execution test
FAIL: libgomp.c/simd-15.c execution test
FAIL: libgomp.c/simd-16.c execution test
FAIL: libgomp.c/simd-17.c execution test
FAIL: libgomp.c/simd-6.c execution test
FAIL: libgomp.c/sort-1.c execution test
FAIL: libgomp.c/target-1.c execution test
FAIL: libgomp.c/target-2.c execution test
FAIL: libgomp.c/target-8.c execution test
FAIL: libgomp.c/target-critical-1.c execution test
FAIL: libgomp.c/task-5.c execution test
FAIL: libgomp.c/udr-2.c execution test
FAIL: libgomp.c/udr-3.c execution test
FAIL: libgomp.c++/cancel-taskgroup-1.C execution test
FAIL: libgomp.c++/cancel-taskgroup-2.C execution test
FAIL: libgomp.c++/cancel-taskgroup-3.C execution test
FAIL: libgomp.c++/collapse-1.C execution test
FAIL: libgomp.c++/ctor-12.C execution test
FAIL: libgomp.c++/examples-4/e.51.5.C execution test
FAIL: libgomp.c++/for-1.C execution test
FAIL: libgomp.c++/for-10.C execution test
FAIL: libgomp.c++/for-11.C execution test
FAIL: libgomp.c++/for-2.C execution test
FAIL: libgomp.c++/for-3.C execution test
FAIL: libgomp.c++/for-4.C execution test
FAIL: libgomp.c++/for-5.C execution test
FAIL: libgomp.c++/for-6.C execution test
FAIL: libgomp.c++/for-7.C execution test
FAIL: libgomp.c++/for-8.C execution test
FAIL: libgomp.c++/for-9.C execution test
FAIL: libgomp.c++/loop-1.C execution test
FAIL: libgomp.c++/loop-11.C execution test
FAIL: libgomp.c++/loop-12.C execution test
FAIL: libgomp.c++/loop-13.C execution test
FAIL: libgomp.c++/loop-14.C execution test
FAIL: libgomp.c++/loop-15.C execution test
FAIL: libgomp.c++/loop-2.C execution test
FAIL: libgomp.c++/loop-8.C execution test
FAIL: libgomp.c++/loop-9.C execution test
FAIL: libgomp.c++/master-1.C execution test
FAIL: libgomp.c++/pr26691.C execution test
FAIL: libgomp.c++/pr35185.C execution test
FAIL: libgomp.c++/pr38650.C execution test
FAIL: libgomp.c++/pr39573.C execution test
FAIL: libgomp.c++/pr43893.C execution test
FAIL: libgomp.c++/pr48869.C execution test
FAIL: libgomp.c++/pr49043.C execution test
FAIL: libgomp.c++/pr56217.C execution test
FAIL: libgomp.c++/reduction-4.C execution test
FAIL: libgomp.c++/sections-1.C execution test
FAIL: libgomp.c++/simd-8.C execution test
FAIL: libgomp.c++/simd10.C execution test
FAIL: libgomp.c++/simd11.C execution test
FAIL: libgomp.c++/simd12.C execution test
FAIL: libgomp.c++/simd13.C execution test
FAIL: libgomp.c++/single-1.C execution test
FAIL: libgomp.c++/single-2.C execution test
FAIL: libgomp.c++/single-3.C execution test
FAIL: libgomp.c++/target-1.C execution test
FAIL: libgomp.c++/target-2.C execution test
FAIL: libgomp.c++/target-3.C execution test
FAIL: libgomp.c++/task-8.C execution test
FAIL: libgomp.c++/udr-14.C execution test
FAIL: libgomp.c++/udr-15.C execution test
FAIL: libgomp.c++/udr-16.C execution test
FAIL: libgomp.c++/udr-17.C execution test
FAIL: libgomp.c++/udr-18.C execution test
FAIL: libgomp.c++/udr-4.C execution test
FAIL: libgomp.c++/udr-5.C execution test
FAIL: libgomp.c++/udr-6.C execution test
FAIL: libgomp.c++/udr-7.C execution test
FAIL: libgomp.c++/udr-8.C execution test
FAIL: libgomp.fortran/alloc-comp-1.f90 -O0 execution test
FAIL: libgomp.fortran/alloc-comp-1.f90 -O2 execution test
FAIL: libgomp.fortran/alloc-comp-2.f90 -O0 execution test
FAIL: libgomp.fortran/alloc-comp-2.f90 -O2 execution test
FAIL: libgomp.fortran/alloc-comp-3.f90 -O0 execution test
FAIL: libgomp.fortran/alloc-comp-3.f90 -O2 execution test
FAIL: libgomp.fortran/allocatable1.f90 -O0 execution test
FAIL: libgomp.fortran/allocatable1.f90 -O1 execution test
FAIL: libgomp.fortran/allocatable1.f90 -O2 execution test
FAIL: libgomp.fortran/allocatable1.f90 -O3 -fomit-frame-pointer execution test
FAIL: libgomp.fortran/allocatable1.f90 -O3 -fomit-frame-pointer -funroll-loops execution test
FAIL: libgomp.fortran/allocatable1.f90 -O3 -fomit-frame-pointer -funroll-all-loops -finline-functions execution test
FAIL: libgomp.fortran/allocatable1.f90 -O3 -g execution test
FAIL: libgomp.fortran/allocatable1.f90 -Os execution test
FAIL: libgomp.fortran/allocatable10.f90 -O0 execution test
FAIL: libgomp.fortran/allocatable10.f90 -O1 execution test
FAIL: libgomp.fortran/allocatable10.f90 -O2 execution test
FAIL: libgomp.fortran/allocatable10.f90 -O3 -fomit-frame-pointer execution test
FAIL: libgomp.fortran/allocatable10.f90 -O3 -fomit-frame-pointer -funroll-loops execution test
FAIL: libgomp.fortran/allocatable10.f90 -O3 -fomit-frame-pointer -funroll-all-loops -finline-functions execution test
FAIL: libgomp.fortran/allocatable10.f90 -O3 -g execution test
FAIL: libgomp.fortran/allocatable10.f90 -Os execution test
FAIL: libgomp.fortran/allocatable12.f90 -O0 execution test
FAIL: libgomp.fortran/allocatable12.f90 -O1 execution test
FAIL: libgomp.fortran/allocatable12.f90 -O2 execution test
FAIL: libgomp.fortran/allocatable12.f90 -O3 -fomit-frame-pointer execution test
FAIL: libgomp.fortran/allocatable12.f90 -O3 -fomit-frame-pointer -funroll-loops execution test
FAIL: libgomp.fortran/allocatable12.f90 -O3 -fomit-frame-pointer -funroll-all-loops -finline-functions execution test
FAIL: libgomp.fortran/allocatable12.f90 -O3 -g execution test
FAIL: libgomp.fortran/allocatable12.f90 -Os execution test
FAIL: libgomp.fortran/allocatable3.f90 -O0 execution test
FAIL: libgomp.fortran/allocatable3.f90 -O1 execution test
FAIL: libgomp.fortran/allocatable3.f90 -O2 execution test
FAIL: libgomp.fortran/allocatable3.f90 -O3 -fomit-frame-pointer execution test
FAIL: libgomp.fortran/allocatable3.f90 -O3 -fomit-frame-pointer -funroll-loops execution test
FAIL: libgomp.fortran/allocatable3.f90 -O3 -fomit-frame-pointer -funroll-all-loops -finline-functions execution test
FAIL: libgomp.fortran/allocatable3.f90 -O3 -g execution test
FAIL: libgomp.fortran/allocatable3.f90 -Os execution test
FAIL: libgomp.fortran/allocatable5.f90 -O0 execution test
FAIL: libgomp.fortran/allocatable5.f90 -O1 execution test
FAIL: libgomp.fortran/allocatable5.f90 -O2 execution test
FAIL: libgomp.fortran/allocatable5.f90 -O3 -fomit-frame-pointer execution test
FAIL: libgomp.fortran/allocatable5.f90 -O3 -fomit-frame-pointer -funroll-loops execution test
FAIL: libgomp.fortran/allocatable5.f90 -O3 -fomit-frame-pointer -funroll-all-loops -finline-functions execution test
FAIL: libgomp.fortran/allocatable5.f90 -O3 -g execution test
FAIL: libgomp.fortran/allocatable5.f90 -Os execution test
FAIL: libgomp.fortran/allocatable6.f90 -O0 execution test
FAIL: libgomp.fortran/allocatable6.f90 -O1 execution test
FAIL: libgomp.fortran/allocatable6.f90 -O2 execution test
FAIL: libgomp.fortran/allocatable6.f90 -O3 -fomit-frame-pointer execution test
FAIL: libgomp.fortran/allocatable6.f90 -O3 -fomit-frame-pointer -funroll-loops execution test
FAIL: libgomp.fortran/allocatable6.f90 -O3 -fomit-frame-pointer -funroll-all-loops -finline-functions execution test
FAIL: libgomp.fortran/allocatable6.f90 -O3 -g execution test
FAIL: libgomp.fortran/allocatable6.f90 -Os execution test
FAIL: libgomp.fortran/allocatable7.f90 -O0 execution test
FAIL: libgomp.fortran/allocatable7.f90 -O1 execution test
FAIL: libgomp.fortran/allocatable7.f90 -O2 execution test
FAIL: libgomp.fortran/allocatable7.f90 -O3 -fomit-frame-pointer execution test
FAIL: libgomp.fortran/allocatable7.f90 -O3 -fomit-frame-pointer -funroll-loops execution test
FAIL: libgomp.fortran/allocatable7.f90 -O3 -fomit-frame-pointer -funroll-all-loops -finline-functions execution test
FAIL: libgomp.fortran/allocatable7.f90 -O3 -g execution test
FAIL: libgomp.fortran/allocatable7.f90 -Os execution test
FAIL: libgomp.fortran/allocatable9.f90 -O0 execution test
FAIL: libgomp.fortran/allocatable9.f90 -O1 execution test
FAIL: libgomp.fortran/allocatable9.f90 -O2 execution test
FAIL: libgomp.fortran/allocatable9.f90 -O3 -fomit-frame-pointer execution test
FAIL: libgomp.fortran/allocatable9.f90 -O3 -fomit-frame-pointer -funroll-loops execution test
FAIL: libgomp.fortran/allocatable9.f90 -O3 -fomit-frame-pointer -funroll-all-loops -finline-functions execution test
FAIL: libgomp.fortran/allocatable9.f90 -O3 -g execution test
FAIL: libgomp.fortran/allocatable9.f90 -Os execution test
FAIL: libgomp.fortran/appendix-a/a.16.1.f90 -O0 execution test
FAIL: libgomp.fortran/appendix-a/a.16.1.f90 -O1 execution test
FAIL: libgomp.fortran/appendix-a/a.16.1.f90 -O2 execution test
FAIL: libgomp.fortran/appendix-a/a.16.1.f90 -O3 -fomit-frame-pointer execution test
FAIL: libgomp.fortran/appendix-a/a.16.1.f90 -O3 -fomit-frame-pointer -funroll-loops execution test
FAIL: libgomp.fortran/appendix-a/a.16.1.f90 -O3 -fomit-frame-pointer -funroll-all-loops -finline-functions execution test
FAIL: libgomp.fortran/appendix-a/a.16.1.f90 -O3 -g execution test
FAIL: libgomp.fortran/appendix-a/a.16.1.f90 -Os execution test
FAIL: libgomp.fortran/appendix-a/a.22.7.f90 -O0 execution test
FAIL: libgomp.fortran/appendix-a/a.22.7.f90 -O1 execution test
FAIL: libgomp.fortran/appendix-a/a.22.7.f90 -O2 execution test
FAIL: libgomp.fortran/appendix-a/a.22.7.f90 -O3 -fomit-frame-pointer execution test
FAIL: libgomp.fortran/appendix-a/a.22.7.f90 -O3 -fomit-frame-pointer -funroll-loops execution test
FAIL: libgomp.fortran/appendix-a/a.22.7.f90 -O3 -fomit-frame-pointer -funroll-all-loops -finline-functions execution test
FAIL: libgomp.fortran/appendix-a/a.22.7.f90 -O3 -g execution test
FAIL: libgomp.fortran/appendix-a/a.22.7.f90 -Os execution test
FAIL: libgomp.fortran/appendix-a/a.22.8.f90 -O0 execution test
FAIL: libgomp.fortran/appendix-a/a.22.8.f90 -O1 execution test
FAIL: libgomp.fortran/appendix-a/a.22.8.f90 -O2 execution test
FAIL: libgomp.fortran/appendix-a/a.22.8.f90 -O3 -fomit-frame-pointer execution test
FAIL: libgomp.fortran/appendix-a/a.22.8.f90 -O3 -fomit-frame-pointer -funroll-loops execution test
FAIL: libgomp.fortran/appendix-a/a.22.8.f90 -O3 -fomit-frame-pointer -funroll-all-loops -finline-functions execution test
FAIL: libgomp.fortran/appendix-a/a.22.8.f90 -O3 -g execution test
FAIL: libgomp.fortran/appendix-a/a.22.8.f90 -Os execution test
FAIL: libgomp.fortran/appendix-a/a.26.1.f90 -O0 execution test
FAIL: libgomp.fortran/appendix-a/a.26.1.f90 -O1 execution test
FAIL: libgomp.fortran/appendix-a/a.26.1.f90 -O2 execution test
FAIL: libgomp.fortran/appendix-a/a.26.1.f90 -O3 -fomit-frame-pointer execution test
FAIL: libgomp.fortran/appendix-a/a.26.1.f90 -O3 -fomit-frame-pointer -funroll-loops execution test
FAIL: libgomp.fortran/appendix-a/a.26.1.f90 -O3 -fomit-frame-pointer -funroll-all-loops -finline-functions execution test
FAIL: libgomp.fortran/appendix-a/a.26.1.f90 -O3 -g execution test
FAIL: libgomp.fortran/appendix-a/a.26.1.f90 -Os execution test
FAIL: libgomp.fortran/appendix-a/a.28.1.f90 -O0 execution test
FAIL: libgomp.fortran/appendix-a/a.28.1.f90 -O1 execution test
FAIL: libgomp.fortran/appendix-a/a.28.1.f90 -O2 execution test
FAIL: libgomp.fortran/appendix-a/a.28.1.f90 -O3 -fomit-frame-pointer execution test
FAIL: libgomp.fortran/appendix-a/a.28.1.f90 -O3 -fomit-frame-pointer -funroll-loops execution test
FAIL: libgomp.fortran/appendix-a/a.28.1.f90 -O3 -fomit-frame-pointer -funroll-all-loops -finline-functions execution test
FAIL: libgomp.fortran/appendix-a/a.28.1.f90 -O3 -g execution test
FAIL: libgomp.fortran/appendix-a/a.28.1.f90 -Os execution test
FAIL: libgomp.fortran/appendix-a/a.28.2.f90 -O0 execution test
FAIL: libgomp.fortran/appendix-a/a.28.2.f90 -O1 execution test
FAIL: libgomp.fortran/appendix-a/a.28.2.f90 -O2 execution test
FAIL: libgomp.fortran/appendix-a/a.28.2.f90 -O3 -fomit-frame-pointer execution test
FAIL: libgomp.fortran/appendix-a/a.28.2.f90 -O3 -fomit-frame-pointer -funroll-loops execution test
FAIL: libgomp.fortran/appendix-a/a.28.2.f90 -O3 -fomit-frame-pointer -funroll-all-loops -finline-functions execution test
FAIL: libgomp.fortran/appendix-a/a.28.2.f90 -O3 -g execution test
FAIL: libgomp.fortran/appendix-a/a.28.2.f90 -Os execution test
FAIL: libgomp.fortran/appendix-a/a.28.3.f90 -O0 execution test
FAIL: libgomp.fortran/appendix-a/a.28.3.f90 -O1 execution test
FAIL: libgomp.fortran/appendix-a/a.28.3.f90 -O2 execution test
FAIL: libgomp.fortran/appendix-a/a.28.3.f90 -O3 -fomit-frame-pointer execution test
FAIL: libgomp.fortran/appendix-a/a.28.3.f90 -O3 -fomit-frame-pointer -funroll-loops execution test
FAIL: libgomp.fortran/appendix-a/a.28.3.f90 -O3 -fomit-frame-pointer -funroll-all-loops -finline-functions execution test
FAIL: libgomp.fortran/appendix-a/a.28.3.f90 -O3 -g execution test
FAIL: libgomp.fortran/appendix-a/a.28.3.f90 -Os execution test
FAIL: libgomp.fortran/appendix-a/a.28.4.f90 -O0 execution test
FAIL: libgomp.fortran/appendix-a/a.28.4.f90 -O1 execution test
FAIL: libgomp.fortran/appendix-a/a.28.4.f90 -O2 execution test
FAIL: libgomp.fortran/appendix-a/a.28.4.f90 -O3 -fomit-frame-pointer execution test
FAIL: libgomp.fortran/appendix-a/a.28.4.f90 -O3 -fomit-frame-pointer -funroll-loops execution test
FAIL: libgomp.fortran/appendix-a/a.28.4.f90 -O3 -fomit-frame-pointer -funroll-all-loops -finline-functions execution test
FAIL: libgomp.fortran/appendix-a/a.28.4.f90 -O3 -g execution test
FAIL: libgomp.fortran/appendix-a/a.28.4.f90 -Os execution test
FAIL: libgomp.fortran/appendix-a/a.31.4.f90 -O0 execution test
FAIL: libgomp.fortran/appendix-a/a.31.4.f90 -O1 execution test
FAIL: libgomp.fortran/appendix-a/a.31.4.f90 -O2 execution test
FAIL: libgomp.fortran/appendix-a/a.31.4.f90 -O3 -fomit-frame-pointer execution test
FAIL: libgomp.fortran/appendix-a/a.31.4.f90 -O3 -fomit-frame-pointer -funroll-loops execution test
FAIL: libgomp.fortran/appendix-a/a.31.4.f90 -O3 -fomit-frame-pointer -funroll-all-loops -finline-functions execution test
FAIL: libgomp.fortran/appendix-a/a.31.4.f90 -O3 -g execution test
FAIL: libgomp.fortran/appendix-a/a.31.4.f90 -Os execution test
FAIL: libgomp.fortran/appendix-a/a.31.5.f90 -O0 execution test
FAIL: libgomp.fortran/appendix-a/a.31.5.f90 -O1 execution test
FAIL: libgomp.fortran/appendix-a/a.31.5.f90 -O2 execution test
FAIL: libgomp.fortran/appendix-a/a.31.5.f90 -O3 -fomit-frame-pointer execution test
FAIL: libgomp.fortran/appendix-a/a.31.5.f90 -O3 -fomit-frame-pointer -funroll-loops execution test
FAIL: libgomp.fortran/appendix-a/a.31.5.f90 -O3 -fomit-frame-pointer -funroll-all-loops -finline-functions execution test
FAIL: libgomp.fortran/appendix-a/a.31.5.f90 -O3 -g execution test
FAIL: libgomp.fortran/appendix-a/a.31.5.f90 -Os execution test
FAIL: libgomp.fortran/appendix-a/a.39.1.f90 -O0 execution test
FAIL: libgomp.fortran/appendix-a/a.39.1.f90 -O1 execution test
FAIL: libgomp.fortran/appendix-a/a.39.1.f90 -O2 execution test
FAIL: libgomp.fortran/appendix-a/a.39.1.f90 -O3 -fomit-frame-pointer execution test
FAIL: libgomp.fortran/appendix-a/a.39.1.f90 -O3 -fomit-frame-pointer -funroll-loops execution test
FAIL: libgomp.fortran/appendix-a/a.39.1.f90 -O3 -fomit-frame-pointer -funroll-all-loops -finline-functions execution test
FAIL: libgomp.fortran/appendix-a/a.39.1.f90 -O3 -g execution test
FAIL: libgomp.fortran/appendix-a/a.39.1.f90 -Os execution test
FAIL: libgomp.fortran/appendix-a/a.4.1.f90 -O0 execution test
FAIL: libgomp.fortran/appendix-a/a.4.1.f90 -O1 execution test
FAIL: libgomp.fortran/appendix-a/a.4.1.f90 -O2 execution test
FAIL: libgomp.fortran/appendix-a/a.4.1.f90 -O3 -fomit-frame-pointer execution test
FAIL: libgomp.fortran/appendix-a/a.4.1.f90 -O3 -fomit-frame-pointer -funroll-loops execution test
FAIL: libgomp.fortran/appendix-a/a.4.1.f90 -O3 -fomit-frame-pointer -funroll-all-loops -finline-functions execution test
FAIL: libgomp.fortran/appendix-a/a.4.1.f90 -O3 -g execution test
FAIL: libgomp.fortran/appendix-a/a.4.1.f90 -Os execution test
FAIL: libgomp.fortran/appendix-a/a10.1.f90 -O0 execution test
FAIL: libgomp.fortran/appendix-a/a10.1.f90 -O1 execution test
FAIL: libgomp.fortran/appendix-a/a10.1.f90 -O2 execution test
FAIL: libgomp.fortran/appendix-a/a10.1.f90 -O3 -fomit-frame-pointer execution test
FAIL: libgomp.fortran/appendix-a/a10.1.f90 -O3 -fomit-frame-pointer -funroll-loops execution test
FAIL: libgomp.fortran/appendix-a/a10.1.f90 -O3 -fomit-frame-pointer -funroll-all-loops -finline-functions execution test
FAIL: libgomp.fortran/appendix-a/a10.1.f90 -O3 -g execution test
FAIL: libgomp.fortran/appendix-a/a10.1.f90 -Os execution test
FAIL: libgomp.fortran/associate1.f90 -O0 execution test
FAIL: libgomp.fortran/associate1.f90 -O1 execution test
FAIL: libgomp.fortran/associate1.f90 -O2 execution test
FAIL: libgomp.fortran/associate1.f90 -O3 -fomit-frame-pointer execution test
FAIL: libgomp.fortran/associate1.f90 -O3 -fomit-frame-pointer -funroll-loops execution test
FAIL: libgomp.fortran/associate1.f90 -O3 -fomit-frame-pointer -funroll-all-loops -finline-functions execution test
FAIL: libgomp.fortran/associate1.f90 -O3 -g execution test
FAIL: libgomp.fortran/associate1.f90 -Os execution test
FAIL: libgomp.fortran/associate2.f90 -O0 execution test
FAIL: libgomp.fortran/associate2.f90 -O1 execution test
FAIL: libgomp.fortran/associate2.f90 -O2 execution test
FAIL: libgomp.fortran/associate2.f90 -O3 -fomit-frame-pointer execution test
FAIL: libgomp.fortran/associate2.f90 -O3 -fomit-frame-pointer -funroll-loops execution test
FAIL: libgomp.fortran/associate2.f90 -O3 -fomit-frame-pointer -funroll-all-loops -finline-functions execution test
FAIL: libgomp.fortran/associate2.f90 -O3 -g execution test
FAIL: libgomp.fortran/associate2.f90 -Os execution test
FAIL: libgomp.fortran/cancel-taskgroup-2.f90 -O0 execution test
FAIL: libgomp.fortran/cancel-taskgroup-2.f90 -O1 execution test
FAIL: libgomp.fortran/cancel-taskgroup-2.f90 -O2 execution test
FAIL: libgomp.fortran/cancel-taskgroup-2.f90 -O3 -fomit-frame-pointer execution test
FAIL: libgomp.fortran/cancel-taskgroup-2.f90 -O3 -fomit-frame-pointer -funroll-loops execution test
FAIL: libgomp.fortran/cancel-taskgroup-2.f90 -O3 -fomit-frame-pointer -funroll-all-loops -finline-functions execution test
FAIL: libgomp.fortran/cancel-taskgroup-2.f90 -O3 -g execution test
FAIL: libgomp.fortran/cancel-taskgroup-2.f90 -Os execution test
FAIL: libgomp.fortran/collapse1.f90 -O0 execution test
FAIL: libgomp.fortran/collapse1.f90 -O1 execution test
FAIL: libgomp.fortran/collapse1.f90 -O2 execution test
FAIL: libgomp.fortran/collapse1.f90 -O3 -fomit-frame-pointer execution test
FAIL: libgomp.fortran/collapse1.f90 -O3 -fomit-frame-pointer -funroll-loops execution test
FAIL: libgomp.fortran/collapse1.f90 -O3 -fomit-frame-pointer -funroll-all-loops -finline-functions execution test
FAIL: libgomp.fortran/collapse1.f90 -O3 -g execution test
FAIL: libgomp.fortran/collapse1.f90 -Os execution test
FAIL: libgomp.fortran/collapse2.f90 -O0 execution test
FAIL: libgomp.fortran/collapse2.f90 -O1 execution test
FAIL: libgomp.fortran/collapse2.f90 -O2 execution test
FAIL: libgomp.fortran/collapse2.f90 -O3 -fomit-frame-pointer execution test
FAIL: libgomp.fortran/collapse2.f90 -O3 -fomit-frame-pointer -funroll-loops execution test
FAIL: libgomp.fortran/collapse2.f90 -O3 -fomit-frame-pointer -funroll-all-loops -finline-functions execution test
FAIL: libgomp.fortran/collapse2.f90 -O3 -g execution test
FAIL: libgomp.fortran/collapse2.f90 -Os execution test
FAIL: libgomp.fortran/collapse3.f90 -O0 execution test
FAIL: libgomp.fortran/collapse3.f90 -O1 execution test
FAIL: libgomp.fortran/collapse3.f90 -O2 execution test
FAIL: libgomp.fortran/collapse3.f90 -O3 -fomit-frame-pointer execution test
FAIL: libgomp.fortran/collapse3.f90 -O3 -fomit-frame-pointer -funroll-loops execution test
FAIL: libgomp.fortran/collapse3.f90 -O3 -fomit-frame-pointer -funroll-all-loops -finline-functions execution test
FAIL: libgomp.fortran/collapse3.f90 -O3 -g execution test
FAIL: libgomp.fortran/collapse3.f90 -Os execution test
FAIL: libgomp.fortran/collapse4.f90 -O0 execution test
FAIL: libgomp.fortran/collapse4.f90 -O1 execution test
FAIL: libgomp.fortran/collapse4.f90 -O2 execution test
FAIL: libgomp.fortran/collapse4.f90 -O3 -fomit-frame-pointer execution test
FAIL: libgomp.fortran/collapse4.f90 -O3 -fomit-frame-pointer -funroll-loops execution test
FAIL: libgomp.fortran/collapse4.f90 -O3 -fomit-frame-pointer -funroll-all-loops -finline-functions execution test
FAIL: libgomp.fortran/collapse4.f90 -O3 -g execution test
FAIL: libgomp.fortran/collapse4.f90 -Os execution test
FAIL: libgomp.fortran/depend-1.f90 -O0 execution test
FAIL: libgomp.fortran/depend-1.f90 -O1 execution test
FAIL: libgomp.fortran/depend-1.f90 -O2 execution test
FAIL: libgomp.fortran/depend-1.f90 -O3 -fomit-frame-pointer execution test
FAIL: libgomp.fortran/depend-1.f90 -O3 -fomit-frame-pointer -funroll-loops execution test
FAIL: libgomp.fortran/depend-1.f90 -O3 -fomit-frame-pointer -funroll-all-loops -finline-functions execution test
FAIL: libgomp.fortran/depend-1.f90 -O3 -g execution test
FAIL: libgomp.fortran/depend-1.f90 -Os execution test
FAIL: libgomp.fortran/depend-2.f90 -O0 execution test
FAIL: libgomp.fortran/depend-2.f90 -O1 execution test
FAIL: libgomp.fortran/depend-2.f90 -O2 execution test
FAIL: libgomp.fortran/depend-2.f90 -O3 -fomit-frame-pointer execution test
FAIL: libgomp.fortran/depend-2.f90 -O3 -fomit-frame-pointer -funroll-loops execution test
FAIL: libgomp.fortran/depend-2.f90 -O3 -fomit-frame-pointer -funroll-all-loops -finline-functions execution test
FAIL: libgomp.fortran/depend-2.f90 -O3 -g execution test
FAIL: libgomp.fortran/depend-2.f90 -Os execution test
FAIL: libgomp.fortran/depend-3.f90 -O0 execution test
FAIL: libgomp.fortran/depend-3.f90 -O1 execution test
FAIL: libgomp.fortran/depend-3.f90 -O2 execution test
FAIL: libgomp.fortran/depend-3.f90 -O3 -fomit-frame-pointer execution test
FAIL: libgomp.fortran/depend-3.f90 -O3 -fomit-frame-pointer -funroll-loops execution test
FAIL: libgomp.fortran/depend-3.f90 -O3 -fomit-frame-pointer -funroll-all-loops -finline-functions execution test
FAIL: libgomp.fortran/depend-3.f90 -O3 -g execution test
FAIL: libgomp.fortran/depend-3.f90 -Os execution test
FAIL: libgomp.fortran/examples-4/e.50.1.f90 -O0 execution test
FAIL: libgomp.fortran/examples-4/e.50.1.f90 -O1 execution test
FAIL: libgomp.fortran/examples-4/e.50.1.f90 -O2 execution test
FAIL: libgomp.fortran/examples-4/e.50.1.f90 -O3 -fomit-frame-pointer execution test
FAIL: libgomp.fortran/examples-4/e.50.1.f90 -O3 -fomit-frame-pointer -funroll-loops execution test
FAIL: libgomp.fortran/examples-4/e.50.1.f90 -O3 -fomit-frame-pointer -funroll-all-loops -finline-functions execution test
FAIL: libgomp.fortran/examples-4/e.50.1.f90 -O3 -g execution test
FAIL: libgomp.fortran/examples-4/e.50.1.f90 -Os execution test
FAIL: libgomp.fortran/examples-4/e.50.2.f90 -O0 execution test
FAIL: libgomp.fortran/examples-4/e.50.2.f90 -O1 execution test
FAIL: libgomp.fortran/examples-4/e.50.2.f90 -O2 execution test
FAIL: libgomp.fortran/examples-4/e.50.2.f90 -O3 -fomit-frame-pointer execution test
FAIL: libgomp.fortran/examples-4/e.50.2.f90 -O3 -fomit-frame-pointer -funroll-loops execution test
FAIL: libgomp.fortran/examples-4/e.50.2.f90 -O3 -fomit-frame-pointer -funroll-all-loops -finline-functions execution test
FAIL: libgomp.fortran/examples-4/e.50.2.f90 -O3 -g execution test
FAIL: libgomp.fortran/examples-4/e.50.2.f90 -Os execution test
FAIL: libgomp.fortran/examples-4/e.50.3.f90 -O0 execution test
FAIL: libgomp.fortran/examples-4/e.50.3.f90 -O1 execution test
FAIL: libgomp.fortran/examples-4/e.50.3.f90 -O2 execution test
FAIL: libgomp.fortran/examples-4/e.50.3.f90 -O3 -fomit-frame-pointer execution test
FAIL: libgomp.fortran/examples-4/e.50.3.f90 -O3 -fomit-frame-pointer -funroll-loops execution test
FAIL: libgomp.fortran/examples-4/e.50.3.f90 -O3 -fomit-frame-pointer -funroll-all-loops -finline-functions execution test
FAIL: libgomp.fortran/examples-4/e.50.3.f90 -O3 -g execution test
FAIL: libgomp.fortran/examples-4/e.50.3.f90 -Os execution test
FAIL: libgomp.fortran/examples-4/e.50.4.f90 -O0 execution test
FAIL: libgomp.fortran/examples-4/e.50.4.f90 -O1 execution test
FAIL: libgomp.fortran/examples-4/e.50.4.f90 -O2 execution test
FAIL: libgomp.fortran/examples-4/e.50.4.f90 -O3 -fomit-frame-pointer execution test
FAIL: libgomp.fortran/examples-4/e.50.4.f90 -O3 -fomit-frame-pointer -funroll-loops execution test
FAIL: libgomp.fortran/examples-4/e.50.4.f90 -O3 -fomit-frame-pointer -funroll-all-loops -finline-functions execution test
FAIL: libgomp.fortran/examples-4/e.50.4.f90 -O3 -g execution test
FAIL: libgomp.fortran/examples-4/e.50.4.f90 -Os execution test
FAIL: libgomp.fortran/examples-4/e.51.1.f90 -O0 execution test
FAIL: libgomp.fortran/examples-4/e.51.1.f90 -O1 execution test
FAIL: libgomp.fortran/examples-4/e.51.1.f90 -O2 execution test
FAIL: libgomp.fortran/examples-4/e.51.1.f90 -O3 -fomit-frame-pointer execution test
FAIL: libgomp.fortran/examples-4/e.51.1.f90 -O3 -fomit-frame-pointer -funroll-loops execution test
FAIL: libgomp.fortran/examples-4/e.51.1.f90 -O3 -fomit-frame-pointer -funroll-all-loops -finline-functions execution test
FAIL: libgomp.fortran/examples-4/e.51.1.f90 -O3 -g execution test
FAIL: libgomp.fortran/examples-4/e.51.1.f90 -Os execution test
FAIL: libgomp.fortran/examples-4/e.51.2.f90 -O0 execution test
FAIL: libgomp.fortran/examples-4/e.51.2.f90 -O1 execution test
FAIL: libgomp.fortran/examples-4/e.51.2.f90 -O2 execution test
FAIL: libgomp.fortran/examples-4/e.51.2.f90 -O3 -fomit-frame-pointer execution test
FAIL: libgomp.fortran/examples-4/e.51.2.f90 -O3 -fomit-frame-pointer -funroll-loops execution test
FAIL: libgomp.fortran/examples-4/e.51.2.f90 -O3 -fomit-frame-pointer -funroll-all-loops -finline-functions execution test
FAIL: libgomp.fortran/examples-4/e.51.2.f90 -O3 -g execution test
FAIL: libgomp.fortran/examples-4/e.51.2.f90 -Os execution test
FAIL: libgomp.fortran/examples-4/e.51.3.f90 -O0 execution test
FAIL: libgomp.fortran/examples-4/e.51.3.f90 -O1 execution test
FAIL: libgomp.fortran/examples-4/e.51.3.f90 -O2 execution test
FAIL: libgomp.fortran/examples-4/e.51.3.f90 -O3 -fomit-frame-pointer execution test
FAIL: libgomp.fortran/examples-4/e.51.3.f90 -O3 -fomit-frame-pointer -funroll-loops execution test
FAIL: libgomp.fortran/examples-4/e.51.3.f90 -O3 -fomit-frame-pointer -funroll-all-loops -finline-functions execution test
FAIL: libgomp.fortran/examples-4/e.51.3.f90 -O3 -g execution test
FAIL: libgomp.fortran/examples-4/e.51.3.f90 -Os execution test
FAIL: libgomp.fortran/examples-4/e.51.4.f90 -O0 execution test
FAIL: libgomp.fortran/examples-4/e.51.4.f90 -O1 execution test
FAIL: libgomp.fortran/examples-4/e.51.4.f90 -O2 execution test
FAIL: libgomp.fortran/examples-4/e.51.4.f90 -O3 -fomit-frame-pointer execution test
FAIL: libgomp.fortran/examples-4/e.51.4.f90 -O3 -fomit-frame-pointer -funroll-loops execution test
FAIL: libgomp.fortran/examples-4/e.51.4.f90 -O3 -fomit-frame-pointer -funroll-all-loops -finline-functions execution test
FAIL: libgomp.fortran/examples-4/e.51.4.f90 -O3 -g execution test
FAIL: libgomp.fortran/examples-4/e.51.4.f90 -Os execution test
FAIL: libgomp.fortran/examples-4/e.51.5.f90 -O0 execution test
FAIL: libgomp.fortran/examples-4/e.51.5.f90 -O1 execution test
FAIL: libgomp.fortran/examples-4/e.51.5.f90 -O2 execution test
FAIL: libgomp.fortran/examples-4/e.51.5.f90 -O3 -fomit-frame-pointer execution test
FAIL: libgomp.fortran/examples-4/e.51.5.f90 -O3 -fomit-frame-pointer -funroll-loops execution test
FAIL: libgomp.fortran/examples-4/e.51.5.f90 -O3 -fomit-frame-pointer -funroll-all-loops -finline-functions execution test
FAIL: libgomp.fortran/examples-4/e.51.5.f90 -O3 -g execution test
FAIL: libgomp.fortran/examples-4/e.51.5.f90 -Os execution test
FAIL: libgomp.fortran/examples-4/e.52.1.f90 -O0 execution test
FAIL: libgomp.fortran/examples-4/e.52.1.f90 -O1 execution test
FAIL: libgomp.fortran/examples-4/e.52.1.f90 -O2 execution test
FAIL: libgomp.fortran/examples-4/e.52.1.f90 -O3 -fomit-frame-pointer execution test
FAIL: libgomp.fortran/examples-4/e.52.1.f90 -O3 -fomit-frame-pointer -funroll-loops execution test
FAIL: libgomp.fortran/examples-4/e.52.1.f90 -O3 -fomit-frame-pointer -funroll-all-loops -finline-functions execution test
FAIL: libgomp.fortran/examples-4/e.52.1.f90 -O3 -g execution test
FAIL: libgomp.fortran/examples-4/e.52.1.f90 -Os execution test
FAIL: libgomp.fortran/examples-4/e.52.2.f90 -O0 execution test
FAIL: libgomp.fortran/examples-4/e.52.2.f90 -O1 execution test
FAIL: libgomp.fortran/examples-4/e.52.2.f90 -O2 execution test
FAIL: libgomp.fortran/examples-4/e.52.2.f90 -O3 -fomit-frame-pointer execution test
FAIL: libgomp.fortran/examples-4/e.52.2.f90 -O3 -fomit-frame-pointer -funroll-loops execution test
FAIL: libgomp.fortran/examples-4/e.52.2.f90 -O3 -fomit-frame-pointer -funroll-all-loops -finline-functions execution test
FAIL: libgomp.fortran/examples-4/e.52.2.f90 -O3 -g execution test
FAIL: libgomp.fortran/examples-4/e.52.2.f90 -Os execution test
FAIL: libgomp.fortran/examples-4/e.53.3.f90 -O0 execution test
FAIL: libgomp.fortran/examples-4/e.53.3.f90 -O1 execution test
FAIL: libgomp.fortran/examples-4/e.53.3.f90 -O2 execution test
FAIL: libgomp.fortran/examples-4/e.53.3.f90 -O3 -fomit-frame-pointer execution test
FAIL: libgomp.fortran/examples-4/e.53.3.f90 -O3 -fomit-frame-pointer -funroll-loops execution test
FAIL: libgomp.fortran/examples-4/e.53.3.f90 -O3 -fomit-frame-pointer -funroll-all-loops -finline-functions execution test
FAIL: libgomp.fortran/examples-4/e.53.3.f90 -O3 -g execution test
FAIL: libgomp.fortran/examples-4/e.53.3.f90 -Os execution test
FAIL: libgomp.fortran/examples-4/e.53.4.f90 -O0 execution test
FAIL: libgomp.fortran/examples-4/e.53.4.f90 -O1 execution test
FAIL: libgomp.fortran/examples-4/e.53.4.f90 -O2 execution test
FAIL: libgomp.fortran/examples-4/e.53.4.f90 -O3 -fomit-frame-pointer execution test
FAIL: libgomp.fortran/examples-4/e.53.4.f90 -O3 -fomit-frame-pointer -funroll-loops execution test
FAIL: libgomp.fortran/examples-4/e.53.4.f90 -O3 -fomit-frame-pointer -funroll-all-loops -finline-functions execution test
FAIL: libgomp.fortran/examples-4/e.53.4.f90 -O3 -g execution test
FAIL: libgomp.fortran/examples-4/e.53.4.f90 -Os execution test
FAIL: libgomp.fortran/examples-4/e.54.3.f90 -O0 execution test
FAIL: libgomp.fortran/examples-4/e.54.3.f90 -O1 execution test
FAIL: libgomp.fortran/examples-4/e.54.3.f90 -O2 execution test
FAIL: libgomp.fortran/examples-4/e.54.3.f90 -O3 -fomit-frame-pointer execution test
FAIL: libgomp.fortran/examples-4/e.54.3.f90 -O3 -fomit-frame-pointer -funroll-loops execution test
FAIL: libgomp.fortran/examples-4/e.54.3.f90 -O3 -fomit-frame-pointer -funroll-all-loops -finline-functions execution test
FAIL: libgomp.fortran/examples-4/e.54.3.f90 -O3 -g execution test
FAIL: libgomp.fortran/examples-4/e.54.3.f90 -Os execution test
FAIL: libgomp.fortran/examples-4/e.54.6.f90 -O0 execution test
FAIL: libgomp.fortran/examples-4/e.54.6.f90 -O1 execution test
FAIL: libgomp.fortran/examples-4/e.54.6.f90 -O2 execution test
FAIL: libgomp.fortran/examples-4/e.54.6.f90 -O3 -fomit-frame-pointer execution test
FAIL: libgomp.fortran/examples-4/e.54.6.f90 -O3 -fomit-frame-pointer -funroll-loops execution test
FAIL: libgomp.fortran/examples-4/e.54.6.f90 -O3 -fomit-frame-pointer -funroll-all-loops -finline-functions execution test
FAIL: libgomp.fortran/examples-4/e.54.6.f90 -O3 -g execution test
FAIL: libgomp.fortran/examples-4/e.54.6.f90 -Os execution test
FAIL: libgomp.fortran/examples-4/e.55.1.f90 -O0 execution test
FAIL: libgomp.fortran/examples-4/e.55.1.f90 -O1 execution test
FAIL: libgomp.fortran/examples-4/e.55.1.f90 -O2 execution test
FAIL: libgomp.fortran/examples-4/e.55.1.f90 -O3 -fomit-frame-pointer execution test
FAIL: libgomp.fortran/examples-4/e.55.1.f90 -O3 -fomit-frame-pointer -funroll-loops execution test
FAIL: libgomp.fortran/examples-4/e.55.1.f90 -O3 -fomit-frame-pointer -funroll-all-loops -finline-functions execution test
FAIL: libgomp.fortran/examples-4/e.55.1.f90 -O3 -g execution test
FAIL: libgomp.fortran/examples-4/e.55.1.f90 -Os execution test
FAIL: libgomp.fortran/nestedfn4.f90 -O execution test
FAIL: libgomp.fortran/nestedfn5.f90 -O0 execution test
FAIL: libgomp.fortran/nestedfn5.f90 -O1 execution test
FAIL: libgomp.fortran/nestedfn5.f90 -O2 execution test
FAIL: libgomp.fortran/nestedfn5.f90 -O3 -fomit-frame-pointer execution test
FAIL: libgomp.fortran/nestedfn5.f90 -O3 -fomit-frame-pointer -funroll-loops execution test
FAIL: libgomp.fortran/nestedfn5.f90 -O3 -fomit-frame-pointer -funroll-all-loops -finline-functions execution test
FAIL: libgomp.fortran/nestedfn5.f90 -O3 -g execution test
FAIL: libgomp.fortran/nestedfn5.f90 -Os execution test
FAIL: libgomp.fortran/omp_hello.f -O execution test
FAIL: libgomp.fortran/omp_orphan.f -O execution test
FAIL: libgomp.fortran/omp_reduction.f -O execution test
FAIL: libgomp.fortran/omp_workshare1.f -O execution test
FAIL: libgomp.fortran/omp_workshare2.f -O execution test
FAIL: libgomp.fortran/pointer1.f90 -O0 execution test
FAIL: libgomp.fortran/pointer1.f90 -O1 execution test
FAIL: libgomp.fortran/pointer1.f90 -O2 execution test
FAIL: libgomp.fortran/pointer1.f90 -O3 -fomit-frame-pointer execution test
FAIL: libgomp.fortran/pointer1.f90 -O3 -fomit-frame-pointer -funroll-loops execution test
FAIL: libgomp.fortran/pointer1.f90 -O3 -fomit-frame-pointer -funroll-all-loops -finline-functions execution test
FAIL: libgomp.fortran/pointer1.f90 -O3 -g execution test
FAIL: libgomp.fortran/pointer1.f90 -Os execution test
FAIL: libgomp.fortran/pointer2.f90 -O0 execution test
FAIL: libgomp.fortran/pointer2.f90 -O1 execution test
FAIL: libgomp.fortran/pointer2.f90 -O2 execution test
FAIL: libgomp.fortran/pointer2.f90 -O3 -fomit-frame-pointer execution test
FAIL: libgomp.fortran/pointer2.f90 -O3 -fomit-frame-pointer -funroll-loops execution test
FAIL: libgomp.fortran/pointer2.f90 -O3 -fomit-frame-pointer -funroll-all-loops -finline-functions execution test
FAIL: libgomp.fortran/pointer2.f90 -O3 -g execution test
FAIL: libgomp.fortran/pointer2.f90 -Os execution test
FAIL: libgomp.fortran/pr25219.f90 -O execution test
FAIL: libgomp.fortran/pr28390.f -O execution test
FAIL: libgomp.fortran/pr32550.f90 -O0 execution test
FAIL: libgomp.fortran/pr32550.f90 -O1 execution test
FAIL: libgomp.fortran/pr32550.f90 -O2 execution test
FAIL: libgomp.fortran/pr32550.f90 -O3 -fomit-frame-pointer execution test
FAIL: libgomp.fortran/pr32550.f90 -O3 -fomit-frame-pointer -funroll-loops execution test
FAIL: libgomp.fortran/pr32550.f90 -O3 -fomit-frame-pointer -funroll-all-loops -finline-functions execution test
FAIL: libgomp.fortran/pr32550.f90 -O3 -g execution test
FAIL: libgomp.fortran/pr32550.f90 -Os execution test
FAIL: libgomp.fortran/pr33880.f90 -O0 execution test
FAIL: libgomp.fortran/pr33880.f90 -O1 execution test
FAIL: libgomp.fortran/pr33880.f90 -O2 execution test
FAIL: libgomp.fortran/pr33880.f90 -O3 -fomit-frame-pointer execution test
FAIL: libgomp.fortran/pr33880.f90 -O3 -fomit-frame-pointer -funroll-loops execution test
FAIL: libgomp.fortran/pr33880.f90 -O3 -fomit-frame-pointer -funroll-all-loops -finline-functions execution test
FAIL: libgomp.fortran/pr33880.f90 -O3 -g execution test
FAIL: libgomp.fortran/pr33880.f90 -Os execution test
FAIL: libgomp.fortran/pr35130.f90 -O execution test
FAIL: libgomp.fortran/pr46753.f90 -O0 execution test
FAIL: libgomp.fortran/pr46753.f90 -O1 execution test
FAIL: libgomp.fortran/pr46753.f90 -O2 execution test
FAIL: libgomp.fortran/pr46753.f90 -O3 -fomit-frame-pointer execution test
FAIL: libgomp.fortran/pr46753.f90 -O3 -fomit-frame-pointer -funroll-loops execution test
FAIL: libgomp.fortran/pr46753.f90 -O3 -fomit-frame-pointer -funroll-all-loops -finline-functions execution test
FAIL: libgomp.fortran/pr46753.f90 -O3 -g execution test
FAIL: libgomp.fortran/pr46753.f90 -Os execution test
FAIL: libgomp.fortran/pr48894.f90 -O0 execution test
FAIL: libgomp.fortran/pr48894.f90 -O1 execution test
FAIL: libgomp.fortran/pr48894.f90 -O2 execution test
FAIL: libgomp.fortran/pr48894.f90 -O3 -fomit-frame-pointer execution test
FAIL: libgomp.fortran/pr48894.f90 -O3 -fomit-frame-pointer -funroll-loops execution test
FAIL: libgomp.fortran/pr48894.f90 -O3 -fomit-frame-pointer -funroll-all-loops -finline-functions execution test
FAIL: libgomp.fortran/pr48894.f90 -O3 -g execution test
FAIL: libgomp.fortran/pr48894.f90 -Os execution test
FAIL: libgomp.fortran/pr49792-1.f90 -O0 execution test
FAIL: libgomp.fortran/pr49792-1.f90 -O1 execution test
FAIL: libgomp.fortran/pr49792-1.f90 -O2 execution test
FAIL: libgomp.fortran/pr49792-1.f90 -O3 -fomit-frame-pointer execution test
FAIL: libgomp.fortran/pr49792-1.f90 -O3 -fomit-frame-pointer -funroll-loops execution test
FAIL: libgomp.fortran/pr49792-1.f90 -O3 -fomit-frame-pointer -funroll-all-loops -finline-functions execution test
FAIL: libgomp.fortran/pr49792-1.f90 -O3 -g execution test
FAIL: libgomp.fortran/pr49792-1.f90 -Os execution test
FAIL: libgomp.fortran/pr49792-2.f90 -O0 execution test
FAIL: libgomp.fortran/pr49792-2.f90 -O1 execution test
FAIL: libgomp.fortran/pr49792-2.f90 -O2 execution test
FAIL: libgomp.fortran/pr49792-2.f90 -O3 -fomit-frame-pointer execution test
FAIL: libgomp.fortran/pr49792-2.f90 -O3 -fomit-frame-pointer -funroll-loops execution test
FAIL: libgomp.fortran/pr49792-2.f90 -O3 -fomit-frame-pointer -funroll-all-loops -finline-functions execution test
FAIL: libgomp.fortran/pr49792-2.f90 -O3 -g execution test
FAIL: libgomp.fortran/pr49792-2.f90 -Os execution test
FAIL: libgomp.fortran/pr63938-1.f90 -O0 execution test
FAIL: libgomp.fortran/pr63938-1.f90 -O1 execution test
FAIL: libgomp.fortran/pr63938-1.f90 -O2 execution test
FAIL: libgomp.fortran/pr63938-1.f90 -O3 -fomit-frame-pointer execution test
FAIL: libgomp.fortran/pr63938-1.f90 -O3 -fomit-frame-pointer -funroll-loops execution test
FAIL: libgomp.fortran/pr63938-1.f90 -O3 -fomit-frame-pointer -funroll-all-loops -finline-functions execution test
FAIL: libgomp.fortran/pr63938-1.f90 -O3 -g execution test
FAIL: libgomp.fortran/pr63938-1.f90 -Os execution test
FAIL: libgomp.fortran/pr63938-2.f90 -O0 execution test
FAIL: libgomp.fortran/pr63938-2.f90 -O1 execution test
FAIL: libgomp.fortran/pr63938-2.f90 -O2 execution test
FAIL: libgomp.fortran/pr63938-2.f90 -O3 -fomit-frame-pointer execution test
FAIL: libgomp.fortran/pr63938-2.f90 -O3 -fomit-frame-pointer -funroll-loops execution test
FAIL: libgomp.fortran/pr63938-2.f90 -O3 -fomit-frame-pointer -funroll-all-loops -finline-functions execution test
FAIL: libgomp.fortran/pr63938-2.f90 -O3 -g execution test
FAIL: libgomp.fortran/pr63938-2.f90 -Os execution test
FAIL: libgomp.fortran/procptr1.f90 -O0 execution test
FAIL: libgomp.fortran/procptr1.f90 -O1 execution test
FAIL: libgomp.fortran/procptr1.f90 -O2 execution test
FAIL: libgomp.fortran/procptr1.f90 -O3 -fomit-frame-pointer execution test
FAIL: libgomp.fortran/procptr1.f90 -O3 -fomit-frame-pointer -funroll-loops execution test
FAIL: libgomp.fortran/procptr1.f90 -O3 -fomit-frame-pointer -funroll-all-loops -finline-functions execution test
FAIL: libgomp.fortran/procptr1.f90 -O3 -g execution test
FAIL: libgomp.fortran/procptr1.f90 -Os execution test
FAIL: libgomp.fortran/recursion1.f90 -O0 execution test
FAIL: libgomp.fortran/recursion1.f90 -O1 execution test
FAIL: libgomp.fortran/recursion1.f90 -O2 execution test
FAIL: libgomp.fortran/recursion1.f90 -O3 -fomit-frame-pointer execution test
FAIL: libgomp.fortran/recursion1.f90 -O3 -fomit-frame-pointer -funroll-loops execution test
FAIL: libgomp.fortran/recursion1.f90 -O3 -fomit-frame-pointer -funroll-all-loops -finline-functions execution test
FAIL: libgomp.fortran/recursion1.f90 -O3 -g execution test
FAIL: libgomp.fortran/recursion1.f90 -Os execution test
FAIL: libgomp.fortran/reference2.f90 -O0 execution test
FAIL: libgomp.fortran/reference2.f90 -O1 execution test
FAIL: libgomp.fortran/reference2.f90 -O2 execution test
FAIL: libgomp.fortran/reference2.f90 -O3 -fomit-frame-pointer execution test
FAIL: libgomp.fortran/reference2.f90 -O3 -fomit-frame-pointer -funroll-loops execution test
FAIL: libgomp.fortran/reference2.f90 -O3 -fomit-frame-pointer -funroll-all-loops -finline-functions execution test
FAIL: libgomp.fortran/reference2.f90 -O3 -g execution test
FAIL: libgomp.fortran/reference2.f90 -Os execution test
FAIL: libgomp.fortran/simd3.f90 -O0 execution test
FAIL: libgomp.fortran/simd3.f90 -O1 execution test
FAIL: libgomp.fortran/simd3.f90 -O2 execution test
FAIL: libgomp.fortran/simd3.f90 -O3 -fomit-frame-pointer execution test
FAIL: libgomp.fortran/simd3.f90 -O3 -fomit-frame-pointer -funroll-loops execution test
FAIL: libgomp.fortran/simd3.f90 -O3 -fomit-frame-pointer -funroll-all-loops -finline-functions execution test
FAIL: libgomp.fortran/simd3.f90 -O3 -g execution test
FAIL: libgomp.fortran/simd3.f90 -Os execution test
FAIL: libgomp.fortran/simd4.f90 -O0 execution test
FAIL: libgomp.fortran/simd4.f90 -O1 execution test
FAIL: libgomp.fortran/simd4.f90 -O2 execution test
FAIL: libgomp.fortran/simd4.f90 -O3 -fomit-frame-pointer execution test
FAIL: libgomp.fortran/simd4.f90 -O3 -fomit-frame-pointer -funroll-loops execution test
FAIL: libgomp.fortran/simd4.f90 -O3 -fomit-frame-pointer -funroll-all-loops -finline-functions execution test
FAIL: libgomp.fortran/simd4.f90 -O3 -g execution test
FAIL: libgomp.fortran/simd4.f90 -Os execution test
FAIL: libgomp.fortran/simd5.f90 -O0 execution test
FAIL: libgomp.fortran/simd5.f90 -O1 execution test
FAIL: libgomp.fortran/simd5.f90 -O2 execution test
FAIL: libgomp.fortran/simd5.f90 -O3 -fomit-frame-pointer execution test
FAIL: libgomp.fortran/simd5.f90 -O3 -fomit-frame-pointer -funroll-loops execution test
FAIL: libgomp.fortran/simd5.f90 -O3 -fomit-frame-pointer -funroll-all-loops -finline-functions execution test
FAIL: libgomp.fortran/simd5.f90 -O3 -g execution test
FAIL: libgomp.fortran/simd5.f90 -Os execution test
FAIL: libgomp.fortran/simd6.f90 -O0 execution test
FAIL: libgomp.fortran/simd6.f90 -O1 execution test
FAIL: libgomp.fortran/simd6.f90 -O2 execution test
FAIL: libgomp.fortran/simd6.f90 -O3 -fomit-frame-pointer execution test
FAIL: libgomp.fortran/simd6.f90 -O3 -fomit-frame-pointer -funroll-loops execution test
FAIL: libgomp.fortran/simd6.f90 -O3 -fomit-frame-pointer -funroll-all-loops -finline-functions execution test
FAIL: libgomp.fortran/simd6.f90 -O3 -g execution test
FAIL: libgomp.fortran/simd6.f90 -Os execution test
FAIL: libgomp.fortran/simd7.f90 -O0 execution test
FAIL: libgomp.fortran/simd7.f90 -O1 execution test
FAIL: libgomp.fortran/simd7.f90 -O2 execution test
FAIL: libgomp.fortran/simd7.f90 -O3 -fomit-frame-pointer execution test
FAIL: libgomp.fortran/simd7.f90 -O3 -fomit-frame-pointer -funroll-loops execution test
FAIL: libgomp.fortran/simd7.f90 -O3 -fomit-frame-pointer -funroll-all-loops -finline-functions execution test
FAIL: libgomp.fortran/simd7.f90 -O3 -g execution test
FAIL: libgomp.fortran/simd7.f90 -Os execution test
FAIL: libgomp.fortran/strassen.f90 -O execution test
FAIL: libgomp.fortran/target1.f90 -O0 execution test
FAIL: libgomp.fortran/target1.f90 -O1 execution test
FAIL: libgomp.fortran/target1.f90 -O2 execution test
FAIL: libgomp.fortran/target1.f90 -O3 -fomit-frame-pointer execution test
FAIL: libgomp.fortran/target1.f90 -O3 -fomit-frame-pointer -funroll-loops execution test
FAIL: libgomp.fortran/target1.f90 -O3 -fomit-frame-pointer -funroll-all-loops -finline-functions execution test
FAIL: libgomp.fortran/target1.f90 -O3 -g execution test
FAIL: libgomp.fortran/target1.f90 -Os execution test
FAIL: libgomp.fortran/target4.f90 -O0 execution test
FAIL: libgomp.fortran/target4.f90 -O1 execution test
FAIL: libgomp.fortran/target4.f90 -O2 execution test
FAIL: libgomp.fortran/target4.f90 -O3 -fomit-frame-pointer execution test
FAIL: libgomp.fortran/target4.f90 -O3 -fomit-frame-pointer -funroll-loops execution test
FAIL: libgomp.fortran/target4.f90 -O3 -fomit-frame-pointer -funroll-all-loops -finline-functions execution test
FAIL: libgomp.fortran/target4.f90 -O3 -g execution test
FAIL: libgomp.fortran/target4.f90 -Os execution test
FAIL: libgomp.fortran/target6.f90 -O0 execution test
FAIL: libgomp.fortran/target6.f90 -O1 execution test
FAIL: libgomp.fortran/target6.f90 -O2 execution test
FAIL: libgomp.fortran/target6.f90 -O3 -fomit-frame-pointer execution test
FAIL: libgomp.fortran/target6.f90 -O3 -fomit-frame-pointer -funroll-loops execution test
FAIL: libgomp.fortran/target6.f90 -O3 -fomit-frame-pointer -funroll-all-loops -finline-functions execution test
FAIL: libgomp.fortran/target6.f90 -O3 -g execution test
FAIL: libgomp.fortran/target6.f90 -Os execution test
FAIL: libgomp.fortran/target7.f90 -O0 execution test
FAIL: libgomp.fortran/target7.f90 -O1 execution test
FAIL: libgomp.fortran/target7.f90 -O2 execution test
FAIL: libgomp.fortran/target7.f90 -O3 -fomit-frame-pointer execution test
FAIL: libgomp.fortran/target7.f90 -O3 -fomit-frame-pointer -funroll-loops execution test
FAIL: libgomp.fortran/target7.f90 -O3 -fomit-frame-pointer -funroll-all-loops -finline-functions execution test
FAIL: libgomp.fortran/target7.f90 -O3 -g execution test
FAIL: libgomp.fortran/target7.f90 -Os execution test
FAIL: libgomp.fortran/target8.f90 -O0 execution test
FAIL: libgomp.fortran/target8.f90 -O1 execution test
FAIL: libgomp.fortran/target8.f90 -O2 execution test
FAIL: libgomp.fortran/target8.f90 -O3 -fomit-frame-pointer execution test
FAIL: libgomp.fortran/target8.f90 -O3 -fomit-frame-pointer -funroll-loops execution test
FAIL: libgomp.fortran/target8.f90 -O3 -fomit-frame-pointer -funroll-all-loops -finline-functions execution test
FAIL: libgomp.fortran/target8.f90 -O3 -g execution test
FAIL: libgomp.fortran/target8.f90 -Os execution test
FAIL: libgomp.fortran/task1.f90 -O0 execution test
FAIL: libgomp.fortran/task1.f90 -O1 execution test
FAIL: libgomp.fortran/task1.f90 -O2 execution test
FAIL: libgomp.fortran/task1.f90 -O3 -fomit-frame-pointer execution test
FAIL: libgomp.fortran/task1.f90 -O3 -fomit-frame-pointer -funroll-loops execution test
FAIL: libgomp.fortran/task1.f90 -O3 -fomit-frame-pointer -funroll-all-loops -finline-functions execution test
FAIL: libgomp.fortran/task1.f90 -O3 -g execution test
FAIL: libgomp.fortran/task1.f90 -Os execution test
FAIL: libgomp.fortran/task4.f90 -O0 execution test
FAIL: libgomp.fortran/task4.f90 -O1 execution test
FAIL: libgomp.fortran/task4.f90 -O2 execution test
FAIL: libgomp.fortran/task4.f90 -O3 -fomit-frame-pointer execution test
FAIL: libgomp.fortran/task4.f90 -O3 -fomit-frame-pointer -funroll-loops execution test
FAIL: libgomp.fortran/task4.f90 -O3 -fomit-frame-pointer -funroll-all-loops -finline-functions execution test
FAIL: libgomp.fortran/task4.f90 -O3 -g execution test
FAIL: libgomp.fortran/task4.f90 -Os execution test
FAIL: libgomp.fortran/udr1.f90 -O0 execution test
FAIL: libgomp.fortran/udr1.f90 -O1 execution test
FAIL: libgomp.fortran/udr1.f90 -O2 execution test
FAIL: libgomp.fortran/udr1.f90 -O3 -fomit-frame-pointer execution test
FAIL: libgomp.fortran/udr1.f90 -O3 -fomit-frame-pointer -funroll-loops execution test
FAIL: libgomp.fortran/udr1.f90 -O3 -fomit-frame-pointer -funroll-all-loops -finline-functions execution test
FAIL: libgomp.fortran/udr1.f90 -O3 -g execution test
FAIL: libgomp.fortran/udr1.f90 -Os execution test
FAIL: libgomp.fortran/udr10.f90 -O0 execution test
FAIL: libgomp.fortran/udr10.f90 -O1 execution test
FAIL: libgomp.fortran/udr10.f90 -O2 execution test
FAIL: libgomp.fortran/udr10.f90 -O3 -fomit-frame-pointer execution test
FAIL: libgomp.fortran/udr10.f90 -O3 -fomit-frame-pointer -funroll-loops execution test
FAIL: libgomp.fortran/udr10.f90 -O3 -fomit-frame-pointer -funroll-all-loops -finline-functions execution test
FAIL: libgomp.fortran/udr10.f90 -O3 -g execution test
FAIL: libgomp.fortran/udr10.f90 -Os execution test
FAIL: libgomp.fortran/udr11.f90 -O0 execution test
FAIL: libgomp.fortran/udr11.f90 -O1 execution test
FAIL: libgomp.fortran/udr11.f90 -O2 execution test
FAIL: libgomp.fortran/udr11.f90 -O3 -fomit-frame-pointer execution test
FAIL: libgomp.fortran/udr11.f90 -O3 -fomit-frame-pointer -funroll-loops execution test
FAIL: libgomp.fortran/udr11.f90 -O3 -fomit-frame-pointer -funroll-all-loops -finline-functions execution test
FAIL: libgomp.fortran/udr11.f90 -O3 -g execution test
FAIL: libgomp.fortran/udr11.f90 -Os execution test
FAIL: libgomp.fortran/udr12.f90 -O0 execution test
FAIL: libgomp.fortran/udr12.f90 -O1 execution test
FAIL: libgomp.fortran/udr12.f90 -O2 execution test
FAIL: libgomp.fortran/udr12.f90 -O3 -fomit-frame-pointer execution test
FAIL: libgomp.fortran/udr12.f90 -O3 -fomit-frame-pointer -funroll-loops execution test
FAIL: libgomp.fortran/udr12.f90 -O3 -fomit-frame-pointer -funroll-all-loops -finline-functions execution test
FAIL: libgomp.fortran/udr12.f90 -O3 -g execution test
FAIL: libgomp.fortran/udr12.f90 -Os execution test
FAIL: libgomp.fortran/udr13.f90 -O0 execution test
FAIL: libgomp.fortran/udr13.f90 -O1 execution test
FAIL: libgomp.fortran/udr13.f90 -O2 execution test
FAIL: libgomp.fortran/udr13.f90 -O3 -fomit-frame-pointer execution test
FAIL: libgomp.fortran/udr13.f90 -O3 -fomit-frame-pointer -funroll-loops execution test
FAIL: libgomp.fortran/udr13.f90 -O3 -fomit-frame-pointer -funroll-all-loops -finline-functions execution test
FAIL: libgomp.fortran/udr13.f90 -O3 -g execution test
FAIL: libgomp.fortran/udr13.f90 -Os execution test
FAIL: libgomp.fortran/udr14.f90 -O0 execution test
FAIL: libgomp.fortran/udr14.f90 -O1 execution test
FAIL: libgomp.fortran/udr14.f90 -O2 execution test
FAIL: libgomp.fortran/udr14.f90 -O3 -fomit-frame-pointer execution test
FAIL: libgomp.fortran/udr14.f90 -O3 -fomit-frame-pointer -funroll-loops execution test
FAIL: libgomp.fortran/udr14.f90 -O3 -fomit-frame-pointer -funroll-all-loops -finline-functions execution test
FAIL: libgomp.fortran/udr14.f90 -O3 -g execution test
FAIL: libgomp.fortran/udr14.f90 -Os execution test
FAIL: libgomp.fortran/udr15.f90 -O0 execution test
FAIL: libgomp.fortran/udr15.f90 -O1 execution test
FAIL: libgomp.fortran/udr15.f90 -O2 execution test
FAIL: libgomp.fortran/udr15.f90 -O3 -fomit-frame-pointer execution test
FAIL: libgomp.fortran/udr15.f90 -O3 -fomit-frame-pointer -funroll-loops execution test
FAIL: libgomp.fortran/udr15.f90 -O3 -fomit-frame-pointer -funroll-all-loops -finline-functions execution test
FAIL: libgomp.fortran/udr15.f90 -O3 -g execution test
FAIL: libgomp.fortran/udr15.f90 -Os execution test
FAIL: libgomp.fortran/udr2.f90 -O0 execution test
FAIL: libgomp.fortran/udr2.f90 -O1 execution test
FAIL: libgomp.fortran/udr2.f90 -O2 execution test
FAIL: libgomp.fortran/udr2.f90 -O3 -fomit-frame-pointer execution test
FAIL: libgomp.fortran/udr2.f90 -O3 -fomit-frame-pointer -funroll-loops execution test
FAIL: libgomp.fortran/udr2.f90 -O3 -fomit-frame-pointer -funroll-all-loops -finline-functions execution test
FAIL: libgomp.fortran/udr2.f90 -O3 -g execution test
FAIL: libgomp.fortran/udr2.f90 -Os execution test
FAIL: libgomp.fortran/udr3.f90 -O0 execution test
FAIL: libgomp.fortran/udr3.f90 -O1 execution test
FAIL: libgomp.fortran/udr3.f90 -O2 execution test
FAIL: libgomp.fortran/udr3.f90 -O3 -fomit-frame-pointer execution test
FAIL: libgomp.fortran/udr3.f90 -O3 -fomit-frame-pointer -funroll-loops execution test
FAIL: libgomp.fortran/udr3.f90 -O3 -fomit-frame-pointer -funroll-all-loops -finline-functions execution test
FAIL: libgomp.fortran/udr3.f90 -O3 -g execution test
FAIL: libgomp.fortran/udr3.f90 -Os execution test
FAIL: libgomp.fortran/udr4.f90 -O0 execution test
FAIL: libgomp.fortran/udr4.f90 -O1 execution test
FAIL: libgomp.fortran/udr4.f90 -O2 execution test
FAIL: libgomp.fortran/udr4.f90 -O3 -fomit-frame-pointer execution test
FAIL: libgomp.fortran/udr4.f90 -O3 -fomit-frame-pointer -funroll-loops execution test
FAIL: libgomp.fortran/udr4.f90 -O3 -fomit-frame-pointer -funroll-all-loops -finline-functions execution test
FAIL: libgomp.fortran/udr4.f90 -O3 -g execution test
FAIL: libgomp.fortran/udr4.f90 -Os execution test
FAIL: libgomp.fortran/udr5.f90 -O0 execution test
FAIL: libgomp.fortran/udr5.f90 -O1 execution test
FAIL: libgomp.fortran/udr5.f90 -O2 execution test
FAIL: libgomp.fortran/udr5.f90 -O3 -fomit-frame-pointer execution test
FAIL: libgomp.fortran/udr5.f90 -O3 -fomit-frame-pointer -funroll-loops execution test
FAIL: libgomp.fortran/udr5.f90 -O3 -fomit-frame-pointer -funroll-all-loops -finline-functions execution test
FAIL: libgomp.fortran/udr5.f90 -O3 -g execution test
FAIL: libgomp.fortran/udr5.f90 -Os execution test
FAIL: libgomp.fortran/udr6.f90 -O0 execution test
FAIL: libgomp.fortran/udr6.f90 -O1 execution test
FAIL: libgomp.fortran/udr6.f90 -O2 execution test
FAIL: libgomp.fortran/udr6.f90 -O3 -fomit-frame-pointer execution test
FAIL: libgomp.fortran/udr6.f90 -O3 -fomit-frame-pointer -funroll-loops execution test
FAIL: libgomp.fortran/udr6.f90 -O3 -fomit-frame-pointer -funroll-all-loops -finline-functions execution test
FAIL: libgomp.fortran/udr6.f90 -O3 -g execution test
FAIL: libgomp.fortran/udr6.f90 -Os execution test
FAIL: libgomp.fortran/udr7.f90 -O0 execution test
FAIL: libgomp.fortran/udr7.f90 -O1 execution test
FAIL: libgomp.fortran/udr7.f90 -O2 execution test
FAIL: libgomp.fortran/udr7.f90 -O3 -fomit-frame-pointer execution test
FAIL: libgomp.fortran/udr7.f90 -O3 -fomit-frame-pointer -funroll-loops execution test
FAIL: libgomp.fortran/udr7.f90 -O3 -fomit-frame-pointer -funroll-all-loops -finline-functions execution test
FAIL: libgomp.fortran/udr7.f90 -O3 -g execution test
FAIL: libgomp.fortran/udr7.f90 -Os execution test
FAIL: libgomp.fortran/udr8.f90 -O0 execution test
FAIL: libgomp.fortran/udr8.f90 -O1 execution test
FAIL: libgomp.fortran/udr8.f90 -O2 execution test
FAIL: libgomp.fortran/udr8.f90 -O3 -fomit-frame-pointer execution test
FAIL: libgomp.fortran/udr8.f90 -O3 -fomit-frame-pointer -funroll-loops execution test
FAIL: libgomp.fortran/udr8.f90 -O3 -fomit-frame-pointer -funroll-all-loops -finline-functions execution test
FAIL: libgomp.fortran/udr8.f90 -O3 -g execution test
FAIL: libgomp.fortran/udr8.f90 -Os execution test
FAIL: libgomp.fortran/udr9.f90 -O0 execution test
FAIL: libgomp.fortran/udr9.f90 -O1 execution test
FAIL: libgomp.fortran/udr9.f90 -O2 execution test
FAIL: libgomp.fortran/udr9.f90 -O3 -fomit-frame-pointer execution test
FAIL: libgomp.fortran/udr9.f90 -O3 -fomit-frame-pointer -funroll-loops execution test
FAIL: libgomp.fortran/udr9.f90 -O3 -fomit-frame-pointer -funroll-all-loops -finline-functions execution test
FAIL: libgomp.fortran/udr9.f90 -O3 -g execution test
FAIL: libgomp.fortran/udr9.f90 -Os execution test
FAIL: libgomp.fortran/workshare2.f90 -O execution test
=== libgomp Summary for unix/-m32 ===
# of expected passes 1192
# of unsupported tests 8
Running target unix/-m64
FAIL: libgomp.c/pr39591-3.c execution test
FAIL: libgomp.fortran/target7.f90 -O0 execution test
FAIL: libgomp.fortran/target7.f90 -O1 execution test
FAIL: libgomp.fortran/target7.f90 -O2 execution test
FAIL: libgomp.fortran/target7.f90 -O3 -fomit-frame-pointer execution test
FAIL: libgomp.fortran/target7.f90 -O3 -fomit-frame-pointer -funroll-loops execution test
FAIL: libgomp.fortran/target7.f90 -O3 -fomit-frame-pointer -funroll-all-loops -finline-functions execution test
FAIL: libgomp.fortran/target7.f90 -O3 -g execution test
FAIL: libgomp.fortran/target7.f90 -Os execution test
FAIL: libgomp.fortran/target8.f90 -O0 execution test
FAIL: libgomp.fortran/target8.f90 -O1 execution test
FAIL: libgomp.fortran/target8.f90 -O2 execution test
FAIL: libgomp.fortran/target8.f90 -O3 -fomit-frame-pointer execution test
FAIL: libgomp.fortran/target8.f90 -O3 -fomit-frame-pointer -funroll-loops execution test
FAIL: libgomp.fortran/target8.f90 -O3 -fomit-frame-pointer -funroll-all-loops -finline-functions execution test
FAIL: libgomp.fortran/target8.f90 -O3 -g execution test
FAIL: libgomp.fortran/target8.f90 -Os execution test
=== libgomp Summary for unix/-m64 ===
# of expected passes 1192
# of unsupported tests 8
=== libgomp Summary ===
# of expected passes 10460
# of unexpected failures 896
# of unsupported tests 558
=== libitm tests ===
Running target unix/-m32
=== libitm Summary for unix/-m32 ===
# of expected passes 4
# of expected failures 1
# of unsupported tests 1
Running target unix/-m64
=== libitm Summary for unix/-m64 ===
# of expected passes 4
# of expected failures 1
# of unsupported tests 1
=== libitm Summary ===
# of expected passes 52
# of expected failures 6
# of unsupported tests 2
=== libjava tests ===
Running target unix/-m32
XPASS: sourcelocation -O3 -findirect-dispatch output - source compiled test
=== libjava Summary for unix/-m32 ===
Running target unix/-m64
FAIL: getlocalvartable output
FAIL: StackTrace2 output - source compiled test
FAIL: StackTrace2 -findirect-dispatch output - source compiled test
FAIL: StackTrace2 -O3 output - source compiled test
XPASS: sourcelocation -O3 -findirect-dispatch output - source compiled test
=== libjava Summary for unix/-m64 ===
=== libjava Summary ===
# of expected passes 5160
# of unexpected failures 4
# of unexpected successes 2
# of expected failures 6
=== libstdc++ tests ===
Running target unix/-m32
=== libstdc++ Summary for unix/-m32 ===
# of unsupported tests 1
Running target unix/-m64
=== libstdc++ Summary for unix/-m64 ===
# of unsupported tests 1
=== libstdc++ Summary ===
# of unsupported tests 2
Compiler version: 5.0.0 20150123 (experimental) [trunk revision 220043] (GCC)
Platform: powerpc64-unknown-linux-gnu
configure flags: --prefix=/opt/gcc-nightly/trunk --with-as=/usr/bin/as --with-ld=/usr/bin/ld --enable-languages=c,c++,fortran,objc,obj-c++,java,go --with-cpu=power7 --enable-lto --enable-decimal-float --with-long-double-128
fail XPASS: gcc.test-framework/dg-bogus-exp-XF.c (test for excess errors)
fail FAIL: gcc.test-framework/dg-do-assemble-exp-P.c (test for excess errors) (PRMS 42)
fail FAIL: gcc.test-framework/dg-do-compile-exp-P.c (test for excess errors) (PRMS 42)
fail FAIL: gcc.test-framework/dg-do-link-exp-P.c (test for excess errors) (PRMS 42)
fail FAIL: gcc.test-framework/dg-do-run-exp-P.c (test for excess errors) (PRMS 42)
fail FAIL: gcc.test-framework/dg-dot-run-exp-P.c (test for excess errors) (PRMS 42)
fail FAIL: gcc.test-framework/dg-dox-run-exp-XF.c (test for excess errors) (PRMS 42)
fail FAIL: gcc.test-framework/dg-output-exp-P.c (test for excess errors) (PRMS 42)
fail FAIL: gcc.test-framework/dg-output-exp-XF.c (test for excess errors) (PRMS 42)
fail FAIL: gcc.test-framework/dg-warning-exp-P.c warning test (test for warnings, line 9) (PRMS 42)
=== Test Framework Summary ===
# of expected passes 2524
# of unexpected failures 10