This is the mail archive of the
gcc-testresults@gcc.gnu.org
mailing list for the GCC project.
Results for 5.0.0 20150123 (experimental) [trunk revision 220039] (GCC) testsuite on sparcv9-sun-solaris2.11
- From: Rainer Orth <ro at CeBiTec dot Uni-Bielefeld dot DE>
- To: gcc-testresults at gcc dot gnu dot org
- Date: Mon, 26 Jan 2015 07:49:25 +0100 (CET)
- Subject: Results for 5.0.0 20150123 (experimental) [trunk revision 220039] (GCC) testsuite on sparcv9-sun-solaris2.11
- Authentication-results: sourceware.org; auth=none
LAST_UPDATED: Fri Jan 23 14:14:34 UTC 2015 (revision 220039)
=== acats tests ===
=== acats Summary ===
# of expected passes 2320
# of unexpected failures 0
Native configuration is sparcv9-sun-solaris2.11
=== g++ tests ===
Running target unix
=== g++ Summary for unix ===
# of expected passes 82674
# of expected failures 273
# of unsupported tests 3621
Running target unix/-m32
FAIL: g++.old-deja/g++.eh/badalloc1.C -std=c++11 execution test
FAIL: g++.old-deja/g++.eh/badalloc1.C -std=c++14 execution test
FAIL: g++.old-deja/g++.eh/badalloc1.C -std=c++98 execution test
=== g++ Summary for unix/-m32 ===
# of expected passes 80799
# of unexpected failures 3
# of expected failures 273
# of unsupported tests 3644
=== g++ Summary ===
# of expected passes 163473
# of unexpected failures 3
# of expected failures 546
# of unsupported tests 7265
/var/gcc/regression/trunk/11-gcc-64/build/gcc/testsuite/g++/../../xg++ version 5.0.0 20150123 (experimental) [trunk revision 220039] (GCC)
=== gcc tests ===
Running target unix
WARNING: program timed out.
FAIL: tmpdir-gcc.dg-struct-layout-1/t026 c_compat_y_tst.o compile
FAIL: gcc.dg/c11-atomic-2.c (test for excess errors)
FAIL: gcc.dg/unroll-2.c (test for warnings, line 24)
WARNING: program timed out.
FAIL: gcc.dg/graphite/vect-pr43423.c scan-tree-dump-times vect "vectorized 2 loops" 1
FAIL: gcc.dg/tree-ssa/ivopts-lt-2.c scan-tree-dump-times ivopts "PHI" 1
FAIL: gcc.dg/tree-ssa/ivopts-lt-2.c scan-tree-dump-times ivopts "p_[0-9]* <" 1
FAIL: gcc.dg/tree-ssa/ssa-dom-cse-2.c scan-tree-dump optimized "return 28;"
=== gcc Summary for unix ===
# of expected passes 89373
# of unexpected failures 7
# of expected failures 316
# of unsupported tests 1983
Running target unix/-m32
FAIL: gcc.dg/atomic/c11-atomic-exec-2.c -O2 -flto -flto-partition=none (test for excess errors)
WARNING: program timed out.
FAIL: gcc.dg/c11-atomic-2.c (test for excess errors)
FAIL: gcc.dg/unroll-2.c (test for warnings, line 24)
WARNING: program timed out.
FAIL: gcc.dg/graphite/vect-pr43423.c scan-tree-dump-times vect "vectorized 2 loops" 1
FAIL: gcc.dg/simulate-thread/atomic-other-int.c -O2 -g thread simulation test
FAIL: gcc.dg/simulate-thread/atomic-other-int.c -O3 -g thread simulation test
FAIL: gcc.dg/simulate-thread/atomic-other-short.c -O0 -g thread simulation test
FAIL: gcc.dg/simulate-thread/speculative-store-4.c -O0 -g thread simulation test
FAIL: gcc.dg/simulate-thread/speculative-store-4.c -O2 -g thread simulation test
FAIL: gcc.dg/simulate-thread/speculative-store-4.c -O3 -g thread simulation test
FAIL: gcc.dg/simulate-thread/speculative-store.c -O0 -g thread simulation test
FAIL: gcc.dg/tree-ssa/ssa-dom-cse-2.c scan-tree-dump optimized "return 28;"
=== gcc Summary for unix/-m32 ===
# of expected passes 88571
# of unexpected failures 12
# of expected failures 327
# of unsupported tests 2056
=== gcc Summary ===
# of expected passes 177944
# of unexpected failures 19
# of expected failures 643
# of unsupported tests 4039
/var/gcc/regression/trunk/11-gcc-64/build/gcc/xgcc version 5.0.0 20150123 (experimental) [trunk revision 220039] (GCC)
=== gfortran tests ===
Running target unix
FAIL: gfortran.dg/minlocval_3.f90 -O3 -fomit-frame-pointer -funroll-all-loops -finline-functions (test for excess errors)
WARNING: gfortran.dg/minlocval_3.f90 -O3 -fomit-frame-pointer -funroll-all-loops -finline-functions compilation failed to produce executable
FAIL: gfortran.dg/minlocval_3.f90 -O3 -fomit-frame-pointer -funroll-loops (test for excess errors)
WARNING: gfortran.dg/minlocval_3.f90 -O3 -fomit-frame-pointer -funroll-loops compilation failed to produce executable
WARNING: program timed out.
WARNING: program timed out.
=== gfortran Summary for unix ===
# of expected passes 47890
# of unexpected failures 2
# of expected failures 79
# of unsupported tests 114
Running target unix/-m32
=== gfortran Summary for unix/-m32 ===
# of expected passes 47567
# of expected failures 79
# of unsupported tests 275
=== gfortran Summary ===
# of expected passes 95457
# of unexpected failures 2
# of expected failures 158
# of unsupported tests 389
/var/gcc/regression/trunk/11-gcc-64/build/gcc/testsuite/gfortran/../../gfortran version 5.0.0 20150123 (experimental) [trunk revision 220039] (GCC)
=== gnat tests ===
Running target unix/-m32
FAIL: gnat.dg/lto8.adb (internal compiler error)
FAIL: gnat.dg/lto8.adb (test for excess errors)
=== gnat Summary for unix/-m32 ===
# of expected passes 1290
# of unexpected failures 2
# of expected failures 20
# of unsupported tests 19
Running target unix
FAIL: gnat.dg/lto8.adb (internal compiler error)
FAIL: gnat.dg/lto8.adb (test for excess errors)
=== gnat Summary for unix ===
# of expected passes 1290
# of unexpected failures 2
# of expected failures 20
# of unsupported tests 19
=== gnat Summary ===
# of expected passes 2580
# of unexpected failures 4
# of expected failures 40
# of unsupported tests 38
/var/gcc/regression/trunk/11-gcc-64/build/gcc/gnatmake version 5.0.0 20150123 (experimental) [trunk revision 220039]
=== go tests ===
Running target unix
FAIL: ./64bit-out.go compilation, -O0 -g -fno-var-tracking-assignments
FAIL: ./bug449-out.go compilation, -O0 -g -fno-var-tracking-assignments
FAIL: ./index0-out.go compilation, -O0 -g -fno-var-tracking-assignments
FAIL: ./issue5162-out.go compilation, -O0 -g -fno-var-tracking-assignments
FAIL: ./select5-out.go compilation, -O0 -g -fno-var-tracking-assignments
FAIL: ./slice3-out.go compilation, -O0 -g -fno-var-tracking-assignments
FAIL: go.test/test/nilptr2.go execution, -O2 -g
FAIL: go.test/test/recover.go execution, -O2 -g
WARNING: program timed out.
WARNING: program timed out.
WARNING: program timed out.
WARNING: program timed out.
WARNING: program timed out.
WARNING: program timed out.
=== go Summary for unix ===
# of expected passes 7228
# of unexpected failures 8
# of expected failures 1
# of untested testcases 16
# of unsupported tests 3
Running target unix/-m32
FAIL: ./64bit-out.go compilation, -O0 -g -fno-var-tracking-assignments
FAIL: ./bug449-out.go compilation, -O0 -g -fno-var-tracking-assignments
FAIL: ./index0-out.go compilation, -O0 -g -fno-var-tracking-assignments
FAIL: ./issue5162-out.go compilation, -O0 -g -fno-var-tracking-assignments
FAIL: ./select5-out.go compilation, -O0 -g -fno-var-tracking-assignments
FAIL: ./slice3-out.go compilation, -O0 -g -fno-var-tracking-assignments
FAIL: go.test/test/nilptr2.go execution, -O2 -g
FAIL: go.test/test/recover.go execution, -O2 -g
WARNING: program timed out.
WARNING: program timed out.
WARNING: program timed out.
WARNING: program timed out.
WARNING: program timed out.
WARNING: program timed out.
=== go Summary for unix/-m32 ===
# of expected passes 7348
# of unexpected failures 8
# of expected failures 1
# of untested testcases 16
# of unsupported tests 3
=== go Summary ===
# of expected passes 14576
# of unexpected failures 16
# of expected failures 2
# of untested testcases 32
# of unsupported tests 6
=== obj-c++ tests ===
Running target unix/-m32
=== obj-c++ Summary for unix/-m32 ===
# of expected passes 1453
# of expected failures 2
# of unsupported tests 86
Running target unix
=== obj-c++ Summary for unix ===
# of expected passes 1445
# of expected failures 10
# of unsupported tests 86
=== obj-c++ Summary ===
# of expected passes 2898
# of expected failures 12
# of unsupported tests 172
/var/gcc/regression/trunk/11-gcc-64/build/gcc/testsuite/obj-c++/../../xg++ version 5.0.0 20150123 (experimental) [trunk revision 220039] (GCC)
=== objc tests ===
Running target unix
=== objc Summary for unix ===
# of expected passes 3016
# of unsupported tests 74
Running target unix/-m32
=== objc Summary for unix/-m32 ===
# of expected passes 3016
# of unsupported tests 74
=== objc Summary ===
# of expected passes 6032
# of unsupported tests 148
/var/gcc/regression/trunk/11-gcc-64/build/gcc/xgcc version 5.0.0 20150123 (experimental) [trunk revision 220039] (GCC)
=== boehm-gc tests ===
Running target unix/-m32
=== boehm-gc Summary for unix/-m32 ===
# of expected passes 12
# of unsupported tests 1
Running target unix
=== boehm-gc Summary for unix ===
# of expected passes 12
# of unsupported tests 1
=== boehm-gc Summary ===
# of expected passes 24
# of unsupported tests 2
=== libatomic tests ===
Running target unix/-m32
=== libatomic Summary for unix/-m32 ===
# of expected passes 44
# of unsupported tests 5
Running target unix
=== libatomic Summary for unix ===
# of expected passes 54
=== libatomic Summary ===
# of expected passes 98
# of unsupported tests 5
=== libffi tests ===
Running target unix/-m32
FAIL: libffi.special/unwindtest.cc -shared-libgcc -lstdc++ execution test
FAIL: libffi.special/unwindtest_ffi_call.cc -shared-libgcc -lstdc++ execution test
FAIL: libffi.special/unwindtest.cc -shared-libgcc -lstdc++ execution test
FAIL: libffi.special/unwindtest_ffi_call.cc -shared-libgcc -lstdc++ execution test
FAIL: libffi.special/unwindtest.cc -shared-libgcc -lstdc++ execution test
FAIL: libffi.special/unwindtest_ffi_call.cc -shared-libgcc -lstdc++ execution test
FAIL: libffi.special/unwindtest.cc -shared-libgcc -lstdc++ execution test
FAIL: libffi.special/unwindtest_ffi_call.cc -shared-libgcc -lstdc++ execution test
=== libffi Summary for unix/-m32 ===
# of expected passes 2198
# of unexpected failures 8
Running target unix
FAIL: libffi.special/unwindtest.cc -shared-libgcc -lstdc++ execution test
FAIL: libffi.special/unwindtest_ffi_call.cc -shared-libgcc -lstdc++ execution test
FAIL: libffi.special/unwindtest.cc -shared-libgcc -lstdc++ execution test
FAIL: libffi.special/unwindtest_ffi_call.cc -shared-libgcc -lstdc++ execution test
FAIL: libffi.special/unwindtest.cc -shared-libgcc -lstdc++ execution test
FAIL: libffi.special/unwindtest_ffi_call.cc -shared-libgcc -lstdc++ execution test
FAIL: libffi.special/unwindtest.cc -shared-libgcc -lstdc++ execution test
FAIL: libffi.special/unwindtest_ffi_call.cc -shared-libgcc -lstdc++ execution test
=== libffi Summary for unix ===
# of expected passes 2198
# of unexpected failures 8
=== libffi Summary ===
# of expected passes 4396
# of unexpected failures 16
=== libgo tests ===
Running target unix
FAIL: net/http/httputil
FAIL: text/template
=== libgo Summary for unix ===
# of expected passes 122
# of unexpected failures 2
Running target unix/-m32
FAIL: reflect
FAIL: text/template
=== libgo Summary for unix/-m32 ===
# of expected passes 122
# of unexpected failures 2
=== libgo Summary ===
# of expected passes 244
# of unexpected failures 4
/var/gcc/regression/trunk/11-gcc-64/build/./gcc/gccgo version 5.0.0 20150123 (experimental) [trunk revision 220039] (GCC)
=== libgomp tests ===
Running target unix/-m32
=== libgomp Summary for unix/-m32 ===
# of expected passes 5723
# of unsupported tests 281
Running target unix
=== libgomp Summary for unix ===
# of expected passes 5723
# of unsupported tests 281
=== libgomp Summary ===
# of expected passes 11446
# of unsupported tests 562
=== libitm tests ===
Running target unix/-m32
=== libitm Summary for unix/-m32 ===
# of expected passes 26
# of expected failures 3
# of unsupported tests 1
Running target unix
=== libitm Summary for unix ===
# of expected passes 26
# of expected failures 3
# of unsupported tests 1
=== libitm Summary ===
# of expected passes 52
# of expected failures 6
# of unsupported tests 2
=== libjava tests ===
Running target unix/-m32
FAIL: noclass execution - gij test
FAIL: pr11951 run
FAIL: throwit execution - gij test
FAIL: pr29812 execution - gij test
FAIL: ExtraClassLoader execution - source compiled test
FAIL: ExtraClassLoader -findirect-dispatch execution - source compiled test
FAIL: ExtraClassLoader -O3 execution - source compiled test
FAIL: ExtraClassLoader -O3 -findirect-dispatch execution - source compiled test
FAIL: invokethrow execution - source compiled test
FAIL: invokethrow -findirect-dispatch execution - source compiled test
FAIL: invokethrow -O3 execution - source compiled test
FAIL: invokethrow -O3 -findirect-dispatch execution - source compiled test
=== libjava Summary for unix/-m32 ===
# of expected passes 2557
# of unexpected failures 12
# of expected failures 4
# of untested testcases 12
Running target unix
FAIL: noclass execution - gij test
FAIL: pr11951 run
FAIL: throwit execution - gij test
FAIL: pr29812 execution - gij test
FAIL: ExtraClassLoader execution - source compiled test
FAIL: ExtraClassLoader -findirect-dispatch execution - source compiled test
FAIL: ExtraClassLoader -O3 execution - source compiled test
FAIL: ExtraClassLoader -O3 -findirect-dispatch execution - source compiled test
FAIL: invokethrow execution - source compiled test
FAIL: invokethrow -findirect-dispatch execution - source compiled test
FAIL: invokethrow -O3 execution - source compiled test
FAIL: invokethrow -O3 -findirect-dispatch execution - source compiled test
=== libjava Summary for unix ===
# of expected passes 2557
# of unexpected failures 12
# of expected failures 4
# of untested testcases 12
=== libjava Summary ===
# of expected passes 5114
# of unexpected failures 24
# of expected failures 8
# of untested testcases 24
=== libstdc++ tests ===
Running target unix
FAIL: 22_locale/conversions/string/2.cc execution test
=== libstdc++ Summary for unix ===
# of expected passes 9334
# of unexpected failures 1
# of expected failures 66
# of unsupported tests 617
Running target unix/-m32
FAIL: 22_locale/conversions/string/2.cc execution test
=== libstdc++ Summary for unix/-m32 ===
# of expected passes 9334
# of unexpected failures 1
# of expected failures 66
# of unsupported tests 617
=== libstdc++ Summary ===
# of expected passes 18668
# of unexpected failures 2
# of expected failures 132
# of unsupported tests 1234
Compiler version: 5.0.0 20150123 (experimental) [trunk revision 220039] (GCC)
Platform: sparcv9-sun-solaris2.11
configure flags: --prefix=/vol/gcc --target=sparcv9-sun-solaris2.11 --enable-objc-gc --enable-libmudflap --with-gmp-include=/vol/gcc/include --with-gmp-lib=/vol/gcc/lib/sparcv9 --with-mpfr-include=/vol/gcc/include --with-mpfr-lib=/vol/gcc/lib/sparcv9 --with-mpc-include=/vol/gcc/include --with-mpc-lib=/vol/gcc/lib/sparcv9 --enable-languages=all,ada,obj-c++,go --with-isl-include=/vol/gcc/include --with-isl-lib=/vol/gcc/lib/sparcv9 --with-cloog-include=/vol/gcc/include --with-cloog-lib=/vol/gcc/lib/sparcv9 --enable-cloog-backend=isl --build=sparcv9-sun-solaris2.11 --host=sparcv9-sun-solaris2.11
BOOT_CFLAGS=-g -O2