This is the mail archive of the
gcc-testresults@gcc.gnu.org
mailing list for the GCC project.
Results for 4.8.5 20150123 (prerelease) [gcc-4_8-branch revision 220019] (GCC) testsuite on i386-pc-solaris2.10
- From: Rainer Orth <ro at CeBiTec dot Uni-Bielefeld dot DE>
- To: gcc-testresults at gcc dot gnu dot org
- Date: Sun, 25 Jan 2015 01:24:12 +0100 (CET)
- Subject: Results for 4.8.5 20150123 (prerelease) [gcc-4_8-branch revision 220019] (GCC) testsuite on i386-pc-solaris2.10
- Authentication-results: sourceware.org; auth=none
LAST_UPDATED: Fri Jan 23 14:16:57 UTC 2015 (revision 220019)
=== acats tests ===
=== acats Summary ===
# of expected passes 2320
# of unexpected failures 0
Native configuration is i386-pc-solaris2.10
=== g++ tests ===
Running target unix
FAIL: g++.dg/lto/20091219 cp_lto_20091219_0.o-cp_lto_20091219_0.o link, -O3 -flto
UNRESOLVED: g++.dg/lto/20091219 cp_lto_20091219_0.o-cp_lto_20091219_0.o execute -O3 -flto
FAIL: g++.dg/tree-prof/pr59255.C compilation, -fprofile-generate
UNRESOLVED: g++.dg/tree-prof/pr59255.C execution, -fprofile-generate
UNRESOLVED: g++.dg/tree-prof/pr59255.C compilation, -fprofile-use
UNRESOLVED: g++.dg/tree-prof/pr59255.C execution, -fprofile-use
=== g++ Summary for unix ===
# of expected passes 51290
# of unexpected failures 2
# of expected failures 294
# of unresolved testcases 4
# of unsupported tests 697
Running target unix/-m64
FAIL: g++.dg/lto/20091219 cp_lto_20091219_0.o-cp_lto_20091219_0.o link, -O3 -flto
UNRESOLVED: g++.dg/lto/20091219 cp_lto_20091219_0.o-cp_lto_20091219_0.o execute -O3 -flto
FAIL: g++.dg/tree-prof/pr59255.C compilation, -fprofile-generate
UNRESOLVED: g++.dg/tree-prof/pr59255.C execution, -fprofile-generate
UNRESOLVED: g++.dg/tree-prof/pr59255.C compilation, -fprofile-use
UNRESOLVED: g++.dg/tree-prof/pr59255.C execution, -fprofile-use
=== g++ Summary for unix/-m64 ===
# of expected passes 52054
# of unexpected failures 2
# of expected failures 294
# of unresolved testcases 4
# of unsupported tests 942
=== g++ Summary ===
# of expected passes 103344
# of unexpected failures 4
# of expected failures 588
# of unresolved testcases 8
# of unsupported tests 1639
/var/gcc/regression/gcc-4.8-branch/10-gcc/build/gcc/testsuite/g++/../../xg++ version 4.8.5 20150123 (prerelease) [gcc-4_8-branch revision 220019] (GCC)
=== gcc tests ===
Running target unix
FAIL: gcc.target/i386/pr61801.c (internal compiler error)
FAIL: gcc.target/i386/pr61801.c (test for excess errors)
FAIL: gcc.target/i386/pr61923.c (internal compiler error)
FAIL: gcc.target/i386/pr61923.c (test for excess errors)
=== gcc Summary for unix ===
# of expected passes 93066
# of unexpected failures 4
# of expected failures 265
# of unsupported tests 1222
Running target unix/-m64
FAIL: gcc.c-torture/compile/pr37669-2.c -O2 (test for excess errors)
FAIL: gcc.c-torture/compile/pr37669-2.c -O3 -fomit-frame-pointer (test for excess errors)
FAIL: gcc.c-torture/compile/pr37669-2.c -O3 -g (test for excess errors)
FAIL: gcc.c-torture/compile/pr37669-2.c -Os (test for excess errors)
FAIL: gcc.c-torture/compile/pr37669-2.c -O2 -flto -flto-partition=none (test for excess errors)
FAIL: gcc.c-torture/compile/pr37669-2.c -O2 -flto (test for excess errors)
WARNING: program timed out.
WARNING: program timed out.
WARNING: program timed out.
WARNING: program timed out.
WARNING: program timed out.
WARNING: program timed out.
FAIL: gcc.c-torture/execute/pr51581-1.c compilation, -O3 -fomit-frame-pointer
UNRESOLVED: gcc.c-torture/execute/pr51581-1.c execution, -O3 -fomit-frame-pointer
FAIL: gcc.c-torture/execute/pr51581-1.c compilation, -O3 -fomit-frame-pointer -funroll-loops
UNRESOLVED: gcc.c-torture/execute/pr51581-1.c execution, -O3 -fomit-frame-pointer -funroll-loops
FAIL: gcc.c-torture/execute/pr51581-1.c compilation, -O3 -fomit-frame-pointer -funroll-all-loops -finline-functions
UNRESOLVED: gcc.c-torture/execute/pr51581-1.c execution, -O3 -fomit-frame-pointer -funroll-all-loops -finline-functions
FAIL: gcc.c-torture/execute/pr51581-1.c compilation, -O3 -g
UNRESOLVED: gcc.c-torture/execute/pr51581-1.c execution, -O3 -g
FAIL: gcc.c-torture/execute/pr51581-2.c compilation, -O2
UNRESOLVED: gcc.c-torture/execute/pr51581-2.c execution, -O2
FAIL: gcc.c-torture/execute/pr51581-2.c compilation, -O3 -fomit-frame-pointer
UNRESOLVED: gcc.c-torture/execute/pr51581-2.c execution, -O3 -fomit-frame-pointer
FAIL: gcc.c-torture/execute/pr51581-2.c compilation, -O3 -fomit-frame-pointer -funroll-loops
UNRESOLVED: gcc.c-torture/execute/pr51581-2.c execution, -O3 -fomit-frame-pointer -funroll-loops
FAIL: gcc.c-torture/execute/pr51581-2.c compilation, -O3 -fomit-frame-pointer -funroll-all-loops -finline-functions
UNRESOLVED: gcc.c-torture/execute/pr51581-2.c execution, -O3 -fomit-frame-pointer -funroll-all-loops -finline-functions
FAIL: gcc.c-torture/execute/pr51581-2.c compilation, -O3 -g
UNRESOLVED: gcc.c-torture/execute/pr51581-2.c execution, -O3 -g
FAIL: gcc.c-torture/execute/pr51581-2.c compilation, -O2 -flto -flto-partition=none
UNRESOLVED: gcc.c-torture/execute/pr51581-2.c execution, -O2 -flto -flto-partition=none
FAIL: gcc.c-torture/execute/pr51581-2.c compilation, -O2 -flto
UNRESOLVED: gcc.c-torture/execute/pr51581-2.c execution, -O2 -flto
FAIL: gcc.c-torture/execute/pr53645-2.c compilation, -O0
UNRESOLVED: gcc.c-torture/execute/pr53645-2.c execution, -O0
FAIL: gcc.c-torture/execute/pr53645-2.c compilation, -O1
UNRESOLVED: gcc.c-torture/execute/pr53645-2.c execution, -O1
FAIL: gcc.c-torture/execute/pr53645-2.c compilation, -O2
UNRESOLVED: gcc.c-torture/execute/pr53645-2.c execution, -O2
FAIL: gcc.c-torture/execute/pr53645-2.c compilation, -O3 -fomit-frame-pointer
UNRESOLVED: gcc.c-torture/execute/pr53645-2.c execution, -O3 -fomit-frame-pointer
FAIL: gcc.c-torture/execute/va-arg-10.c compilation, -O3 -g
UNRESOLVED: gcc.c-torture/execute/va-arg-10.c execution, -O3 -g
FAIL: gcc.c-torture/execute/va-arg-2.c compilation, -O2
UNRESOLVED: gcc.c-torture/execute/va-arg-2.c execution, -O2
FAIL: gcc.c-torture/execute/va-arg-2.c compilation, -O3 -fomit-frame-pointer
UNRESOLVED: gcc.c-torture/execute/va-arg-2.c execution, -O3 -fomit-frame-pointer
FAIL: gcc.c-torture/execute/va-arg-2.c compilation, -O3 -fomit-frame-pointer -funroll-loops
UNRESOLVED: gcc.c-torture/execute/va-arg-2.c execution, -O3 -fomit-frame-pointer -funroll-loops
FAIL: gcc.c-torture/execute/va-arg-2.c compilation, -O3 -fomit-frame-pointer -funroll-all-loops -finline-functions
UNRESOLVED: gcc.c-torture/execute/va-arg-2.c execution, -O3 -fomit-frame-pointer -funroll-all-loops -finline-functions
FAIL: gcc.c-torture/execute/va-arg-2.c compilation, -O3 -g
UNRESOLVED: gcc.c-torture/execute/va-arg-2.c execution, -O3 -g
FAIL: gcc.c-torture/execute/va-arg-2.c compilation, -Os
UNRESOLVED: gcc.c-torture/execute/va-arg-2.c execution, -Os
FAIL: gcc.c-torture/execute/va-arg-2.c compilation, -Og -g
UNRESOLVED: gcc.c-torture/execute/va-arg-2.c execution, -Og -g
FAIL: gcc.c-torture/execute/va-arg-2.c compilation, -O2 -flto -flto-partition=none
UNRESOLVED: gcc.c-torture/execute/va-arg-2.c execution, -O2 -flto -flto-partition=none
FAIL: gcc.c-torture/execute/va-arg-2.c compilation, -O2 -flto
UNRESOLVED: gcc.c-torture/execute/va-arg-2.c execution, -O2 -flto
FAIL: gcc.c-torture/execute/va-arg-22.c compilation, -O3 -fomit-frame-pointer
UNRESOLVED: gcc.c-torture/execute/va-arg-22.c execution, -O3 -fomit-frame-pointer
FAIL: gcc.c-torture/execute/va-arg-22.c compilation, -O3 -fomit-frame-pointer -funroll-loops
UNRESOLVED: gcc.c-torture/execute/va-arg-22.c execution, -O3 -fomit-frame-pointer -funroll-loops
FAIL: gcc.c-torture/execute/va-arg-22.c compilation, -O3 -fomit-frame-pointer -funroll-all-loops -finline-functions
UNRESOLVED: gcc.c-torture/execute/va-arg-22.c execution, -O3 -fomit-frame-pointer -funroll-all-loops -finline-functions
FAIL: gcc.c-torture/execute/va-arg-22.c compilation, -O3 -g
UNRESOLVED: gcc.c-torture/execute/va-arg-22.c execution, -O3 -g
FAIL: gcc.c-torture/execute/va-arg-22.c compilation, -Os
UNRESOLVED: gcc.c-torture/execute/va-arg-22.c execution, -Os
FAIL: gcc.c-torture/execute/va-arg-22.c compilation, -O2 -flto
UNRESOLVED: gcc.c-torture/execute/va-arg-22.c execution, -O2 -flto
FAIL: gcc.c-torture/execute/va-arg-24.c compilation, -O3 -fomit-frame-pointer
UNRESOLVED: gcc.c-torture/execute/va-arg-24.c execution, -O3 -fomit-frame-pointer
WARNING: program timed out.
WARNING: program timed out.
WARNING: program timed out.
WARNING: program timed out.
WARNING: program timed out.
WARNING: program timed out.
WARNING: program timed out.
WARNING: program timed out.
WARNING: program timed out.
WARNING: program timed out.
WARNING: program timed out.
WARNING: program timed out.
WARNING: program timed out.
WARNING: program timed out.
WARNING: program timed out.
WARNING: program timed out.
WARNING: program timed out.
WARNING: program timed out.
WARNING: program timed out.
WARNING: program timed out.
WARNING: program timed out.
WARNING: program timed out.
WARNING: program timed out.
WARNING: program timed out.
WARNING: program timed out.
WARNING: program timed out.
WARNING: program timed out.
WARNING: program timed out.
WARNING: program timed out.
WARNING: program timed out.
WARNING: program timed out.
WARNING: program timed out.
WARNING: program timed out.
FAIL: c-c++-common/torture/complex-sign-mul-minus-one.c -O2 (test for excess errors)
WARNING: c-c++-common/torture/complex-sign-mul-minus-one.c -O2 compilation failed to produce executable
WARNING: program timed out.
FAIL: c-c++-common/torture/complex-sign-mul-minus-one.c -O3 -fomit-frame-pointer (test for excess errors)
WARNING: c-c++-common/torture/complex-sign-mul-minus-one.c -O3 -fomit-frame-pointer compilation failed to produce executable
WARNING: program timed out.
FAIL: c-c++-common/torture/complex-sign-mul-minus-one.c -O3 -fomit-frame-pointer -funroll-loops (test for excess errors)
WARNING: c-c++-common/torture/complex-sign-mul-minus-one.c -O3 -fomit-frame-pointer -funroll-loops compilation failed to produce executable
WARNING: program timed out.
FAIL: c-c++-common/torture/complex-sign-mul-minus-one.c -O3 -fomit-frame-pointer -funroll-all-loops -finline-functions (test for excess errors)
WARNING: c-c++-common/torture/complex-sign-mul-minus-one.c -O3 -fomit-frame-pointer -funroll-all-loops -finline-functions compilation failed to produce executable
WARNING: program timed out.
FAIL: c-c++-common/torture/complex-sign-mul-minus-one.c -O3 -g (test for excess errors)
WARNING: c-c++-common/torture/complex-sign-mul-minus-one.c -O3 -g compilation failed to produce executable
WARNING: program timed out.
FAIL: c-c++-common/torture/complex-sign-mul-minus-one.c -Os (test for excess errors)
WARNING: c-c++-common/torture/complex-sign-mul-minus-one.c -Os compilation failed to produce executable
WARNING: program timed out.
FAIL: c-c++-common/torture/complex-sign-mul-minus-one.c -O2 -flto -flto-partition=none (test for excess errors)
WARNING: c-c++-common/torture/complex-sign-mul-minus-one.c -O2 -flto -flto-partition=none compilation failed to produce executable
WARNING: program timed out.
FAIL: c-c++-common/torture/complex-sign-mul-minus-one.c -O2 -flto (test for excess errors)
WARNING: c-c++-common/torture/complex-sign-mul-minus-one.c -O2 -flto compilation failed to produce executable
WARNING: program timed out.
FAIL: c-c++-common/torture/complex-sign-mul-one.c -O2 (test for excess errors)
WARNING: c-c++-common/torture/complex-sign-mul-one.c -O2 compilation failed to produce executable
WARNING: program timed out.
FAIL: c-c++-common/torture/complex-sign-mul-one.c -O3 -fomit-frame-pointer (test for excess errors)
WARNING: c-c++-common/torture/complex-sign-mul-one.c -O3 -fomit-frame-pointer compilation failed to produce executable
WARNING: program timed out.
FAIL: c-c++-common/torture/complex-sign-mul-one.c -O3 -fomit-frame-pointer -funroll-loops (test for excess errors)
WARNING: c-c++-common/torture/complex-sign-mul-one.c -O3 -fomit-frame-pointer -funroll-loops compilation failed to produce executable
WARNING: program timed out.
FAIL: c-c++-common/torture/complex-sign-mul-one.c -O3 -fomit-frame-pointer -funroll-all-loops -finline-functions (test for excess errors)
WARNING: c-c++-common/torture/complex-sign-mul-one.c -O3 -fomit-frame-pointer -funroll-all-loops -finline-functions compilation failed to produce executable
WARNING: program timed out.
FAIL: c-c++-common/torture/complex-sign-mul-one.c -O3 -g (test for excess errors)
WARNING: c-c++-common/torture/complex-sign-mul-one.c -O3 -g compilation failed to produce executable
WARNING: program timed out.
FAIL: c-c++-common/torture/complex-sign-mul-one.c -Os (test for excess errors)
WARNING: c-c++-common/torture/complex-sign-mul-one.c -Os compilation failed to produce executable
WARNING: program timed out.
FAIL: c-c++-common/torture/complex-sign-mul-one.c -O2 -flto -flto-partition=none (test for excess errors)
WARNING: c-c++-common/torture/complex-sign-mul-one.c -O2 -flto -flto-partition=none compilation failed to produce executable
WARNING: program timed out.
FAIL: c-c++-common/torture/complex-sign-mul-one.c -O2 -flto (test for excess errors)
WARNING: c-c++-common/torture/complex-sign-mul-one.c -O2 -flto compilation failed to produce executable
WARNING: program timed out.
FAIL: c-c++-common/torture/complex-sign-mul.c -O0 (test for excess errors)
WARNING: c-c++-common/torture/complex-sign-mul.c -O0 compilation failed to produce executable
WARNING: program timed out.
FAIL: c-c++-common/torture/complex-sign-mul.c -O1 (test for excess errors)
WARNING: c-c++-common/torture/complex-sign-mul.c -O1 compilation failed to produce executable
WARNING: program timed out.
FAIL: c-c++-common/torture/complex-sign-mul.c -O2 (test for excess errors)
WARNING: c-c++-common/torture/complex-sign-mul.c -O2 compilation failed to produce executable
WARNING: program timed out.
FAIL: c-c++-common/torture/complex-sign-mul.c -O3 -fomit-frame-pointer (test for excess errors)
WARNING: c-c++-common/torture/complex-sign-mul.c -O3 -fomit-frame-pointer compilation failed to produce executable
WARNING: program timed out.
FAIL: c-c++-common/torture/complex-sign-mul.c -O3 -fomit-frame-pointer -funroll-loops (test for excess errors)
WARNING: c-c++-common/torture/complex-sign-mul.c -O3 -fomit-frame-pointer -funroll-loops compilation failed to produce executable
WARNING: program timed out.
FAIL: c-c++-common/torture/complex-sign-mul.c -O3 -fomit-frame-pointer -funroll-all-loops -finline-functions (test for excess errors)
WARNING: c-c++-common/torture/complex-sign-mul.c -O3 -fomit-frame-pointer -funroll-all-loops -finline-functions compilation failed to produce executable
WARNING: program timed out.
FAIL: c-c++-common/torture/complex-sign-mul.c -O3 -g (test for excess errors)
WARNING: c-c++-common/torture/complex-sign-mul.c -O3 -g compilation failed to produce executable
WARNING: program timed out.
FAIL: c-c++-common/torture/complex-sign-mul.c -Os (test for excess errors)
WARNING: c-c++-common/torture/complex-sign-mul.c -Os compilation failed to produce executable
WARNING: program timed out.
FAIL: c-c++-common/torture/complex-sign-mul.c -O2 -flto -flto-partition=none (test for excess errors)
WARNING: c-c++-common/torture/complex-sign-mul.c -O2 -flto -flto-partition=none compilation failed to produce executable
WARNING: program timed out.
FAIL: c-c++-common/torture/complex-sign-mul.c -O2 -flto (test for excess errors)
WARNING: c-c++-common/torture/complex-sign-mul.c -O2 -flto compilation failed to produce executable
WARNING: program timed out.
FAIL: c-c++-common/torture/complex-sign-sub.c -O0 (test for excess errors)
WARNING: c-c++-common/torture/complex-sign-sub.c -O0 compilation failed to produce executable
WARNING: program timed out.
FAIL: c-c++-common/torture/complex-sign-sub.c -O1 (test for excess errors)
WARNING: c-c++-common/torture/complex-sign-sub.c -O1 compilation failed to produce executable
WARNING: program timed out.
FAIL: c-c++-common/torture/complex-sign-sub.c -O2 (test for excess errors)
WARNING: c-c++-common/torture/complex-sign-sub.c -O2 compilation failed to produce executable
WARNING: program timed out.
FAIL: c-c++-common/torture/complex-sign-sub.c -O3 -fomit-frame-pointer (test for excess errors)
WARNING: c-c++-common/torture/complex-sign-sub.c -O3 -fomit-frame-pointer compilation failed to produce executable
WARNING: program timed out.
FAIL: c-c++-common/torture/complex-sign-sub.c -O3 -fomit-frame-pointer -funroll-loops (test for excess errors)
WARNING: c-c++-common/torture/complex-sign-sub.c -O3 -fomit-frame-pointer -funroll-loops compilation failed to produce executable
WARNING: program timed out.
FAIL: c-c++-common/torture/complex-sign-sub.c -O3 -fomit-frame-pointer -funroll-all-loops -finline-functions (test for excess errors)
WARNING: c-c++-common/torture/complex-sign-sub.c -O3 -fomit-frame-pointer -funroll-all-loops -finline-functions compilation failed to produce executable
WARNING: program timed out.
FAIL: c-c++-common/torture/complex-sign-sub.c -O3 -g (test for excess errors)
WARNING: c-c++-common/torture/complex-sign-sub.c -O3 -g compilation failed to produce executable
WARNING: program timed out.
FAIL: c-c++-common/torture/complex-sign-sub.c -Os (test for excess errors)
WARNING: c-c++-common/torture/complex-sign-sub.c -Os compilation failed to produce executable
WARNING: program timed out.
FAIL: c-c++-common/torture/complex-sign-sub.c -O2 -flto -flto-partition=none (test for excess errors)
WARNING: c-c++-common/torture/complex-sign-sub.c -O2 -flto -flto-partition=none compilation failed to produce executable
WARNING: program timed out.
FAIL: c-c++-common/torture/complex-sign-sub.c -O2 -flto (test for excess errors)
WARNING: c-c++-common/torture/complex-sign-sub.c -O2 -flto compilation failed to produce executable
WARNING: program timed out.
FAIL: c-c++-common/torture/vector-compare-1.c -O1 (test for excess errors)
WARNING: c-c++-common/torture/vector-compare-1.c -O1 compilation failed to produce executable
WARNING: program timed out.
FAIL: c-c++-common/torture/vector-compare-1.c -O2 (test for excess errors)
WARNING: c-c++-common/torture/vector-compare-1.c -O2 compilation failed to produce executable
WARNING: program timed out.
FAIL: c-c++-common/torture/vector-compare-1.c -O3 -fomit-frame-pointer (test for excess errors)
WARNING: c-c++-common/torture/vector-compare-1.c -O3 -fomit-frame-pointer compilation failed to produce executable
WARNING: program timed out.
FAIL: c-c++-common/torture/vector-compare-1.c -O3 -fomit-frame-pointer -funroll-loops (test for excess errors)
WARNING: c-c++-common/torture/vector-compare-1.c -O3 -fomit-frame-pointer -funroll-loops compilation failed to produce executable
WARNING: program timed out.
FAIL: c-c++-common/torture/vector-compare-1.c -O3 -fomit-frame-pointer -funroll-all-loops -finline-functions (test for excess errors)
WARNING: c-c++-common/torture/vector-compare-1.c -O3 -fomit-frame-pointer -funroll-all-loops -finline-functions compilation failed to produce executable
WARNING: program timed out.
FAIL: c-c++-common/torture/vector-compare-1.c -O3 -g (test for excess errors)
WARNING: c-c++-common/torture/vector-compare-1.c -O3 -g compilation failed to produce executable
WARNING: program timed out.
FAIL: c-c++-common/torture/vector-compare-1.c -Os (test for excess errors)
WARNING: c-c++-common/torture/vector-compare-1.c -Os compilation failed to produce executable
WARNING: program timed out.
FAIL: c-c++-common/torture/vector-compare-1.c -O2 -flto -flto-partition=none (test for excess errors)
WARNING: c-c++-common/torture/vector-compare-1.c -O2 -flto -flto-partition=none compilation failed to produce executable
WARNING: program timed out.
FAIL: c-c++-common/torture/vector-compare-1.c -O2 -flto (test for excess errors)
WARNING: c-c++-common/torture/vector-compare-1.c -O2 -flto compilation failed to produce executable
WARNING: program timed out.
FAIL: c-c++-common/torture/vshuf-v16hi.c -O3 -fomit-frame-pointer (test for excess errors)
WARNING: program timed out.
FAIL: c-c++-common/torture/vshuf-v16hi.c -O3 -g (test for excess errors)
WARNING: program timed out.
FAIL: c-c++-common/torture/vshuf-v16qi.c -O3 -fomit-frame-pointer (test for excess errors)
WARNING: program timed out.
FAIL: c-c++-common/torture/vshuf-v16qi.c -O3 -g (test for excess errors)
WARNING: program timed out.
FAIL: gcc.dg/vect/vect-23.c -flto (test for excess errors)
WARNING: gcc.dg/vect/vect-23.c -flto compilation failed to produce executable
WARNING: program timed out.
FAIL: gcc.dg/vect/vect-cond-10.c -flto (test for excess errors)
WARNING: gcc.dg/vect/vect-cond-10.c -flto compilation failed to produce executable
FAIL: gcc.dg/vect/vect-cond-10.c -flto scan-tree-dump-times vect "note: vectorized 1 loops" 8
WARNING: program timed out.
FAIL: gcc.dg/vect/vect-cond-7.c -flto (test for excess errors)
WARNING: gcc.dg/vect/vect-cond-7.c -flto compilation failed to produce executable
WARNING: program timed out.
FAIL: gcc.dg/vect/vect-cond-8.c -flto (test for excess errors)
WARNING: gcc.dg/vect/vect-cond-8.c -flto compilation failed to produce executable
WARNING: program timed out.
FAIL: gcc.dg/vect/vect-cond-9.c -flto (test for excess errors)
WARNING: gcc.dg/vect/vect-cond-9.c -flto compilation failed to produce executable
FAIL: gcc.dg/vect/vect-cond-9.c -flto scan-tree-dump-times vect "note: vectorized 1 loops" 10
FAIL: gcc.target/i386/pr58218.c (test for excess errors)
FAIL: gcc.target/i386/pr61801.c (internal compiler error)
FAIL: gcc.target/i386/pr61801.c (test for excess errors)
FAIL: gcc.target/i386/pr61923.c (internal compiler error)
FAIL: gcc.target/i386/pr61923.c (test for excess errors)
=== gcc Summary for unix/-m64 ===
# of expected passes 93262
# of unexpected failures 99
# of expected failures 267
# of unresolved testcases 32
# of unsupported tests 1544
=== gcc Summary ===
# of expected passes 186328
# of unexpected failures 103
# of expected failures 532
# of unresolved testcases 32
# of unsupported tests 2766
/var/gcc/regression/gcc-4.8-branch/10-gcc/build/gcc/xgcc version 4.8.5 20150123 (prerelease) [gcc-4_8-branch revision 220019] (GCC)
=== gfortran tests ===
Running target unix
=== gfortran Summary for unix ===
# of expected passes 43712
# of expected failures 56
# of unsupported tests 221
Running target unix/-m64
=== gfortran Summary for unix/-m64 ===
# of expected passes 44015
# of expected failures 56
# of unsupported tests 75
=== gfortran Summary ===
# of expected passes 87727
# of expected failures 112
# of unsupported tests 296
/var/gcc/regression/gcc-4.8-branch/10-gcc/build/gcc/testsuite/gfortran/../../gfortran version 4.8.5 20150123 (prerelease) [gcc-4_8-branch revision 220019] (GCC)
=== gnat tests ===
Running target unix
=== gnat Summary for unix ===
# of expected passes 1176
# of expected failures 17
# of unsupported tests 6
Running target unix/-m64
=== gnat Summary for unix/-m64 ===
# of expected passes 1176
# of expected failures 17
# of unsupported tests 6
=== gnat Summary ===
# of expected passes 2352
# of expected failures 34
# of unsupported tests 12
/var/gcc/regression/gcc-4.8-branch/10-gcc/build/gcc/gnatmake version 4.8.5 20150123 (prerelease) [gcc-4_8-branch revision 220019]
=== go tests ===
Running target unix
FAIL: ./rotate-out.go compilation, -O0 -g -fno-var-tracking-assignments
WARNING: program timed out.
=== go Summary for unix ===
# of expected passes 5179
# of unexpected failures 1
# of expected failures 1
# of untested testcases 6
Running target unix/-m64
=== go Summary for unix/-m64 ===
# of expected passes 5061
# of expected failures 1
# of untested testcases 5
=== go Summary ===
# of expected passes 10240
# of unexpected failures 1
# of expected failures 2
# of untested testcases 11
/var/gcc/regression/gcc-4.8-branch/10-gcc/build/gcc/testsuite/go/../../gccgo version 4.8.5 20150123 (prerelease) [gcc-4_8-branch revision 220019] (GCC)
=== obj-c++ tests ===
Running target unix
=== obj-c++ Summary for unix ===
# of expected passes 1450
# of expected failures 2
# of unsupported tests 86
Running target unix/-m64
=== obj-c++ Summary for unix/-m64 ===
# of expected passes 1442
# of expected failures 10
# of unsupported tests 86
=== obj-c++ Summary ===
# of expected passes 2892
# of expected failures 12
# of unsupported tests 172
/var/gcc/regression/gcc-4.8-branch/10-gcc/build/gcc/testsuite/obj-c++/../../xg++ version 4.8.5 20150123 (prerelease) [gcc-4_8-branch revision 220019] (GCC)
=== objc tests ===
Running target unix
=== objc Summary for unix ===
# of expected passes 2988
# of expected failures 6
# of unsupported tests 74
Running target unix/-m64
=== objc Summary for unix/-m64 ===
# of expected passes 2988
# of expected failures 6
# of unsupported tests 74
=== objc Summary ===
# of expected passes 5976
# of expected failures 12
# of unsupported tests 148
/var/gcc/regression/gcc-4.8-branch/10-gcc/build/gcc/xgcc version 4.8.5 20150123 (prerelease) [gcc-4_8-branch revision 220019] (GCC)
=== boehm-gc tests ===
Running target unix
=== boehm-gc Summary for unix ===
# of expected passes 12
# of unsupported tests 1
Running target unix/-m64
=== boehm-gc Summary for unix/-m64 ===
# of expected passes 12
# of unsupported tests 1
=== boehm-gc Summary ===
# of expected passes 24
# of unsupported tests 2
=== libatomic tests ===
Running target unix
=== libatomic Summary for unix ===
# of expected passes 44
# of unsupported tests 5
Running target unix/-m64
=== libatomic Summary for unix/-m64 ===
# of expected passes 54
=== libatomic Summary ===
# of expected passes 98
# of unsupported tests 5
=== libffi tests ===
Running target unix
=== libffi Summary for unix ===
# of expected passes 1819
# of unsupported tests 55
Running target unix/-m64
=== libffi Summary for unix/-m64 ===
# of expected passes 1819
# of unsupported tests 55
=== libffi Summary ===
# of expected passes 3638
# of unsupported tests 110
=== libgo tests ===
Running target unix
FAIL: runtime
=== libgo Summary for unix ===
# of expected passes 121
# of unexpected failures 1
Running target unix/-m64
FAIL: image
FAIL: mime
FAIL: net
FAIL: os
FAIL: regexp
FAIL: runtime
FAIL: strconv
FAIL: syscall
FAIL: time
FAIL: archive/tar
FAIL: archive/zip
FAIL: compress/flate
FAIL: compress/lzw
FAIL: compress/zlib
FAIL: crypto/dsa
FAIL: crypto/ecdsa
FAIL: crypto/elliptic
FAIL: crypto/rand
FAIL: crypto/rsa
FAIL: crypto/tls
FAIL: crypto/x509
FAIL: debug/dwarf
FAIL: debug/elf
FAIL: debug/macho
FAIL: debug/pe
FAIL: html/template
FAIL: go/doc
FAIL: go/format
FAIL: go/parser
FAIL: go/printer
FAIL: image/jpeg
FAIL: image/png
FAIL: io/ioutil
FAIL: log/syslog
FAIL: mime/multipart
FAIL: net/http
FAIL: net/http/cgi
FAIL: net/http/httptest
FAIL: net/http/httputil
FAIL: net/rpc
FAIL: net/smtp
FAIL: old/template
FAIL: os/exec
FAIL: os/signal
FAIL: path/filepath
FAIL: text/template
=== libgo Summary for unix/-m64 ===
# of expected passes 76
# of unexpected failures 46
=== libgo Summary ===
# of expected passes 197
# of unexpected failures 47
/var/gcc/regression/gcc-4.8-branch/10-gcc/build/./gcc/gccgo version 4.8.5 20150123 (prerelease) [gcc-4_8-branch revision 220019] (GCC)
=== libgomp tests ===
Running target unix
=== libgomp Summary for unix ===
# of expected passes 3084
# of unsupported tests 3
Running target unix/-m64
=== libgomp Summary for unix/-m64 ===
# of expected passes 3084
# of unsupported tests 3
=== libgomp Summary ===
# of expected passes 6168
# of unsupported tests 6
=== libitm tests ===
Running target unix
=== libitm Summary for unix ===
# of expected passes 26
# of expected failures 3
# of unsupported tests 1
Running target unix/-m64
=== libitm Summary for unix/-m64 ===
# of expected passes 26
# of expected failures 3
# of unsupported tests 1
=== libitm Summary ===
# of expected passes 52
# of expected failures 6
# of unsupported tests 2
=== libjava tests ===
Running target unix
=== libjava Summary for unix ===
# of expected passes 2582
# of expected failures 4
Running target unix/-m64
=== libjava Summary for unix/-m64 ===
# of expected passes 2582
# of expected failures 4
=== libjava Summary ===
# of expected passes 5164
# of expected failures 8
=== libstdc++ tests ===
Running target unix
=== libstdc++ Summary for unix ===
# of expected passes 8363
# of expected failures 46
# of unsupported tests 581
Running target unix/-m64
=== libstdc++ Summary for unix/-m64 ===
# of expected passes 8363
# of expected failures 46
# of unsupported tests 581
=== libstdc++ Summary ===
# of expected passes 16726
# of expected failures 92
# of unsupported tests 1162
Compiler version: 4.8.5 20150123 (prerelease) [gcc-4_8-branch revision 220019] (GCC)
Platform: i386-pc-solaris2.10
configure flags: --prefix=/vol/gcc --target=i386-pc-solaris2.10 --enable-objc-gc --with-gmp-include=/vol/gcc/include --with-gmp-lib=/vol/gcc/lib --with-mpfr-include=/vol/gcc/include --with-mpfr-lib=/vol/gcc/lib --with-mpc-include=/vol/gcc/include --with-mpc-lib=/vol/gcc/lib --enable-languages=all,ada,obj-c++,go --with-isl-include=/vol/gcc/include --with-isl-lib=/vol/gcc/lib --with-cloog-include=/vol/gcc/include --with-cloog-lib=/vol/gcc/lib --enable-cloog-backend=isl
BOOT_CFLAGS=-g -O2