This is the mail archive of the
gcc-testresults@gcc.gnu.org
mailing list for the GCC project.
Results for 5.0.0 20150118 (experimental) [trunk revision 219824] (GCC) testsuite on hppa2.0w-hp-hpux11.11
- From: John David Anglin <dave at hiauly3 dot hia dot nrc dot ca>
- To: dave at hiauly3 dot hia dot nrc dot ca, gcc-testresults at gcc dot gnu dot org
- Date: Tue, 20 Jan 2015 19:21:07 -0500 (EST)
- Subject: Results for 5.0.0 20150118 (experimental) [trunk revision 219824] (GCC) testsuite on hppa2.0w-hp-hpux11.11
- Authentication-results: sourceware.org; auth=none
=== acats tests ===
FAIL: c974013
FAIL: c9a011b
=== acats Summary ===
# of expected passes 2318
# of unexpected failures 2
Native configuration is hppa2.0w-hp-hpux11.11
=== g++ tests ===
Running target unix
FAIL: g++.dg/abi/anon3.C -std=c++98 scan-assembler .weak(_definition)?[ \\t]_?_ZTI4Heya
FAIL: g++.dg/abi/anon3.C -std=c++98 scan-assembler .weak(_definition)?[ \\t]_?_ZTIN4Heya1AE
FAIL: g++.dg/abi/anon3.C -std=c++11 scan-assembler .weak(_definition)?[ \\t]_?_ZTI4Heya
FAIL: g++.dg/abi/anon3.C -std=c++11 scan-assembler .weak(_definition)?[ \\t]_?_ZTIN4Heya1AE
FAIL: g++.dg/abi/anon3.C -std=c++14 scan-assembler .weak(_definition)?[ \\t]_?_ZTI4Heya
FAIL: g++.dg/abi/anon3.C -std=c++14 scan-assembler .weak(_definition)?[ \\t]_?_ZTIN4Heya1AE
FAIL: g++.dg/abi/rtti3.C -std=c++98 scan-assembler .weak[ \\t]_?_ZTSPP1A
FAIL: g++.dg/abi/rtti3.C -std=c++11 scan-assembler .weak[ \\t]_?_ZTSPP1A
FAIL: g++.dg/abi/rtti3.C -std=c++14 scan-assembler .weak[ \\t]_?_ZTSPP1A
FAIL: g++.dg/ipa/pr64612.C scan-assembler _ZN5QListI7QStringED1Ev
FAIL: c-c++-common/goacc/acc_on_device-2-off.c -std=c++98 scan-rtl-dump-times expand "\\\\(call [^\\\\n]*\\\\"acc_on_device" 1
FAIL: c-c++-common/goacc/acc_on_device-2-off.c -std=c++11 scan-rtl-dump-times expand "\\\\(call [^\\\\n]*\\\\"acc_on_device" 1
FAIL: c-c++-common/goacc/acc_on_device-2-off.c -std=c++14 scan-rtl-dump-times expand "\\\\(call [^\\\\n]*\\\\"acc_on_device" 1
XPASS: c-c++-common/goacc/acc_on_device-2.c -std=c++98 scan-rtl-dump-times expand "\\\\(call [^\\\\n]*\\\\"acc_on_device" 0
XPASS: c-c++-common/goacc/acc_on_device-2.c -std=c++11 scan-rtl-dump-times expand "\\\\(call [^\\\\n]*\\\\"acc_on_device" 0
XPASS: c-c++-common/goacc/acc_on_device-2.c -std=c++14 scan-rtl-dump-times expand "\\\\(call [^\\\\n]*\\\\"acc_on_device" 0
WARNING: program timed out.
FAIL: g++.dg/tm/pr47573.C -std=gnu++98 (test for excess errors)
FAIL: g++.dg/tm/pr47573.C -std=gnu++11 (test for excess errors)
FAIL: g++.dg/tm/pr47573.C -std=gnu++14 (test for excess errors)
=== g++ Summary ===
# of expected passes 74718
# of unexpected failures 16
# of unexpected successes 3
# of expected failures 265
# of unsupported tests 3959
/test/gnu/gcc/objdir/gcc/testsuite/g++/../../xg++ version 5.0.0 20150118 (experimental) [trunk revision 219824] (GCC)
=== gcc tests ===
Running target unix
FAIL: gcc.dg/atomic/c11-atomic-exec-5.c -O0 execution test
FAIL: gcc.dg/atomic/c11-atomic-exec-5.c -O1 execution test
FAIL: gcc.dg/atomic/c11-atomic-exec-5.c -O2 execution test
FAIL: gcc.dg/atomic/c11-atomic-exec-5.c -O3 -fomit-frame-pointer execution test
FAIL: gcc.dg/atomic/c11-atomic-exec-5.c -O3 -fomit-frame-pointer -funroll-loops execution test
FAIL: gcc.dg/atomic/c11-atomic-exec-5.c -O3 -fomit-frame-pointer -funroll-all-loops -finline-functions execution test
FAIL: gcc.dg/atomic/c11-atomic-exec-5.c -O3 -g execution test
FAIL: gcc.dg/atomic/c11-atomic-exec-5.c -Os execution test
FAIL: gcc.dg/pr64434.c scan-rtl-dump-times expand "Swap operands" 1
FAIL: c-c++-common/goacc/acc_on_device-2-off.c scan-rtl-dump-times expand "\\\\(call [^\\\\n]*\\\\"acc_on_device" 1
FAIL: gcc.dg/goacc/acc_on_device-1.c scan-rtl-dump-times expand "\\\\(call [^\\\\n]*\\\\"acc_on_device" 4
WARNING: program timed out.
FAIL: gcc.dg/ipa/pr64307.c (test for excess errors)
UNRESOLVED: gcc.dg/ipa/pr64307.c scan-ipa-dump icf "Semantic equality hit:real_part_2->real_part"
UNRESOLVED: gcc.dg/ipa/pr64307.c scan-ipa-dump icf "Equal symbols: 1"
FAIL: gcc.dg/torture/builtin-explog-1.c -O1 (test for excess errors)
FAIL: gcc.dg/torture/builtin-explog-1.c -O2 (test for excess errors)
FAIL: gcc.dg/torture/builtin-explog-1.c -O3 -fomit-frame-pointer (test for excess errors)
FAIL: gcc.dg/torture/builtin-explog-1.c -O3 -g (test for excess errors)
FAIL: gcc.dg/torture/builtin-explog-1.c -Os (test for excess errors)
FAIL: gcc.dg/tree-ssa/ivopts-lt-2.c scan-tree-dump-times ivopts "PHI <p_" 1
FAIL: gcc.dg/tree-ssa/ivopts-lt-2.c scan-tree-dump-times ivopts "p_[0-9]* <" 1
=== gcc Summary ===
# of expected passes 69133
# of unexpected failures 19
# of expected failures 123
# of unresolved testcases 2
# of unsupported tests 1843
/test/gnu/gcc/objdir/gcc/xgcc version 5.0.0 20150118 (experimental) [trunk revision 219824] (GCC)
=== gfortran tests ===
Running target unix
FAIL: gfortran.dg/quad_2.f90 -O0 execution test
FAIL: gfortran.dg/quad_2.f90 -O1 execution test
FAIL: gfortran.dg/quad_2.f90 -O2 execution test
FAIL: gfortran.dg/quad_2.f90 -O3 -fomit-frame-pointer execution test
FAIL: gfortran.dg/quad_2.f90 -O3 -fomit-frame-pointer -funroll-loops execution test
FAIL: gfortran.dg/quad_2.f90 -O3 -fomit-frame-pointer -funroll-all-loops -finline-functions execution test
FAIL: gfortran.dg/quad_2.f90 -O3 -g execution test
FAIL: gfortran.dg/quad_2.f90 -Os execution test
FAIL: gfortran.dg/goacc/acc_on_device-1.f95 -O scan-rtl-dump-times expand "\\\\(call [^\\\\n]*\\\\"acc_on_device" 4
FAIL: gfortran.dg/goacc/acc_on_device-2-off.f95 -O scan-rtl-dump-times expand "\\\\(call [^\\\\n]*\\\\"acc_on_device" 1
XPASS: gfortran.dg/goacc/acc_on_device-2.f95 -O scan-rtl-dump-times expand "\\\\(call [^\\\\n]*\\\\"acc_on_device" 0
=== gfortran Summary ===
# of expected passes 45927
# of unexpected failures 10
# of unexpected successes 1
# of expected failures 70
# of unsupported tests 437
/test/gnu/gcc/objdir/gcc/testsuite/gfortran/../../gfortran version 5.0.0 20150118 (experimental) [trunk revision 219824] (GCC)
=== gnat tests ===
Running target unix
=== gnat Summary ===
# of expected passes 1288
# of expected failures 20
# of unsupported tests 21
/test/gnu/gcc/objdir/gcc/gnatmake version 5.0.0 20150118 (experimental) [trunk revision 219824]
=== obj-c++ tests ===
Running target unix
=== obj-c++ Summary ===
# of expected passes 1411
# of expected failures 2
# of unsupported tests 69
/test/gnu/gcc/objdir/gcc/testsuite/obj-c++/../../xg++ version 5.0.0 20150118 (experimental) [trunk revision 219824] (GCC)
=== objc tests ===
Running target unix
=== objc Summary ===
# of expected passes 2928
# of unsupported tests 67
/test/gnu/gcc/objdir/gcc/xgcc version 5.0.0 20150118 (experimental) [trunk revision 219824] (GCC)
=== boehm-gc tests ===
Running target unix
=== boehm-gc Summary ===
# of expected passes 12
# of unsupported tests 1
=== libatomic tests ===
Running target unix
=== libatomic Summary ===
# of expected passes 44
# of unsupported tests 5
=== libffi tests ===
Running target unix
FAIL: libffi.call/float2.c -W -Wall -Wno-psabi -O0 (test for excess errors)
FAIL: libffi.call/float2.c -W -Wall -Wno-psabi -O2 (test for excess errors)
FAIL: libffi.call/float2.c -W -Wall -Wno-psabi -O3 (test for excess errors)
FAIL: libffi.call/float2.c -W -Wall -Wno-psabi -Os (test for excess errors)
FAIL: libffi.call/float2.c -W -Wall -Wno-psabi -O2 -fomit-frame-pointer (test for excess errors)
ERROR: tcl error sourcing /test/gnu/gcc/gcc/libffi/testsuite/libffi.complex/complex.exp.
ERROR: list element in braces followed by ";" instead of space
ERROR: tcl error sourcing /test/gnu/gcc/gcc/libffi/testsuite/libffi.go/go.exp.
ERROR: list element in braces followed by ";" instead of space
=== libffi Summary ===
# of expected passes 1899
# of unexpected failures 5
=== libgomp tests ===
Running target unix
FAIL: libgomp.c/examples-4/e.50.1.c (test for excess errors)
FAIL: libgomp.c/examples-4/e.50.1.c execution test
FAIL: libgomp.c/examples-4/e.50.2.c (test for excess errors)
FAIL: libgomp.c/examples-4/e.50.2.c execution test
FAIL: libgomp.c/examples-4/e.50.3.c (test for excess errors)
FAIL: libgomp.c/examples-4/e.50.3.c execution test
FAIL: libgomp.c/examples-4/e.50.4.c (test for excess errors)
FAIL: libgomp.c/examples-4/e.50.4.c execution test
FAIL: libgomp.c/examples-4/e.51.1.c (test for excess errors)
FAIL: libgomp.c/examples-4/e.51.1.c execution test
FAIL: libgomp.c/examples-4/e.51.2.c (test for excess errors)
FAIL: libgomp.c/examples-4/e.51.2.c execution test
FAIL: libgomp.c/examples-4/e.51.3.c (test for excess errors)
FAIL: libgomp.c/examples-4/e.51.3.c execution test
FAIL: libgomp.c/examples-4/e.51.4.c (test for excess errors)
FAIL: libgomp.c/examples-4/e.51.4.c execution test
FAIL: libgomp.c/examples-4/e.52.1.c (test for excess errors)
FAIL: libgomp.c/examples-4/e.52.1.c execution test
FAIL: libgomp.c/examples-4/e.52.2.c (test for excess errors)
FAIL: libgomp.c/examples-4/e.52.2.c execution test
FAIL: libgomp.c/examples-4/e.53.1.c (test for excess errors)
FAIL: libgomp.c/examples-4/e.53.1.c execution test
FAIL: libgomp.c/examples-4/e.53.3.c (test for excess errors)
FAIL: libgomp.c/examples-4/e.53.3.c execution test
FAIL: libgomp.c/examples-4/e.53.4.c (test for excess errors)
FAIL: libgomp.c/examples-4/e.53.4.c execution test
FAIL: libgomp.c/examples-4/e.54.2.c (test for excess errors)
FAIL: libgomp.c/examples-4/e.54.2.c execution test
FAIL: libgomp.c/examples-4/e.54.3.c (test for excess errors)
FAIL: libgomp.c/examples-4/e.54.3.c execution test
FAIL: libgomp.c/examples-4/e.54.4.c (test for excess errors)
FAIL: libgomp.c/examples-4/e.54.4.c execution test
FAIL: libgomp.c/examples-4/e.54.5.c (test for excess errors)
FAIL: libgomp.c/examples-4/e.54.5.c execution test
FAIL: libgomp.c/examples-4/e.54.6.c (test for excess errors)
FAIL: libgomp.c/examples-4/e.54.6.c execution test
FAIL: libgomp.c/examples-4/e.55.1.c (test for excess errors)
FAIL: libgomp.c/examples-4/e.55.1.c execution test
FAIL: libgomp.c/examples-4/e.56.3.c (test for excess errors)
FAIL: libgomp.c/examples-4/e.56.3.c execution test
FAIL: libgomp.c/examples-4/e.56.4.c (test for excess errors)
FAIL: libgomp.c/examples-4/e.56.4.c execution test
FAIL: libgomp.c/for-3.c (test for excess errors)
FAIL: libgomp.c/for-3.c execution test
FAIL: libgomp.c/target-1.c (test for excess errors)
FAIL: libgomp.c/target-1.c execution test
FAIL: libgomp.c/target-2.c (test for excess errors)
FAIL: libgomp.c/target-2.c execution test
FAIL: libgomp.c/target-3.c (test for excess errors)
FAIL: libgomp.c/target-3.c execution test
FAIL: libgomp.c/target-4.c (test for excess errors)
FAIL: libgomp.c/target-4.c execution test
FAIL: libgomp.c/target-5.c (test for excess errors)
FAIL: libgomp.c/target-5.c execution test
FAIL: libgomp.c/target-6.c (test for excess errors)
FAIL: libgomp.c/target-6.c execution test
FAIL: libgomp.c/target-7.c (test for excess errors)
FAIL: libgomp.c/target-7.c execution test
FAIL: libgomp.c/target-8.c (test for excess errors)
FAIL: libgomp.c/target-8.c execution test
FAIL: libgomp.c/target-9.c (test for excess errors)
FAIL: libgomp.c/target-9.c execution test
FAIL: libgomp.c/target-critical-1.c (test for excess errors)
FAIL: libgomp.c/target-critical-1.c execution test
FAIL: libgomp.c/thread-limit-2.c (test for excess errors)
FAIL: libgomp.c/thread-limit-2.c execution test
FAIL: libgomp.c/thread-limit-3.c (test for excess errors)
FAIL: libgomp.c/thread-limit-3.c execution test
FAIL: libgomp.c++/examples-4/e.51.5.C (test for excess errors)
FAIL: libgomp.c++/examples-4/e.51.5.C execution test
FAIL: libgomp.c++/for-11.C (test for excess errors)
FAIL: libgomp.c++/for-11.C execution test
FAIL: libgomp.c++/pr63248.C (test for excess errors)
FAIL: libgomp.c++/pr63248.C execution test
FAIL: libgomp.c++/target-1.C (test for excess errors)
FAIL: libgomp.c++/target-1.C execution test
FAIL: libgomp.c++/target-2.C (test for excess errors)
FAIL: libgomp.c++/target-2.C execution test
FAIL: libgomp.c++/target-3.C (test for excess errors)
FAIL: libgomp.c++/target-3.C execution test
FAIL: libgomp.fortran/examples-4/e.50.1.f90 -O0 (test for excess errors)
FAIL: libgomp.fortran/examples-4/e.50.1.f90 -O0 execution test
FAIL: libgomp.fortran/examples-4/e.50.1.f90 -O1 (test for excess errors)
FAIL: libgomp.fortran/examples-4/e.50.1.f90 -O1 execution test
FAIL: libgomp.fortran/examples-4/e.50.1.f90 -O2 (test for excess errors)
FAIL: libgomp.fortran/examples-4/e.50.1.f90 -O2 execution test
FAIL: libgomp.fortran/examples-4/e.50.1.f90 -O3 -fomit-frame-pointer (test for excess errors)
FAIL: libgomp.fortran/examples-4/e.50.1.f90 -O3 -fomit-frame-pointer execution test
FAIL: libgomp.fortran/examples-4/e.50.1.f90 -O3 -fomit-frame-pointer -funroll-loops (test for excess errors)
FAIL: libgomp.fortran/examples-4/e.50.1.f90 -O3 -fomit-frame-pointer -funroll-loops execution test
FAIL: libgomp.fortran/examples-4/e.50.1.f90 -O3 -fomit-frame-pointer -funroll-all-loops -finline-functions (test for excess errors)
FAIL: libgomp.fortran/examples-4/e.50.1.f90 -O3 -fomit-frame-pointer -funroll-all-loops -finline-functions execution test
FAIL: libgomp.fortran/examples-4/e.50.1.f90 -O3 -g (test for excess errors)
FAIL: libgomp.fortran/examples-4/e.50.1.f90 -O3 -g execution test
FAIL: libgomp.fortran/examples-4/e.50.1.f90 -Os (test for excess errors)
FAIL: libgomp.fortran/examples-4/e.50.1.f90 -Os execution test
FAIL: libgomp.fortran/examples-4/e.50.2.f90 -O0 (test for excess errors)
FAIL: libgomp.fortran/examples-4/e.50.2.f90 -O0 execution test
FAIL: libgomp.fortran/examples-4/e.50.2.f90 -O1 (test for excess errors)
FAIL: libgomp.fortran/examples-4/e.50.2.f90 -O1 execution test
FAIL: libgomp.fortran/examples-4/e.50.2.f90 -O2 (test for excess errors)
FAIL: libgomp.fortran/examples-4/e.50.2.f90 -O2 execution test
FAIL: libgomp.fortran/examples-4/e.50.2.f90 -O3 -fomit-frame-pointer (test for excess errors)
FAIL: libgomp.fortran/examples-4/e.50.2.f90 -O3 -fomit-frame-pointer execution test
FAIL: libgomp.fortran/examples-4/e.50.2.f90 -O3 -fomit-frame-pointer -funroll-loops (test for excess errors)
FAIL: libgomp.fortran/examples-4/e.50.2.f90 -O3 -fomit-frame-pointer -funroll-loops execution test
FAIL: libgomp.fortran/examples-4/e.50.2.f90 -O3 -fomit-frame-pointer -funroll-all-loops -finline-functions (test for excess errors)
FAIL: libgomp.fortran/examples-4/e.50.2.f90 -O3 -fomit-frame-pointer -funroll-all-loops -finline-functions execution test
FAIL: libgomp.fortran/examples-4/e.50.2.f90 -O3 -g (test for excess errors)
FAIL: libgomp.fortran/examples-4/e.50.2.f90 -O3 -g execution test
FAIL: libgomp.fortran/examples-4/e.50.2.f90 -Os (test for excess errors)
FAIL: libgomp.fortran/examples-4/e.50.2.f90 -Os execution test
FAIL: libgomp.fortran/examples-4/e.50.3.f90 -O0 (test for excess errors)
FAIL: libgomp.fortran/examples-4/e.50.3.f90 -O0 execution test
FAIL: libgomp.fortran/examples-4/e.50.3.f90 -O1 (test for excess errors)
FAIL: libgomp.fortran/examples-4/e.50.3.f90 -O1 execution test
FAIL: libgomp.fortran/examples-4/e.50.3.f90 -O2 (test for excess errors)
FAIL: libgomp.fortran/examples-4/e.50.3.f90 -O2 execution test
FAIL: libgomp.fortran/examples-4/e.50.3.f90 -O3 -fomit-frame-pointer (test for excess errors)
FAIL: libgomp.fortran/examples-4/e.50.3.f90 -O3 -fomit-frame-pointer execution test
FAIL: libgomp.fortran/examples-4/e.50.3.f90 -O3 -fomit-frame-pointer -funroll-loops (test for excess errors)
FAIL: libgomp.fortran/examples-4/e.50.3.f90 -O3 -fomit-frame-pointer -funroll-loops execution test
FAIL: libgomp.fortran/examples-4/e.50.3.f90 -O3 -fomit-frame-pointer -funroll-all-loops -finline-functions (test for excess errors)
FAIL: libgomp.fortran/examples-4/e.50.3.f90 -O3 -fomit-frame-pointer -funroll-all-loops -finline-functions execution test
FAIL: libgomp.fortran/examples-4/e.50.3.f90 -O3 -g (test for excess errors)
FAIL: libgomp.fortran/examples-4/e.50.3.f90 -O3 -g execution test
FAIL: libgomp.fortran/examples-4/e.50.3.f90 -Os (test for excess errors)
FAIL: libgomp.fortran/examples-4/e.50.3.f90 -Os execution test
FAIL: libgomp.fortran/examples-4/e.50.4.f90 -O0 (test for excess errors)
FAIL: libgomp.fortran/examples-4/e.50.4.f90 -O0 execution test
FAIL: libgomp.fortran/examples-4/e.50.4.f90 -O1 (test for excess errors)
FAIL: libgomp.fortran/examples-4/e.50.4.f90 -O1 execution test
FAIL: libgomp.fortran/examples-4/e.50.4.f90 -O2 (test for excess errors)
FAIL: libgomp.fortran/examples-4/e.50.4.f90 -O2 execution test
FAIL: libgomp.fortran/examples-4/e.50.4.f90 -O3 -fomit-frame-pointer (test for excess errors)
FAIL: libgomp.fortran/examples-4/e.50.4.f90 -O3 -fomit-frame-pointer execution test
FAIL: libgomp.fortran/examples-4/e.50.4.f90 -O3 -fomit-frame-pointer -funroll-loops (test for excess errors)
FAIL: libgomp.fortran/examples-4/e.50.4.f90 -O3 -fomit-frame-pointer -funroll-loops execution test
FAIL: libgomp.fortran/examples-4/e.50.4.f90 -O3 -fomit-frame-pointer -funroll-all-loops -finline-functions (test for excess errors)
FAIL: libgomp.fortran/examples-4/e.50.4.f90 -O3 -fomit-frame-pointer -funroll-all-loops -finline-functions execution test
FAIL: libgomp.fortran/examples-4/e.50.4.f90 -O3 -g (test for excess errors)
FAIL: libgomp.fortran/examples-4/e.50.4.f90 -O3 -g execution test
FAIL: libgomp.fortran/examples-4/e.50.4.f90 -Os (test for excess errors)
FAIL: libgomp.fortran/examples-4/e.50.4.f90 -Os execution test
FAIL: libgomp.fortran/examples-4/e.51.1.f90 -O0 (test for excess errors)
FAIL: libgomp.fortran/examples-4/e.51.1.f90 -O0 execution test
FAIL: libgomp.fortran/examples-4/e.51.1.f90 -O1 (test for excess errors)
FAIL: libgomp.fortran/examples-4/e.51.1.f90 -O1 execution test
FAIL: libgomp.fortran/examples-4/e.51.1.f90 -O2 (test for excess errors)
FAIL: libgomp.fortran/examples-4/e.51.1.f90 -O2 execution test
FAIL: libgomp.fortran/examples-4/e.51.1.f90 -O3 -fomit-frame-pointer (test for excess errors)
FAIL: libgomp.fortran/examples-4/e.51.1.f90 -O3 -fomit-frame-pointer execution test
FAIL: libgomp.fortran/examples-4/e.51.1.f90 -O3 -fomit-frame-pointer -funroll-loops (test for excess errors)
FAIL: libgomp.fortran/examples-4/e.51.1.f90 -O3 -fomit-frame-pointer -funroll-loops execution test
FAIL: libgomp.fortran/examples-4/e.51.1.f90 -O3 -fomit-frame-pointer -funroll-all-loops -finline-functions (test for excess errors)
FAIL: libgomp.fortran/examples-4/e.51.1.f90 -O3 -fomit-frame-pointer -funroll-all-loops -finline-functions execution test
FAIL: libgomp.fortran/examples-4/e.51.1.f90 -O3 -g (test for excess errors)
FAIL: libgomp.fortran/examples-4/e.51.1.f90 -O3 -g execution test
FAIL: libgomp.fortran/examples-4/e.51.1.f90 -Os (test for excess errors)
FAIL: libgomp.fortran/examples-4/e.51.1.f90 -Os execution test
FAIL: libgomp.fortran/examples-4/e.51.2.f90 -O0 (test for excess errors)
FAIL: libgomp.fortran/examples-4/e.51.2.f90 -O0 execution test
FAIL: libgomp.fortran/examples-4/e.51.2.f90 -O1 (test for excess errors)
FAIL: libgomp.fortran/examples-4/e.51.2.f90 -O1 execution test
FAIL: libgomp.fortran/examples-4/e.51.2.f90 -O2 (test for excess errors)
FAIL: libgomp.fortran/examples-4/e.51.2.f90 -O2 execution test
FAIL: libgomp.fortran/examples-4/e.51.2.f90 -O3 -fomit-frame-pointer (test for excess errors)
FAIL: libgomp.fortran/examples-4/e.51.2.f90 -O3 -fomit-frame-pointer execution test
FAIL: libgomp.fortran/examples-4/e.51.2.f90 -O3 -fomit-frame-pointer -funroll-loops (test for excess errors)
FAIL: libgomp.fortran/examples-4/e.51.2.f90 -O3 -fomit-frame-pointer -funroll-loops execution test
FAIL: libgomp.fortran/examples-4/e.51.2.f90 -O3 -fomit-frame-pointer -funroll-all-loops -finline-functions (test for excess errors)
FAIL: libgomp.fortran/examples-4/e.51.2.f90 -O3 -fomit-frame-pointer -funroll-all-loops -finline-functions execution test
FAIL: libgomp.fortran/examples-4/e.51.2.f90 -O3 -g (test for excess errors)
FAIL: libgomp.fortran/examples-4/e.51.2.f90 -O3 -g execution test
FAIL: libgomp.fortran/examples-4/e.51.2.f90 -Os (test for excess errors)
FAIL: libgomp.fortran/examples-4/e.51.2.f90 -Os execution test
FAIL: libgomp.fortran/examples-4/e.51.3.f90 -O0 (test for excess errors)
FAIL: libgomp.fortran/examples-4/e.51.3.f90 -O0 execution test
FAIL: libgomp.fortran/examples-4/e.51.3.f90 -O1 (test for excess errors)
FAIL: libgomp.fortran/examples-4/e.51.3.f90 -O1 execution test
FAIL: libgomp.fortran/examples-4/e.51.3.f90 -O2 (test for excess errors)
FAIL: libgomp.fortran/examples-4/e.51.3.f90 -O2 execution test
FAIL: libgomp.fortran/examples-4/e.51.3.f90 -O3 -fomit-frame-pointer (test for excess errors)
FAIL: libgomp.fortran/examples-4/e.51.3.f90 -O3 -fomit-frame-pointer execution test
FAIL: libgomp.fortran/examples-4/e.51.3.f90 -O3 -fomit-frame-pointer -funroll-loops (test for excess errors)
FAIL: libgomp.fortran/examples-4/e.51.3.f90 -O3 -fomit-frame-pointer -funroll-loops execution test
FAIL: libgomp.fortran/examples-4/e.51.3.f90 -O3 -fomit-frame-pointer -funroll-all-loops -finline-functions (test for excess errors)
FAIL: libgomp.fortran/examples-4/e.51.3.f90 -O3 -fomit-frame-pointer -funroll-all-loops -finline-functions execution test
FAIL: libgomp.fortran/examples-4/e.51.3.f90 -O3 -g (test for excess errors)
FAIL: libgomp.fortran/examples-4/e.51.3.f90 -O3 -g execution test
FAIL: libgomp.fortran/examples-4/e.51.3.f90 -Os (test for excess errors)
FAIL: libgomp.fortran/examples-4/e.51.3.f90 -Os execution test
FAIL: libgomp.fortran/examples-4/e.51.4.f90 -O0 (test for excess errors)
FAIL: libgomp.fortran/examples-4/e.51.4.f90 -O0 execution test
FAIL: libgomp.fortran/examples-4/e.51.4.f90 -O1 (test for excess errors)
FAIL: libgomp.fortran/examples-4/e.51.4.f90 -O1 execution test
FAIL: libgomp.fortran/examples-4/e.51.4.f90 -O2 (test for excess errors)
FAIL: libgomp.fortran/examples-4/e.51.4.f90 -O2 execution test
FAIL: libgomp.fortran/examples-4/e.51.4.f90 -O3 -fomit-frame-pointer (test for excess errors)
FAIL: libgomp.fortran/examples-4/e.51.4.f90 -O3 -fomit-frame-pointer execution test
FAIL: libgomp.fortran/examples-4/e.51.4.f90 -O3 -fomit-frame-pointer -funroll-loops (test for excess errors)
FAIL: libgomp.fortran/examples-4/e.51.4.f90 -O3 -fomit-frame-pointer -funroll-loops execution test
FAIL: libgomp.fortran/examples-4/e.51.4.f90 -O3 -fomit-frame-pointer -funroll-all-loops -finline-functions (test for excess errors)
FAIL: libgomp.fortran/examples-4/e.51.4.f90 -O3 -fomit-frame-pointer -funroll-all-loops -finline-functions execution test
FAIL: libgomp.fortran/examples-4/e.51.4.f90 -O3 -g (test for excess errors)
FAIL: libgomp.fortran/examples-4/e.51.4.f90 -O3 -g execution test
FAIL: libgomp.fortran/examples-4/e.51.4.f90 -Os (test for excess errors)
FAIL: libgomp.fortran/examples-4/e.51.4.f90 -Os execution test
FAIL: libgomp.fortran/examples-4/e.51.5.f90 -O0 (test for excess errors)
FAIL: libgomp.fortran/examples-4/e.51.5.f90 -O0 execution test
FAIL: libgomp.fortran/examples-4/e.51.5.f90 -O1 (test for excess errors)
FAIL: libgomp.fortran/examples-4/e.51.5.f90 -O1 execution test
FAIL: libgomp.fortran/examples-4/e.51.5.f90 -O2 (test for excess errors)
FAIL: libgomp.fortran/examples-4/e.51.5.f90 -O2 execution test
FAIL: libgomp.fortran/examples-4/e.51.5.f90 -O3 -fomit-frame-pointer (test for excess errors)
FAIL: libgomp.fortran/examples-4/e.51.5.f90 -O3 -fomit-frame-pointer execution test
FAIL: libgomp.fortran/examples-4/e.51.5.f90 -O3 -fomit-frame-pointer -funroll-loops (test for excess errors)
FAIL: libgomp.fortran/examples-4/e.51.5.f90 -O3 -fomit-frame-pointer -funroll-loops execution test
FAIL: libgomp.fortran/examples-4/e.51.5.f90 -O3 -fomit-frame-pointer -funroll-all-loops -finline-functions (test for excess errors)
FAIL: libgomp.fortran/examples-4/e.51.5.f90 -O3 -fomit-frame-pointer -funroll-all-loops -finline-functions execution test
FAIL: libgomp.fortran/examples-4/e.51.5.f90 -O3 -g (test for excess errors)
FAIL: libgomp.fortran/examples-4/e.51.5.f90 -O3 -g execution test
FAIL: libgomp.fortran/examples-4/e.51.5.f90 -Os (test for excess errors)
FAIL: libgomp.fortran/examples-4/e.51.5.f90 -Os execution test
FAIL: libgomp.fortran/examples-4/e.52.1.f90 -O0 (test for excess errors)
FAIL: libgomp.fortran/examples-4/e.52.1.f90 -O0 execution test
FAIL: libgomp.fortran/examples-4/e.52.1.f90 -O1 (test for excess errors)
FAIL: libgomp.fortran/examples-4/e.52.1.f90 -O1 execution test
FAIL: libgomp.fortran/examples-4/e.52.1.f90 -O2 (test for excess errors)
FAIL: libgomp.fortran/examples-4/e.52.1.f90 -O2 execution test
FAIL: libgomp.fortran/examples-4/e.52.1.f90 -O3 -fomit-frame-pointer (test for excess errors)
FAIL: libgomp.fortran/examples-4/e.52.1.f90 -O3 -fomit-frame-pointer execution test
FAIL: libgomp.fortran/examples-4/e.52.1.f90 -O3 -fomit-frame-pointer -funroll-loops (test for excess errors)
FAIL: libgomp.fortran/examples-4/e.52.1.f90 -O3 -fomit-frame-pointer -funroll-loops execution test
FAIL: libgomp.fortran/examples-4/e.52.1.f90 -O3 -fomit-frame-pointer -funroll-all-loops -finline-functions (test for excess errors)
FAIL: libgomp.fortran/examples-4/e.52.1.f90 -O3 -fomit-frame-pointer -funroll-all-loops -finline-functions execution test
FAIL: libgomp.fortran/examples-4/e.52.1.f90 -O3 -g (test for excess errors)
FAIL: libgomp.fortran/examples-4/e.52.1.f90 -O3 -g execution test
FAIL: libgomp.fortran/examples-4/e.52.1.f90 -Os (test for excess errors)
FAIL: libgomp.fortran/examples-4/e.52.1.f90 -Os execution test
FAIL: libgomp.fortran/examples-4/e.52.2.f90 -O0 (test for excess errors)
FAIL: libgomp.fortran/examples-4/e.52.2.f90 -O0 execution test
FAIL: libgomp.fortran/examples-4/e.52.2.f90 -O1 (test for excess errors)
FAIL: libgomp.fortran/examples-4/e.52.2.f90 -O1 execution test
FAIL: libgomp.fortran/examples-4/e.52.2.f90 -O2 (test for excess errors)
FAIL: libgomp.fortran/examples-4/e.52.2.f90 -O2 execution test
FAIL: libgomp.fortran/examples-4/e.52.2.f90 -O3 -fomit-frame-pointer (test for excess errors)
FAIL: libgomp.fortran/examples-4/e.52.2.f90 -O3 -fomit-frame-pointer execution test
FAIL: libgomp.fortran/examples-4/e.52.2.f90 -O3 -fomit-frame-pointer -funroll-loops (test for excess errors)
FAIL: libgomp.fortran/examples-4/e.52.2.f90 -O3 -fomit-frame-pointer -funroll-loops execution test
FAIL: libgomp.fortran/examples-4/e.52.2.f90 -O3 -fomit-frame-pointer -funroll-all-loops -finline-functions (test for excess errors)
FAIL: libgomp.fortran/examples-4/e.52.2.f90 -O3 -fomit-frame-pointer -funroll-all-loops -finline-functions execution test
FAIL: libgomp.fortran/examples-4/e.52.2.f90 -O3 -g (test for excess errors)
FAIL: libgomp.fortran/examples-4/e.52.2.f90 -O3 -g execution test
FAIL: libgomp.fortran/examples-4/e.52.2.f90 -Os (test for excess errors)
FAIL: libgomp.fortran/examples-4/e.52.2.f90 -Os execution test
FAIL: libgomp.fortran/examples-4/e.53.1.f90 -O0 (test for excess errors)
FAIL: libgomp.fortran/examples-4/e.53.1.f90 -O0 execution test
FAIL: libgomp.fortran/examples-4/e.53.1.f90 -O1 (test for excess errors)
FAIL: libgomp.fortran/examples-4/e.53.1.f90 -O1 execution test
FAIL: libgomp.fortran/examples-4/e.53.1.f90 -O2 (test for excess errors)
FAIL: libgomp.fortran/examples-4/e.53.1.f90 -O2 execution test
FAIL: libgomp.fortran/examples-4/e.53.1.f90 -O3 -fomit-frame-pointer (test for excess errors)
FAIL: libgomp.fortran/examples-4/e.53.1.f90 -O3 -fomit-frame-pointer execution test
FAIL: libgomp.fortran/examples-4/e.53.1.f90 -O3 -fomit-frame-pointer -funroll-loops (test for excess errors)
FAIL: libgomp.fortran/examples-4/e.53.1.f90 -O3 -fomit-frame-pointer -funroll-loops execution test
FAIL: libgomp.fortran/examples-4/e.53.1.f90 -O3 -fomit-frame-pointer -funroll-all-loops -finline-functions (test for excess errors)
FAIL: libgomp.fortran/examples-4/e.53.1.f90 -O3 -fomit-frame-pointer -funroll-all-loops -finline-functions execution test
FAIL: libgomp.fortran/examples-4/e.53.1.f90 -O3 -g (test for excess errors)
FAIL: libgomp.fortran/examples-4/e.53.1.f90 -O3 -g execution test
FAIL: libgomp.fortran/examples-4/e.53.1.f90 -Os (test for excess errors)
FAIL: libgomp.fortran/examples-4/e.53.1.f90 -Os execution test
FAIL: libgomp.fortran/examples-4/e.53.2.f90 -O0 (test for excess errors)
FAIL: libgomp.fortran/examples-4/e.53.2.f90 -O0 execution test
FAIL: libgomp.fortran/examples-4/e.53.2.f90 -O1 (test for excess errors)
FAIL: libgomp.fortran/examples-4/e.53.2.f90 -O1 execution test
FAIL: libgomp.fortran/examples-4/e.53.2.f90 -O2 (test for excess errors)
FAIL: libgomp.fortran/examples-4/e.53.2.f90 -O2 execution test
FAIL: libgomp.fortran/examples-4/e.53.2.f90 -O3 -fomit-frame-pointer (test for excess errors)
FAIL: libgomp.fortran/examples-4/e.53.2.f90 -O3 -fomit-frame-pointer execution test
FAIL: libgomp.fortran/examples-4/e.53.2.f90 -O3 -fomit-frame-pointer -funroll-loops (test for excess errors)
FAIL: libgomp.fortran/examples-4/e.53.2.f90 -O3 -fomit-frame-pointer -funroll-loops execution test
FAIL: libgomp.fortran/examples-4/e.53.2.f90 -O3 -fomit-frame-pointer -funroll-all-loops -finline-functions (test for excess errors)
FAIL: libgomp.fortran/examples-4/e.53.2.f90 -O3 -fomit-frame-pointer -funroll-all-loops -finline-functions execution test
FAIL: libgomp.fortran/examples-4/e.53.2.f90 -O3 -g (test for excess errors)
FAIL: libgomp.fortran/examples-4/e.53.2.f90 -O3 -g execution test
FAIL: libgomp.fortran/examples-4/e.53.2.f90 -Os (test for excess errors)
FAIL: libgomp.fortran/examples-4/e.53.2.f90 -Os execution test
FAIL: libgomp.fortran/examples-4/e.53.3.f90 -O0 (test for excess errors)
FAIL: libgomp.fortran/examples-4/e.53.3.f90 -O0 execution test
FAIL: libgomp.fortran/examples-4/e.53.3.f90 -O1 (test for excess errors)
FAIL: libgomp.fortran/examples-4/e.53.3.f90 -O1 execution test
FAIL: libgomp.fortran/examples-4/e.53.3.f90 -O2 (test for excess errors)
FAIL: libgomp.fortran/examples-4/e.53.3.f90 -O2 execution test
FAIL: libgomp.fortran/examples-4/e.53.3.f90 -O3 -fomit-frame-pointer (test for excess errors)
FAIL: libgomp.fortran/examples-4/e.53.3.f90 -O3 -fomit-frame-pointer execution test
FAIL: libgomp.fortran/examples-4/e.53.3.f90 -O3 -fomit-frame-pointer -funroll-loops (test for excess errors)
FAIL: libgomp.fortran/examples-4/e.53.3.f90 -O3 -fomit-frame-pointer -funroll-loops execution test
FAIL: libgomp.fortran/examples-4/e.53.3.f90 -O3 -fomit-frame-pointer -funroll-all-loops -finline-functions (test for excess errors)
FAIL: libgomp.fortran/examples-4/e.53.3.f90 -O3 -fomit-frame-pointer -funroll-all-loops -finline-functions execution test
FAIL: libgomp.fortran/examples-4/e.53.3.f90 -O3 -g (test for excess errors)
FAIL: libgomp.fortran/examples-4/e.53.3.f90 -O3 -g execution test
FAIL: libgomp.fortran/examples-4/e.53.3.f90 -Os (test for excess errors)
FAIL: libgomp.fortran/examples-4/e.53.3.f90 -Os execution test
FAIL: libgomp.fortran/examples-4/e.53.4.f90 -O0 (test for excess errors)
FAIL: libgomp.fortran/examples-4/e.53.4.f90 -O0 execution test
FAIL: libgomp.fortran/examples-4/e.53.4.f90 -O1 (test for excess errors)
FAIL: libgomp.fortran/examples-4/e.53.4.f90 -O1 execution test
FAIL: libgomp.fortran/examples-4/e.53.4.f90 -O2 (test for excess errors)
FAIL: libgomp.fortran/examples-4/e.53.4.f90 -O2 execution test
FAIL: libgomp.fortran/examples-4/e.53.4.f90 -O3 -fomit-frame-pointer (test for excess errors)
FAIL: libgomp.fortran/examples-4/e.53.4.f90 -O3 -fomit-frame-pointer execution test
FAIL: libgomp.fortran/examples-4/e.53.4.f90 -O3 -fomit-frame-pointer -funroll-loops (test for excess errors)
FAIL: libgomp.fortran/examples-4/e.53.4.f90 -O3 -fomit-frame-pointer -funroll-loops execution test
FAIL: libgomp.fortran/examples-4/e.53.4.f90 -O3 -fomit-frame-pointer -funroll-all-loops -finline-functions (test for excess errors)
FAIL: libgomp.fortran/examples-4/e.53.4.f90 -O3 -fomit-frame-pointer -funroll-all-loops -finline-functions execution test
FAIL: libgomp.fortran/examples-4/e.53.4.f90 -O3 -g (test for excess errors)
FAIL: libgomp.fortran/examples-4/e.53.4.f90 -O3 -g execution test
FAIL: libgomp.fortran/examples-4/e.53.4.f90 -Os (test for excess errors)
FAIL: libgomp.fortran/examples-4/e.53.4.f90 -Os execution test
FAIL: libgomp.fortran/examples-4/e.54.2.f90 -O0 (test for excess errors)
FAIL: libgomp.fortran/examples-4/e.54.2.f90 -O0 execution test
FAIL: libgomp.fortran/examples-4/e.54.2.f90 -O1 (test for excess errors)
FAIL: libgomp.fortran/examples-4/e.54.2.f90 -O1 execution test
FAIL: libgomp.fortran/examples-4/e.54.2.f90 -O2 (test for excess errors)
FAIL: libgomp.fortran/examples-4/e.54.2.f90 -O2 execution test
FAIL: libgomp.fortran/examples-4/e.54.2.f90 -O3 -fomit-frame-pointer (test for excess errors)
FAIL: libgomp.fortran/examples-4/e.54.2.f90 -O3 -fomit-frame-pointer execution test
FAIL: libgomp.fortran/examples-4/e.54.2.f90 -O3 -fomit-frame-pointer -funroll-loops (test for excess errors)
FAIL: libgomp.fortran/examples-4/e.54.2.f90 -O3 -fomit-frame-pointer -funroll-loops execution test
FAIL: libgomp.fortran/examples-4/e.54.2.f90 -O3 -fomit-frame-pointer -funroll-all-loops -finline-functions (test for excess errors)
FAIL: libgomp.fortran/examples-4/e.54.2.f90 -O3 -fomit-frame-pointer -funroll-all-loops -finline-functions execution test
FAIL: libgomp.fortran/examples-4/e.54.2.f90 -O3 -g (test for excess errors)
FAIL: libgomp.fortran/examples-4/e.54.2.f90 -O3 -g execution test
FAIL: libgomp.fortran/examples-4/e.54.2.f90 -Os (test for excess errors)
FAIL: libgomp.fortran/examples-4/e.54.2.f90 -Os execution test
FAIL: libgomp.fortran/examples-4/e.54.3.f90 -O0 (test for excess errors)
FAIL: libgomp.fortran/examples-4/e.54.3.f90 -O0 execution test
FAIL: libgomp.fortran/examples-4/e.54.3.f90 -O1 (test for excess errors)
FAIL: libgomp.fortran/examples-4/e.54.3.f90 -O1 execution test
FAIL: libgomp.fortran/examples-4/e.54.3.f90 -O2 (test for excess errors)
FAIL: libgomp.fortran/examples-4/e.54.3.f90 -O2 execution test
FAIL: libgomp.fortran/examples-4/e.54.3.f90 -O3 -fomit-frame-pointer (test for excess errors)
FAIL: libgomp.fortran/examples-4/e.54.3.f90 -O3 -fomit-frame-pointer execution test
FAIL: libgomp.fortran/examples-4/e.54.3.f90 -O3 -fomit-frame-pointer -funroll-loops (test for excess errors)
FAIL: libgomp.fortran/examples-4/e.54.3.f90 -O3 -fomit-frame-pointer -funroll-loops execution test
FAIL: libgomp.fortran/examples-4/e.54.3.f90 -O3 -fomit-frame-pointer -funroll-all-loops -finline-functions (test for excess errors)
FAIL: libgomp.fortran/examples-4/e.54.3.f90 -O3 -fomit-frame-pointer -funroll-all-loops -finline-functions execution test
FAIL: libgomp.fortran/examples-4/e.54.3.f90 -O3 -g (test for excess errors)
FAIL: libgomp.fortran/examples-4/e.54.3.f90 -O3 -g execution test
FAIL: libgomp.fortran/examples-4/e.54.3.f90 -Os (test for excess errors)
FAIL: libgomp.fortran/examples-4/e.54.3.f90 -Os execution test
FAIL: libgomp.fortran/examples-4/e.54.4.f90 -O0 (test for excess errors)
FAIL: libgomp.fortran/examples-4/e.54.4.f90 -O0 execution test
FAIL: libgomp.fortran/examples-4/e.54.4.f90 -O1 (test for excess errors)
FAIL: libgomp.fortran/examples-4/e.54.4.f90 -O1 execution test
FAIL: libgomp.fortran/examples-4/e.54.4.f90 -O2 (test for excess errors)
FAIL: libgomp.fortran/examples-4/e.54.4.f90 -O2 execution test
FAIL: libgomp.fortran/examples-4/e.54.4.f90 -O3 -fomit-frame-pointer (test for excess errors)
FAIL: libgomp.fortran/examples-4/e.54.4.f90 -O3 -fomit-frame-pointer execution test
FAIL: libgomp.fortran/examples-4/e.54.4.f90 -O3 -fomit-frame-pointer -funroll-loops (test for excess errors)
FAIL: libgomp.fortran/examples-4/e.54.4.f90 -O3 -fomit-frame-pointer -funroll-loops execution test
FAIL: libgomp.fortran/examples-4/e.54.4.f90 -O3 -fomit-frame-pointer -funroll-all-loops -finline-functions (test for excess errors)
FAIL: libgomp.fortran/examples-4/e.54.4.f90 -O3 -fomit-frame-pointer -funroll-all-loops -finline-functions execution test
FAIL: libgomp.fortran/examples-4/e.54.4.f90 -O3 -g (test for excess errors)
FAIL: libgomp.fortran/examples-4/e.54.4.f90 -O3 -g execution test
FAIL: libgomp.fortran/examples-4/e.54.4.f90 -Os (test for excess errors)
FAIL: libgomp.fortran/examples-4/e.54.4.f90 -Os execution test
FAIL: libgomp.fortran/examples-4/e.54.5.f90 -O0 (test for excess errors)
FAIL: libgomp.fortran/examples-4/e.54.5.f90 -O0 execution test
FAIL: libgomp.fortran/examples-4/e.54.5.f90 -O1 (test for excess errors)
FAIL: libgomp.fortran/examples-4/e.54.5.f90 -O1 execution test
FAIL: libgomp.fortran/examples-4/e.54.5.f90 -O2 (test for excess errors)
FAIL: libgomp.fortran/examples-4/e.54.5.f90 -O2 execution test
FAIL: libgomp.fortran/examples-4/e.54.5.f90 -O3 -fomit-frame-pointer (test for excess errors)
FAIL: libgomp.fortran/examples-4/e.54.5.f90 -O3 -fomit-frame-pointer execution test
FAIL: libgomp.fortran/examples-4/e.54.5.f90 -O3 -fomit-frame-pointer -funroll-loops (test for excess errors)
FAIL: libgomp.fortran/examples-4/e.54.5.f90 -O3 -fomit-frame-pointer -funroll-loops execution test
FAIL: libgomp.fortran/examples-4/e.54.5.f90 -O3 -fomit-frame-pointer -funroll-all-loops -finline-functions (test for excess errors)
FAIL: libgomp.fortran/examples-4/e.54.5.f90 -O3 -fomit-frame-pointer -funroll-all-loops -finline-functions execution test
FAIL: libgomp.fortran/examples-4/e.54.5.f90 -O3 -g (test for excess errors)
FAIL: libgomp.fortran/examples-4/e.54.5.f90 -O3 -g execution test
FAIL: libgomp.fortran/examples-4/e.54.5.f90 -Os (test for excess errors)
FAIL: libgomp.fortran/examples-4/e.54.5.f90 -Os execution test
FAIL: libgomp.fortran/examples-4/e.54.6.f90 -O0 (test for excess errors)
FAIL: libgomp.fortran/examples-4/e.54.6.f90 -O0 execution test
FAIL: libgomp.fortran/examples-4/e.54.6.f90 -O1 (test for excess errors)
FAIL: libgomp.fortran/examples-4/e.54.6.f90 -O1 execution test
FAIL: libgomp.fortran/examples-4/e.54.6.f90 -O2 (test for excess errors)
FAIL: libgomp.fortran/examples-4/e.54.6.f90 -O2 execution test
FAIL: libgomp.fortran/examples-4/e.54.6.f90 -O3 -fomit-frame-pointer (test for excess errors)
FAIL: libgomp.fortran/examples-4/e.54.6.f90 -O3 -fomit-frame-pointer execution test
FAIL: libgomp.fortran/examples-4/e.54.6.f90 -O3 -fomit-frame-pointer -funroll-loops (test for excess errors)
FAIL: libgomp.fortran/examples-4/e.54.6.f90 -O3 -fomit-frame-pointer -funroll-loops execution test
FAIL: libgomp.fortran/examples-4/e.54.6.f90 -O3 -fomit-frame-pointer -funroll-all-loops -finline-functions (test for excess errors)
FAIL: libgomp.fortran/examples-4/e.54.6.f90 -O3 -fomit-frame-pointer -funroll-all-loops -finline-functions execution test
FAIL: libgomp.fortran/examples-4/e.54.6.f90 -O3 -g (test for excess errors)
FAIL: libgomp.fortran/examples-4/e.54.6.f90 -O3 -g execution test
FAIL: libgomp.fortran/examples-4/e.54.6.f90 -Os (test for excess errors)
FAIL: libgomp.fortran/examples-4/e.54.6.f90 -Os execution test
FAIL: libgomp.fortran/examples-4/e.55.1.f90 -O0 (test for excess errors)
FAIL: libgomp.fortran/examples-4/e.55.1.f90 -O0 execution test
FAIL: libgomp.fortran/examples-4/e.55.1.f90 -O1 (test for excess errors)
FAIL: libgomp.fortran/examples-4/e.55.1.f90 -O1 execution test
FAIL: libgomp.fortran/examples-4/e.55.1.f90 -O2 (test for excess errors)
FAIL: libgomp.fortran/examples-4/e.55.1.f90 -O2 execution test
FAIL: libgomp.fortran/examples-4/e.55.1.f90 -O3 -fomit-frame-pointer (test for excess errors)
FAIL: libgomp.fortran/examples-4/e.55.1.f90 -O3 -fomit-frame-pointer execution test
FAIL: libgomp.fortran/examples-4/e.55.1.f90 -O3 -fomit-frame-pointer -funroll-loops (test for excess errors)
FAIL: libgomp.fortran/examples-4/e.55.1.f90 -O3 -fomit-frame-pointer -funroll-loops execution test
FAIL: libgomp.fortran/examples-4/e.55.1.f90 -O3 -fomit-frame-pointer -funroll-all-loops -finline-functions (test for excess errors)
FAIL: libgomp.fortran/examples-4/e.55.1.f90 -O3 -fomit-frame-pointer -funroll-all-loops -finline-functions execution test
FAIL: libgomp.fortran/examples-4/e.55.1.f90 -O3 -g (test for excess errors)
FAIL: libgomp.fortran/examples-4/e.55.1.f90 -O3 -g execution test
FAIL: libgomp.fortran/examples-4/e.55.1.f90 -Os (test for excess errors)
FAIL: libgomp.fortran/examples-4/e.55.1.f90 -Os execution test
FAIL: libgomp.fortran/examples-4/e.56.3.f90 -O0 (test for excess errors)
FAIL: libgomp.fortran/examples-4/e.56.3.f90 -O0 execution test
FAIL: libgomp.fortran/examples-4/e.56.3.f90 -O1 (test for excess errors)
FAIL: libgomp.fortran/examples-4/e.56.3.f90 -O1 execution test
FAIL: libgomp.fortran/examples-4/e.56.3.f90 -O2 (test for excess errors)
FAIL: libgomp.fortran/examples-4/e.56.3.f90 -O2 execution test
FAIL: libgomp.fortran/examples-4/e.56.3.f90 -O3 -fomit-frame-pointer (test for excess errors)
FAIL: libgomp.fortran/examples-4/e.56.3.f90 -O3 -fomit-frame-pointer execution test
FAIL: libgomp.fortran/examples-4/e.56.3.f90 -O3 -fomit-frame-pointer -funroll-loops (test for excess errors)
FAIL: libgomp.fortran/examples-4/e.56.3.f90 -O3 -fomit-frame-pointer -funroll-loops execution test
FAIL: libgomp.fortran/examples-4/e.56.3.f90 -O3 -fomit-frame-pointer -funroll-all-loops -finline-functions (test for excess errors)
FAIL: libgomp.fortran/examples-4/e.56.3.f90 -O3 -fomit-frame-pointer -funroll-all-loops -finline-functions execution test
FAIL: libgomp.fortran/examples-4/e.56.3.f90 -O3 -g (test for excess errors)
FAIL: libgomp.fortran/examples-4/e.56.3.f90 -O3 -g execution test
FAIL: libgomp.fortran/examples-4/e.56.3.f90 -Os (test for excess errors)
FAIL: libgomp.fortran/examples-4/e.56.3.f90 -Os execution test
FAIL: libgomp.fortran/examples-4/e.56.4.f90 -O0 (test for excess errors)
FAIL: libgomp.fortran/examples-4/e.56.4.f90 -O0 execution test
FAIL: libgomp.fortran/examples-4/e.56.4.f90 -O1 (test for excess errors)
FAIL: libgomp.fortran/examples-4/e.56.4.f90 -O1 execution test
FAIL: libgomp.fortran/examples-4/e.56.4.f90 -O2 (test for excess errors)
FAIL: libgomp.fortran/examples-4/e.56.4.f90 -O2 execution test
FAIL: libgomp.fortran/examples-4/e.56.4.f90 -O3 -fomit-frame-pointer (test for excess errors)
FAIL: libgomp.fortran/examples-4/e.56.4.f90 -O3 -fomit-frame-pointer execution test
FAIL: libgomp.fortran/examples-4/e.56.4.f90 -O3 -fomit-frame-pointer -funroll-loops (test for excess errors)
FAIL: libgomp.fortran/examples-4/e.56.4.f90 -O3 -fomit-frame-pointer -funroll-loops execution test
FAIL: libgomp.fortran/examples-4/e.56.4.f90 -O3 -fomit-frame-pointer -funroll-all-loops -finline-functions (test for excess errors)
FAIL: libgomp.fortran/examples-4/e.56.4.f90 -O3 -fomit-frame-pointer -funroll-all-loops -finline-functions execution test
FAIL: libgomp.fortran/examples-4/e.56.4.f90 -O3 -g (test for excess errors)
FAIL: libgomp.fortran/examples-4/e.56.4.f90 -O3 -g execution test
FAIL: libgomp.fortran/examples-4/e.56.4.f90 -Os (test for excess errors)
FAIL: libgomp.fortran/examples-4/e.56.4.f90 -Os execution test
FAIL: libgomp.fortran/nestedfn5.f90 -O0 (test for excess errors)
FAIL: libgomp.fortran/nestedfn5.f90 -O0 execution test
FAIL: libgomp.fortran/nestedfn5.f90 -O1 (test for excess errors)
FAIL: libgomp.fortran/nestedfn5.f90 -O1 execution test
FAIL: libgomp.fortran/nestedfn5.f90 -O2 (test for excess errors)
FAIL: libgomp.fortran/nestedfn5.f90 -O2 execution test
FAIL: libgomp.fortran/nestedfn5.f90 -O3 -fomit-frame-pointer (test for excess errors)
FAIL: libgomp.fortran/nestedfn5.f90 -O3 -fomit-frame-pointer execution test
FAIL: libgomp.fortran/nestedfn5.f90 -O3 -fomit-frame-pointer -funroll-loops (test for excess errors)
FAIL: libgomp.fortran/nestedfn5.f90 -O3 -fomit-frame-pointer -funroll-loops execution test
FAIL: libgomp.fortran/nestedfn5.f90 -O3 -fomit-frame-pointer -funroll-all-loops -finline-functions (test for excess errors)
FAIL: libgomp.fortran/nestedfn5.f90 -O3 -fomit-frame-pointer -funroll-all-loops -finline-functions execution test
FAIL: libgomp.fortran/nestedfn5.f90 -O3 -g (test for excess errors)
FAIL: libgomp.fortran/nestedfn5.f90 -O3 -g execution test
FAIL: libgomp.fortran/nestedfn5.f90 -Os (test for excess errors)
FAIL: libgomp.fortran/nestedfn5.f90 -Os execution test
FAIL: libgomp.fortran/target1.f90 -O0 (test for excess errors)
FAIL: libgomp.fortran/target1.f90 -O0 execution test
FAIL: libgomp.fortran/target1.f90 -O1 (test for excess errors)
FAIL: libgomp.fortran/target1.f90 -O1 execution test
FAIL: libgomp.fortran/target1.f90 -O2 (test for excess errors)
FAIL: libgomp.fortran/target1.f90 -O2 execution test
FAIL: libgomp.fortran/target1.f90 -O3 -fomit-frame-pointer (test for excess errors)
FAIL: libgomp.fortran/target1.f90 -O3 -fomit-frame-pointer execution test
FAIL: libgomp.fortran/target1.f90 -O3 -fomit-frame-pointer -funroll-loops (test for excess errors)
FAIL: libgomp.fortran/target1.f90 -O3 -fomit-frame-pointer -funroll-loops execution test
FAIL: libgomp.fortran/target1.f90 -O3 -fomit-frame-pointer -funroll-all-loops -finline-functions (test for excess errors)
FAIL: libgomp.fortran/target1.f90 -O3 -fomit-frame-pointer -funroll-all-loops -finline-functions execution test
FAIL: libgomp.fortran/target1.f90 -O3 -g (test for excess errors)
FAIL: libgomp.fortran/target1.f90 -O3 -g execution test
FAIL: libgomp.fortran/target1.f90 -Os (test for excess errors)
FAIL: libgomp.fortran/target1.f90 -Os execution test
FAIL: libgomp.fortran/target2.f90 -O0 (test for excess errors)
FAIL: libgomp.fortran/target2.f90 -O0 execution test
FAIL: libgomp.fortran/target2.f90 -O1 (test for excess errors)
FAIL: libgomp.fortran/target2.f90 -O1 execution test
FAIL: libgomp.fortran/target2.f90 -O2 (test for excess errors)
FAIL: libgomp.fortran/target2.f90 -O2 execution test
FAIL: libgomp.fortran/target2.f90 -O3 -fomit-frame-pointer (test for excess errors)
FAIL: libgomp.fortran/target2.f90 -O3 -fomit-frame-pointer execution test
FAIL: libgomp.fortran/target2.f90 -O3 -fomit-frame-pointer -funroll-loops (test for excess errors)
FAIL: libgomp.fortran/target2.f90 -O3 -fomit-frame-pointer -funroll-loops execution test
FAIL: libgomp.fortran/target2.f90 -O3 -fomit-frame-pointer -funroll-all-loops -finline-functions (test for excess errors)
FAIL: libgomp.fortran/target2.f90 -O3 -fomit-frame-pointer -funroll-all-loops -finline-functions execution test
FAIL: libgomp.fortran/target2.f90 -O3 -g (test for excess errors)
FAIL: libgomp.fortran/target2.f90 -O3 -g execution test
FAIL: libgomp.fortran/target2.f90 -Os (test for excess errors)
FAIL: libgomp.fortran/target2.f90 -Os execution test
FAIL: libgomp.fortran/target3.f90 -O0 (test for excess errors)
FAIL: libgomp.fortran/target3.f90 -O0 execution test
FAIL: libgomp.fortran/target3.f90 -O1 (test for excess errors)
FAIL: libgomp.fortran/target3.f90 -O1 execution test
FAIL: libgomp.fortran/target3.f90 -O2 (test for excess errors)
FAIL: libgomp.fortran/target3.f90 -O2 execution test
FAIL: libgomp.fortran/target3.f90 -O3 -fomit-frame-pointer (test for excess errors)
FAIL: libgomp.fortran/target3.f90 -O3 -fomit-frame-pointer execution test
FAIL: libgomp.fortran/target3.f90 -O3 -fomit-frame-pointer -funroll-loops (test for excess errors)
FAIL: libgomp.fortran/target3.f90 -O3 -fomit-frame-pointer -funroll-loops execution test
FAIL: libgomp.fortran/target3.f90 -O3 -fomit-frame-pointer -funroll-all-loops -finline-functions (test for excess errors)
FAIL: libgomp.fortran/target3.f90 -O3 -fomit-frame-pointer -funroll-all-loops -finline-functions execution test
FAIL: libgomp.fortran/target3.f90 -O3 -g (test for excess errors)
FAIL: libgomp.fortran/target3.f90 -O3 -g execution test
FAIL: libgomp.fortran/target3.f90 -Os (test for excess errors)
FAIL: libgomp.fortran/target3.f90 -Os execution test
FAIL: libgomp.fortran/target4.f90 -O0 (test for excess errors)
FAIL: libgomp.fortran/target4.f90 -O0 execution test
FAIL: libgomp.fortran/target4.f90 -O1 (test for excess errors)
FAIL: libgomp.fortran/target4.f90 -O1 execution test
FAIL: libgomp.fortran/target4.f90 -O2 (test for excess errors)
FAIL: libgomp.fortran/target4.f90 -O2 execution test
FAIL: libgomp.fortran/target4.f90 -O3 -fomit-frame-pointer (test for excess errors)
FAIL: libgomp.fortran/target4.f90 -O3 -fomit-frame-pointer execution test
FAIL: libgomp.fortran/target4.f90 -O3 -fomit-frame-pointer -funroll-loops (test for excess errors)
FAIL: libgomp.fortran/target4.f90 -O3 -fomit-frame-pointer -funroll-loops execution test
FAIL: libgomp.fortran/target4.f90 -O3 -fomit-frame-pointer -funroll-all-loops -finline-functions (test for excess errors)
FAIL: libgomp.fortran/target4.f90 -O3 -fomit-frame-pointer -funroll-all-loops -finline-functions execution test
FAIL: libgomp.fortran/target4.f90 -O3 -g (test for excess errors)
FAIL: libgomp.fortran/target4.f90 -O3 -g execution test
FAIL: libgomp.fortran/target4.f90 -Os (test for excess errors)
FAIL: libgomp.fortran/target4.f90 -Os execution test
FAIL: libgomp.fortran/target6.f90 -O0 (test for excess errors)
FAIL: libgomp.fortran/target6.f90 -O0 execution test
FAIL: libgomp.fortran/target6.f90 -O1 (test for excess errors)
FAIL: libgomp.fortran/target6.f90 -O1 execution test
FAIL: libgomp.fortran/target6.f90 -O2 (test for excess errors)
FAIL: libgomp.fortran/target6.f90 -O2 execution test
FAIL: libgomp.fortran/target6.f90 -O3 -fomit-frame-pointer (test for excess errors)
FAIL: libgomp.fortran/target6.f90 -O3 -fomit-frame-pointer execution test
FAIL: libgomp.fortran/target6.f90 -O3 -fomit-frame-pointer -funroll-loops (test for excess errors)
FAIL: libgomp.fortran/target6.f90 -O3 -fomit-frame-pointer -funroll-loops execution test
FAIL: libgomp.fortran/target6.f90 -O3 -fomit-frame-pointer -funroll-all-loops -finline-functions (test for excess errors)
FAIL: libgomp.fortran/target6.f90 -O3 -fomit-frame-pointer -funroll-all-loops -finline-functions execution test
FAIL: libgomp.fortran/target6.f90 -O3 -g (test for excess errors)
FAIL: libgomp.fortran/target6.f90 -O3 -g execution test
FAIL: libgomp.fortran/target6.f90 -Os (test for excess errors)
FAIL: libgomp.fortran/target6.f90 -Os execution test
FAIL: libgomp.fortran/target7.f90 -O0 (test for excess errors)
FAIL: libgomp.fortran/target7.f90 -O0 execution test
FAIL: libgomp.fortran/target7.f90 -O1 (test for excess errors)
FAIL: libgomp.fortran/target7.f90 -O1 execution test
FAIL: libgomp.fortran/target7.f90 -O2 (test for excess errors)
FAIL: libgomp.fortran/target7.f90 -O2 execution test
FAIL: libgomp.fortran/target7.f90 -O3 -fomit-frame-pointer (test for excess errors)
FAIL: libgomp.fortran/target7.f90 -O3 -fomit-frame-pointer execution test
FAIL: libgomp.fortran/target7.f90 -O3 -fomit-frame-pointer -funroll-loops (test for excess errors)
FAIL: libgomp.fortran/target7.f90 -O3 -fomit-frame-pointer -funroll-loops execution test
FAIL: libgomp.fortran/target7.f90 -O3 -fomit-frame-pointer -funroll-all-loops -finline-functions (test for excess errors)
FAIL: libgomp.fortran/target7.f90 -O3 -fomit-frame-pointer -funroll-all-loops -finline-functions execution test
FAIL: libgomp.fortran/target7.f90 -O3 -g (test for excess errors)
FAIL: libgomp.fortran/target7.f90 -O3 -g execution test
FAIL: libgomp.fortran/target7.f90 -Os (test for excess errors)
FAIL: libgomp.fortran/target7.f90 -Os execution test
FAIL: libgomp.fortran/target8.f90 -O0 (test for excess errors)
FAIL: libgomp.fortran/target8.f90 -O0 execution test
FAIL: libgomp.fortran/target8.f90 -O1 (test for excess errors)
FAIL: libgomp.fortran/target8.f90 -O1 execution test
FAIL: libgomp.fortran/target8.f90 -O2 (test for excess errors)
FAIL: libgomp.fortran/target8.f90 -O2 execution test
FAIL: libgomp.fortran/target8.f90 -O3 -fomit-frame-pointer (test for excess errors)
FAIL: libgomp.fortran/target8.f90 -O3 -fomit-frame-pointer execution test
FAIL: libgomp.fortran/target8.f90 -O3 -fomit-frame-pointer -funroll-loops (test for excess errors)
FAIL: libgomp.fortran/target8.f90 -O3 -fomit-frame-pointer -funroll-loops execution test
FAIL: libgomp.fortran/target8.f90 -O3 -fomit-frame-pointer -funroll-all-loops -finline-functions (test for excess errors)
FAIL: libgomp.fortran/target8.f90 -O3 -fomit-frame-pointer -funroll-all-loops -finline-functions execution test
FAIL: libgomp.fortran/target8.f90 -O3 -g (test for excess errors)
FAIL: libgomp.fortran/target8.f90 -O3 -g execution test
FAIL: libgomp.fortran/target8.f90 -Os (test for excess errors)
FAIL: libgomp.fortran/target8.f90 -Os execution test
FAIL: libgomp.oacc-c/../libgomp.oacc-c-c++-common/abort-1.c -DACC_DEVICE_TYPE_host=1 -DACC_MEM_SHARED=1 (test for excess errors)
FAIL: libgomp.oacc-c/../libgomp.oacc-c-c++-common/abort-2.c -DACC_DEVICE_TYPE_host=1 -DACC_MEM_SHARED=1 (test for excess errors)
FAIL: libgomp.oacc-c/../libgomp.oacc-c-c++-common/abort-2.c -DACC_DEVICE_TYPE_host=1 -DACC_MEM_SHARED=1 execution test
FAIL: libgomp.oacc-c/../libgomp.oacc-c-c++-common/abort-3.c -DACC_DEVICE_TYPE_host=1 -DACC_MEM_SHARED=1 (test for excess errors)
FAIL: libgomp.oacc-c/../libgomp.oacc-c-c++-common/abort-4.c -DACC_DEVICE_TYPE_host=1 -DACC_MEM_SHARED=1 (test for excess errors)
FAIL: libgomp.oacc-c/../libgomp.oacc-c-c++-common/abort-4.c -DACC_DEVICE_TYPE_host=1 -DACC_MEM_SHARED=1 execution test
FAIL: libgomp.oacc-c/../libgomp.oacc-c-c++-common/acc_on_device-1.c -DACC_DEVICE_TYPE_host=1 -DACC_MEM_SHARED=1 (test for excess errors)
FAIL: libgomp.oacc-c/../libgomp.oacc-c-c++-common/acc_on_device-1.c -DACC_DEVICE_TYPE_host=1 -DACC_MEM_SHARED=1 execution test
FAIL: libgomp.oacc-c/../libgomp.oacc-c-c++-common/cache-1.c -DACC_DEVICE_TYPE_host=1 -DACC_MEM_SHARED=1 (test for excess errors)
FAIL: libgomp.oacc-c/../libgomp.oacc-c-c++-common/cache-1.c -DACC_DEVICE_TYPE_host=1 -DACC_MEM_SHARED=1 execution test
FAIL: libgomp.oacc-c/../libgomp.oacc-c-c++-common/collapse-1.c -DACC_DEVICE_TYPE_host=1 -DACC_MEM_SHARED=1 (test for excess errors)
FAIL: libgomp.oacc-c/../libgomp.oacc-c-c++-common/collapse-1.c -DACC_DEVICE_TYPE_host=1 -DACC_MEM_SHARED=1 execution test
FAIL: libgomp.oacc-c/../libgomp.oacc-c-c++-common/collapse-2.c -DACC_DEVICE_TYPE_host=1 -DACC_MEM_SHARED=1 (test for excess errors)
FAIL: libgomp.oacc-c/../libgomp.oacc-c-c++-common/collapse-2.c -DACC_DEVICE_TYPE_host=1 -DACC_MEM_SHARED=1 execution test
FAIL: libgomp.oacc-c/../libgomp.oacc-c-c++-common/collapse-3.c -DACC_DEVICE_TYPE_host=1 -DACC_MEM_SHARED=1 (test for excess errors)
FAIL: libgomp.oacc-c/../libgomp.oacc-c-c++-common/collapse-3.c -DACC_DEVICE_TYPE_host=1 -DACC_MEM_SHARED=1 execution test
FAIL: libgomp.oacc-c/../libgomp.oacc-c-c++-common/collapse-4.c -DACC_DEVICE_TYPE_host=1 -DACC_MEM_SHARED=1 (test for excess errors)
FAIL: libgomp.oacc-c/../libgomp.oacc-c-c++-common/collapse-4.c -DACC_DEVICE_TYPE_host=1 -DACC_MEM_SHARED=1 execution test
FAIL: libgomp.oacc-c/../libgomp.oacc-c-c++-common/data-1.c -DACC_DEVICE_TYPE_host=1 -DACC_MEM_SHARED=1 (test for excess errors)
FAIL: libgomp.oacc-c/../libgomp.oacc-c-c++-common/data-1.c -DACC_DEVICE_TYPE_host=1 -DACC_MEM_SHARED=1 execution test
FAIL: libgomp.oacc-c/../libgomp.oacc-c-c++-common/data-2.c -DACC_DEVICE_TYPE_host=1 -DACC_MEM_SHARED=1 (test for excess errors)
FAIL: libgomp.oacc-c/../libgomp.oacc-c-c++-common/data-2.c -DACC_DEVICE_TYPE_host=1 -DACC_MEM_SHARED=1 execution test
FAIL: libgomp.oacc-c/../libgomp.oacc-c-c++-common/data-3.c -DACC_DEVICE_TYPE_host=1 -DACC_MEM_SHARED=1 (test for excess errors)
FAIL: libgomp.oacc-c/../libgomp.oacc-c-c++-common/data-3.c -DACC_DEVICE_TYPE_host=1 -DACC_MEM_SHARED=1 execution test
FAIL: libgomp.oacc-c/../libgomp.oacc-c-c++-common/deviceptr-1.c -DACC_DEVICE_TYPE_host=1 -DACC_MEM_SHARED=1 (test for excess errors)
FAIL: libgomp.oacc-c/../libgomp.oacc-c-c++-common/deviceptr-1.c -DACC_DEVICE_TYPE_host=1 -DACC_MEM_SHARED=1 execution test
FAIL: libgomp.oacc-c/../libgomp.oacc-c-c++-common/if-1.c -DACC_DEVICE_TYPE_host=1 -DACC_MEM_SHARED=1 (test for excess errors)
FAIL: libgomp.oacc-c/../libgomp.oacc-c-c++-common/if-1.c -DACC_DEVICE_TYPE_host=1 -DACC_MEM_SHARED=1 execution test
FAIL: libgomp.oacc-c/../libgomp.oacc-c-c++-common/kernels-1.c -DACC_DEVICE_TYPE_host=1 -DACC_MEM_SHARED=1 (test for excess errors)
FAIL: libgomp.oacc-c/../libgomp.oacc-c-c++-common/kernels-1.c -DACC_DEVICE_TYPE_host=1 -DACC_MEM_SHARED=1 execution test
FAIL: libgomp.oacc-c/../libgomp.oacc-c-c++-common/kernels-empty.c -DACC_DEVICE_TYPE_host=1 -DACC_MEM_SHARED=1 (test for excess errors)
FAIL: libgomp.oacc-c/../libgomp.oacc-c-c++-common/kernels-empty.c -DACC_DEVICE_TYPE_host=1 -DACC_MEM_SHARED=1 execution test
FAIL: libgomp.oacc-c/../libgomp.oacc-c-c++-common/nested-2.c -DACC_DEVICE_TYPE_host=1 -DACC_MEM_SHARED=1 (test for excess errors)
FAIL: libgomp.oacc-c/../libgomp.oacc-c-c++-common/nested-2.c -DACC_DEVICE_TYPE_host=1 -DACC_MEM_SHARED=1 execution test
FAIL: libgomp.oacc-c/../libgomp.oacc-c-c++-common/parallel-1.c -DACC_DEVICE_TYPE_host=1 -DACC_MEM_SHARED=1 (test for excess errors)
FAIL: libgomp.oacc-c/../libgomp.oacc-c-c++-common/parallel-1.c -DACC_DEVICE_TYPE_host=1 -DACC_MEM_SHARED=1 execution test
FAIL: libgomp.oacc-c/../libgomp.oacc-c-c++-common/parallel-empty.c -DACC_DEVICE_TYPE_host=1 -DACC_MEM_SHARED=1 (test for excess errors)
FAIL: libgomp.oacc-c/../libgomp.oacc-c-c++-common/parallel-empty.c -DACC_DEVICE_TYPE_host=1 -DACC_MEM_SHARED=1 execution test
FAIL: libgomp.oacc-c/../libgomp.oacc-c-c++-common/pointer-align-1.c -DACC_DEVICE_TYPE_host=1 -DACC_MEM_SHARED=1 (test for excess errors)
FAIL: libgomp.oacc-c/../libgomp.oacc-c-c++-common/pointer-align-1.c -DACC_DEVICE_TYPE_host=1 -DACC_MEM_SHARED=1 execution test
FAIL: libgomp.oacc-c/../libgomp.oacc-c-c++-common/reduction-1.c -DACC_DEVICE_TYPE_host=1 -DACC_MEM_SHARED=1 (test for excess errors)
FAIL: libgomp.oacc-c/../libgomp.oacc-c-c++-common/reduction-1.c -DACC_DEVICE_TYPE_host=1 -DACC_MEM_SHARED=1 execution test
FAIL: libgomp.oacc-c/../libgomp.oacc-c-c++-common/reduction-2.c -DACC_DEVICE_TYPE_host=1 -DACC_MEM_SHARED=1 (test for excess errors)
FAIL: libgomp.oacc-c/../libgomp.oacc-c-c++-common/reduction-2.c -DACC_DEVICE_TYPE_host=1 -DACC_MEM_SHARED=1 execution test
FAIL: libgomp.oacc-c/../libgomp.oacc-c-c++-common/reduction-3.c -DACC_DEVICE_TYPE_host=1 -DACC_MEM_SHARED=1 (test for excess errors)
FAIL: libgomp.oacc-c/../libgomp.oacc-c-c++-common/reduction-3.c -DACC_DEVICE_TYPE_host=1 -DACC_MEM_SHARED=1 execution test
FAIL: libgomp.oacc-c/../libgomp.oacc-c-c++-common/reduction-4.c -DACC_DEVICE_TYPE_host=1 -DACC_MEM_SHARED=1 (test for excess errors)
UNRESOLVED: libgomp.oacc-c/../libgomp.oacc-c-c++-common/reduction-4.c -DACC_DEVICE_TYPE_host=1 -DACC_MEM_SHARED=1 compilation failed to produce executable
FAIL: libgomp.oacc-c/../libgomp.oacc-c-c++-common/reduction-5.c -DACC_DEVICE_TYPE_host=1 -DACC_MEM_SHARED=1 (test for excess errors)
FAIL: libgomp.oacc-c/../libgomp.oacc-c-c++-common/reduction-5.c -DACC_DEVICE_TYPE_host=1 -DACC_MEM_SHARED=1 execution test
FAIL: libgomp.oacc-c/../libgomp.oacc-c-c++-common/reduction-initial-1.c -DACC_DEVICE_TYPE_host=1 -DACC_MEM_SHARED=1 (test for excess errors)
FAIL: libgomp.oacc-c/../libgomp.oacc-c-c++-common/reduction-initial-1.c -DACC_DEVICE_TYPE_host=1 -DACC_MEM_SHARED=1 execution test
FAIL: libgomp.oacc-c++/../libgomp.oacc-c-c++-common/abort-1.c -DACC_DEVICE_TYPE_host=1 -DACC_MEM_SHARED=1 (test for excess errors)
FAIL: libgomp.oacc-c++/../libgomp.oacc-c-c++-common/abort-2.c -DACC_DEVICE_TYPE_host=1 -DACC_MEM_SHARED=1 (test for excess errors)
FAIL: libgomp.oacc-c++/../libgomp.oacc-c-c++-common/abort-2.c -DACC_DEVICE_TYPE_host=1 -DACC_MEM_SHARED=1 execution test
FAIL: libgomp.oacc-c++/../libgomp.oacc-c-c++-common/abort-3.c -DACC_DEVICE_TYPE_host=1 -DACC_MEM_SHARED=1 (test for excess errors)
FAIL: libgomp.oacc-c++/../libgomp.oacc-c-c++-common/abort-4.c -DACC_DEVICE_TYPE_host=1 -DACC_MEM_SHARED=1 (test for excess errors)
FAIL: libgomp.oacc-c++/../libgomp.oacc-c-c++-common/abort-4.c -DACC_DEVICE_TYPE_host=1 -DACC_MEM_SHARED=1 execution test
FAIL: libgomp.oacc-c++/../libgomp.oacc-c-c++-common/acc_on_device-1.c -DACC_DEVICE_TYPE_host=1 -DACC_MEM_SHARED=1 (test for excess errors)
FAIL: libgomp.oacc-c++/../libgomp.oacc-c-c++-common/acc_on_device-1.c -DACC_DEVICE_TYPE_host=1 -DACC_MEM_SHARED=1 execution test
FAIL: libgomp.oacc-c++/../libgomp.oacc-c-c++-common/cache-1.c -DACC_DEVICE_TYPE_host=1 -DACC_MEM_SHARED=1 (test for excess errors)
FAIL: libgomp.oacc-c++/../libgomp.oacc-c-c++-common/cache-1.c -DACC_DEVICE_TYPE_host=1 -DACC_MEM_SHARED=1 execution test
FAIL: libgomp.oacc-c++/../libgomp.oacc-c-c++-common/collapse-1.c -DACC_DEVICE_TYPE_host=1 -DACC_MEM_SHARED=1 (test for excess errors)
FAIL: libgomp.oacc-c++/../libgomp.oacc-c-c++-common/collapse-1.c -DACC_DEVICE_TYPE_host=1 -DACC_MEM_SHARED=1 execution test
FAIL: libgomp.oacc-c++/../libgomp.oacc-c-c++-common/collapse-2.c -DACC_DEVICE_TYPE_host=1 -DACC_MEM_SHARED=1 (test for excess errors)
FAIL: libgomp.oacc-c++/../libgomp.oacc-c-c++-common/collapse-2.c -DACC_DEVICE_TYPE_host=1 -DACC_MEM_SHARED=1 execution test
FAIL: libgomp.oacc-c++/../libgomp.oacc-c-c++-common/collapse-3.c -DACC_DEVICE_TYPE_host=1 -DACC_MEM_SHARED=1 (test for excess errors)
FAIL: libgomp.oacc-c++/../libgomp.oacc-c-c++-common/collapse-3.c -DACC_DEVICE_TYPE_host=1 -DACC_MEM_SHARED=1 execution test
FAIL: libgomp.oacc-c++/../libgomp.oacc-c-c++-common/collapse-4.c -DACC_DEVICE_TYPE_host=1 -DACC_MEM_SHARED=1 (test for excess errors)
FAIL: libgomp.oacc-c++/../libgomp.oacc-c-c++-common/collapse-4.c -DACC_DEVICE_TYPE_host=1 -DACC_MEM_SHARED=1 execution test
FAIL: libgomp.oacc-c++/../libgomp.oacc-c-c++-common/data-1.c -DACC_DEVICE_TYPE_host=1 -DACC_MEM_SHARED=1 (test for excess errors)
FAIL: libgomp.oacc-c++/../libgomp.oacc-c-c++-common/data-1.c -DACC_DEVICE_TYPE_host=1 -DACC_MEM_SHARED=1 execution test
FAIL: libgomp.oacc-c++/../libgomp.oacc-c-c++-common/data-2.c -DACC_DEVICE_TYPE_host=1 -DACC_MEM_SHARED=1 (test for excess errors)
FAIL: libgomp.oacc-c++/../libgomp.oacc-c-c++-common/data-2.c -DACC_DEVICE_TYPE_host=1 -DACC_MEM_SHARED=1 execution test
FAIL: libgomp.oacc-c++/../libgomp.oacc-c-c++-common/data-3.c -DACC_DEVICE_TYPE_host=1 -DACC_MEM_SHARED=1 (test for excess errors)
FAIL: libgomp.oacc-c++/../libgomp.oacc-c-c++-common/data-3.c -DACC_DEVICE_TYPE_host=1 -DACC_MEM_SHARED=1 execution test
FAIL: libgomp.oacc-c++/../libgomp.oacc-c-c++-common/deviceptr-1.c -DACC_DEVICE_TYPE_host=1 -DACC_MEM_SHARED=1 (test for excess errors)
FAIL: libgomp.oacc-c++/../libgomp.oacc-c-c++-common/deviceptr-1.c -DACC_DEVICE_TYPE_host=1 -DACC_MEM_SHARED=1 execution test
FAIL: libgomp.oacc-c++/../libgomp.oacc-c-c++-common/if-1.c -DACC_DEVICE_TYPE_host=1 -DACC_MEM_SHARED=1 (test for excess errors)
FAIL: libgomp.oacc-c++/../libgomp.oacc-c-c++-common/if-1.c -DACC_DEVICE_TYPE_host=1 -DACC_MEM_SHARED=1 execution test
FAIL: libgomp.oacc-c++/../libgomp.oacc-c-c++-common/kernels-1.c -DACC_DEVICE_TYPE_host=1 -DACC_MEM_SHARED=1 (test for excess errors)
FAIL: libgomp.oacc-c++/../libgomp.oacc-c-c++-common/kernels-1.c -DACC_DEVICE_TYPE_host=1 -DACC_MEM_SHARED=1 execution test
FAIL: libgomp.oacc-c++/../libgomp.oacc-c-c++-common/kernels-empty.c -DACC_DEVICE_TYPE_host=1 -DACC_MEM_SHARED=1 (test for excess errors)
FAIL: libgomp.oacc-c++/../libgomp.oacc-c-c++-common/kernels-empty.c -DACC_DEVICE_TYPE_host=1 -DACC_MEM_SHARED=1 execution test
FAIL: libgomp.oacc-c++/../libgomp.oacc-c-c++-common/nested-2.c -DACC_DEVICE_TYPE_host=1 -DACC_MEM_SHARED=1 (test for excess errors)
FAIL: libgomp.oacc-c++/../libgomp.oacc-c-c++-common/nested-2.c -DACC_DEVICE_TYPE_host=1 -DACC_MEM_SHARED=1 execution test
FAIL: libgomp.oacc-c++/../libgomp.oacc-c-c++-common/parallel-1.c -DACC_DEVICE_TYPE_host=1 -DACC_MEM_SHARED=1 (test for excess errors)
FAIL: libgomp.oacc-c++/../libgomp.oacc-c-c++-common/parallel-1.c -DACC_DEVICE_TYPE_host=1 -DACC_MEM_SHARED=1 execution test
FAIL: libgomp.oacc-c++/../libgomp.oacc-c-c++-common/parallel-empty.c -DACC_DEVICE_TYPE_host=1 -DACC_MEM_SHARED=1 (test for excess errors)
FAIL: libgomp.oacc-c++/../libgomp.oacc-c-c++-common/parallel-empty.c -DACC_DEVICE_TYPE_host=1 -DACC_MEM_SHARED=1 execution test
FAIL: libgomp.oacc-c++/../libgomp.oacc-c-c++-common/pointer-align-1.c -DACC_DEVICE_TYPE_host=1 -DACC_MEM_SHARED=1 (test for excess errors)
FAIL: libgomp.oacc-c++/../libgomp.oacc-c-c++-common/pointer-align-1.c -DACC_DEVICE_TYPE_host=1 -DACC_MEM_SHARED=1 execution test
FAIL: libgomp.oacc-c++/../libgomp.oacc-c-c++-common/reduction-1.c -DACC_DEVICE_TYPE_host=1 -DACC_MEM_SHARED=1 (test for excess errors)
FAIL: libgomp.oacc-c++/../libgomp.oacc-c-c++-common/reduction-1.c -DACC_DEVICE_TYPE_host=1 -DACC_MEM_SHARED=1 execution test
FAIL: libgomp.oacc-c++/../libgomp.oacc-c-c++-common/reduction-2.c -DACC_DEVICE_TYPE_host=1 -DACC_MEM_SHARED=1 (test for excess errors)
FAIL: libgomp.oacc-c++/../libgomp.oacc-c-c++-common/reduction-2.c -DACC_DEVICE_TYPE_host=1 -DACC_MEM_SHARED=1 execution test
FAIL: libgomp.oacc-c++/../libgomp.oacc-c-c++-common/reduction-3.c -DACC_DEVICE_TYPE_host=1 -DACC_MEM_SHARED=1 (test for excess errors)
FAIL: libgomp.oacc-c++/../libgomp.oacc-c-c++-common/reduction-3.c -DACC_DEVICE_TYPE_host=1 -DACC_MEM_SHARED=1 execution test
FAIL: libgomp.oacc-c++/../libgomp.oacc-c-c++-common/reduction-4.c -DACC_DEVICE_TYPE_host=1 -DACC_MEM_SHARED=1 (test for excess errors)
UNRESOLVED: libgomp.oacc-c++/../libgomp.oacc-c-c++-common/reduction-4.c -DACC_DEVICE_TYPE_host=1 -DACC_MEM_SHARED=1 compilation failed to produce executable
FAIL: libgomp.oacc-c++/../libgomp.oacc-c-c++-common/reduction-5.c -DACC_DEVICE_TYPE_host=1 -DACC_MEM_SHARED=1 (test for excess errors)
FAIL: libgomp.oacc-c++/../libgomp.oacc-c-c++-common/reduction-5.c -DACC_DEVICE_TYPE_host=1 -DACC_MEM_SHARED=1 execution test
FAIL: libgomp.oacc-c++/../libgomp.oacc-c-c++-common/reduction-initial-1.c -DACC_DEVICE_TYPE_host=1 -DACC_MEM_SHARED=1 (test for excess errors)
FAIL: libgomp.oacc-c++/../libgomp.oacc-c-c++-common/reduction-initial-1.c -DACC_DEVICE_TYPE_host=1 -DACC_MEM_SHARED=1 execution test
FAIL: libgomp.oacc-fortran/abort-1.f90 -DACC_DEVICE_TYPE_host=1 -DACC_MEM_SHARED=1 -O (test for excess errors)
FAIL: libgomp.oacc-fortran/abort-2.f90 -DACC_DEVICE_TYPE_host=1 -DACC_MEM_SHARED=1 -O (test for excess errors)
FAIL: libgomp.oacc-fortran/abort-2.f90 -DACC_DEVICE_TYPE_host=1 -DACC_MEM_SHARED=1 -O execution test
FAIL: libgomp.oacc-fortran/acc_on_device-1-1.f90 -DACC_DEVICE_TYPE_host=1 -DACC_MEM_SHARED=1 -O (test for excess errors)
FAIL: libgomp.oacc-fortran/acc_on_device-1-1.f90 -DACC_DEVICE_TYPE_host=1 -DACC_MEM_SHARED=1 -O execution test
FAIL: libgomp.oacc-fortran/acc_on_device-1-2.f -DACC_DEVICE_TYPE_host=1 -DACC_MEM_SHARED=1 -O (test for excess errors)
FAIL: libgomp.oacc-fortran/acc_on_device-1-2.f -DACC_DEVICE_TYPE_host=1 -DACC_MEM_SHARED=1 -O execution test
FAIL: libgomp.oacc-fortran/acc_on_device-1-3.f -DACC_DEVICE_TYPE_host=1 -DACC_MEM_SHARED=1 -O (test for excess errors)
FAIL: libgomp.oacc-fortran/acc_on_device-1-3.f -DACC_DEVICE_TYPE_host=1 -DACC_MEM_SHARED=1 -O execution test
FAIL: libgomp.oacc-fortran/asyncwait-1.f90 -DACC_DEVICE_TYPE_host=1 -DACC_MEM_SHARED=1 -O0 (test for excess errors)
FAIL: libgomp.oacc-fortran/asyncwait-1.f90 -DACC_DEVICE_TYPE_host=1 -DACC_MEM_SHARED=1 -O0 execution test
FAIL: libgomp.oacc-fortran/asyncwait-1.f90 -DACC_DEVICE_TYPE_host=1 -DACC_MEM_SHARED=1 -O1 (test for excess errors)
FAIL: libgomp.oacc-fortran/asyncwait-1.f90 -DACC_DEVICE_TYPE_host=1 -DACC_MEM_SHARED=1 -O1 execution test
FAIL: libgomp.oacc-fortran/asyncwait-1.f90 -DACC_DEVICE_TYPE_host=1 -DACC_MEM_SHARED=1 -O2 (test for excess errors)
FAIL: libgomp.oacc-fortran/asyncwait-1.f90 -DACC_DEVICE_TYPE_host=1 -DACC_MEM_SHARED=1 -O2 execution test
FAIL: libgomp.oacc-fortran/asyncwait-1.f90 -DACC_DEVICE_TYPE_host=1 -DACC_MEM_SHARED=1 -O3 -fomit-frame-pointer (test for excess errors)
FAIL: libgomp.oacc-fortran/asyncwait-1.f90 -DACC_DEVICE_TYPE_host=1 -DACC_MEM_SHARED=1 -O3 -fomit-frame-pointer execution test
FAIL: libgomp.oacc-fortran/asyncwait-1.f90 -DACC_DEVICE_TYPE_host=1 -DACC_MEM_SHARED=1 -O3 -fomit-frame-pointer -funroll-loops (test for excess errors)
FAIL: libgomp.oacc-fortran/asyncwait-1.f90 -DACC_DEVICE_TYPE_host=1 -DACC_MEM_SHARED=1 -O3 -fomit-frame-pointer -funroll-loops execution test
FAIL: libgomp.oacc-fortran/asyncwait-1.f90 -DACC_DEVICE_TYPE_host=1 -DACC_MEM_SHARED=1 -O3 -fomit-frame-pointer -funroll-all-loops -finline-functions (test for excess errors)
FAIL: libgomp.oacc-fortran/asyncwait-1.f90 -DACC_DEVICE_TYPE_host=1 -DACC_MEM_SHARED=1 -O3 -fomit-frame-pointer -funroll-all-loops -finline-functions execution test
FAIL: libgomp.oacc-fortran/asyncwait-1.f90 -DACC_DEVICE_TYPE_host=1 -DACC_MEM_SHARED=1 -O3 -g (test for excess errors)
FAIL: libgomp.oacc-fortran/asyncwait-1.f90 -DACC_DEVICE_TYPE_host=1 -DACC_MEM_SHARED=1 -O3 -g execution test
FAIL: libgomp.oacc-fortran/asyncwait-1.f90 -DACC_DEVICE_TYPE_host=1 -DACC_MEM_SHARED=1 -Os (test for excess errors)
FAIL: libgomp.oacc-fortran/asyncwait-1.f90 -DACC_DEVICE_TYPE_host=1 -DACC_MEM_SHARED=1 -Os execution test
FAIL: libgomp.oacc-fortran/asyncwait-2.f90 -DACC_DEVICE_TYPE_host=1 -DACC_MEM_SHARED=1 -O0 (test for excess errors)
FAIL: libgomp.oacc-fortran/asyncwait-2.f90 -DACC_DEVICE_TYPE_host=1 -DACC_MEM_SHARED=1 -O0 execution test
FAIL: libgomp.oacc-fortran/asyncwait-2.f90 -DACC_DEVICE_TYPE_host=1 -DACC_MEM_SHARED=1 -O1 (test for excess errors)
FAIL: libgomp.oacc-fortran/asyncwait-2.f90 -DACC_DEVICE_TYPE_host=1 -DACC_MEM_SHARED=1 -O1 execution test
FAIL: libgomp.oacc-fortran/asyncwait-2.f90 -DACC_DEVICE_TYPE_host=1 -DACC_MEM_SHARED=1 -O2 (test for excess errors)
FAIL: libgomp.oacc-fortran/asyncwait-2.f90 -DACC_DEVICE_TYPE_host=1 -DACC_MEM_SHARED=1 -O2 execution test
FAIL: libgomp.oacc-fortran/asyncwait-2.f90 -DACC_DEVICE_TYPE_host=1 -DACC_MEM_SHARED=1 -O3 -fomit-frame-pointer (test for excess errors)
FAIL: libgomp.oacc-fortran/asyncwait-2.f90 -DACC_DEVICE_TYPE_host=1 -DACC_MEM_SHARED=1 -O3 -fomit-frame-pointer execution test
FAIL: libgomp.oacc-fortran/asyncwait-2.f90 -DACC_DEVICE_TYPE_host=1 -DACC_MEM_SHARED=1 -O3 -fomit-frame-pointer -funroll-loops (test for excess errors)
FAIL: libgomp.oacc-fortran/asyncwait-2.f90 -DACC_DEVICE_TYPE_host=1 -DACC_MEM_SHARED=1 -O3 -fomit-frame-pointer -funroll-loops execution test
FAIL: libgomp.oacc-fortran/asyncwait-2.f90 -DACC_DEVICE_TYPE_host=1 -DACC_MEM_SHARED=1 -O3 -fomit-frame-pointer -funroll-all-loops -finline-functions (test for excess errors)
FAIL: libgomp.oacc-fortran/asyncwait-2.f90 -DACC_DEVICE_TYPE_host=1 -DACC_MEM_SHARED=1 -O3 -fomit-frame-pointer -funroll-all-loops -finline-functions execution test
FAIL: libgomp.oacc-fortran/asyncwait-2.f90 -DACC_DEVICE_TYPE_host=1 -DACC_MEM_SHARED=1 -O3 -g (test for excess errors)
FAIL: libgomp.oacc-fortran/asyncwait-2.f90 -DACC_DEVICE_TYPE_host=1 -DACC_MEM_SHARED=1 -O3 -g execution test
FAIL: libgomp.oacc-fortran/asyncwait-2.f90 -DACC_DEVICE_TYPE_host=1 -DACC_MEM_SHARED=1 -Os (test for excess errors)
FAIL: libgomp.oacc-fortran/asyncwait-2.f90 -DACC_DEVICE_TYPE_host=1 -DACC_MEM_SHARED=1 -Os execution test
FAIL: libgomp.oacc-fortran/asyncwait-3.f90 -DACC_DEVICE_TYPE_host=1 -DACC_MEM_SHARED=1 -O0 (test for excess errors)
FAIL: libgomp.oacc-fortran/asyncwait-3.f90 -DACC_DEVICE_TYPE_host=1 -DACC_MEM_SHARED=1 -O0 execution test
FAIL: libgomp.oacc-fortran/asyncwait-3.f90 -DACC_DEVICE_TYPE_host=1 -DACC_MEM_SHARED=1 -O1 (test for excess errors)
FAIL: libgomp.oacc-fortran/asyncwait-3.f90 -DACC_DEVICE_TYPE_host=1 -DACC_MEM_SHARED=1 -O1 execution test
FAIL: libgomp.oacc-fortran/asyncwait-3.f90 -DACC_DEVICE_TYPE_host=1 -DACC_MEM_SHARED=1 -O2 (test for excess errors)
FAIL: libgomp.oacc-fortran/asyncwait-3.f90 -DACC_DEVICE_TYPE_host=1 -DACC_MEM_SHARED=1 -O2 execution test
FAIL: libgomp.oacc-fortran/asyncwait-3.f90 -DACC_DEVICE_TYPE_host=1 -DACC_MEM_SHARED=1 -O3 -fomit-frame-pointer (test for excess errors)
FAIL: libgomp.oacc-fortran/asyncwait-3.f90 -DACC_DEVICE_TYPE_host=1 -DACC_MEM_SHARED=1 -O3 -fomit-frame-pointer execution test
FAIL: libgomp.oacc-fortran/asyncwait-3.f90 -DACC_DEVICE_TYPE_host=1 -DACC_MEM_SHARED=1 -O3 -fomit-frame-pointer -funroll-loops (test for excess errors)
FAIL: libgomp.oacc-fortran/asyncwait-3.f90 -DACC_DEVICE_TYPE_host=1 -DACC_MEM_SHARED=1 -O3 -fomit-frame-pointer -funroll-loops execution test
FAIL: libgomp.oacc-fortran/asyncwait-3.f90 -DACC_DEVICE_TYPE_host=1 -DACC_MEM_SHARED=1 -O3 -fomit-frame-pointer -funroll-all-loops -finline-functions (test for excess errors)
FAIL: libgomp.oacc-fortran/asyncwait-3.f90 -DACC_DEVICE_TYPE_host=1 -DACC_MEM_SHARED=1 -O3 -fomit-frame-pointer -funroll-all-loops -finline-functions execution test
FAIL: libgomp.oacc-fortran/asyncwait-3.f90 -DACC_DEVICE_TYPE_host=1 -DACC_MEM_SHARED=1 -O3 -g (test for excess errors)
FAIL: libgomp.oacc-fortran/asyncwait-3.f90 -DACC_DEVICE_TYPE_host=1 -DACC_MEM_SHARED=1 -O3 -g execution test
FAIL: libgomp.oacc-fortran/asyncwait-3.f90 -DACC_DEVICE_TYPE_host=1 -DACC_MEM_SHARED=1 -Os (test for excess errors)
FAIL: libgomp.oacc-fortran/asyncwait-3.f90 -DACC_DEVICE_TYPE_host=1 -DACC_MEM_SHARED=1 -Os execution test
FAIL: libgomp.oacc-fortran/collapse-1.f90 -DACC_DEVICE_TYPE_host=1 -DACC_MEM_SHARED=1 -O0 (test for excess errors)
FAIL: libgomp.oacc-fortran/collapse-1.f90 -DACC_DEVICE_TYPE_host=1 -DACC_MEM_SHARED=1 -O0 execution test
FAIL: libgomp.oacc-fortran/collapse-1.f90 -DACC_DEVICE_TYPE_host=1 -DACC_MEM_SHARED=1 -O1 (test for excess errors)
FAIL: libgomp.oacc-fortran/collapse-1.f90 -DACC_DEVICE_TYPE_host=1 -DACC_MEM_SHARED=1 -O1 execution test
FAIL: libgomp.oacc-fortran/collapse-1.f90 -DACC_DEVICE_TYPE_host=1 -DACC_MEM_SHARED=1 -O2 (test for excess errors)
FAIL: libgomp.oacc-fortran/collapse-1.f90 -DACC_DEVICE_TYPE_host=1 -DACC_MEM_SHARED=1 -O2 execution test
FAIL: libgomp.oacc-fortran/collapse-1.f90 -DACC_DEVICE_TYPE_host=1 -DACC_MEM_SHARED=1 -O3 -fomit-frame-pointer (test for excess errors)
FAIL: libgomp.oacc-fortran/collapse-1.f90 -DACC_DEVICE_TYPE_host=1 -DACC_MEM_SHARED=1 -O3 -fomit-frame-pointer execution test
FAIL: libgomp.oacc-fortran/collapse-1.f90 -DACC_DEVICE_TYPE_host=1 -DACC_MEM_SHARED=1 -O3 -fomit-frame-pointer -funroll-loops (test for excess errors)
FAIL: libgomp.oacc-fortran/collapse-1.f90 -DACC_DEVICE_TYPE_host=1 -DACC_MEM_SHARED=1 -O3 -fomit-frame-pointer -funroll-loops execution test
FAIL: libgomp.oacc-fortran/collapse-1.f90 -DACC_DEVICE_TYPE_host=1 -DACC_MEM_SHARED=1 -O3 -fomit-frame-pointer -funroll-all-loops -finline-functions (test for excess errors)
FAIL: libgomp.oacc-fortran/collapse-1.f90 -DACC_DEVICE_TYPE_host=1 -DACC_MEM_SHARED=1 -O3 -fomit-frame-pointer -funroll-all-loops -finline-functions execution test
FAIL: libgomp.oacc-fortran/collapse-1.f90 -DACC_DEVICE_TYPE_host=1 -DACC_MEM_SHARED=1 -O3 -g (test for excess errors)
FAIL: libgomp.oacc-fortran/collapse-1.f90 -DACC_DEVICE_TYPE_host=1 -DACC_MEM_SHARED=1 -O3 -g execution test
FAIL: libgomp.oacc-fortran/collapse-1.f90 -DACC_DEVICE_TYPE_host=1 -DACC_MEM_SHARED=1 -Os (test for excess errors)
FAIL: libgomp.oacc-fortran/collapse-1.f90 -DACC_DEVICE_TYPE_host=1 -DACC_MEM_SHARED=1 -Os execution test
FAIL: libgomp.oacc-fortran/collapse-2.f90 -DACC_DEVICE_TYPE_host=1 -DACC_MEM_SHARED=1 -O0 (test for excess errors)
FAIL: libgomp.oacc-fortran/collapse-2.f90 -DACC_DEVICE_TYPE_host=1 -DACC_MEM_SHARED=1 -O0 execution test
FAIL: libgomp.oacc-fortran/collapse-2.f90 -DACC_DEVICE_TYPE_host=1 -DACC_MEM_SHARED=1 -O1 (test for excess errors)
FAIL: libgomp.oacc-fortran/collapse-2.f90 -DACC_DEVICE_TYPE_host=1 -DACC_MEM_SHARED=1 -O1 execution test
FAIL: libgomp.oacc-fortran/collapse-2.f90 -DACC_DEVICE_TYPE_host=1 -DACC_MEM_SHARED=1 -O2 (test for excess errors)
FAIL: libgomp.oacc-fortran/collapse-2.f90 -DACC_DEVICE_TYPE_host=1 -DACC_MEM_SHARED=1 -O2 execution test
FAIL: libgomp.oacc-fortran/collapse-2.f90 -DACC_DEVICE_TYPE_host=1 -DACC_MEM_SHARED=1 -O3 -fomit-frame-pointer (test for excess errors)
FAIL: libgomp.oacc-fortran/collapse-2.f90 -DACC_DEVICE_TYPE_host=1 -DACC_MEM_SHARED=1 -O3 -fomit-frame-pointer execution test
FAIL: libgomp.oacc-fortran/collapse-2.f90 -DACC_DEVICE_TYPE_host=1 -DACC_MEM_SHARED=1 -O3 -fomit-frame-pointer -funroll-loops (test for excess errors)
FAIL: libgomp.oacc-fortran/collapse-2.f90 -DACC_DEVICE_TYPE_host=1 -DACC_MEM_SHARED=1 -O3 -fomit-frame-pointer -funroll-loops execution test
FAIL: libgomp.oacc-fortran/collapse-2.f90 -DACC_DEVICE_TYPE_host=1 -DACC_MEM_SHARED=1 -O3 -fomit-frame-pointer -funroll-all-loops -finline-functions (test for excess errors)
FAIL: libgomp.oacc-fortran/collapse-2.f90 -DACC_DEVICE_TYPE_host=1 -DACC_MEM_SHARED=1 -O3 -fomit-frame-pointer -funroll-all-loops -finline-functions execution test
FAIL: libgomp.oacc-fortran/collapse-2.f90 -DACC_DEVICE_TYPE_host=1 -DACC_MEM_SHARED=1 -O3 -g (test for excess errors)
FAIL: libgomp.oacc-fortran/collapse-2.f90 -DACC_DEVICE_TYPE_host=1 -DACC_MEM_SHARED=1 -O3 -g execution test
FAIL: libgomp.oacc-fortran/collapse-2.f90 -DACC_DEVICE_TYPE_host=1 -DACC_MEM_SHARED=1 -Os (test for excess errors)
FAIL: libgomp.oacc-fortran/collapse-2.f90 -DACC_DEVICE_TYPE_host=1 -DACC_MEM_SHARED=1 -Os execution test
FAIL: libgomp.oacc-fortran/collapse-3.f90 -DACC_DEVICE_TYPE_host=1 -DACC_MEM_SHARED=1 -O0 (test for excess errors)
FAIL: libgomp.oacc-fortran/collapse-3.f90 -DACC_DEVICE_TYPE_host=1 -DACC_MEM_SHARED=1 -O0 execution test
FAIL: libgomp.oacc-fortran/collapse-3.f90 -DACC_DEVICE_TYPE_host=1 -DACC_MEM_SHARED=1 -O1 (test for excess errors)
FAIL: libgomp.oacc-fortran/collapse-3.f90 -DACC_DEVICE_TYPE_host=1 -DACC_MEM_SHARED=1 -O1 execution test
FAIL: libgomp.oacc-fortran/collapse-3.f90 -DACC_DEVICE_TYPE_host=1 -DACC_MEM_SHARED=1 -O2 (test for excess errors)
FAIL: libgomp.oacc-fortran/collapse-3.f90 -DACC_DEVICE_TYPE_host=1 -DACC_MEM_SHARED=1 -O2 execution test
FAIL: libgomp.oacc-fortran/collapse-3.f90 -DACC_DEVICE_TYPE_host=1 -DACC_MEM_SHARED=1 -O3 -fomit-frame-pointer (test for excess errors)
FAIL: libgomp.oacc-fortran/collapse-3.f90 -DACC_DEVICE_TYPE_host=1 -DACC_MEM_SHARED=1 -O3 -fomit-frame-pointer execution test
FAIL: libgomp.oacc-fortran/collapse-3.f90 -DACC_DEVICE_TYPE_host=1 -DACC_MEM_SHARED=1 -O3 -fomit-frame-pointer -funroll-loops (test for excess errors)
FAIL: libgomp.oacc-fortran/collapse-3.f90 -DACC_DEVICE_TYPE_host=1 -DACC_MEM_SHARED=1 -O3 -fomit-frame-pointer -funroll-loops execution test
FAIL: libgomp.oacc-fortran/collapse-3.f90 -DACC_DEVICE_TYPE_host=1 -DACC_MEM_SHARED=1 -O3 -fomit-frame-pointer -funroll-all-loops -finline-functions (test for excess errors)
FAIL: libgomp.oacc-fortran/collapse-3.f90 -DACC_DEVICE_TYPE_host=1 -DACC_MEM_SHARED=1 -O3 -fomit-frame-pointer -funroll-all-loops -finline-functions execution test
FAIL: libgomp.oacc-fortran/collapse-3.f90 -DACC_DEVICE_TYPE_host=1 -DACC_MEM_SHARED=1 -O3 -g (test for excess errors)
FAIL: libgomp.oacc-fortran/collapse-3.f90 -DACC_DEVICE_TYPE_host=1 -DACC_MEM_SHARED=1 -O3 -g execution test
FAIL: libgomp.oacc-fortran/collapse-3.f90 -DACC_DEVICE_TYPE_host=1 -DACC_MEM_SHARED=1 -Os (test for excess errors)
FAIL: libgomp.oacc-fortran/collapse-3.f90 -DACC_DEVICE_TYPE_host=1 -DACC_MEM_SHARED=1 -Os execution test
FAIL: libgomp.oacc-fortran/collapse-4.f90 -DACC_DEVICE_TYPE_host=1 -DACC_MEM_SHARED=1 -O0 (test for excess errors)
FAIL: libgomp.oacc-fortran/collapse-4.f90 -DACC_DEVICE_TYPE_host=1 -DACC_MEM_SHARED=1 -O0 execution test
FAIL: libgomp.oacc-fortran/collapse-4.f90 -DACC_DEVICE_TYPE_host=1 -DACC_MEM_SHARED=1 -O1 (test for excess errors)
FAIL: libgomp.oacc-fortran/collapse-4.f90 -DACC_DEVICE_TYPE_host=1 -DACC_MEM_SHARED=1 -O1 execution test
FAIL: libgomp.oacc-fortran/collapse-4.f90 -DACC_DEVICE_TYPE_host=1 -DACC_MEM_SHARED=1 -O2 (test for excess errors)
FAIL: libgomp.oacc-fortran/collapse-4.f90 -DACC_DEVICE_TYPE_host=1 -DACC_MEM_SHARED=1 -O2 execution test
FAIL: libgomp.oacc-fortran/collapse-4.f90 -DACC_DEVICE_TYPE_host=1 -DACC_MEM_SHARED=1 -O3 -fomit-frame-pointer (test for excess errors)
FAIL: libgomp.oacc-fortran/collapse-4.f90 -DACC_DEVICE_TYPE_host=1 -DACC_MEM_SHARED=1 -O3 -fomit-frame-pointer execution test
FAIL: libgomp.oacc-fortran/collapse-4.f90 -DACC_DEVICE_TYPE_host=1 -DACC_MEM_SHARED=1 -O3 -fomit-frame-pointer -funroll-loops (test for excess errors)
FAIL: libgomp.oacc-fortran/collapse-4.f90 -DACC_DEVICE_TYPE_host=1 -DACC_MEM_SHARED=1 -O3 -fomit-frame-pointer -funroll-loops execution test
FAIL: libgomp.oacc-fortran/collapse-4.f90 -DACC_DEVICE_TYPE_host=1 -DACC_MEM_SHARED=1 -O3 -fomit-frame-pointer -funroll-all-loops -finline-functions (test for excess errors)
FAIL: libgomp.oacc-fortran/collapse-4.f90 -DACC_DEVICE_TYPE_host=1 -DACC_MEM_SHARED=1 -O3 -fomit-frame-pointer -funroll-all-loops -finline-functions execution test
FAIL: libgomp.oacc-fortran/collapse-4.f90 -DACC_DEVICE_TYPE_host=1 -DACC_MEM_SHARED=1 -O3 -g (test for excess errors)
FAIL: libgomp.oacc-fortran/collapse-4.f90 -DACC_DEVICE_TYPE_host=1 -DACC_MEM_SHARED=1 -O3 -g execution test
FAIL: libgomp.oacc-fortran/collapse-4.f90 -DACC_DEVICE_TYPE_host=1 -DACC_MEM_SHARED=1 -Os (test for excess errors)
FAIL: libgomp.oacc-fortran/collapse-4.f90 -DACC_DEVICE_TYPE_host=1 -DACC_MEM_SHARED=1 -Os execution test
FAIL: libgomp.oacc-fortran/collapse-5.f90 -DACC_DEVICE_TYPE_host=1 -DACC_MEM_SHARED=1 -O0 (test for excess errors)
FAIL: libgomp.oacc-fortran/collapse-5.f90 -DACC_DEVICE_TYPE_host=1 -DACC_MEM_SHARED=1 -O0 execution test
FAIL: libgomp.oacc-fortran/collapse-5.f90 -DACC_DEVICE_TYPE_host=1 -DACC_MEM_SHARED=1 -O1 (test for excess errors)
FAIL: libgomp.oacc-fortran/collapse-5.f90 -DACC_DEVICE_TYPE_host=1 -DACC_MEM_SHARED=1 -O1 execution test
FAIL: libgomp.oacc-fortran/collapse-5.f90 -DACC_DEVICE_TYPE_host=1 -DACC_MEM_SHARED=1 -O2 (test for excess errors)
FAIL: libgomp.oacc-fortran/collapse-5.f90 -DACC_DEVICE_TYPE_host=1 -DACC_MEM_SHARED=1 -O2 execution test
FAIL: libgomp.oacc-fortran/collapse-5.f90 -DACC_DEVICE_TYPE_host=1 -DACC_MEM_SHARED=1 -O3 -fomit-frame-pointer (test for excess errors)
FAIL: libgomp.oacc-fortran/collapse-5.f90 -DACC_DEVICE_TYPE_host=1 -DACC_MEM_SHARED=1 -O3 -fomit-frame-pointer execution test
FAIL: libgomp.oacc-fortran/collapse-5.f90 -DACC_DEVICE_TYPE_host=1 -DACC_MEM_SHARED=1 -O3 -fomit-frame-pointer -funroll-loops (test for excess errors)
FAIL: libgomp.oacc-fortran/collapse-5.f90 -DACC_DEVICE_TYPE_host=1 -DACC_MEM_SHARED=1 -O3 -fomit-frame-pointer -funroll-loops execution test
FAIL: libgomp.oacc-fortran/collapse-5.f90 -DACC_DEVICE_TYPE_host=1 -DACC_MEM_SHARED=1 -O3 -fomit-frame-pointer -funroll-all-loops -finline-functions (test for excess errors)
FAIL: libgomp.oacc-fortran/collapse-5.f90 -DACC_DEVICE_TYPE_host=1 -DACC_MEM_SHARED=1 -O3 -fomit-frame-pointer -funroll-all-loops -finline-functions execution test
FAIL: libgomp.oacc-fortran/collapse-5.f90 -DACC_DEVICE_TYPE_host=1 -DACC_MEM_SHARED=1 -O3 -g (test for excess errors)
FAIL: libgomp.oacc-fortran/collapse-5.f90 -DACC_DEVICE_TYPE_host=1 -DACC_MEM_SHARED=1 -O3 -g execution test
FAIL: libgomp.oacc-fortran/collapse-5.f90 -DACC_DEVICE_TYPE_host=1 -DACC_MEM_SHARED=1 -Os (test for excess errors)
FAIL: libgomp.oacc-fortran/collapse-5.f90 -DACC_DEVICE_TYPE_host=1 -DACC_MEM_SHARED=1 -Os execution test
FAIL: libgomp.oacc-fortran/collapse-6.f90 -DACC_DEVICE_TYPE_host=1 -DACC_MEM_SHARED=1 -O0 (test for excess errors)
FAIL: libgomp.oacc-fortran/collapse-6.f90 -DACC_DEVICE_TYPE_host=1 -DACC_MEM_SHARED=1 -O0 execution test
FAIL: libgomp.oacc-fortran/collapse-6.f90 -DACC_DEVICE_TYPE_host=1 -DACC_MEM_SHARED=1 -O1 (test for excess errors)
FAIL: libgomp.oacc-fortran/collapse-6.f90 -DACC_DEVICE_TYPE_host=1 -DACC_MEM_SHARED=1 -O1 execution test
FAIL: libgomp.oacc-fortran/collapse-6.f90 -DACC_DEVICE_TYPE_host=1 -DACC_MEM_SHARED=1 -O2 (test for excess errors)
FAIL: libgomp.oacc-fortran/collapse-6.f90 -DACC_DEVICE_TYPE_host=1 -DACC_MEM_SHARED=1 -O2 execution test
FAIL: libgomp.oacc-fortran/collapse-6.f90 -DACC_DEVICE_TYPE_host=1 -DACC_MEM_SHARED=1 -O3 -fomit-frame-pointer (test for excess errors)
FAIL: libgomp.oacc-fortran/collapse-6.f90 -DACC_DEVICE_TYPE_host=1 -DACC_MEM_SHARED=1 -O3 -fomit-frame-pointer execution test
FAIL: libgomp.oacc-fortran/collapse-6.f90 -DACC_DEVICE_TYPE_host=1 -DACC_MEM_SHARED=1 -O3 -fomit-frame-pointer -funroll-loops (test for excess errors)
FAIL: libgomp.oacc-fortran/collapse-6.f90 -DACC_DEVICE_TYPE_host=1 -DACC_MEM_SHARED=1 -O3 -fomit-frame-pointer -funroll-loops execution test
FAIL: libgomp.oacc-fortran/collapse-6.f90 -DACC_DEVICE_TYPE_host=1 -DACC_MEM_SHARED=1 -O3 -fomit-frame-pointer -funroll-all-loops -finline-functions (test for excess errors)
FAIL: libgomp.oacc-fortran/collapse-6.f90 -DACC_DEVICE_TYPE_host=1 -DACC_MEM_SHARED=1 -O3 -fomit-frame-pointer -funroll-all-loops -finline-functions execution test
FAIL: libgomp.oacc-fortran/collapse-6.f90 -DACC_DEVICE_TYPE_host=1 -DACC_MEM_SHARED=1 -O3 -g (test for excess errors)
FAIL: libgomp.oacc-fortran/collapse-6.f90 -DACC_DEVICE_TYPE_host=1 -DACC_MEM_SHARED=1 -O3 -g execution test
FAIL: libgomp.oacc-fortran/collapse-6.f90 -DACC_DEVICE_TYPE_host=1 -DACC_MEM_SHARED=1 -Os (test for excess errors)
FAIL: libgomp.oacc-fortran/collapse-6.f90 -DACC_DEVICE_TYPE_host=1 -DACC_MEM_SHARED=1 -Os execution test
FAIL: libgomp.oacc-fortran/collapse-7.f90 -DACC_DEVICE_TYPE_host=1 -DACC_MEM_SHARED=1 -O0 (test for excess errors)
FAIL: libgomp.oacc-fortran/collapse-7.f90 -DACC_DEVICE_TYPE_host=1 -DACC_MEM_SHARED=1 -O0 execution test
FAIL: libgomp.oacc-fortran/collapse-7.f90 -DACC_DEVICE_TYPE_host=1 -DACC_MEM_SHARED=1 -O1 (test for excess errors)
FAIL: libgomp.oacc-fortran/collapse-7.f90 -DACC_DEVICE_TYPE_host=1 -DACC_MEM_SHARED=1 -O1 execution test
FAIL: libgomp.oacc-fortran/collapse-7.f90 -DACC_DEVICE_TYPE_host=1 -DACC_MEM_SHARED=1 -O2 (test for excess errors)
FAIL: libgomp.oacc-fortran/collapse-7.f90 -DACC_DEVICE_TYPE_host=1 -DACC_MEM_SHARED=1 -O2 execution test
FAIL: libgomp.oacc-fortran/collapse-7.f90 -DACC_DEVICE_TYPE_host=1 -DACC_MEM_SHARED=1 -O3 -fomit-frame-pointer (test for excess errors)
FAIL: libgomp.oacc-fortran/collapse-7.f90 -DACC_DEVICE_TYPE_host=1 -DACC_MEM_SHARED=1 -O3 -fomit-frame-pointer execution test
FAIL: libgomp.oacc-fortran/collapse-7.f90 -DACC_DEVICE_TYPE_host=1 -DACC_MEM_SHARED=1 -O3 -fomit-frame-pointer -funroll-loops (test for excess errors)
FAIL: libgomp.oacc-fortran/collapse-7.f90 -DACC_DEVICE_TYPE_host=1 -DACC_MEM_SHARED=1 -O3 -fomit-frame-pointer -funroll-loops execution test
FAIL: libgomp.oacc-fortran/collapse-7.f90 -DACC_DEVICE_TYPE_host=1 -DACC_MEM_SHARED=1 -O3 -fomit-frame-pointer -funroll-all-loops -finline-functions (test for excess errors)
FAIL: libgomp.oacc-fortran/collapse-7.f90 -DACC_DEVICE_TYPE_host=1 -DACC_MEM_SHARED=1 -O3 -fomit-frame-pointer -funroll-all-loops -finline-functions execution test
FAIL: libgomp.oacc-fortran/collapse-7.f90 -DACC_DEVICE_TYPE_host=1 -DACC_MEM_SHARED=1 -O3 -g (test for excess errors)
FAIL: libgomp.oacc-fortran/collapse-7.f90 -DACC_DEVICE_TYPE_host=1 -DACC_MEM_SHARED=1 -O3 -g execution test
FAIL: libgomp.oacc-fortran/collapse-7.f90 -DACC_DEVICE_TYPE_host=1 -DACC_MEM_SHARED=1 -Os (test for excess errors)
FAIL: libgomp.oacc-fortran/collapse-7.f90 -DACC_DEVICE_TYPE_host=1 -DACC_MEM_SHARED=1 -Os execution test
FAIL: libgomp.oacc-fortran/collapse-8.f90 -DACC_DEVICE_TYPE_host=1 -DACC_MEM_SHARED=1 -O0 (test for excess errors)
FAIL: libgomp.oacc-fortran/collapse-8.f90 -DACC_DEVICE_TYPE_host=1 -DACC_MEM_SHARED=1 -O0 execution test
FAIL: libgomp.oacc-fortran/collapse-8.f90 -DACC_DEVICE_TYPE_host=1 -DACC_MEM_SHARED=1 -O1 (test for excess errors)
FAIL: libgomp.oacc-fortran/collapse-8.f90 -DACC_DEVICE_TYPE_host=1 -DACC_MEM_SHARED=1 -O1 execution test
FAIL: libgomp.oacc-fortran/collapse-8.f90 -DACC_DEVICE_TYPE_host=1 -DACC_MEM_SHARED=1 -O2 (test for excess errors)
FAIL: libgomp.oacc-fortran/collapse-8.f90 -DACC_DEVICE_TYPE_host=1 -DACC_MEM_SHARED=1 -O2 execution test
FAIL: libgomp.oacc-fortran/collapse-8.f90 -DACC_DEVICE_TYPE_host=1 -DACC_MEM_SHARED=1 -O3 -fomit-frame-pointer (test for excess errors)
FAIL: libgomp.oacc-fortran/collapse-8.f90 -DACC_DEVICE_TYPE_host=1 -DACC_MEM_SHARED=1 -O3 -fomit-frame-pointer execution test
FAIL: libgomp.oacc-fortran/collapse-8.f90 -DACC_DEVICE_TYPE_host=1 -DACC_MEM_SHARED=1 -O3 -fomit-frame-pointer -funroll-loops (test for excess errors)
FAIL: libgomp.oacc-fortran/collapse-8.f90 -DACC_DEVICE_TYPE_host=1 -DACC_MEM_SHARED=1 -O3 -fomit-frame-pointer -funroll-loops execution test
FAIL: libgomp.oacc-fortran/collapse-8.f90 -DACC_DEVICE_TYPE_host=1 -DACC_MEM_SHARED=1 -O3 -fomit-frame-pointer -funroll-all-loops -finline-functions (test for excess errors)
FAIL: libgomp.oacc-fortran/collapse-8.f90 -DACC_DEVICE_TYPE_host=1 -DACC_MEM_SHARED=1 -O3 -fomit-frame-pointer -funroll-all-loops -finline-functions execution test
FAIL: libgomp.oacc-fortran/collapse-8.f90 -DACC_DEVICE_TYPE_host=1 -DACC_MEM_SHARED=1 -O3 -g (test for excess errors)
FAIL: libgomp.oacc-fortran/collapse-8.f90 -DACC_DEVICE_TYPE_host=1 -DACC_MEM_SHARED=1 -O3 -g execution test
FAIL: libgomp.oacc-fortran/collapse-8.f90 -DACC_DEVICE_TYPE_host=1 -DACC_MEM_SHARED=1 -Os (test for excess errors)
FAIL: libgomp.oacc-fortran/collapse-8.f90 -DACC_DEVICE_TYPE_host=1 -DACC_MEM_SHARED=1 -Os execution test
FAIL: libgomp.oacc-fortran/data-1.f90 -DACC_DEVICE_TYPE_host=1 -DACC_MEM_SHARED=1 -O0 (test for excess errors)
FAIL: libgomp.oacc-fortran/data-1.f90 -DACC_DEVICE_TYPE_host=1 -DACC_MEM_SHARED=1 -O0 execution test
FAIL: libgomp.oacc-fortran/data-1.f90 -DACC_DEVICE_TYPE_host=1 -DACC_MEM_SHARED=1 -O1 (test for excess errors)
FAIL: libgomp.oacc-fortran/data-1.f90 -DACC_DEVICE_TYPE_host=1 -DACC_MEM_SHARED=1 -O1 execution test
FAIL: libgomp.oacc-fortran/data-1.f90 -DACC_DEVICE_TYPE_host=1 -DACC_MEM_SHARED=1 -O2 (test for excess errors)
FAIL: libgomp.oacc-fortran/data-1.f90 -DACC_DEVICE_TYPE_host=1 -DACC_MEM_SHARED=1 -O2 execution test
FAIL: libgomp.oacc-fortran/data-1.f90 -DACC_DEVICE_TYPE_host=1 -DACC_MEM_SHARED=1 -O3 -fomit-frame-pointer (test for excess errors)
FAIL: libgomp.oacc-fortran/data-1.f90 -DACC_DEVICE_TYPE_host=1 -DACC_MEM_SHARED=1 -O3 -fomit-frame-pointer execution test
FAIL: libgomp.oacc-fortran/data-1.f90 -DACC_DEVICE_TYPE_host=1 -DACC_MEM_SHARED=1 -O3 -fomit-frame-pointer -funroll-loops (test for excess errors)
FAIL: libgomp.oacc-fortran/data-1.f90 -DACC_DEVICE_TYPE_host=1 -DACC_MEM_SHARED=1 -O3 -fomit-frame-pointer -funroll-loops execution test
FAIL: libgomp.oacc-fortran/data-1.f90 -DACC_DEVICE_TYPE_host=1 -DACC_MEM_SHARED=1 -O3 -fomit-frame-pointer -funroll-all-loops -finline-functions (test for excess errors)
FAIL: libgomp.oacc-fortran/data-1.f90 -DACC_DEVICE_TYPE_host=1 -DACC_MEM_SHARED=1 -O3 -fomit-frame-pointer -funroll-all-loops -finline-functions execution test
FAIL: libgomp.oacc-fortran/data-1.f90 -DACC_DEVICE_TYPE_host=1 -DACC_MEM_SHARED=1 -O3 -g (test for excess errors)
FAIL: libgomp.oacc-fortran/data-1.f90 -DACC_DEVICE_TYPE_host=1 -DACC_MEM_SHARED=1 -O3 -g execution test
FAIL: libgomp.oacc-fortran/data-1.f90 -DACC_DEVICE_TYPE_host=1 -DACC_MEM_SHARED=1 -Os (test for excess errors)
FAIL: libgomp.oacc-fortran/data-1.f90 -DACC_DEVICE_TYPE_host=1 -DACC_MEM_SHARED=1 -Os execution test
FAIL: libgomp.oacc-fortran/data-2.f90 -DACC_DEVICE_TYPE_host=1 -DACC_MEM_SHARED=1 -O0 (test for excess errors)
FAIL: libgomp.oacc-fortran/data-2.f90 -DACC_DEVICE_TYPE_host=1 -DACC_MEM_SHARED=1 -O0 execution test
FAIL: libgomp.oacc-fortran/data-2.f90 -DACC_DEVICE_TYPE_host=1 -DACC_MEM_SHARED=1 -O1 (test for excess errors)
FAIL: libgomp.oacc-fortran/data-2.f90 -DACC_DEVICE_TYPE_host=1 -DACC_MEM_SHARED=1 -O1 execution test
FAIL: libgomp.oacc-fortran/data-2.f90 -DACC_DEVICE_TYPE_host=1 -DACC_MEM_SHARED=1 -O2 (test for excess errors)
FAIL: libgomp.oacc-fortran/data-2.f90 -DACC_DEVICE_TYPE_host=1 -DACC_MEM_SHARED=1 -O2 execution test
FAIL: libgomp.oacc-fortran/data-2.f90 -DACC_DEVICE_TYPE_host=1 -DACC_MEM_SHARED=1 -O3 -fomit-frame-pointer (test for excess errors)
FAIL: libgomp.oacc-fortran/data-2.f90 -DACC_DEVICE_TYPE_host=1 -DACC_MEM_SHARED=1 -O3 -fomit-frame-pointer execution test
FAIL: libgomp.oacc-fortran/data-2.f90 -DACC_DEVICE_TYPE_host=1 -DACC_MEM_SHARED=1 -O3 -fomit-frame-pointer -funroll-loops (test for excess errors)
FAIL: libgomp.oacc-fortran/data-2.f90 -DACC_DEVICE_TYPE_host=1 -DACC_MEM_SHARED=1 -O3 -fomit-frame-pointer -funroll-loops execution test
FAIL: libgomp.oacc-fortran/data-2.f90 -DACC_DEVICE_TYPE_host=1 -DACC_MEM_SHARED=1 -O3 -fomit-frame-pointer -funroll-all-loops -finline-functions (test for excess errors)
FAIL: libgomp.oacc-fortran/data-2.f90 -DACC_DEVICE_TYPE_host=1 -DACC_MEM_SHARED=1 -O3 -fomit-frame-pointer -funroll-all-loops -finline-functions execution test
FAIL: libgomp.oacc-fortran/data-2.f90 -DACC_DEVICE_TYPE_host=1 -DACC_MEM_SHARED=1 -O3 -g (test for excess errors)
FAIL: libgomp.oacc-fortran/data-2.f90 -DACC_DEVICE_TYPE_host=1 -DACC_MEM_SHARED=1 -O3 -g execution test
FAIL: libgomp.oacc-fortran/data-2.f90 -DACC_DEVICE_TYPE_host=1 -DACC_MEM_SHARED=1 -Os (test for excess errors)
FAIL: libgomp.oacc-fortran/data-2.f90 -DACC_DEVICE_TYPE_host=1 -DACC_MEM_SHARED=1 -Os execution test
FAIL: libgomp.oacc-fortran/data-3.f90 -DACC_DEVICE_TYPE_host=1 -DACC_MEM_SHARED=1 -O0 (test for excess errors)
FAIL: libgomp.oacc-fortran/data-3.f90 -DACC_DEVICE_TYPE_host=1 -DACC_MEM_SHARED=1 -O0 execution test
FAIL: libgomp.oacc-fortran/data-3.f90 -DACC_DEVICE_TYPE_host=1 -DACC_MEM_SHARED=1 -O1 (test for excess errors)
FAIL: libgomp.oacc-fortran/data-3.f90 -DACC_DEVICE_TYPE_host=1 -DACC_MEM_SHARED=1 -O1 execution test
FAIL: libgomp.oacc-fortran/data-3.f90 -DACC_DEVICE_TYPE_host=1 -DACC_MEM_SHARED=1 -O2 (test for excess errors)
FAIL: libgomp.oacc-fortran/data-3.f90 -DACC_DEVICE_TYPE_host=1 -DACC_MEM_SHARED=1 -O2 execution test
FAIL: libgomp.oacc-fortran/data-3.f90 -DACC_DEVICE_TYPE_host=1 -DACC_MEM_SHARED=1 -O3 -fomit-frame-pointer (test for excess errors)
FAIL: libgomp.oacc-fortran/data-3.f90 -DACC_DEVICE_TYPE_host=1 -DACC_MEM_SHARED=1 -O3 -fomit-frame-pointer execution test
FAIL: libgomp.oacc-fortran/data-3.f90 -DACC_DEVICE_TYPE_host=1 -DACC_MEM_SHARED=1 -O3 -fomit-frame-pointer -funroll-loops (test for excess errors)
FAIL: libgomp.oacc-fortran/data-3.f90 -DACC_DEVICE_TYPE_host=1 -DACC_MEM_SHARED=1 -O3 -fomit-frame-pointer -funroll-loops execution test
FAIL: libgomp.oacc-fortran/data-3.f90 -DACC_DEVICE_TYPE_host=1 -DACC_MEM_SHARED=1 -O3 -fomit-frame-pointer -funroll-all-loops -finline-functions (test for excess errors)
FAIL: libgomp.oacc-fortran/data-3.f90 -DACC_DEVICE_TYPE_host=1 -DACC_MEM_SHARED=1 -O3 -fomit-frame-pointer -funroll-all-loops -finline-functions execution test
FAIL: libgomp.oacc-fortran/data-3.f90 -DACC_DEVICE_TYPE_host=1 -DACC_MEM_SHARED=1 -O3 -g (test for excess errors)
FAIL: libgomp.oacc-fortran/data-3.f90 -DACC_DEVICE_TYPE_host=1 -DACC_MEM_SHARED=1 -O3 -g execution test
FAIL: libgomp.oacc-fortran/data-3.f90 -DACC_DEVICE_TYPE_host=1 -DACC_MEM_SHARED=1 -Os (test for excess errors)
FAIL: libgomp.oacc-fortran/data-3.f90 -DACC_DEVICE_TYPE_host=1 -DACC_MEM_SHARED=1 -Os execution test
FAIL: libgomp.oacc-fortran/data-4-2.f90 -DACC_DEVICE_TYPE_host=1 -DACC_MEM_SHARED=1 -O0 (test for excess errors)
FAIL: libgomp.oacc-fortran/data-4-2.f90 -DACC_DEVICE_TYPE_host=1 -DACC_MEM_SHARED=1 -O0 execution test
FAIL: libgomp.oacc-fortran/data-4-2.f90 -DACC_DEVICE_TYPE_host=1 -DACC_MEM_SHARED=1 -O1 (test for excess errors)
FAIL: libgomp.oacc-fortran/data-4-2.f90 -DACC_DEVICE_TYPE_host=1 -DACC_MEM_SHARED=1 -O1 execution test
FAIL: libgomp.oacc-fortran/data-4-2.f90 -DACC_DEVICE_TYPE_host=1 -DACC_MEM_SHARED=1 -O2 (test for excess errors)
FAIL: libgomp.oacc-fortran/data-4-2.f90 -DACC_DEVICE_TYPE_host=1 -DACC_MEM_SHARED=1 -O2 execution test
FAIL: libgomp.oacc-fortran/data-4-2.f90 -DACC_DEVICE_TYPE_host=1 -DACC_MEM_SHARED=1 -O3 -fomit-frame-pointer (test for excess errors)
FAIL: libgomp.oacc-fortran/data-4-2.f90 -DACC_DEVICE_TYPE_host=1 -DACC_MEM_SHARED=1 -O3 -fomit-frame-pointer execution test
FAIL: libgomp.oacc-fortran/data-4-2.f90 -DACC_DEVICE_TYPE_host=1 -DACC_MEM_SHARED=1 -O3 -fomit-frame-pointer -funroll-loops (test for excess errors)
FAIL: libgomp.oacc-fortran/data-4-2.f90 -DACC_DEVICE_TYPE_host=1 -DACC_MEM_SHARED=1 -O3 -fomit-frame-pointer -funroll-loops execution test
FAIL: libgomp.oacc-fortran/data-4-2.f90 -DACC_DEVICE_TYPE_host=1 -DACC_MEM_SHARED=1 -O3 -fomit-frame-pointer -funroll-all-loops -finline-functions (test for excess errors)
FAIL: libgomp.oacc-fortran/data-4-2.f90 -DACC_DEVICE_TYPE_host=1 -DACC_MEM_SHARED=1 -O3 -fomit-frame-pointer -funroll-all-loops -finline-functions execution test
FAIL: libgomp.oacc-fortran/data-4-2.f90 -DACC_DEVICE_TYPE_host=1 -DACC_MEM_SHARED=1 -O3 -g (test for excess errors)
FAIL: libgomp.oacc-fortran/data-4-2.f90 -DACC_DEVICE_TYPE_host=1 -DACC_MEM_SHARED=1 -O3 -g execution test
FAIL: libgomp.oacc-fortran/data-4-2.f90 -DACC_DEVICE_TYPE_host=1 -DACC_MEM_SHARED=1 -Os (test for excess errors)
FAIL: libgomp.oacc-fortran/data-4-2.f90 -DACC_DEVICE_TYPE_host=1 -DACC_MEM_SHARED=1 -Os execution test
FAIL: libgomp.oacc-fortran/data-4.f90 -DACC_DEVICE_TYPE_host=1 -DACC_MEM_SHARED=1 -O0 (test for excess errors)
FAIL: libgomp.oacc-fortran/data-4.f90 -DACC_DEVICE_TYPE_host=1 -DACC_MEM_SHARED=1 -O0 execution test
FAIL: libgomp.oacc-fortran/data-4.f90 -DACC_DEVICE_TYPE_host=1 -DACC_MEM_SHARED=1 -O1 (test for excess errors)
FAIL: libgomp.oacc-fortran/data-4.f90 -DACC_DEVICE_TYPE_host=1 -DACC_MEM_SHARED=1 -O1 execution test
FAIL: libgomp.oacc-fortran/data-4.f90 -DACC_DEVICE_TYPE_host=1 -DACC_MEM_SHARED=1 -O2 (test for excess errors)
FAIL: libgomp.oacc-fortran/data-4.f90 -DACC_DEVICE_TYPE_host=1 -DACC_MEM_SHARED=1 -O2 execution test
FAIL: libgomp.oacc-fortran/data-4.f90 -DACC_DEVICE_TYPE_host=1 -DACC_MEM_SHARED=1 -O3 -fomit-frame-pointer (test for excess errors)
FAIL: libgomp.oacc-fortran/data-4.f90 -DACC_DEVICE_TYPE_host=1 -DACC_MEM_SHARED=1 -O3 -fomit-frame-pointer execution test
FAIL: libgomp.oacc-fortran/data-4.f90 -DACC_DEVICE_TYPE_host=1 -DACC_MEM_SHARED=1 -O3 -fomit-frame-pointer -funroll-loops (test for excess errors)
FAIL: libgomp.oacc-fortran/data-4.f90 -DACC_DEVICE_TYPE_host=1 -DACC_MEM_SHARED=1 -O3 -fomit-frame-pointer -funroll-loops execution test
FAIL: libgomp.oacc-fortran/data-4.f90 -DACC_DEVICE_TYPE_host=1 -DACC_MEM_SHARED=1 -O3 -fomit-frame-pointer -funroll-all-loops -finline-functions (test for excess errors)
FAIL: libgomp.oacc-fortran/data-4.f90 -DACC_DEVICE_TYPE_host=1 -DACC_MEM_SHARED=1 -O3 -fomit-frame-pointer -funroll-all-loops -finline-functions execution test
FAIL: libgomp.oacc-fortran/data-4.f90 -DACC_DEVICE_TYPE_host=1 -DACC_MEM_SHARED=1 -O3 -g (test for excess errors)
FAIL: libgomp.oacc-fortran/data-4.f90 -DACC_DEVICE_TYPE_host=1 -DACC_MEM_SHARED=1 -O3 -g execution test
FAIL: libgomp.oacc-fortran/data-4.f90 -DACC_DEVICE_TYPE_host=1 -DACC_MEM_SHARED=1 -Os (test for excess errors)
FAIL: libgomp.oacc-fortran/data-4.f90 -DACC_DEVICE_TYPE_host=1 -DACC_MEM_SHARED=1 -Os execution test
FAIL: libgomp.oacc-fortran/map-1.f90 -DACC_DEVICE_TYPE_host=1 -DACC_MEM_SHARED=1 -O (test for excess errors)
FAIL: libgomp.oacc-fortran/map-1.f90 -DACC_DEVICE_TYPE_host=1 -DACC_MEM_SHARED=1 -O execution test
FAIL: libgomp.oacc-fortran/pointer-align-1.f90 -DACC_DEVICE_TYPE_host=1 -DACC_MEM_SHARED=1 -O (test for excess errors)
FAIL: libgomp.oacc-fortran/pointer-align-1.f90 -DACC_DEVICE_TYPE_host=1 -DACC_MEM_SHARED=1 -O execution test
FAIL: libgomp.oacc-fortran/pset-1.f90 -DACC_DEVICE_TYPE_host=1 -DACC_MEM_SHARED=1 -O0 (test for excess errors)
FAIL: libgomp.oacc-fortran/pset-1.f90 -DACC_DEVICE_TYPE_host=1 -DACC_MEM_SHARED=1 -O0 execution test
FAIL: libgomp.oacc-fortran/pset-1.f90 -DACC_DEVICE_TYPE_host=1 -DACC_MEM_SHARED=1 -O1 (test for excess errors)
FAIL: libgomp.oacc-fortran/pset-1.f90 -DACC_DEVICE_TYPE_host=1 -DACC_MEM_SHARED=1 -O1 execution test
FAIL: libgomp.oacc-fortran/pset-1.f90 -DACC_DEVICE_TYPE_host=1 -DACC_MEM_SHARED=1 -O2 (test for excess errors)
FAIL: libgomp.oacc-fortran/pset-1.f90 -DACC_DEVICE_TYPE_host=1 -DACC_MEM_SHARED=1 -O2 execution test
FAIL: libgomp.oacc-fortran/pset-1.f90 -DACC_DEVICE_TYPE_host=1 -DACC_MEM_SHARED=1 -O3 -fomit-frame-pointer (test for excess errors)
FAIL: libgomp.oacc-fortran/pset-1.f90 -DACC_DEVICE_TYPE_host=1 -DACC_MEM_SHARED=1 -O3 -fomit-frame-pointer execution test
FAIL: libgomp.oacc-fortran/pset-1.f90 -DACC_DEVICE_TYPE_host=1 -DACC_MEM_SHARED=1 -O3 -fomit-frame-pointer -funroll-loops (test for excess errors)
FAIL: libgomp.oacc-fortran/pset-1.f90 -DACC_DEVICE_TYPE_host=1 -DACC_MEM_SHARED=1 -O3 -fomit-frame-pointer -funroll-loops execution test
FAIL: libgomp.oacc-fortran/pset-1.f90 -DACC_DEVICE_TYPE_host=1 -DACC_MEM_SHARED=1 -O3 -fomit-frame-pointer -funroll-all-loops -finline-functions (test for excess errors)
FAIL: libgomp.oacc-fortran/pset-1.f90 -DACC_DEVICE_TYPE_host=1 -DACC_MEM_SHARED=1 -O3 -fomit-frame-pointer -funroll-all-loops -finline-functions execution test
FAIL: libgomp.oacc-fortran/pset-1.f90 -DACC_DEVICE_TYPE_host=1 -DACC_MEM_SHARED=1 -O3 -g (test for excess errors)
FAIL: libgomp.oacc-fortran/pset-1.f90 -DACC_DEVICE_TYPE_host=1 -DACC_MEM_SHARED=1 -O3 -g execution test
FAIL: libgomp.oacc-fortran/pset-1.f90 -DACC_DEVICE_TYPE_host=1 -DACC_MEM_SHARED=1 -Os (test for excess errors)
FAIL: libgomp.oacc-fortran/pset-1.f90 -DACC_DEVICE_TYPE_host=1 -DACC_MEM_SHARED=1 -Os execution test
FAIL: libgomp.oacc-fortran/reduction-1.f90 -DACC_DEVICE_TYPE_host=1 -DACC_MEM_SHARED=1 -O0 (test for excess errors)
FAIL: libgomp.oacc-fortran/reduction-1.f90 -DACC_DEVICE_TYPE_host=1 -DACC_MEM_SHARED=1 -O0 execution test
FAIL: libgomp.oacc-fortran/reduction-1.f90 -DACC_DEVICE_TYPE_host=1 -DACC_MEM_SHARED=1 -O1 (test for excess errors)
FAIL: libgomp.oacc-fortran/reduction-1.f90 -DACC_DEVICE_TYPE_host=1 -DACC_MEM_SHARED=1 -O1 execution test
FAIL: libgomp.oacc-fortran/reduction-1.f90 -DACC_DEVICE_TYPE_host=1 -DACC_MEM_SHARED=1 -O2 (test for excess errors)
FAIL: libgomp.oacc-fortran/reduction-1.f90 -DACC_DEVICE_TYPE_host=1 -DACC_MEM_SHARED=1 -O2 execution test
FAIL: libgomp.oacc-fortran/reduction-1.f90 -DACC_DEVICE_TYPE_host=1 -DACC_MEM_SHARED=1 -O3 -fomit-frame-pointer (test for excess errors)
FAIL: libgomp.oacc-fortran/reduction-1.f90 -DACC_DEVICE_TYPE_host=1 -DACC_MEM_SHARED=1 -O3 -fomit-frame-pointer execution test
FAIL: libgomp.oacc-fortran/reduction-1.f90 -DACC_DEVICE_TYPE_host=1 -DACC_MEM_SHARED=1 -O3 -fomit-frame-pointer -funroll-loops (test for excess errors)
FAIL: libgomp.oacc-fortran/reduction-1.f90 -DACC_DEVICE_TYPE_host=1 -DACC_MEM_SHARED=1 -O3 -fomit-frame-pointer -funroll-loops execution test
FAIL: libgomp.oacc-fortran/reduction-1.f90 -DACC_DEVICE_TYPE_host=1 -DACC_MEM_SHARED=1 -O3 -fomit-frame-pointer -funroll-all-loops -finline-functions (test for excess errors)
FAIL: libgomp.oacc-fortran/reduction-1.f90 -DACC_DEVICE_TYPE_host=1 -DACC_MEM_SHARED=1 -O3 -fomit-frame-pointer -funroll-all-loops -finline-functions execution test
FAIL: libgomp.oacc-fortran/reduction-1.f90 -DACC_DEVICE_TYPE_host=1 -DACC_MEM_SHARED=1 -O3 -g (test for excess errors)
FAIL: libgomp.oacc-fortran/reduction-1.f90 -DACC_DEVICE_TYPE_host=1 -DACC_MEM_SHARED=1 -O3 -g execution test
FAIL: libgomp.oacc-fortran/reduction-1.f90 -DACC_DEVICE_TYPE_host=1 -DACC_MEM_SHARED=1 -Os (test for excess errors)
FAIL: libgomp.oacc-fortran/reduction-1.f90 -DACC_DEVICE_TYPE_host=1 -DACC_MEM_SHARED=1 -Os execution test
FAIL: libgomp.oacc-fortran/reduction-2.f90 -DACC_DEVICE_TYPE_host=1 -DACC_MEM_SHARED=1 -O0 (test for excess errors)
FAIL: libgomp.oacc-fortran/reduction-2.f90 -DACC_DEVICE_TYPE_host=1 -DACC_MEM_SHARED=1 -O0 execution test
FAIL: libgomp.oacc-fortran/reduction-2.f90 -DACC_DEVICE_TYPE_host=1 -DACC_MEM_SHARED=1 -O1 (test for excess errors)
FAIL: libgomp.oacc-fortran/reduction-2.f90 -DACC_DEVICE_TYPE_host=1 -DACC_MEM_SHARED=1 -O1 execution test
FAIL: libgomp.oacc-fortran/reduction-2.f90 -DACC_DEVICE_TYPE_host=1 -DACC_MEM_SHARED=1 -O2 (test for excess errors)
FAIL: libgomp.oacc-fortran/reduction-2.f90 -DACC_DEVICE_TYPE_host=1 -DACC_MEM_SHARED=1 -O2 execution test
FAIL: libgomp.oacc-fortran/reduction-2.f90 -DACC_DEVICE_TYPE_host=1 -DACC_MEM_SHARED=1 -O3 -fomit-frame-pointer (test for excess errors)
FAIL: libgomp.oacc-fortran/reduction-2.f90 -DACC_DEVICE_TYPE_host=1 -DACC_MEM_SHARED=1 -O3 -fomit-frame-pointer execution test
FAIL: libgomp.oacc-fortran/reduction-2.f90 -DACC_DEVICE_TYPE_host=1 -DACC_MEM_SHARED=1 -O3 -fomit-frame-pointer -funroll-loops (test for excess errors)
FAIL: libgomp.oacc-fortran/reduction-2.f90 -DACC_DEVICE_TYPE_host=1 -DACC_MEM_SHARED=1 -O3 -fomit-frame-pointer -funroll-loops execution test
FAIL: libgomp.oacc-fortran/reduction-2.f90 -DACC_DEVICE_TYPE_host=1 -DACC_MEM_SHARED=1 -O3 -fomit-frame-pointer -funroll-all-loops -finline-functions (test for excess errors)
FAIL: libgomp.oacc-fortran/reduction-2.f90 -DACC_DEVICE_TYPE_host=1 -DACC_MEM_SHARED=1 -O3 -fomit-frame-pointer -funroll-all-loops -finline-functions execution test
FAIL: libgomp.oacc-fortran/reduction-2.f90 -DACC_DEVICE_TYPE_host=1 -DACC_MEM_SHARED=1 -O3 -g (test for excess errors)
FAIL: libgomp.oacc-fortran/reduction-2.f90 -DACC_DEVICE_TYPE_host=1 -DACC_MEM_SHARED=1 -O3 -g execution test
FAIL: libgomp.oacc-fortran/reduction-2.f90 -DACC_DEVICE_TYPE_host=1 -DACC_MEM_SHARED=1 -Os (test for excess errors)
FAIL: libgomp.oacc-fortran/reduction-2.f90 -DACC_DEVICE_TYPE_host=1 -DACC_MEM_SHARED=1 -Os execution test
FAIL: libgomp.oacc-fortran/reduction-3.f90 -DACC_DEVICE_TYPE_host=1 -DACC_MEM_SHARED=1 -O0 (test for excess errors)
FAIL: libgomp.oacc-fortran/reduction-3.f90 -DACC_DEVICE_TYPE_host=1 -DACC_MEM_SHARED=1 -O0 execution test
FAIL: libgomp.oacc-fortran/reduction-3.f90 -DACC_DEVICE_TYPE_host=1 -DACC_MEM_SHARED=1 -O1 (test for excess errors)
FAIL: libgomp.oacc-fortran/reduction-3.f90 -DACC_DEVICE_TYPE_host=1 -DACC_MEM_SHARED=1 -O1 execution test
FAIL: libgomp.oacc-fortran/reduction-3.f90 -DACC_DEVICE_TYPE_host=1 -DACC_MEM_SHARED=1 -O2 (test for excess errors)
FAIL: libgomp.oacc-fortran/reduction-3.f90 -DACC_DEVICE_TYPE_host=1 -DACC_MEM_SHARED=1 -O2 execution test
FAIL: libgomp.oacc-fortran/reduction-3.f90 -DACC_DEVICE_TYPE_host=1 -DACC_MEM_SHARED=1 -O3 -fomit-frame-pointer (test for excess errors)
FAIL: libgomp.oacc-fortran/reduction-3.f90 -DACC_DEVICE_TYPE_host=1 -DACC_MEM_SHARED=1 -O3 -fomit-frame-pointer execution test
FAIL: libgomp.oacc-fortran/reduction-3.f90 -DACC_DEVICE_TYPE_host=1 -DACC_MEM_SHARED=1 -O3 -fomit-frame-pointer -funroll-loops (test for excess errors)
FAIL: libgomp.oacc-fortran/reduction-3.f90 -DACC_DEVICE_TYPE_host=1 -DACC_MEM_SHARED=1 -O3 -fomit-frame-pointer -funroll-loops execution test
FAIL: libgomp.oacc-fortran/reduction-3.f90 -DACC_DEVICE_TYPE_host=1 -DACC_MEM_SHARED=1 -O3 -fomit-frame-pointer -funroll-all-loops -finline-functions (test for excess errors)
FAIL: libgomp.oacc-fortran/reduction-3.f90 -DACC_DEVICE_TYPE_host=1 -DACC_MEM_SHARED=1 -O3 -fomit-frame-pointer -funroll-all-loops -finline-functions execution test
FAIL: libgomp.oacc-fortran/reduction-3.f90 -DACC_DEVICE_TYPE_host=1 -DACC_MEM_SHARED=1 -O3 -g (test for excess errors)
FAIL: libgomp.oacc-fortran/reduction-3.f90 -DACC_DEVICE_TYPE_host=1 -DACC_MEM_SHARED=1 -O3 -g execution test
FAIL: libgomp.oacc-fortran/reduction-3.f90 -DACC_DEVICE_TYPE_host=1 -DACC_MEM_SHARED=1 -Os (test for excess errors)
FAIL: libgomp.oacc-fortran/reduction-3.f90 -DACC_DEVICE_TYPE_host=1 -DACC_MEM_SHARED=1 -Os execution test
FAIL: libgomp.oacc-fortran/reduction-4.f90 -DACC_DEVICE_TYPE_host=1 -DACC_MEM_SHARED=1 -O0 (test for excess errors)
FAIL: libgomp.oacc-fortran/reduction-4.f90 -DACC_DEVICE_TYPE_host=1 -DACC_MEM_SHARED=1 -O0 execution test
FAIL: libgomp.oacc-fortran/reduction-4.f90 -DACC_DEVICE_TYPE_host=1 -DACC_MEM_SHARED=1 -O1 (test for excess errors)
FAIL: libgomp.oacc-fortran/reduction-4.f90 -DACC_DEVICE_TYPE_host=1 -DACC_MEM_SHARED=1 -O1 execution test
FAIL: libgomp.oacc-fortran/reduction-4.f90 -DACC_DEVICE_TYPE_host=1 -DACC_MEM_SHARED=1 -O2 (test for excess errors)
FAIL: libgomp.oacc-fortran/reduction-4.f90 -DACC_DEVICE_TYPE_host=1 -DACC_MEM_SHARED=1 -O2 execution test
FAIL: libgomp.oacc-fortran/reduction-4.f90 -DACC_DEVICE_TYPE_host=1 -DACC_MEM_SHARED=1 -O3 -fomit-frame-pointer (test for excess errors)
FAIL: libgomp.oacc-fortran/reduction-4.f90 -DACC_DEVICE_TYPE_host=1 -DACC_MEM_SHARED=1 -O3 -fomit-frame-pointer execution test
FAIL: libgomp.oacc-fortran/reduction-4.f90 -DACC_DEVICE_TYPE_host=1 -DACC_MEM_SHARED=1 -O3 -fomit-frame-pointer -funroll-loops (test for excess errors)
FAIL: libgomp.oacc-fortran/reduction-4.f90 -DACC_DEVICE_TYPE_host=1 -DACC_MEM_SHARED=1 -O3 -fomit-frame-pointer -funroll-loops execution test
FAIL: libgomp.oacc-fortran/reduction-4.f90 -DACC_DEVICE_TYPE_host=1 -DACC_MEM_SHARED=1 -O3 -fomit-frame-pointer -funroll-all-loops -finline-functions (test for excess errors)
FAIL: libgomp.oacc-fortran/reduction-4.f90 -DACC_DEVICE_TYPE_host=1 -DACC_MEM_SHARED=1 -O3 -fomit-frame-pointer -funroll-all-loops -finline-functions execution test
FAIL: libgomp.oacc-fortran/reduction-4.f90 -DACC_DEVICE_TYPE_host=1 -DACC_MEM_SHARED=1 -O3 -g (test for excess errors)
FAIL: libgomp.oacc-fortran/reduction-4.f90 -DACC_DEVICE_TYPE_host=1 -DACC_MEM_SHARED=1 -O3 -g execution test
FAIL: libgomp.oacc-fortran/reduction-4.f90 -DACC_DEVICE_TYPE_host=1 -DACC_MEM_SHARED=1 -Os (test for excess errors)
FAIL: libgomp.oacc-fortran/reduction-4.f90 -DACC_DEVICE_TYPE_host=1 -DACC_MEM_SHARED=1 -Os execution test
FAIL: libgomp.oacc-fortran/reduction-5.f90 -DACC_DEVICE_TYPE_host=1 -DACC_MEM_SHARED=1 -O0 (test for excess errors)
FAIL: libgomp.oacc-fortran/reduction-5.f90 -DACC_DEVICE_TYPE_host=1 -DACC_MEM_SHARED=1 -O0 execution test
FAIL: libgomp.oacc-fortran/reduction-5.f90 -DACC_DEVICE_TYPE_host=1 -DACC_MEM_SHARED=1 -O1 (test for excess errors)
FAIL: libgomp.oacc-fortran/reduction-5.f90 -DACC_DEVICE_TYPE_host=1 -DACC_MEM_SHARED=1 -O1 execution test
FAIL: libgomp.oacc-fortran/reduction-5.f90 -DACC_DEVICE_TYPE_host=1 -DACC_MEM_SHARED=1 -O2 (test for excess errors)
FAIL: libgomp.oacc-fortran/reduction-5.f90 -DACC_DEVICE_TYPE_host=1 -DACC_MEM_SHARED=1 -O2 execution test
FAIL: libgomp.oacc-fortran/reduction-5.f90 -DACC_DEVICE_TYPE_host=1 -DACC_MEM_SHARED=1 -O3 -fomit-frame-pointer (test for excess errors)
FAIL: libgomp.oacc-fortran/reduction-5.f90 -DACC_DEVICE_TYPE_host=1 -DACC_MEM_SHARED=1 -O3 -fomit-frame-pointer execution test
FAIL: libgomp.oacc-fortran/reduction-5.f90 -DACC_DEVICE_TYPE_host=1 -DACC_MEM_SHARED=1 -O3 -fomit-frame-pointer -funroll-loops (test for excess errors)
FAIL: libgomp.oacc-fortran/reduction-5.f90 -DACC_DEVICE_TYPE_host=1 -DACC_MEM_SHARED=1 -O3 -fomit-frame-pointer -funroll-loops execution test
FAIL: libgomp.oacc-fortran/reduction-5.f90 -DACC_DEVICE_TYPE_host=1 -DACC_MEM_SHARED=1 -O3 -fomit-frame-pointer -funroll-all-loops -finline-functions (test for excess errors)
FAIL: libgomp.oacc-fortran/reduction-5.f90 -DACC_DEVICE_TYPE_host=1 -DACC_MEM_SHARED=1 -O3 -fomit-frame-pointer -funroll-all-loops -finline-functions execution test
FAIL: libgomp.oacc-fortran/reduction-5.f90 -DACC_DEVICE_TYPE_host=1 -DACC_MEM_SHARED=1 -O3 -g (test for excess errors)
FAIL: libgomp.oacc-fortran/reduction-5.f90 -DACC_DEVICE_TYPE_host=1 -DACC_MEM_SHARED=1 -O3 -g execution test
FAIL: libgomp.oacc-fortran/reduction-5.f90 -DACC_DEVICE_TYPE_host=1 -DACC_MEM_SHARED=1 -Os (test for excess errors)
FAIL: libgomp.oacc-fortran/reduction-5.f90 -DACC_DEVICE_TYPE_host=1 -DACC_MEM_SHARED=1 -Os execution test
FAIL: libgomp.oacc-fortran/reduction-6.f90 -DACC_DEVICE_TYPE_host=1 -DACC_MEM_SHARED=1 -O0 (test for excess errors)
FAIL: libgomp.oacc-fortran/reduction-6.f90 -DACC_DEVICE_TYPE_host=1 -DACC_MEM_SHARED=1 -O0 execution test
FAIL: libgomp.oacc-fortran/reduction-6.f90 -DACC_DEVICE_TYPE_host=1 -DACC_MEM_SHARED=1 -O1 (test for excess errors)
FAIL: libgomp.oacc-fortran/reduction-6.f90 -DACC_DEVICE_TYPE_host=1 -DACC_MEM_SHARED=1 -O1 execution test
FAIL: libgomp.oacc-fortran/reduction-6.f90 -DACC_DEVICE_TYPE_host=1 -DACC_MEM_SHARED=1 -O2 (test for excess errors)
FAIL: libgomp.oacc-fortran/reduction-6.f90 -DACC_DEVICE_TYPE_host=1 -DACC_MEM_SHARED=1 -O2 execution test
FAIL: libgomp.oacc-fortran/reduction-6.f90 -DACC_DEVICE_TYPE_host=1 -DACC_MEM_SHARED=1 -O3 -fomit-frame-pointer (test for excess errors)
FAIL: libgomp.oacc-fortran/reduction-6.f90 -DACC_DEVICE_TYPE_host=1 -DACC_MEM_SHARED=1 -O3 -fomit-frame-pointer execution test
FAIL: libgomp.oacc-fortran/reduction-6.f90 -DACC_DEVICE_TYPE_host=1 -DACC_MEM_SHARED=1 -O3 -fomit-frame-pointer -funroll-loops (test for excess errors)
FAIL: libgomp.oacc-fortran/reduction-6.f90 -DACC_DEVICE_TYPE_host=1 -DACC_MEM_SHARED=1 -O3 -fomit-frame-pointer -funroll-loops execution test
FAIL: libgomp.oacc-fortran/reduction-6.f90 -DACC_DEVICE_TYPE_host=1 -DACC_MEM_SHARED=1 -O3 -fomit-frame-pointer -funroll-all-loops -finline-functions (test for excess errors)
FAIL: libgomp.oacc-fortran/reduction-6.f90 -DACC_DEVICE_TYPE_host=1 -DACC_MEM_SHARED=1 -O3 -fomit-frame-pointer -funroll-all-loops -finline-functions execution test
FAIL: libgomp.oacc-fortran/reduction-6.f90 -DACC_DEVICE_TYPE_host=1 -DACC_MEM_SHARED=1 -O3 -g (test for excess errors)
FAIL: libgomp.oacc-fortran/reduction-6.f90 -DACC_DEVICE_TYPE_host=1 -DACC_MEM_SHARED=1 -O3 -g execution test
FAIL: libgomp.oacc-fortran/reduction-6.f90 -DACC_DEVICE_TYPE_host=1 -DACC_MEM_SHARED=1 -Os (test for excess errors)
FAIL: libgomp.oacc-fortran/reduction-6.f90 -DACC_DEVICE_TYPE_host=1 -DACC_MEM_SHARED=1 -Os execution test
FAIL: libgomp.oacc-fortran/routine-1.f90 -DACC_DEVICE_TYPE_host=1 -DACC_MEM_SHARED=1 -O0 (test for excess errors)
FAIL: libgomp.oacc-fortran/routine-1.f90 -DACC_DEVICE_TYPE_host=1 -DACC_MEM_SHARED=1 -O0 execution test
FAIL: libgomp.oacc-fortran/routine-1.f90 -DACC_DEVICE_TYPE_host=1 -DACC_MEM_SHARED=1 -O1 (test for excess errors)
FAIL: libgomp.oacc-fortran/routine-1.f90 -DACC_DEVICE_TYPE_host=1 -DACC_MEM_SHARED=1 -O1 execution test
FAIL: libgomp.oacc-fortran/routine-1.f90 -DACC_DEVICE_TYPE_host=1 -DACC_MEM_SHARED=1 -O2 (test for excess errors)
FAIL: libgomp.oacc-fortran/routine-1.f90 -DACC_DEVICE_TYPE_host=1 -DACC_MEM_SHARED=1 -O2 execution test
FAIL: libgomp.oacc-fortran/routine-1.f90 -DACC_DEVICE_TYPE_host=1 -DACC_MEM_SHARED=1 -O3 -fomit-frame-pointer (test for excess errors)
FAIL: libgomp.oacc-fortran/routine-1.f90 -DACC_DEVICE_TYPE_host=1 -DACC_MEM_SHARED=1 -O3 -fomit-frame-pointer execution test
FAIL: libgomp.oacc-fortran/routine-1.f90 -DACC_DEVICE_TYPE_host=1 -DACC_MEM_SHARED=1 -O3 -fomit-frame-pointer -funroll-loops (test for excess errors)
FAIL: libgomp.oacc-fortran/routine-1.f90 -DACC_DEVICE_TYPE_host=1 -DACC_MEM_SHARED=1 -O3 -fomit-frame-pointer -funroll-loops execution test
FAIL: libgomp.oacc-fortran/routine-1.f90 -DACC_DEVICE_TYPE_host=1 -DACC_MEM_SHARED=1 -O3 -fomit-frame-pointer -funroll-all-loops -finline-functions (test for excess errors)
FAIL: libgomp.oacc-fortran/routine-1.f90 -DACC_DEVICE_TYPE_host=1 -DACC_MEM_SHARED=1 -O3 -fomit-frame-pointer -funroll-all-loops -finline-functions execution test
FAIL: libgomp.oacc-fortran/routine-1.f90 -DACC_DEVICE_TYPE_host=1 -DACC_MEM_SHARED=1 -O3 -g (test for excess errors)
FAIL: libgomp.oacc-fortran/routine-1.f90 -DACC_DEVICE_TYPE_host=1 -DACC_MEM_SHARED=1 -O3 -g execution test
FAIL: libgomp.oacc-fortran/routine-1.f90 -DACC_DEVICE_TYPE_host=1 -DACC_MEM_SHARED=1 -Os (test for excess errors)
FAIL: libgomp.oacc-fortran/routine-1.f90 -DACC_DEVICE_TYPE_host=1 -DACC_MEM_SHARED=1 -Os execution test
FAIL: libgomp.oacc-fortran/routine-2.f90 -DACC_DEVICE_TYPE_host=1 -DACC_MEM_SHARED=1 -O0 (test for excess errors)
FAIL: libgomp.oacc-fortran/routine-2.f90 -DACC_DEVICE_TYPE_host=1 -DACC_MEM_SHARED=1 -O0 execution test
FAIL: libgomp.oacc-fortran/routine-2.f90 -DACC_DEVICE_TYPE_host=1 -DACC_MEM_SHARED=1 -O1 (test for excess errors)
FAIL: libgomp.oacc-fortran/routine-2.f90 -DACC_DEVICE_TYPE_host=1 -DACC_MEM_SHARED=1 -O1 execution test
FAIL: libgomp.oacc-fortran/routine-2.f90 -DACC_DEVICE_TYPE_host=1 -DACC_MEM_SHARED=1 -O2 (test for excess errors)
FAIL: libgomp.oacc-fortran/routine-2.f90 -DACC_DEVICE_TYPE_host=1 -DACC_MEM_SHARED=1 -O2 execution test
FAIL: libgomp.oacc-fortran/routine-2.f90 -DACC_DEVICE_TYPE_host=1 -DACC_MEM_SHARED=1 -O3 -fomit-frame-pointer (test for excess errors)
FAIL: libgomp.oacc-fortran/routine-2.f90 -DACC_DEVICE_TYPE_host=1 -DACC_MEM_SHARED=1 -O3 -fomit-frame-pointer execution test
FAIL: libgomp.oacc-fortran/routine-2.f90 -DACC_DEVICE_TYPE_host=1 -DACC_MEM_SHARED=1 -O3 -fomit-frame-pointer -funroll-loops (test for excess errors)
FAIL: libgomp.oacc-fortran/routine-2.f90 -DACC_DEVICE_TYPE_host=1 -DACC_MEM_SHARED=1 -O3 -fomit-frame-pointer -funroll-loops execution test
FAIL: libgomp.oacc-fortran/routine-2.f90 -DACC_DEVICE_TYPE_host=1 -DACC_MEM_SHARED=1 -O3 -fomit-frame-pointer -funroll-all-loops -finline-functions (test for excess errors)
FAIL: libgomp.oacc-fortran/routine-2.f90 -DACC_DEVICE_TYPE_host=1 -DACC_MEM_SHARED=1 -O3 -fomit-frame-pointer -funroll-all-loops -finline-functions execution test
FAIL: libgomp.oacc-fortran/routine-2.f90 -DACC_DEVICE_TYPE_host=1 -DACC_MEM_SHARED=1 -O3 -g (test for excess errors)
FAIL: libgomp.oacc-fortran/routine-2.f90 -DACC_DEVICE_TYPE_host=1 -DACC_MEM_SHARED=1 -O3 -g execution test
FAIL: libgomp.oacc-fortran/routine-2.f90 -DACC_DEVICE_TYPE_host=1 -DACC_MEM_SHARED=1 -Os (test for excess errors)
FAIL: libgomp.oacc-fortran/routine-2.f90 -DACC_DEVICE_TYPE_host=1 -DACC_MEM_SHARED=1 -Os execution test
FAIL: libgomp.oacc-fortran/routine-3.f90 -DACC_DEVICE_TYPE_host=1 -DACC_MEM_SHARED=1 -O0 (test for excess errors)
FAIL: libgomp.oacc-fortran/routine-3.f90 -DACC_DEVICE_TYPE_host=1 -DACC_MEM_SHARED=1 -O0 execution test
FAIL: libgomp.oacc-fortran/routine-3.f90 -DACC_DEVICE_TYPE_host=1 -DACC_MEM_SHARED=1 -O1 (test for excess errors)
FAIL: libgomp.oacc-fortran/routine-3.f90 -DACC_DEVICE_TYPE_host=1 -DACC_MEM_SHARED=1 -O1 execution test
FAIL: libgomp.oacc-fortran/routine-3.f90 -DACC_DEVICE_TYPE_host=1 -DACC_MEM_SHARED=1 -O2 (test for excess errors)
FAIL: libgomp.oacc-fortran/routine-3.f90 -DACC_DEVICE_TYPE_host=1 -DACC_MEM_SHARED=1 -O2 execution test
FAIL: libgomp.oacc-fortran/routine-3.f90 -DACC_DEVICE_TYPE_host=1 -DACC_MEM_SHARED=1 -O3 -fomit-frame-pointer (test for excess errors)
FAIL: libgomp.oacc-fortran/routine-3.f90 -DACC_DEVICE_TYPE_host=1 -DACC_MEM_SHARED=1 -O3 -fomit-frame-pointer execution test
FAIL: libgomp.oacc-fortran/routine-3.f90 -DACC_DEVICE_TYPE_host=1 -DACC_MEM_SHARED=1 -O3 -fomit-frame-pointer -funroll-loops (test for excess errors)
FAIL: libgomp.oacc-fortran/routine-3.f90 -DACC_DEVICE_TYPE_host=1 -DACC_MEM_SHARED=1 -O3 -fomit-frame-pointer -funroll-loops execution test
FAIL: libgomp.oacc-fortran/routine-3.f90 -DACC_DEVICE_TYPE_host=1 -DACC_MEM_SHARED=1 -O3 -fomit-frame-pointer -funroll-all-loops -finline-functions (test for excess errors)
FAIL: libgomp.oacc-fortran/routine-3.f90 -DACC_DEVICE_TYPE_host=1 -DACC_MEM_SHARED=1 -O3 -fomit-frame-pointer -funroll-all-loops -finline-functions execution test
FAIL: libgomp.oacc-fortran/routine-3.f90 -DACC_DEVICE_TYPE_host=1 -DACC_MEM_SHARED=1 -O3 -g (test for excess errors)
FAIL: libgomp.oacc-fortran/routine-3.f90 -DACC_DEVICE_TYPE_host=1 -DACC_MEM_SHARED=1 -O3 -g execution test
FAIL: libgomp.oacc-fortran/routine-3.f90 -DACC_DEVICE_TYPE_host=1 -DACC_MEM_SHARED=1 -Os (test for excess errors)
FAIL: libgomp.oacc-fortran/routine-3.f90 -DACC_DEVICE_TYPE_host=1 -DACC_MEM_SHARED=1 -Os execution test
FAIL: libgomp.oacc-fortran/routine-4.f90 -DACC_DEVICE_TYPE_host=1 -DACC_MEM_SHARED=1 -O0 (test for excess errors)
FAIL: libgomp.oacc-fortran/routine-4.f90 -DACC_DEVICE_TYPE_host=1 -DACC_MEM_SHARED=1 -O0 execution test
FAIL: libgomp.oacc-fortran/routine-4.f90 -DACC_DEVICE_TYPE_host=1 -DACC_MEM_SHARED=1 -O1 (test for excess errors)
FAIL: libgomp.oacc-fortran/routine-4.f90 -DACC_DEVICE_TYPE_host=1 -DACC_MEM_SHARED=1 -O1 execution test
FAIL: libgomp.oacc-fortran/routine-4.f90 -DACC_DEVICE_TYPE_host=1 -DACC_MEM_SHARED=1 -O2 (test for excess errors)
FAIL: libgomp.oacc-fortran/routine-4.f90 -DACC_DEVICE_TYPE_host=1 -DACC_MEM_SHARED=1 -O2 execution test
FAIL: libgomp.oacc-fortran/routine-4.f90 -DACC_DEVICE_TYPE_host=1 -DACC_MEM_SHARED=1 -O3 -fomit-frame-pointer (test for excess errors)
FAIL: libgomp.oacc-fortran/routine-4.f90 -DACC_DEVICE_TYPE_host=1 -DACC_MEM_SHARED=1 -O3 -fomit-frame-pointer execution test
FAIL: libgomp.oacc-fortran/routine-4.f90 -DACC_DEVICE_TYPE_host=1 -DACC_MEM_SHARED=1 -O3 -fomit-frame-pointer -funroll-loops (test for excess errors)
FAIL: libgomp.oacc-fortran/routine-4.f90 -DACC_DEVICE_TYPE_host=1 -DACC_MEM_SHARED=1 -O3 -fomit-frame-pointer -funroll-loops execution test
FAIL: libgomp.oacc-fortran/routine-4.f90 -DACC_DEVICE_TYPE_host=1 -DACC_MEM_SHARED=1 -O3 -fomit-frame-pointer -funroll-all-loops -finline-functions (test for excess errors)
FAIL: libgomp.oacc-fortran/routine-4.f90 -DACC_DEVICE_TYPE_host=1 -DACC_MEM_SHARED=1 -O3 -fomit-frame-pointer -funroll-all-loops -finline-functions execution test
FAIL: libgomp.oacc-fortran/routine-4.f90 -DACC_DEVICE_TYPE_host=1 -DACC_MEM_SHARED=1 -O3 -g (test for excess errors)
FAIL: libgomp.oacc-fortran/routine-4.f90 -DACC_DEVICE_TYPE_host=1 -DACC_MEM_SHARED=1 -O3 -g execution test
FAIL: libgomp.oacc-fortran/routine-4.f90 -DACC_DEVICE_TYPE_host=1 -DACC_MEM_SHARED=1 -Os (test for excess errors)
FAIL: libgomp.oacc-fortran/routine-4.f90 -DACC_DEVICE_TYPE_host=1 -DACC_MEM_SHARED=1 -Os execution test
FAIL: libgomp.oacc-fortran/subarrays-1.f90 -DACC_DEVICE_TYPE_host=1 -DACC_MEM_SHARED=1 -O (test for excess errors)
FAIL: libgomp.oacc-fortran/subarrays-1.f90 -DACC_DEVICE_TYPE_host=1 -DACC_MEM_SHARED=1 -O execution test
FAIL: libgomp.oacc-fortran/subarrays-2.f90 -DACC_DEVICE_TYPE_host=1 -DACC_MEM_SHARED=1 -O (test for excess errors)
FAIL: libgomp.oacc-fortran/subarrays-2.f90 -DACC_DEVICE_TYPE_host=1 -DACC_MEM_SHARED=1 -O execution test
=== libgomp Summary ===
# of expected passes 3429
# of unexpected failures 1127
# of unresolved testcases 2
# of unsupported tests 238
=== libjava tests ===
Running target unix
FAIL: LargeFile execution - source compiled test
FAIL: LargeFile -findirect-dispatch execution - source compiled test
FAIL: LargeFile -O3 execution - source compiled test
FAIL: LargeFile -O3 -findirect-dispatch execution - source compiled test
XPASS: sourcelocation output - source compiled test
XPASS: sourcelocation -findirect-dispatch output - source compiled test
XPASS: sourcelocation -O3 output - source compiled test
XPASS: sourcelocation -O3 -findirect-dispatch output - source compiled test
=== libjava Summary ===
# of expected passes 2574
# of unexpected failures 4
# of unexpected successes 4
# of untested testcases 4
=== libstdc++ tests ===
Running target unix
FAIL: 22_locale/conversions/string/2.cc execution test
FAIL: 23_containers/unordered_map/requirements/explicit_instantiation/2.cc (test for excess errors)
FAIL: 23_containers/unordered_map/requirements/explicit_instantiation/4.cc (test for excess errors)
FAIL: 23_containers/vector/ext_pointer/types/2.cc execution test
FAIL: 30_threads/shared_lock/requirements/explicit_instantiation.cc (test for excess errors)
FAIL: 30_threads/shared_lock/requirements/typedefs.cc (test for excess errors)
FAIL: 30_threads/shared_timed_mutex/requirements/standard_layout.cc (test for excess errors)
FAIL: experimental/feat-cxx14.cc (test for excess errors)
=== libstdc++ Summary ===
# of expected passes 8586
# of unexpected failures 8
# of expected failures 65
# of unsupported tests 973
Compiler version: 5.0.0 20150118 (experimental) [trunk revision 219824] (GCC)
Platform: hppa2.0w-hp-hpux11.11
configure flags:Test Run By dave on Mon Jan 19 12:00:35 EST 2015