This is the mail archive of the
gcc-testresults@gcc.gnu.org
mailing list for the GCC project.
Results for 5.0.0 20150118 (experimental) testsuite on powerpc64-unknown-linux-gnu
- From: Mikael Pettersson <mikpelinux at gmail dot com>
- To: gcc-testresults at gcc dot gnu dot org
- Date: Tue, 20 Jan 2015 14:05:39 +0100
- Subject: Results for 5.0.0 20150118 (experimental) testsuite on powerpc64-unknown-linux-gnu
- Authentication-results: sourceware.org; auth=none
LAST_UPDATED: Obtained from SVN: trunk revision 219827
=== acats tests ===
=== acats Summary ===
# of expected passes 2320
# of unexpected failures 0
Native configuration is powerpc64-unknown-linux-gnu
=== g++ tests ===
Running target unix
FAIL: g++.dg/abi/scoped1.C -std=gnu++11 execution test
FAIL: g++.dg/abi/scoped1.C -std=gnu++14 execution test
FAIL: g++.dg/ipa/devirt-28a.C -std=gnu++11 (test for excess errors)
FAIL: g++.dg/ipa/devirt-28a.C -std=gnu++14 (test for excess errors)
FAIL: g++.dg/ipa/devirt-28a.C -std=gnu++98 (test for excess errors)
FAIL: g++.dg/vect/pr64410.cc -std=c++11 scan-tree-dump vect "vectorized 1 loops in function"
FAIL: g++.dg/vect/pr64410.cc -std=c++14 scan-tree-dump vect "vectorized 1 loops in function"
FAIL: g++.dg/vect/pr64410.cc -std=c++98 scan-tree-dump vect "vectorized 1 loops in function"
=== g++ Summary ===
# of expected passes 79982
# of unexpected failures 8
# of expected failures 265
# of unsupported tests 3390
/mnt/archive/objdir50/gcc/testsuite/g++/../../xg++ version 5.0.0 20150118 (experimental) (GCC)
=== gcc tests ===
Running target unix
FAIL: gcc.dg/sms-8.c scan-rtl-dump-times sms "SMS succeeded" 0
XPASS: gcc.dg/guality/example.c -O0 execution test
XPASS: gcc.dg/guality/example.c -O1 execution test
XPASS: gcc.dg/guality/example.c -O2 execution test
XPASS: gcc.dg/guality/guality.c -O0 execution test
XPASS: gcc.dg/guality/guality.c -O1 execution test
XPASS: gcc.dg/guality/guality.c -O2 execution test
XPASS: gcc.dg/guality/guality.c -O3 -fomit-frame-pointer execution test
XPASS: gcc.dg/guality/guality.c -O3 -g execution test
XPASS: gcc.dg/guality/guality.c -Os execution test
XPASS: gcc.dg/guality/inline-params.c -O2 execution test
XPASS: gcc.dg/guality/inline-params.c -O3 -fomit-frame-pointer execution test
XPASS: gcc.dg/guality/inline-params.c -O3 -g execution test
XPASS: gcc.dg/guality/inline-params.c -Os execution test
FAIL: gcc.dg/guality/pr36728-1.c -O1 line 16 arg6 == 6
FAIL: gcc.dg/guality/pr36728-1.c -O1 line 16 arg7 == 30
FAIL: gcc.dg/guality/pr36728-1.c -O1 line 18 arg5 == 5
FAIL: gcc.dg/guality/pr36728-1.c -O1 line 18 arg6 == 6
FAIL: gcc.dg/guality/pr36728-1.c -O1 line 18 arg7 == 30
FAIL: gcc.dg/guality/pr36728-1.c -O2 line 16 arg6 == 6
FAIL: gcc.dg/guality/pr36728-1.c -O2 line 18 arg1 == 1
FAIL: gcc.dg/guality/pr36728-1.c -O2 line 18 arg5 == 5
FAIL: gcc.dg/guality/pr36728-1.c -O2 line 18 arg6 == 6
FAIL: gcc.dg/guality/pr36728-1.c -O2 line 18 arg7 == 30
FAIL: gcc.dg/guality/pr36728-1.c -O3 -fomit-frame-pointer line 16 arg6 == 6
FAIL: gcc.dg/guality/pr36728-1.c -O3 -fomit-frame-pointer line 18 arg1 == 1
FAIL: gcc.dg/guality/pr36728-1.c -O3 -fomit-frame-pointer line 18 arg5 == 5
FAIL: gcc.dg/guality/pr36728-1.c -O3 -fomit-frame-pointer line 18 arg6 == 6
FAIL: gcc.dg/guality/pr36728-1.c -O3 -fomit-frame-pointer line 18 arg7 == 30
FAIL: gcc.dg/guality/pr36728-1.c -O3 -g line 16 arg6 == 6
FAIL: gcc.dg/guality/pr36728-1.c -O3 -g line 18 arg1 == 1
FAIL: gcc.dg/guality/pr36728-1.c -O3 -g line 18 arg5 == 5
FAIL: gcc.dg/guality/pr36728-1.c -O3 -g line 18 arg6 == 6
FAIL: gcc.dg/guality/pr36728-1.c -O3 -g line 18 arg7 == 30
FAIL: gcc.dg/guality/pr36728-1.c -Os line 16 arg5 == 5
FAIL: gcc.dg/guality/pr36728-1.c -Os line 16 arg6 == 6
FAIL: gcc.dg/guality/pr36728-1.c -Os line 16 arg7 == 30
FAIL: gcc.dg/guality/pr36728-1.c -Os line 18 arg1 == 1
FAIL: gcc.dg/guality/pr36728-1.c -Os line 18 arg5 == 5
FAIL: gcc.dg/guality/pr36728-1.c -Os line 18 arg6 == 6
FAIL: gcc.dg/guality/pr36728-1.c -Os line 18 arg7 == 30
FAIL: gcc.dg/guality/pr36728-2.c -O1 line 16 arg7 == 30
FAIL: gcc.dg/guality/pr36728-2.c -O1 line 18 arg6 == 6
FAIL: gcc.dg/guality/pr36728-2.c -O1 line 18 arg7 == 30
FAIL: gcc.dg/guality/pr36728-2.c -O2 line 16 arg6 == 6
FAIL: gcc.dg/guality/pr36728-2.c -O2 line 18 arg6 == 6
FAIL: gcc.dg/guality/pr36728-2.c -O2 line 18 arg7 == 30
FAIL: gcc.dg/guality/pr36728-2.c -O3 -fomit-frame-pointer line 16 arg6 == 6
FAIL: gcc.dg/guality/pr36728-2.c -O3 -fomit-frame-pointer line 18 arg6 == 6
FAIL: gcc.dg/guality/pr36728-2.c -O3 -fomit-frame-pointer line 18 arg7 == 30
FAIL: gcc.dg/guality/pr36728-2.c -O3 -g line 16 arg6 == 6
FAIL: gcc.dg/guality/pr36728-2.c -O3 -g line 18 arg6 == 6
FAIL: gcc.dg/guality/pr36728-2.c -O3 -g line 18 arg7 == 30
FAIL: gcc.dg/guality/pr36728-2.c -Os line 16 arg6 == 6
FAIL: gcc.dg/guality/pr36728-2.c -Os line 16 arg7 == 30
FAIL: gcc.dg/guality/pr36728-2.c -Os line 18 arg6 == 6
FAIL: gcc.dg/guality/pr36728-2.c -Os line 18 arg7 == 30
FAIL: gcc.dg/guality/pr36728-2.c -Os line 18 y == 2
FAIL: gcc.dg/guality/pr36728-3.c -O1 line 14 arg6 == 6
FAIL: gcc.dg/guality/pr36728-3.c -O1 line 14 arg7 == 30
FAIL: gcc.dg/guality/pr36728-3.c -O1 line 16 arg6 == 6
FAIL: gcc.dg/guality/pr36728-3.c -O1 line 16 arg7 == 30
FAIL: gcc.dg/guality/pr36728-3.c -O2 line 14 arg6 == 6
FAIL: gcc.dg/guality/pr36728-3.c -O2 line 14 arg7 == 30
FAIL: gcc.dg/guality/pr36728-3.c -O2 line 16 arg6 == 6
FAIL: gcc.dg/guality/pr36728-3.c -O2 line 16 arg7 == 30
FAIL: gcc.dg/guality/pr36728-3.c -O3 -fomit-frame-pointer line 14 arg6 == 6
FAIL: gcc.dg/guality/pr36728-3.c -O3 -fomit-frame-pointer line 14 arg7 == 30
FAIL: gcc.dg/guality/pr36728-3.c -O3 -fomit-frame-pointer line 16 arg6 == 6
FAIL: gcc.dg/guality/pr36728-3.c -O3 -fomit-frame-pointer line 16 arg7 == 30
FAIL: gcc.dg/guality/pr36728-3.c -O3 -g line 14 arg6 == 6
FAIL: gcc.dg/guality/pr36728-3.c -O3 -g line 14 arg7 == 30
FAIL: gcc.dg/guality/pr36728-3.c -O3 -g line 16 arg6 == 6
FAIL: gcc.dg/guality/pr36728-3.c -O3 -g line 16 arg7 == 30
FAIL: gcc.dg/guality/pr36728-3.c -Os line 14 arg6 == 6
FAIL: gcc.dg/guality/pr36728-3.c -Os line 14 arg7 == 30
FAIL: gcc.dg/guality/pr36728-3.c -Os line 16 arg6 == 6
FAIL: gcc.dg/guality/pr36728-3.c -Os line 16 arg7 == 30
FAIL: gcc.dg/guality/pr36728-4.c -O1 line 14 arg7 == 30
FAIL: gcc.dg/guality/pr36728-4.c -O1 line 16 arg7 == 30
FAIL: gcc.dg/guality/pr36728-4.c -O2 line 14 arg7 == 30
FAIL: gcc.dg/guality/pr36728-4.c -O2 line 16 arg7 == 30
FAIL: gcc.dg/guality/pr36728-4.c -O3 -fomit-frame-pointer line 14 arg7 == 30
FAIL: gcc.dg/guality/pr36728-4.c -O3 -fomit-frame-pointer line 16 arg7 == 30
FAIL: gcc.dg/guality/pr36728-4.c -O3 -g line 14 arg7 == 30
FAIL: gcc.dg/guality/pr36728-4.c -O3 -g line 16 arg7 == 30
FAIL: gcc.dg/guality/pr36728-4.c -Os line 14 arg7 == 30
FAIL: gcc.dg/guality/pr36728-4.c -Os line 16 arg7 == 30
XPASS: gcc.dg/guality/pr41353-1.c -O0 line 28 j == 28 + 37
XPASS: gcc.dg/guality/pr41447-1.c -O0 execution test
XPASS: gcc.dg/guality/pr41447-1.c -O1 execution test
XPASS: gcc.dg/guality/pr41447-1.c -O2 execution test
XPASS: gcc.dg/guality/pr41447-1.c -O3 -fomit-frame-pointer execution test
XPASS: gcc.dg/guality/pr41447-1.c -O3 -g execution test
XPASS: gcc.dg/guality/pr41447-1.c -Os execution test
XPASS: gcc.dg/guality/pr41616-1.c -O0 execution test
XPASS: gcc.dg/guality/pr41616-1.c -O1 execution test
XPASS: gcc.dg/guality/pr41616-1.c -O2 execution test
XPASS: gcc.dg/guality/pr41616-1.c -O3 -fomit-frame-pointer execution test
XPASS: gcc.dg/guality/pr41616-1.c -O3 -g execution test
XPASS: gcc.dg/guality/pr41616-1.c -Os execution test
FAIL: gcc.dg/guality/pr43051-1.c -O1 line 34 c == &a[0]
FAIL: gcc.dg/guality/pr43051-1.c -O2 line 34 c == &a[0]
FAIL: gcc.dg/guality/pr43051-1.c -O3 -fomit-frame-pointer -funroll-all-loops -finline-functions line 34 c == &a[0]
FAIL: gcc.dg/guality/pr43051-1.c -O3 -fomit-frame-pointer -funroll-loops line 34 c == &a[0]
FAIL: gcc.dg/guality/pr43479.c -O1 line 13 h == 9
FAIL: gcc.dg/guality/pr43479.c -O1 line 18 h == 9
FAIL: gcc.dg/guality/pr43479.c -O2 line 13 h == 9
FAIL: gcc.dg/guality/pr43479.c -O2 line 18 h == 9
FAIL: gcc.dg/guality/pr43479.c -O3 -fomit-frame-pointer line 13 h == 9
FAIL: gcc.dg/guality/pr43479.c -O3 -fomit-frame-pointer line 18 h == 9
FAIL: gcc.dg/guality/pr43479.c -O3 -g line 13 h == 9
FAIL: gcc.dg/guality/pr43479.c -O3 -g line 18 h == 9
FAIL: gcc.dg/guality/pr43479.c -Os line 13 h == 9
FAIL: gcc.dg/guality/pr43479.c -Os line 18 h == 9
FAIL: gcc.dg/guality/pr49888.c -O1 line 18 !c == 1
FAIL: gcc.dg/guality/pr49888.c -O2 line 18 !c == 1
FAIL: gcc.dg/guality/pr49888.c -O3 -fomit-frame-pointer line 18 !c == 1
FAIL: gcc.dg/guality/pr49888.c -O3 -g line 18 !c == 1
FAIL: gcc.dg/guality/pr49888.c -Os line 18 !c == 1
FAIL: gcc.dg/guality/pr54200.c -O1 line 20 z == 3
FAIL: gcc.dg/guality/pr54200.c -O2 line 20 z == 3
FAIL: gcc.dg/guality/pr54200.c -O3 -fomit-frame-pointer line 20 z == 3
FAIL: gcc.dg/guality/pr54200.c -O3 -g line 20 z == 3
FAIL: gcc.dg/guality/pr54200.c -Os line 20 z == 3
FAIL: gcc.dg/guality/pr54693-2.c -Os line 21 y == 20 - 2 * i
FAIL: gcc.dg/guality/pr54693-2.c -Os line 21 z == 30 - 3 * i
FAIL: gcc.dg/guality/pr54970.c -O1 line 15 a[0] == 1
FAIL: gcc.dg/guality/pr54970.c -O1 line 20 a[0] == 1
FAIL: gcc.dg/guality/pr54970.c -O1 line 25 a[0] == 1
FAIL: gcc.dg/guality/pr54970.c -O1 line 31 a[0] == 4
FAIL: gcc.dg/guality/pr54970.c -O1 line 36 a[0] == 4
FAIL: gcc.dg/guality/pr54970.c -O1 line 45 a[0] == 4
FAIL: gcc.dg/guality/pr54970.c -O2 line 15 a[0] == 1
FAIL: gcc.dg/guality/pr54970.c -O2 line 20 a[0] == 1
FAIL: gcc.dg/guality/pr54970.c -O2 line 25 a[0] == 1
FAIL: gcc.dg/guality/pr54970.c -O2 line 31 a[0] == 4
FAIL: gcc.dg/guality/pr54970.c -O2 line 36 a[0] == 4
FAIL: gcc.dg/guality/pr54970.c -O2 line 45 a[0] == 4
FAIL: gcc.dg/guality/pr54970.c -O3 -fomit-frame-pointer line 15 a[0] == 1
FAIL: gcc.dg/guality/pr54970.c -O3 -fomit-frame-pointer line 20 a[0] == 1
FAIL: gcc.dg/guality/pr54970.c -O3 -fomit-frame-pointer line 25 a[0] == 1
FAIL: gcc.dg/guality/pr54970.c -O3 -fomit-frame-pointer line 31 a[0] == 4
FAIL: gcc.dg/guality/pr54970.c -O3 -fomit-frame-pointer line 36 a[0] == 4
FAIL: gcc.dg/guality/pr54970.c -O3 -fomit-frame-pointer line 45 a[0] == 4
FAIL: gcc.dg/guality/pr54970.c -O3 -g line 15 a[0] == 1
FAIL: gcc.dg/guality/pr54970.c -O3 -g line 20 a[0] == 1
FAIL: gcc.dg/guality/pr54970.c -O3 -g line 25 a[0] == 1
FAIL: gcc.dg/guality/pr54970.c -O3 -g line 31 a[0] == 4
FAIL: gcc.dg/guality/pr54970.c -O3 -g line 36 a[0] == 4
FAIL: gcc.dg/guality/pr54970.c -O3 -g line 45 a[0] == 4
FAIL: gcc.dg/guality/pr54970.c -Os line 15 a[0] == 1
FAIL: gcc.dg/guality/pr54970.c -Os line 20 a[0] == 1
FAIL: gcc.dg/guality/pr54970.c -Os line 25 a[0] == 1
FAIL: gcc.dg/guality/pr54970.c -Os line 31 a[0] == 4
FAIL: gcc.dg/guality/pr54970.c -Os line 36 a[0] == 4
FAIL: gcc.dg/guality/pr54970.c -Os line 45 a[0] == 4
FAIL: gcc.dg/guality/sra-1.c -O1 line 43 a.j == 14
FAIL: gcc.dg/guality/sra-1.c -O2 line 43 a.j == 14
FAIL: gcc.dg/guality/sra-1.c -O3 -fomit-frame-pointer line 43 a.j == 14
FAIL: gcc.dg/guality/sra-1.c -O3 -g line 43 a.j == 14
FAIL: gcc.dg/guality/sra-1.c -Os line 43 a.i == 4
FAIL: gcc.dg/guality/sra-1.c -Os line 43 a.j == 14
FAIL: gcc.dg/tree-prof/crossmodule-indircall-1a.c compilation, -fprofile-generate -D_PROFILE_GENERATE
UNRESOLVED: gcc.dg/tree-prof/crossmodule-indircall-1a.c compilation, -fprofile-use -D_PROFILE_USE
UNRESOLVED: gcc.dg/tree-prof/crossmodule-indircall-1a.c execution, -fprofile-generate -D_PROFILE_GENERATE
UNRESOLVED: gcc.dg/tree-prof/crossmodule-indircall-1a.c execution, -fprofile-use -D_PROFILE_USE
FAIL: gcc.dg/tree-ssa/ivopts-lt-2.c scan-tree-dump-times ivopts "PHI <p_" 1
FAIL: gcc.dg/tree-ssa/ivopts-lt-2.c scan-tree-dump-times ivopts "PHI" 1
FAIL: gcc.dg/tree-ssa/ivopts-lt-2.c scan-tree-dump-times ivopts "p_[0-9]* <" 1
FAIL: gcc.dg/tree-ssa/sra-12.c scan-tree-dump-times release_ssa "l;" 0
FAIL: gcc.dg/tree-ssa/ssa-dom-cse-2.c scan-tree-dump optimized "return 28;"
FAIL: gcc.dg/vect/costmodel/ppc/costmodel-bb-slp-9a.c scan-tree-dump-times slp2 "basic block vectorized using SLP" 1
FAIL: gcc.dg/vect/costmodel/ppc/costmodel-vect-31a.c scan-tree-dump-times vect "vectorization not profitable" 1
FAIL: gcc.dg/vect/costmodel/ppc/costmodel-vect-33.c scan-tree-dump-times vect "vectorization not profitable" 1
FAIL: gcc.dg/vect/no-vfa-vect-depend-2.c scan-tree-dump-times vect "vectorized 1 loops" 1
FAIL: gcc.dg/vect/no-vfa-vect-depend-3.c scan-tree-dump-times vect "vectorized 1 loops" 4
FAIL: gcc.dg/vect/vect-31.c scan-tree-dump-times vect "vectorized 4 loops" 1
FAIL: gcc.dg/vmx/extract-vsx-be-order.c -O0 execution test
FAIL: gcc.dg/vmx/extract-vsx.c -O0 execution test
FAIL: gcc.dg/vmx/insert-vsx-be-order.c -O0 execution test
FAIL: gcc.dg/vmx/insert-vsx-be-order.c -O1 execution test
FAIL: gcc.dg/vmx/insert-vsx-be-order.c -O2 execution test
FAIL: gcc.dg/vmx/insert-vsx-be-order.c -O3 -fomit-frame-pointer execution test
FAIL: gcc.dg/vmx/insert-vsx-be-order.c -O3 -g execution test
FAIL: gcc.dg/vmx/insert-vsx-be-order.c -Os execution test
FAIL: gcc.dg/vmx/insert-vsx.c -O0 execution test
FAIL: gcc.dg/vmx/insert-vsx.c -O1 execution test
FAIL: gcc.dg/vmx/insert-vsx.c -O2 execution test
FAIL: gcc.dg/vmx/insert-vsx.c -O3 -fomit-frame-pointer execution test
FAIL: gcc.dg/vmx/insert-vsx.c -O3 -g execution test
FAIL: gcc.dg/vmx/insert-vsx.c -Os execution test
FAIL: gcc.dg/vmx/ld-vsx-be-order.c -O0 execution test
FAIL: gcc.dg/vmx/ld-vsx-be-order.c -O1 execution test
FAIL: gcc.dg/vmx/ld-vsx-be-order.c -O2 execution test
FAIL: gcc.dg/vmx/ld-vsx-be-order.c -O3 -fomit-frame-pointer execution test
FAIL: gcc.dg/vmx/ld-vsx-be-order.c -O3 -fomit-frame-pointer -funroll-all-loops -finline-functions execution test
FAIL: gcc.dg/vmx/ld-vsx-be-order.c -O3 -fomit-frame-pointer -funroll-loops execution test
FAIL: gcc.dg/vmx/ld-vsx-be-order.c -O3 -g execution test
FAIL: gcc.dg/vmx/ld-vsx-be-order.c -Os execution test
FAIL: gcc.dg/vmx/ld-vsx.c -O0 execution test
FAIL: gcc.dg/vmx/ld-vsx.c -O1 execution test
FAIL: gcc.dg/vmx/ld-vsx.c -O2 execution test
FAIL: gcc.dg/vmx/ld-vsx.c -O3 -fomit-frame-pointer execution test
FAIL: gcc.dg/vmx/ld-vsx.c -O3 -fomit-frame-pointer -funroll-all-loops -finline-functions execution test
FAIL: gcc.dg/vmx/ld-vsx.c -O3 -fomit-frame-pointer -funroll-loops execution test
FAIL: gcc.dg/vmx/ld-vsx.c -O3 -g execution test
FAIL: gcc.dg/vmx/ld-vsx.c -Os execution test
FAIL: gcc.dg/vmx/ldl-vsx-be-order.c -O0 execution test
FAIL: gcc.dg/vmx/ldl-vsx-be-order.c -O1 execution test
FAIL: gcc.dg/vmx/ldl-vsx-be-order.c -O2 execution test
FAIL: gcc.dg/vmx/ldl-vsx-be-order.c -O3 -fomit-frame-pointer execution test
FAIL: gcc.dg/vmx/ldl-vsx-be-order.c -O3 -fomit-frame-pointer -funroll-all-loops -finline-functions execution test
FAIL: gcc.dg/vmx/ldl-vsx-be-order.c -O3 -fomit-frame-pointer -funroll-loops execution test
FAIL: gcc.dg/vmx/ldl-vsx-be-order.c -O3 -g execution test
FAIL: gcc.dg/vmx/ldl-vsx-be-order.c -Os execution test
FAIL: gcc.dg/vmx/ldl-vsx.c -O0 execution test
FAIL: gcc.dg/vmx/ldl-vsx.c -O1 execution test
FAIL: gcc.dg/vmx/ldl-vsx.c -O2 execution test
FAIL: gcc.dg/vmx/ldl-vsx.c -O3 -fomit-frame-pointer execution test
FAIL: gcc.dg/vmx/ldl-vsx.c -O3 -fomit-frame-pointer -funroll-all-loops -finline-functions execution test
FAIL: gcc.dg/vmx/ldl-vsx.c -O3 -fomit-frame-pointer -funroll-loops execution test
FAIL: gcc.dg/vmx/ldl-vsx.c -O3 -g execution test
FAIL: gcc.dg/vmx/ldl-vsx.c -Os execution test
FAIL: gcc.dg/vmx/merge-vsx-be-order.c -O0 execution test
FAIL: gcc.dg/vmx/merge-vsx-be-order.c -O1 execution test
FAIL: gcc.dg/vmx/merge-vsx-be-order.c -O2 execution test
FAIL: gcc.dg/vmx/merge-vsx-be-order.c -O3 -fomit-frame-pointer execution test
FAIL: gcc.dg/vmx/merge-vsx-be-order.c -O3 -g execution test
FAIL: gcc.dg/vmx/merge-vsx-be-order.c -Os execution test
FAIL: gcc.dg/vmx/merge-vsx.c -O0 execution test
FAIL: gcc.dg/vmx/merge-vsx.c -O1 execution test
FAIL: gcc.dg/vmx/merge-vsx.c -O2 execution test
FAIL: gcc.dg/vmx/merge-vsx.c -O3 -fomit-frame-pointer execution test
FAIL: gcc.dg/vmx/merge-vsx.c -O3 -g execution test
FAIL: gcc.dg/vmx/merge-vsx.c -Os execution test
FAIL: gcc.dg/vmx/splat-vsx-be-order.c -O0 execution test
FAIL: gcc.dg/vmx/splat-vsx-be-order.c -O1 execution test
FAIL: gcc.dg/vmx/splat-vsx-be-order.c -O2 execution test
FAIL: gcc.dg/vmx/splat-vsx-be-order.c -O3 -fomit-frame-pointer execution test
FAIL: gcc.dg/vmx/splat-vsx-be-order.c -O3 -g execution test
FAIL: gcc.dg/vmx/splat-vsx-be-order.c -Os execution test
FAIL: gcc.dg/vmx/splat-vsx.c -O0 execution test
FAIL: gcc.dg/vmx/splat-vsx.c -O1 execution test
FAIL: gcc.dg/vmx/splat-vsx.c -O2 execution test
FAIL: gcc.dg/vmx/splat-vsx.c -O3 -fomit-frame-pointer execution test
FAIL: gcc.dg/vmx/splat-vsx.c -O3 -g execution test
FAIL: gcc.dg/vmx/splat-vsx.c -Os execution test
FAIL: gcc.dg/vmx/st-vsx-be-order.c -O0 execution test
FAIL: gcc.dg/vmx/st-vsx-be-order.c -O1 execution test
FAIL: gcc.dg/vmx/st-vsx-be-order.c -O2 execution test
FAIL: gcc.dg/vmx/st-vsx-be-order.c -O3 -fomit-frame-pointer execution test
FAIL: gcc.dg/vmx/st-vsx-be-order.c -O3 -fomit-frame-pointer -funroll-all-loops -finline-functions execution test
FAIL: gcc.dg/vmx/st-vsx-be-order.c -O3 -fomit-frame-pointer -funroll-loops execution test
FAIL: gcc.dg/vmx/st-vsx-be-order.c -O3 -g execution test
FAIL: gcc.dg/vmx/st-vsx-be-order.c -Os execution test
FAIL: gcc.dg/vmx/st-vsx.c -O0 execution test
FAIL: gcc.dg/vmx/st-vsx.c -O1 execution test
FAIL: gcc.dg/vmx/st-vsx.c -O2 execution test
FAIL: gcc.dg/vmx/st-vsx.c -O3 -fomit-frame-pointer execution test
FAIL: gcc.dg/vmx/st-vsx.c -O3 -fomit-frame-pointer -funroll-all-loops -finline-functions execution test
FAIL: gcc.dg/vmx/st-vsx.c -O3 -fomit-frame-pointer -funroll-loops execution test
FAIL: gcc.dg/vmx/st-vsx.c -O3 -g execution test
FAIL: gcc.dg/vmx/st-vsx.c -Os execution test
FAIL: gcc.dg/vmx/stl-vsx-be-order.c -O0 execution test
FAIL: gcc.dg/vmx/stl-vsx-be-order.c -O1 execution test
FAIL: gcc.dg/vmx/stl-vsx-be-order.c -O2 execution test
FAIL: gcc.dg/vmx/stl-vsx-be-order.c -O3 -fomit-frame-pointer execution test
FAIL: gcc.dg/vmx/stl-vsx-be-order.c -O3 -fomit-frame-pointer -funroll-all-loops -finline-functions execution test
FAIL: gcc.dg/vmx/stl-vsx-be-order.c -O3 -fomit-frame-pointer -funroll-loops execution test
FAIL: gcc.dg/vmx/stl-vsx-be-order.c -O3 -g execution test
FAIL: gcc.dg/vmx/stl-vsx-be-order.c -Os execution test
FAIL: gcc.dg/vmx/stl-vsx.c -O0 execution test
FAIL: gcc.dg/vmx/stl-vsx.c -O1 execution test
FAIL: gcc.dg/vmx/stl-vsx.c -O2 execution test
FAIL: gcc.dg/vmx/stl-vsx.c -O3 -fomit-frame-pointer execution test
FAIL: gcc.dg/vmx/stl-vsx.c -O3 -fomit-frame-pointer -funroll-all-loops -finline-functions execution test
FAIL: gcc.dg/vmx/stl-vsx.c -O3 -fomit-frame-pointer -funroll-loops execution test
FAIL: gcc.dg/vmx/stl-vsx.c -O3 -g execution test
FAIL: gcc.dg/vmx/stl-vsx.c -Os execution test
=== gcc Summary ===
# of expected passes 80235
# of unexpected failures 251
# of unexpected successes 26
# of expected failures 184
# of unresolved testcases 3
# of unsupported tests 1647
/mnt/archive/objdir50/gcc/xgcc version 5.0.0 20150118 (experimental) (GCC)
=== gfortran tests ===
Running target unix
FAIL: gfortran.dg/bessel_6.f90 -O0 execution test
FAIL: gfortran.dg/bessel_6.f90 -O1 execution test
FAIL: gfortran.dg/bessel_6.f90 -O2 execution test
FAIL: gfortran.dg/bessel_6.f90 -O3 -fomit-frame-pointer execution test
FAIL: gfortran.dg/bessel_6.f90 -O3 -fomit-frame-pointer -funroll-all-loops -finline-functions execution test
FAIL: gfortran.dg/bessel_6.f90 -O3 -fomit-frame-pointer -funroll-loops execution test
FAIL: gfortran.dg/bessel_6.f90 -O3 -g execution test
FAIL: gfortran.dg/bessel_6.f90 -Os execution test
FAIL: gfortran.dg/default_format_denormal_2.f90 -O0 execution test
FAIL: gfortran.dg/default_format_denormal_2.f90 -O1 execution test
FAIL: gfortran.dg/default_format_denormal_2.f90 -O2 execution test
FAIL: gfortran.dg/default_format_denormal_2.f90 -O3 -fomit-frame-pointer execution test
FAIL: gfortran.dg/default_format_denormal_2.f90 -O3 -fomit-frame-pointer -funroll-all-loops -finline-functions execution test
FAIL: gfortran.dg/default_format_denormal_2.f90 -O3 -fomit-frame-pointer -funroll-loops execution test
FAIL: gfortran.dg/default_format_denormal_2.f90 -O3 -g execution test
FAIL: gfortran.dg/default_format_denormal_2.f90 -Os execution test
FAIL: gfortran.dg/erf_3.F90 -O0 execution test
FAIL: gfortran.dg/erf_3.F90 -O1 execution test
FAIL: gfortran.dg/erf_3.F90 -O2 execution test
FAIL: gfortran.dg/erf_3.F90 -O3 -fomit-frame-pointer execution test
FAIL: gfortran.dg/erf_3.F90 -O3 -fomit-frame-pointer -funroll-all-loops -finline-functions execution test
FAIL: gfortran.dg/erf_3.F90 -O3 -fomit-frame-pointer -funroll-loops execution test
FAIL: gfortran.dg/erf_3.F90 -O3 -g execution test
FAIL: gfortran.dg/erf_3.F90 -Os execution test
XPASS: gfortran.dg/nint_2.f90 -O0 execution test
FAIL: gfortran.dg/vect/pr48329.f90 -O scan-tree-dump-times vect "vectorized 1 loops" 1
=== gfortran Summary ===
# of expected passes 47167
# of unexpected failures 25
# of unexpected successes 1
# of expected failures 78
# of unsupported tests 253
/mnt/archive/objdir50/gcc/testsuite/gfortran/../../gfortran version 5.0.0 20150118 (experimental) (GCC)
=== gnat tests ===
Running target unix
=== gnat Summary ===
# of expected passes 1298
# of expected failures 20
# of unsupported tests 17
/mnt/archive/objdir50/gcc/gnatmake version 5.0.0 20150118 (experimental)
=== libatomic tests ===
Running target unix
=== libatomic Summary ===
# of expected passes 44
# of unsupported tests 5
=== libgomp tests ===
Running target unix
=== libgomp Summary ===
# of expected passes 5670
# of unsupported tests 279
=== libitm tests ===
Running target unix
=== libitm Summary ===
# of expected passes 26
# of expected failures 3
# of unsupported tests 1
=== libstdc++ tests ===
Running target unix
FAIL: libstdc++-abi/abi_check
FAIL: libstdc++-prettyprinters/48362.cc print t2
FAIL: libstdc++-prettyprinters/cxx11.cc print rtpl
FAIL: libstdc++-prettyprinters/cxx11.cc print tpl
=== libstdc++ Summary ===
# of expected passes 10409
# of unexpected failures 4
# of expected failures 65
# of unsupported tests 238
Compiler version: 5.0.0 20150118 (experimental)
Platform: powerpc64-unknown-linux-gnu
configure flags: --prefix=/mnt/archive/install50 --with-gmp=/home/mikpe/pkgs/linux-ppc64/gmp-5.1.3 --with-mpfr=/home/mikpe/pkgs/linux-ppc64/mpfr-3.1.2 --with-mpc=/home/mikpe/pkgs/linux-ppc64/mpc-1.0.2 --disable-plugin --disable-lto --disable-nls --enable-threads=posix --with-cpu=default32 --enable-checking=release --disable-libmudflap --enable-linker-build-id --enable-languages=c,c++,fortran,ada --disable-libsanitizer
BOOT_CFLAGS=-g -O2