This is the mail archive of the
gcc-testresults@gcc.gnu.org
mailing list for the GCC project.
Results for 4.9.3 20150111 (prerelease) (GCC) gfortran testsuite on powerpc-unknown-rtems4.11
- From: Joel Sherrill <joel at rtems dot org>
- To: gcc-testresults at gcc dot gnu dot org
- Date: Sun, 11 Jan 2015 16:39:40 -0600
- Subject: Results for 4.9.3 20150111 (prerelease) (GCC) gfortran testsuite on powerpc-unknown-rtems4.11
- Authentication-results: sourceware.org; auth=none
Target is powerpc-unknown-rtems4.11
Host is x86_64-unknown-linux-gnu
=== gfortran tests ===
Running target rtems-powerpc-psim
FAIL: gfortran.dg/array_temporaries_2.f90 -O0 output pattern test, is powerpc-rtems4.11-run is /users/joel/test-gcc/install-4.9-branch/bin/powerpc-rtems4.11-run
FAIL: gfortran.dg/array_temporaries_2.f90 -O1 output pattern test, is powerpc-rtems4.11-run is /users/joel/test-gcc/install-4.9-branch/bin/powerpc-rtems4.11-run
FAIL: gfortran.dg/array_temporaries_2.f90 -O2 output pattern test, is powerpc-rtems4.11-run is /users/joel/test-gcc/install-4.9-branch/bin/powerpc-rtems4.11-run
FAIL: gfortran.dg/array_temporaries_2.f90 -O3 -fomit-frame-pointer output pattern test, is powerpc-rtems4.11-run is /users/joel/test-gcc/install-4.9-branch/bin/powerpc-rtems4.11-run
FAIL: gfortran.dg/array_temporaries_2.f90 -O3 -fomit-frame-pointer -funroll-loops output pattern test, is powerpc-rtems4.11-run is /users/joel/test-gcc/install-4.9-branch/bin/powerpc-rtems4.11-run
FAIL: gfortran.dg/array_temporaries_2.f90 -O3 -fomit-frame-pointer -funroll-all-loops -finline-functions output pattern test, is powerpc-rtems4.11-run is /users/joel/test-gcc/install-4.9-branch/bin/powerpc-rtems4.11-run
FAIL: gfortran.dg/array_temporaries_2.f90 -O3 -g output pattern test, is powerpc-rtems4.11-run is /users/joel/test-gcc/install-4.9-branch/bin/powerpc-rtems4.11-run
FAIL: gfortran.dg/array_temporaries_2.f90 -Os output pattern test, is powerpc-rtems4.11-run is /users/joel/test-gcc/install-4.9-branch/bin/powerpc-rtems4.11-run
FAIL: gfortran.dg/bessel_7.f90 -O0 execution test
FAIL: gfortran.dg/bessel_7.f90 -O1 execution test
FAIL: gfortran.dg/bessel_7.f90 -O2 execution test
FAIL: gfortran.dg/bessel_7.f90 -O3 -fomit-frame-pointer execution test
FAIL: gfortran.dg/bessel_7.f90 -O3 -fomit-frame-pointer -funroll-loops execution test
FAIL: gfortran.dg/bessel_7.f90 -O3 -fomit-frame-pointer -funroll-all-loops -finline-functions execution test
FAIL: gfortran.dg/bessel_7.f90 -O3 -g execution test
FAIL: gfortran.dg/bessel_7.f90 -Os execution test
FAIL: gfortran.dg/dev_null.F90 -O0 execution test
FAIL: gfortran.dg/dev_null.F90 -O1 execution test
FAIL: gfortran.dg/dev_null.F90 -O2 execution test
FAIL: gfortran.dg/dev_null.F90 -O3 -fomit-frame-pointer execution test
FAIL: gfortran.dg/dev_null.F90 -O3 -fomit-frame-pointer -funroll-loops execution test
FAIL: gfortran.dg/dev_null.F90 -O3 -fomit-frame-pointer -funroll-all-loops -finline-functions execution test
FAIL: gfortran.dg/dev_null.F90 -O3 -g execution test
FAIL: gfortran.dg/dev_null.F90 -Os execution test
FAIL: gfortran.dg/direct_io_12.f90 -O0 execution test
FAIL: gfortran.dg/direct_io_12.f90 -O1 execution test
FAIL: gfortran.dg/direct_io_12.f90 -O2 execution test
FAIL: gfortran.dg/direct_io_12.f90 -O3 -fomit-frame-pointer execution test
FAIL: gfortran.dg/direct_io_12.f90 -O3 -fomit-frame-pointer -funroll-loops execution test
FAIL: gfortran.dg/direct_io_12.f90 -O3 -fomit-frame-pointer -funroll-all-loops -finline-functions execution test
FAIL: gfortran.dg/direct_io_12.f90 -O3 -g execution test
FAIL: gfortran.dg/direct_io_12.f90 -Os execution test
FAIL: gfortran.dg/dollar_edit_descriptor_3.f -O0 output pattern test, is powerpc-rtems4.11-run is /users/joel/test-gcc/install-4.9-branch/bin/powerpc-rtems4.11-run
FAIL: gfortran.dg/dollar_edit_descriptor_3.f -O1 output pattern test, is powerpc-rtems4.11-run is /users/joel/test-gcc/install-4.9-branch/bin/powerpc-rtems4.11-run
FAIL: gfortran.dg/dollar_edit_descriptor_3.f -O2 output pattern test, is powerpc-rtems4.11-run is /users/joel/test-gcc/install-4.9-branch/bin/powerpc-rtems4.11-run
FAIL: gfortran.dg/dollar_edit_descriptor_3.f -O3 -fomit-frame-pointer output pattern test, is powerpc-rtems4.11-run is /users/joel/test-gcc/install-4.9-branch/bin/powerpc-rtems4.11-run
FAIL: gfortran.dg/dollar_edit_descriptor_3.f -O3 -fomit-frame-pointer -funroll-loops output pattern test, is powerpc-rtems4.11-run is /users/joel/test-gcc/install-4.9-branch/bin/powerpc-rtems4.11-run
FAIL: gfortran.dg/dollar_edit_descriptor_3.f -O3 -fomit-frame-pointer -funroll-all-loops -finline-functions output pattern test, is powerpc-rtems4.11-run is /users/joel/test-gcc/install-4.9-branch/bin/powerpc-rtems4.11-run
FAIL: gfortran.dg/dollar_edit_descriptor_3.f -O3 -g output pattern test, is powerpc-rtems4.11-run is /users/joel/test-gcc/install-4.9-branch/bin/powerpc-rtems4.11-run
FAIL: gfortran.dg/dollar_edit_descriptor_3.f -Os output pattern test, is powerpc-rtems4.11-run is /users/joel/test-gcc/install-4.9-branch/bin/powerpc-rtems4.11-run
UNRESOLVED: gfortran.dg/fmt_en.f90 -O0 scan-file All kinds rounded to nearest
UNRESOLVED: gfortran.dg/fmt_en.f90 -O1 scan-file All kinds rounded to nearest
UNRESOLVED: gfortran.dg/fmt_en.f90 -O2 scan-file All kinds rounded to nearest
UNRESOLVED: gfortran.dg/fmt_en.f90 -O3 -fomit-frame-pointer scan-file All kinds rounded to nearest
UNRESOLVED: gfortran.dg/fmt_en.f90 -O3 -fomit-frame-pointer -funroll-loops scan-file All kinds rounded to nearest
UNRESOLVED: gfortran.dg/fmt_en.f90 -O3 -fomit-frame-pointer -funroll-all-loops -finline-functions scan-file All kinds rounded to nearest
UNRESOLVED: gfortran.dg/fmt_en.f90 -O3 -g scan-file All kinds rounded to nearest
UNRESOLVED: gfortran.dg/fmt_en.f90 -Os scan-file All kinds rounded to nearest
FAIL: gfortran.dg/fmt_error_4.f90 -O0 output pattern test, is powerpc-rtems4.11-run is /users/joel/test-gcc/install-4.9-branch/bin/powerpc-rtems4.11-run
FAIL: gfortran.dg/fmt_error_4.f90 -O1 output pattern test, is powerpc-rtems4.11-run is /users/joel/test-gcc/install-4.9-branch/bin/powerpc-rtems4.11-run
FAIL: gfortran.dg/fmt_error_4.f90 -O2 output pattern test, is powerpc-rtems4.11-run is /users/joel/test-gcc/install-4.9-branch/bin/powerpc-rtems4.11-run
FAIL: gfortran.dg/fmt_error_4.f90 -O3 -fomit-frame-pointer output pattern test, is powerpc-rtems4.11-run is /users/joel/test-gcc/install-4.9-branch/bin/powerpc-rtems4.11-run
FAIL: gfortran.dg/fmt_error_4.f90 -O3 -fomit-frame-pointer -funroll-loops output pattern test, is powerpc-rtems4.11-run is /users/joel/test-gcc/install-4.9-branch/bin/powerpc-rtems4.11-run
FAIL: gfortran.dg/fmt_error_4.f90 -O3 -fomit-frame-pointer -funroll-all-loops -finline-functions output pattern test, is powerpc-rtems4.11-run is /users/joel/test-gcc/install-4.9-branch/bin/powerpc-rtems4.11-run
FAIL: gfortran.dg/fmt_error_4.f90 -O3 -g output pattern test, is powerpc-rtems4.11-run is /users/joel/test-gcc/install-4.9-branch/bin/powerpc-rtems4.11-run
FAIL: gfortran.dg/fmt_error_4.f90 -Os output pattern test, is powerpc-rtems4.11-run is /users/joel/test-gcc/install-4.9-branch/bin/powerpc-rtems4.11-run
FAIL: gfortran.dg/fmt_error_5.f90 -O0 output pattern test, is powerpc-rtems4.11-run is /users/joel/test-gcc/install-4.9-branch/bin/powerpc-rtems4.11-run
FAIL: gfortran.dg/fmt_error_5.f90 -O1 output pattern test, is powerpc-rtems4.11-run is /users/joel/test-gcc/install-4.9-branch/bin/powerpc-rtems4.11-run
FAIL: gfortran.dg/fmt_error_5.f90 -O2 output pattern test, is powerpc-rtems4.11-run is /users/joel/test-gcc/install-4.9-branch/bin/powerpc-rtems4.11-run
FAIL: gfortran.dg/fmt_error_5.f90 -O3 -fomit-frame-pointer output pattern test, is powerpc-rtems4.11-run is /users/joel/test-gcc/install-4.9-branch/bin/powerpc-rtems4.11-run
FAIL: gfortran.dg/fmt_error_5.f90 -O3 -fomit-frame-pointer -funroll-loops output pattern test, is powerpc-rtems4.11-run is /users/joel/test-gcc/install-4.9-branch/bin/powerpc-rtems4.11-run
FAIL: gfortran.dg/fmt_error_5.f90 -O3 -fomit-frame-pointer -funroll-all-loops -finline-functions output pattern test, is powerpc-rtems4.11-run is /users/joel/test-gcc/install-4.9-branch/bin/powerpc-rtems4.11-run
FAIL: gfortran.dg/fmt_error_5.f90 -O3 -g output pattern test, is powerpc-rtems4.11-run is /users/joel/test-gcc/install-4.9-branch/bin/powerpc-rtems4.11-run
FAIL: gfortran.dg/fmt_error_5.f90 -Os output pattern test, is powerpc-rtems4.11-run is /users/joel/test-gcc/install-4.9-branch/bin/powerpc-rtems4.11-run
FAIL: gfortran.dg/fmt_float.f90 -O0 output pattern test, is powerpc-rtems4.11-run is /users/joel/test-gcc/install-4.9-branch/bin/powerpc-rtems4.11-run
FAIL: gfortran.dg/fmt_float.f90 -O1 output pattern test, is powerpc-rtems4.11-run is /users/joel/test-gcc/install-4.9-branch/bin/powerpc-rtems4.11-run
FAIL: gfortran.dg/fmt_float.f90 -O2 output pattern test, is powerpc-rtems4.11-run is /users/joel/test-gcc/install-4.9-branch/bin/powerpc-rtems4.11-run
FAIL: gfortran.dg/fmt_float.f90 -O3 -fomit-frame-pointer output pattern test, is powerpc-rtems4.11-run is /users/joel/test-gcc/install-4.9-branch/bin/powerpc-rtems4.11-run
FAIL: gfortran.dg/fmt_float.f90 -O3 -fomit-frame-pointer -funroll-loops output pattern test, is powerpc-rtems4.11-run is /users/joel/test-gcc/install-4.9-branch/bin/powerpc-rtems4.11-run
FAIL: gfortran.dg/fmt_float.f90 -O3 -fomit-frame-pointer -funroll-all-loops -finline-functions output pattern test, is powerpc-rtems4.11-run is /users/joel/test-gcc/install-4.9-branch/bin/powerpc-rtems4.11-run
FAIL: gfortran.dg/fmt_float.f90 -O3 -g output pattern test, is powerpc-rtems4.11-run is /users/joel/test-gcc/install-4.9-branch/bin/powerpc-rtems4.11-run
FAIL: gfortran.dg/fmt_float.f90 -Os output pattern test, is powerpc-rtems4.11-run is /users/joel/test-gcc/install-4.9-branch/bin/powerpc-rtems4.11-run
FAIL: gfortran.dg/fmt_l.f90 -O0 output pattern test, is powerpc-rtems4.11-run is /users/joel/test-gcc/install-4.9-branch/bin/powerpc-rtems4.11-run
FAIL: gfortran.dg/fmt_l.f90 -O1 output pattern test, is powerpc-rtems4.11-run is /users/joel/test-gcc/install-4.9-branch/bin/powerpc-rtems4.11-run
FAIL: gfortran.dg/fmt_l.f90 -O2 output pattern test, is powerpc-rtems4.11-run is /users/joel/test-gcc/install-4.9-branch/bin/powerpc-rtems4.11-run
FAIL: gfortran.dg/fmt_l.f90 -O3 -fomit-frame-pointer output pattern test, is powerpc-rtems4.11-run is /users/joel/test-gcc/install-4.9-branch/bin/powerpc-rtems4.11-run
FAIL: gfortran.dg/fmt_l.f90 -O3 -fomit-frame-pointer -funroll-loops output pattern test, is powerpc-rtems4.11-run is /users/joel/test-gcc/install-4.9-branch/bin/powerpc-rtems4.11-run
FAIL: gfortran.dg/fmt_l.f90 -O3 -fomit-frame-pointer -funroll-all-loops -finline-functions output pattern test, is powerpc-rtems4.11-run is /users/joel/test-gcc/install-4.9-branch/bin/powerpc-rtems4.11-run
FAIL: gfortran.dg/fmt_l.f90 -O3 -g output pattern test, is powerpc-rtems4.11-run is /users/joel/test-gcc/install-4.9-branch/bin/powerpc-rtems4.11-run
FAIL: gfortran.dg/fmt_l.f90 -Os output pattern test, is powerpc-rtems4.11-run is /users/joel/test-gcc/install-4.9-branch/bin/powerpc-rtems4.11-run
FAIL: gfortran.dg/fmt_zero_precision.f90 -O0 output pattern test, is powerpc-rtems4.11-run is /users/joel/test-gcc/install-4.9-branch/bin/powerpc-rtems4.11-run
FAIL: gfortran.dg/fmt_zero_precision.f90 -O1 output pattern test, is powerpc-rtems4.11-run is /users/joel/test-gcc/install-4.9-branch/bin/powerpc-rtems4.11-run
FAIL: gfortran.dg/fmt_zero_precision.f90 -O2 output pattern test, is powerpc-rtems4.11-run is /users/joel/test-gcc/install-4.9-branch/bin/powerpc-rtems4.11-run
FAIL: gfortran.dg/fmt_zero_precision.f90 -O3 -fomit-frame-pointer output pattern test, is powerpc-rtems4.11-run is /users/joel/test-gcc/install-4.9-branch/bin/powerpc-rtems4.11-run
FAIL: gfortran.dg/fmt_zero_precision.f90 -O3 -fomit-frame-pointer -funroll-loops output pattern test, is powerpc-rtems4.11-run is /users/joel/test-gcc/install-4.9-branch/bin/powerpc-rtems4.11-run
FAIL: gfortran.dg/fmt_zero_precision.f90 -O3 -fomit-frame-pointer -funroll-all-loops -finline-functions output pattern test, is powerpc-rtems4.11-run is /users/joel/test-gcc/install-4.9-branch/bin/powerpc-rtems4.11-run
FAIL: gfortran.dg/fmt_zero_precision.f90 -O3 -g output pattern test, is powerpc-rtems4.11-run is /users/joel/test-gcc/install-4.9-branch/bin/powerpc-rtems4.11-run
FAIL: gfortran.dg/fmt_zero_precision.f90 -Os output pattern test, is powerpc-rtems4.11-run is /users/joel/test-gcc/install-4.9-branch/bin/powerpc-rtems4.11-run
FAIL: gfortran.dg/itime_idate_1.f -O0 execution test
FAIL: gfortran.dg/itime_idate_1.f -O1 execution test
FAIL: gfortran.dg/itime_idate_1.f -O2 execution test
FAIL: gfortran.dg/itime_idate_1.f -O3 -fomit-frame-pointer execution test
FAIL: gfortran.dg/itime_idate_1.f -O3 -fomit-frame-pointer -funroll-loops execution test
FAIL: gfortran.dg/itime_idate_1.f -O3 -fomit-frame-pointer -funroll-all-loops -finline-functions execution test
FAIL: gfortran.dg/itime_idate_1.f -O3 -g execution test
FAIL: gfortran.dg/itime_idate_1.f -Os execution test
FAIL: gfortran.dg/itime_idate_2.f -O0 execution test
FAIL: gfortran.dg/itime_idate_2.f -O1 execution test
FAIL: gfortran.dg/itime_idate_2.f -O2 execution test
FAIL: gfortran.dg/itime_idate_2.f -O3 -fomit-frame-pointer execution test
FAIL: gfortran.dg/itime_idate_2.f -O3 -fomit-frame-pointer -funroll-loops execution test
FAIL: gfortran.dg/itime_idate_2.f -O3 -fomit-frame-pointer -funroll-all-loops -finline-functions execution test
FAIL: gfortran.dg/itime_idate_2.f -O3 -g execution test
FAIL: gfortran.dg/itime_idate_2.f -Os execution test
FAIL: gfortran.dg/namelist_40.f90 -O0 output pattern test, is powerpc-rtems4.11-run is /users/joel/test-gcc/install-4.9-branch/bin/powerpc-rtems4.11-run
FAIL: gfortran.dg/namelist_40.f90 -O1 output pattern test, is powerpc-rtems4.11-run is /users/joel/test-gcc/install-4.9-branch/bin/powerpc-rtems4.11-run
FAIL: gfortran.dg/namelist_40.f90 -O2 output pattern test, is powerpc-rtems4.11-run is /users/joel/test-gcc/install-4.9-branch/bin/powerpc-rtems4.11-run
FAIL: gfortran.dg/namelist_40.f90 -O3 -fomit-frame-pointer output pattern test, is powerpc-rtems4.11-run is /users/joel/test-gcc/install-4.9-branch/bin/powerpc-rtems4.11-run
FAIL: gfortran.dg/namelist_40.f90 -O3 -fomit-frame-pointer -funroll-loops output pattern test, is powerpc-rtems4.11-run is /users/joel/test-gcc/install-4.9-branch/bin/powerpc-rtems4.11-run
FAIL: gfortran.dg/namelist_40.f90 -O3 -fomit-frame-pointer -funroll-all-loops -finline-functions output pattern test, is powerpc-rtems4.11-run is /users/joel/test-gcc/install-4.9-branch/bin/powerpc-rtems4.11-run
FAIL: gfortran.dg/namelist_40.f90 -O3 -g output pattern test, is powerpc-rtems4.11-run is /users/joel/test-gcc/install-4.9-branch/bin/powerpc-rtems4.11-run
FAIL: gfortran.dg/namelist_40.f90 -Os output pattern test, is powerpc-rtems4.11-run is /users/joel/test-gcc/install-4.9-branch/bin/powerpc-rtems4.11-run
FAIL: gfortran.dg/namelist_47.f90 -O0 output pattern test, is powerpc-rtems4.11-run is /users/joel/test-gcc/install-4.9-branch/bin/powerpc-rtems4.11-run
FAIL: gfortran.dg/namelist_47.f90 -O1 output pattern test, is powerpc-rtems4.11-run is /users/joel/test-gcc/install-4.9-branch/bin/powerpc-rtems4.11-run
FAIL: gfortran.dg/namelist_47.f90 -O2 output pattern test, is powerpc-rtems4.11-run is /users/joel/test-gcc/install-4.9-branch/bin/powerpc-rtems4.11-run
FAIL: gfortran.dg/namelist_47.f90 -O3 -fomit-frame-pointer output pattern test, is powerpc-rtems4.11-run is /users/joel/test-gcc/install-4.9-branch/bin/powerpc-rtems4.11-run
FAIL: gfortran.dg/namelist_47.f90 -O3 -fomit-frame-pointer -funroll-loops output pattern test, is powerpc-rtems4.11-run is /users/joel/test-gcc/install-4.9-branch/bin/powerpc-rtems4.11-run
FAIL: gfortran.dg/namelist_47.f90 -O3 -fomit-frame-pointer -funroll-all-loops -finline-functions output pattern test, is powerpc-rtems4.11-run is /users/joel/test-gcc/install-4.9-branch/bin/powerpc-rtems4.11-run
FAIL: gfortran.dg/namelist_47.f90 -O3 -g output pattern test, is powerpc-rtems4.11-run is /users/joel/test-gcc/install-4.9-branch/bin/powerpc-rtems4.11-run
FAIL: gfortran.dg/namelist_47.f90 -Os output pattern test, is powerpc-rtems4.11-run is /users/joel/test-gcc/install-4.9-branch/bin/powerpc-rtems4.11-run
FAIL: gfortran.dg/namelist_print_1.f -O0 output pattern test, is powerpc-rtems4.11-run is /users/joel/test-gcc/install-4.9-branch/bin/powerpc-rtems4.11-run
FAIL: gfortran.dg/namelist_print_1.f -O1 output pattern test, is powerpc-rtems4.11-run is /users/joel/test-gcc/install-4.9-branch/bin/powerpc-rtems4.11-run
FAIL: gfortran.dg/namelist_print_1.f -O2 output pattern test, is powerpc-rtems4.11-run is /users/joel/test-gcc/install-4.9-branch/bin/powerpc-rtems4.11-run
FAIL: gfortran.dg/namelist_print_1.f -O3 -fomit-frame-pointer output pattern test, is powerpc-rtems4.11-run is /users/joel/test-gcc/install-4.9-branch/bin/powerpc-rtems4.11-run
FAIL: gfortran.dg/namelist_print_1.f -O3 -fomit-frame-pointer -funroll-loops output pattern test, is powerpc-rtems4.11-run is /users/joel/test-gcc/install-4.9-branch/bin/powerpc-rtems4.11-run
FAIL: gfortran.dg/namelist_print_1.f -O3 -fomit-frame-pointer -funroll-all-loops -finline-functions output pattern test, is powerpc-rtems4.11-run is /users/joel/test-gcc/install-4.9-branch/bin/powerpc-rtems4.11-run
FAIL: gfortran.dg/namelist_print_1.f -O3 -g output pattern test, is powerpc-rtems4.11-run is /users/joel/test-gcc/install-4.9-branch/bin/powerpc-rtems4.11-run
FAIL: gfortran.dg/namelist_print_1.f -Os output pattern test, is powerpc-rtems4.11-run is /users/joel/test-gcc/install-4.9-branch/bin/powerpc-rtems4.11-run
FAIL: gfortran.dg/parameter_array_dummy.f90 -O0 output pattern test, is powerpc-rtems4.11-run is /users/joel/test-gcc/install-4.9-branch/bin/powerpc-rtems4.11-run
FAIL: gfortran.dg/parameter_array_dummy.f90 -O1 output pattern test, is powerpc-rtems4.11-run is /users/joel/test-gcc/install-4.9-branch/bin/powerpc-rtems4.11-run
FAIL: gfortran.dg/parameter_array_dummy.f90 -O2 output pattern test, is powerpc-rtems4.11-run is /users/joel/test-gcc/install-4.9-branch/bin/powerpc-rtems4.11-run
FAIL: gfortran.dg/parameter_array_dummy.f90 -O3 -fomit-frame-pointer output pattern test, is powerpc-rtems4.11-run is /users/joel/test-gcc/install-4.9-branch/bin/powerpc-rtems4.11-run
FAIL: gfortran.dg/parameter_array_dummy.f90 -O3 -fomit-frame-pointer -funroll-loops output pattern test, is powerpc-rtems4.11-run is /users/joel/test-gcc/install-4.9-branch/bin/powerpc-rtems4.11-run
FAIL: gfortran.dg/parameter_array_dummy.f90 -O3 -fomit-frame-pointer -funroll-all-loops -finline-functions output pattern test, is powerpc-rtems4.11-run is /users/joel/test-gcc/install-4.9-branch/bin/powerpc-rtems4.11-run
FAIL: gfortran.dg/parameter_array_dummy.f90 -O3 -g output pattern test, is powerpc-rtems4.11-run is /users/joel/test-gcc/install-4.9-branch/bin/powerpc-rtems4.11-run
FAIL: gfortran.dg/parameter_array_dummy.f90 -Os output pattern test, is powerpc-rtems4.11-run is /users/joel/test-gcc/install-4.9-branch/bin/powerpc-rtems4.11-run
FAIL: gfortran.dg/read_x_eor.f90 -O0 output pattern test, is powerpc-rtems4.11-run is /users/joel/test-gcc/install-4.9-branch/bin/powerpc-rtems4.11-run
FAIL: gfortran.dg/read_x_eor.f90 -O1 output pattern test, is powerpc-rtems4.11-run is /users/joel/test-gcc/install-4.9-branch/bin/powerpc-rtems4.11-run
FAIL: gfortran.dg/read_x_eor.f90 -O2 output pattern test, is powerpc-rtems4.11-run is /users/joel/test-gcc/install-4.9-branch/bin/powerpc-rtems4.11-run
FAIL: gfortran.dg/read_x_eor.f90 -O3 -fomit-frame-pointer output pattern test, is powerpc-rtems4.11-run is /users/joel/test-gcc/install-4.9-branch/bin/powerpc-rtems4.11-run
FAIL: gfortran.dg/read_x_eor.f90 -O3 -fomit-frame-pointer -funroll-loops output pattern test, is powerpc-rtems4.11-run is /users/joel/test-gcc/install-4.9-branch/bin/powerpc-rtems4.11-run
FAIL: gfortran.dg/read_x_eor.f90 -O3 -fomit-frame-pointer -funroll-all-loops -finline-functions output pattern test, is powerpc-rtems4.11-run is /users/joel/test-gcc/install-4.9-branch/bin/powerpc-rtems4.11-run
FAIL: gfortran.dg/read_x_eor.f90 -O3 -g output pattern test, is powerpc-rtems4.11-run is /users/joel/test-gcc/install-4.9-branch/bin/powerpc-rtems4.11-run
FAIL: gfortran.dg/read_x_eor.f90 -Os output pattern test, is powerpc-rtems4.11-run is /users/joel/test-gcc/install-4.9-branch/bin/powerpc-rtems4.11-run
FAIL: gfortran.dg/scratch_1.f90 -O0 execution test
FAIL: gfortran.dg/scratch_1.f90 -O1 execution test
FAIL: gfortran.dg/scratch_1.f90 -O2 execution test
FAIL: gfortran.dg/scratch_1.f90 -O3 -fomit-frame-pointer execution test
FAIL: gfortran.dg/scratch_1.f90 -O3 -fomit-frame-pointer -funroll-loops execution test
FAIL: gfortran.dg/scratch_1.f90 -O3 -fomit-frame-pointer -funroll-all-loops -finline-functions execution test
FAIL: gfortran.dg/scratch_1.f90 -O3 -g execution test
FAIL: gfortran.dg/scratch_1.f90 -Os execution test
FAIL: gfortran.dg/g77/f77-edit-apostrophe-out.f -O0 output pattern test, is powerpc-rtems4.11-run is /users/joel/test-gcc/install-4.9-branch/bin/powerpc-rtems4.11-run
FAIL: gfortran.dg/g77/f77-edit-apostrophe-out.f -O1 output pattern test, is powerpc-rtems4.11-run is /users/joel/test-gcc/install-4.9-branch/bin/powerpc-rtems4.11-run
FAIL: gfortran.dg/g77/f77-edit-apostrophe-out.f -O2 output pattern test, is powerpc-rtems4.11-run is /users/joel/test-gcc/install-4.9-branch/bin/powerpc-rtems4.11-run
FAIL: gfortran.dg/g77/f77-edit-apostrophe-out.f -O3 -fomit-frame-pointer output pattern test, is powerpc-rtems4.11-run is /users/joel/test-gcc/install-4.9-branch/bin/powerpc-rtems4.11-run
FAIL: gfortran.dg/g77/f77-edit-apostrophe-out.f -O3 -fomit-frame-pointer -funroll-loops output pattern test, is powerpc-rtems4.11-run is /users/joel/test-gcc/install-4.9-branch/bin/powerpc-rtems4.11-run
FAIL: gfortran.dg/g77/f77-edit-apostrophe-out.f -O3 -fomit-frame-pointer -funroll-all-loops -finline-functions output pattern test, is powerpc-rtems4.11-run is /users/joel/test-gcc/install-4.9-branch/bin/powerpc-rtems4.11-run
FAIL: gfortran.dg/g77/f77-edit-apostrophe-out.f -O3 -g output pattern test, is powerpc-rtems4.11-run is /users/joel/test-gcc/install-4.9-branch/bin/powerpc-rtems4.11-run
FAIL: gfortran.dg/g77/f77-edit-apostrophe-out.f -Os output pattern test, is powerpc-rtems4.11-run is /users/joel/test-gcc/install-4.9-branch/bin/powerpc-rtems4.11-run
FAIL: gfortran.dg/g77/f77-edit-colon-out.f -O0 output pattern test, is powerpc-rtems4.11-run is /users/joel/test-gcc/install-4.9-branch/bin/powerpc-rtems4.11-run
FAIL: gfortran.dg/g77/f77-edit-colon-out.f -O1 output pattern test, is powerpc-rtems4.11-run is /users/joel/test-gcc/install-4.9-branch/bin/powerpc-rtems4.11-run
FAIL: gfortran.dg/g77/f77-edit-colon-out.f -O2 output pattern test, is powerpc-rtems4.11-run is /users/joel/test-gcc/install-4.9-branch/bin/powerpc-rtems4.11-run
FAIL: gfortran.dg/g77/f77-edit-colon-out.f -O3 -fomit-frame-pointer output pattern test, is powerpc-rtems4.11-run is /users/joel/test-gcc/install-4.9-branch/bin/powerpc-rtems4.11-run
FAIL: gfortran.dg/g77/f77-edit-colon-out.f -O3 -fomit-frame-pointer -funroll-loops output pattern test, is powerpc-rtems4.11-run is /users/joel/test-gcc/install-4.9-branch/bin/powerpc-rtems4.11-run
FAIL: gfortran.dg/g77/f77-edit-colon-out.f -O3 -fomit-frame-pointer -funroll-all-loops -finline-functions output pattern test, is powerpc-rtems4.11-run is /users/joel/test-gcc/install-4.9-branch/bin/powerpc-rtems4.11-run
FAIL: gfortran.dg/g77/f77-edit-colon-out.f -O3 -g output pattern test, is powerpc-rtems4.11-run is /users/joel/test-gcc/install-4.9-branch/bin/powerpc-rtems4.11-run
FAIL: gfortran.dg/g77/f77-edit-colon-out.f -Os output pattern test, is powerpc-rtems4.11-run is /users/joel/test-gcc/install-4.9-branch/bin/powerpc-rtems4.11-run
FAIL: gfortran.dg/g77/f77-edit-h-out.f -O0 output pattern test, is powerpc-rtems4.11-run is /users/joel/test-gcc/install-4.9-branch/bin/powerpc-rtems4.11-run
FAIL: gfortran.dg/g77/f77-edit-h-out.f -O1 output pattern test, is powerpc-rtems4.11-run is /users/joel/test-gcc/install-4.9-branch/bin/powerpc-rtems4.11-run
FAIL: gfortran.dg/g77/f77-edit-h-out.f -O2 output pattern test, is powerpc-rtems4.11-run is /users/joel/test-gcc/install-4.9-branch/bin/powerpc-rtems4.11-run
FAIL: gfortran.dg/g77/f77-edit-h-out.f -O3 -fomit-frame-pointer output pattern test, is powerpc-rtems4.11-run is /users/joel/test-gcc/install-4.9-branch/bin/powerpc-rtems4.11-run
FAIL: gfortran.dg/g77/f77-edit-h-out.f -O3 -fomit-frame-pointer -funroll-loops output pattern test, is powerpc-rtems4.11-run is /users/joel/test-gcc/install-4.9-branch/bin/powerpc-rtems4.11-run
FAIL: gfortran.dg/g77/f77-edit-h-out.f -O3 -fomit-frame-pointer -funroll-all-loops -finline-functions output pattern test, is powerpc-rtems4.11-run is /users/joel/test-gcc/install-4.9-branch/bin/powerpc-rtems4.11-run
FAIL: gfortran.dg/g77/f77-edit-h-out.f -O3 -g output pattern test, is powerpc-rtems4.11-run is /users/joel/test-gcc/install-4.9-branch/bin/powerpc-rtems4.11-run
FAIL: gfortran.dg/g77/f77-edit-h-out.f -Os output pattern test, is powerpc-rtems4.11-run is /users/joel/test-gcc/install-4.9-branch/bin/powerpc-rtems4.11-run
FAIL: gfortran.dg/g77/f77-edit-i-out.f -O0 output pattern test, is powerpc-rtems4.11-run is /users/joel/test-gcc/install-4.9-branch/bin/powerpc-rtems4.11-run
FAIL: gfortran.dg/g77/f77-edit-i-out.f -O1 output pattern test, is powerpc-rtems4.11-run is /users/joel/test-gcc/install-4.9-branch/bin/powerpc-rtems4.11-run
FAIL: gfortran.dg/g77/f77-edit-i-out.f -O2 output pattern test, is powerpc-rtems4.11-run is /users/joel/test-gcc/install-4.9-branch/bin/powerpc-rtems4.11-run
FAIL: gfortran.dg/g77/f77-edit-i-out.f -O3 -fomit-frame-pointer output pattern test, is powerpc-rtems4.11-run is /users/joel/test-gcc/install-4.9-branch/bin/powerpc-rtems4.11-run
FAIL: gfortran.dg/g77/f77-edit-i-out.f -O3 -fomit-frame-pointer -funroll-loops output pattern test, is powerpc-rtems4.11-run is /users/joel/test-gcc/install-4.9-branch/bin/powerpc-rtems4.11-run
FAIL: gfortran.dg/g77/f77-edit-i-out.f -O3 -fomit-frame-pointer -funroll-all-loops -finline-functions output pattern test, is powerpc-rtems4.11-run is /users/joel/test-gcc/install-4.9-branch/bin/powerpc-rtems4.11-run
FAIL: gfortran.dg/g77/f77-edit-i-out.f -O3 -g output pattern test, is powerpc-rtems4.11-run is /users/joel/test-gcc/install-4.9-branch/bin/powerpc-rtems4.11-run
FAIL: gfortran.dg/g77/f77-edit-i-out.f -Os output pattern test, is powerpc-rtems4.11-run is /users/joel/test-gcc/install-4.9-branch/bin/powerpc-rtems4.11-run
FAIL: gfortran.dg/g77/f77-edit-s-out.f -O0 output pattern test, is powerpc-rtems4.11-run is /users/joel/test-gcc/install-4.9-branch/bin/powerpc-rtems4.11-run
FAIL: gfortran.dg/g77/f77-edit-s-out.f -O1 output pattern test, is powerpc-rtems4.11-run is /users/joel/test-gcc/install-4.9-branch/bin/powerpc-rtems4.11-run
FAIL: gfortran.dg/g77/f77-edit-s-out.f -O2 output pattern test, is powerpc-rtems4.11-run is /users/joel/test-gcc/install-4.9-branch/bin/powerpc-rtems4.11-run
FAIL: gfortran.dg/g77/f77-edit-s-out.f -O3 -fomit-frame-pointer output pattern test, is powerpc-rtems4.11-run is /users/joel/test-gcc/install-4.9-branch/bin/powerpc-rtems4.11-run
FAIL: gfortran.dg/g77/f77-edit-s-out.f -O3 -fomit-frame-pointer -funroll-loops output pattern test, is powerpc-rtems4.11-run is /users/joel/test-gcc/install-4.9-branch/bin/powerpc-rtems4.11-run
FAIL: gfortran.dg/g77/f77-edit-s-out.f -O3 -fomit-frame-pointer -funroll-all-loops -finline-functions output pattern test, is powerpc-rtems4.11-run is /users/joel/test-gcc/install-4.9-branch/bin/powerpc-rtems4.11-run
FAIL: gfortran.dg/g77/f77-edit-s-out.f -O3 -g output pattern test, is powerpc-rtems4.11-run is /users/joel/test-gcc/install-4.9-branch/bin/powerpc-rtems4.11-run
FAIL: gfortran.dg/g77/f77-edit-s-out.f -Os output pattern test, is powerpc-rtems4.11-run is /users/joel/test-gcc/install-4.9-branch/bin/powerpc-rtems4.11-run
FAIL: gfortran.dg/g77/f77-edit-slash-out.f -O0 output pattern test, is powerpc-rtems4.11-run is /users/joel/test-gcc/install-4.9-branch/bin/powerpc-rtems4.11-run
FAIL: gfortran.dg/g77/f77-edit-slash-out.f -O1 output pattern test, is powerpc-rtems4.11-run is /users/joel/test-gcc/install-4.9-branch/bin/powerpc-rtems4.11-run
FAIL: gfortran.dg/g77/f77-edit-slash-out.f -O2 output pattern test, is powerpc-rtems4.11-run is /users/joel/test-gcc/install-4.9-branch/bin/powerpc-rtems4.11-run
FAIL: gfortran.dg/g77/f77-edit-slash-out.f -O3 -fomit-frame-pointer output pattern test, is powerpc-rtems4.11-run is /users/joel/test-gcc/install-4.9-branch/bin/powerpc-rtems4.11-run
FAIL: gfortran.dg/g77/f77-edit-slash-out.f -O3 -fomit-frame-pointer -funroll-loops output pattern test, is powerpc-rtems4.11-run is /users/joel/test-gcc/install-4.9-branch/bin/powerpc-rtems4.11-run
FAIL: gfortran.dg/g77/f77-edit-slash-out.f -O3 -fomit-frame-pointer -funroll-all-loops -finline-functions output pattern test, is powerpc-rtems4.11-run is /users/joel/test-gcc/install-4.9-branch/bin/powerpc-rtems4.11-run
FAIL: gfortran.dg/g77/f77-edit-slash-out.f -O3 -g output pattern test, is powerpc-rtems4.11-run is /users/joel/test-gcc/install-4.9-branch/bin/powerpc-rtems4.11-run
FAIL: gfortran.dg/g77/f77-edit-slash-out.f -Os output pattern test, is powerpc-rtems4.11-run is /users/joel/test-gcc/install-4.9-branch/bin/powerpc-rtems4.11-run
FAIL: gfortran.dg/g77/f77-edit-t-out.f -O0 output pattern test, is powerpc-rtems4.11-run is /users/joel/test-gcc/install-4.9-branch/bin/powerpc-rtems4.11-run
FAIL: gfortran.dg/g77/f77-edit-t-out.f -O1 output pattern test, is powerpc-rtems4.11-run is /users/joel/test-gcc/install-4.9-branch/bin/powerpc-rtems4.11-run
FAIL: gfortran.dg/g77/f77-edit-t-out.f -O2 output pattern test, is powerpc-rtems4.11-run is /users/joel/test-gcc/install-4.9-branch/bin/powerpc-rtems4.11-run
FAIL: gfortran.dg/g77/f77-edit-t-out.f -O3 -fomit-frame-pointer output pattern test, is powerpc-rtems4.11-run is /users/joel/test-gcc/install-4.9-branch/bin/powerpc-rtems4.11-run
FAIL: gfortran.dg/g77/f77-edit-t-out.f -O3 -fomit-frame-pointer -funroll-loops output pattern test, is powerpc-rtems4.11-run is /users/joel/test-gcc/install-4.9-branch/bin/powerpc-rtems4.11-run
FAIL: gfortran.dg/g77/f77-edit-t-out.f -O3 -fomit-frame-pointer -funroll-all-loops -finline-functions output pattern test, is powerpc-rtems4.11-run is /users/joel/test-gcc/install-4.9-branch/bin/powerpc-rtems4.11-run
FAIL: gfortran.dg/g77/f77-edit-t-out.f -O3 -g output pattern test, is powerpc-rtems4.11-run is /users/joel/test-gcc/install-4.9-branch/bin/powerpc-rtems4.11-run
FAIL: gfortran.dg/g77/f77-edit-t-out.f -Os output pattern test, is powerpc-rtems4.11-run is /users/joel/test-gcc/install-4.9-branch/bin/powerpc-rtems4.11-run
FAIL: gfortran.dg/g77/f77-edit-x-out.f -O0 output pattern test, is powerpc-rtems4.11-run is /users/joel/test-gcc/install-4.9-branch/bin/powerpc-rtems4.11-run
FAIL: gfortran.dg/g77/f77-edit-x-out.f -O1 output pattern test, is powerpc-rtems4.11-run is /users/joel/test-gcc/install-4.9-branch/bin/powerpc-rtems4.11-run
FAIL: gfortran.dg/g77/f77-edit-x-out.f -O2 output pattern test, is powerpc-rtems4.11-run is /users/joel/test-gcc/install-4.9-branch/bin/powerpc-rtems4.11-run
FAIL: gfortran.dg/g77/f77-edit-x-out.f -O3 -fomit-frame-pointer output pattern test, is powerpc-rtems4.11-run is /users/joel/test-gcc/install-4.9-branch/bin/powerpc-rtems4.11-run
FAIL: gfortran.dg/g77/f77-edit-x-out.f -O3 -fomit-frame-pointer -funroll-loops output pattern test, is powerpc-rtems4.11-run is /users/joel/test-gcc/install-4.9-branch/bin/powerpc-rtems4.11-run
FAIL: gfortran.dg/g77/f77-edit-x-out.f -O3 -fomit-frame-pointer -funroll-all-loops -finline-functions output pattern test, is powerpc-rtems4.11-run is /users/joel/test-gcc/install-4.9-branch/bin/powerpc-rtems4.11-run
FAIL: gfortran.dg/g77/f77-edit-x-out.f -O3 -g output pattern test, is powerpc-rtems4.11-run is /users/joel/test-gcc/install-4.9-branch/bin/powerpc-rtems4.11-run
FAIL: gfortran.dg/g77/f77-edit-x-out.f -Os output pattern test, is powerpc-rtems4.11-run is /users/joel/test-gcc/install-4.9-branch/bin/powerpc-rtems4.11-run
=== gfortran Summary ===
# of expected passes 44512
# of unexpected failures 208
# of expected failures 38
# of unresolved testcases 8
# of unsupported tests 408
/users/joel/test-gcc/b-powerpc-fortran/gcc/testsuite/gfortran/../../gfortran version 4.9.3 20150111 (prerelease) (GCC)
Compiler version: 4.9.3 20150111 (prerelease) (GCC) gfortran
Platform: powerpc-unknown-rtems4.11
configure flags: 'CFLAGS_FOR_TARGET=-B/users/joel/test-gcc/install-4.9-branch/powerpc-rtems4.11/psim/lib/ ' --with-ppl=/users/joel/test-gcc/install-svn/ --enable-threads=rtems --with-gnu-as --with-gnu-ld --disable-newlib --verbose --with-system-zlib --disable-nls --enable-version-specific-runtime-libs --enable-languages=c,fortran --target=powerpc-rtems4.11 --prefix=/users/joel/test-gcc/install-4.9-branch