This is the mail archive of the
gcc-testresults@gcc.gnu.org
mailing list for the GCC project.
Results for 5.0.0 20150102 (experimental) (GCC) testsuite on powerpc64-unknown-linux-gnu
- From: Andreas Schwab <schwab at linux-m68k dot org>
- To: gcc-testresults at gcc dot gnu dot org
- Date: Sat, 03 Jan 2015 15:41:01 +0100
- Subject: Results for 5.0.0 20150102 (experimental) (GCC) testsuite on powerpc64-unknown-linux-gnu
- Authentication-results: sourceware.org; auth=none
=== acats tests ===
=== acats Summary ===
# of expected passes 2320
# of unexpected failures 0
Native configuration is powerpc64-unknown-linux-gnu
=== g++ tests ===
Running target unix/-m32
FAIL: c-c++-common/asan/null-deref-1.c -O2 output pattern test, is ASAN:SIGSEGV
FAIL: c-c++-common/asan/null-deref-1.c -O2 -flto -fno-use-linker-plugin -flto-partition=none output pattern test, is ASAN:SIGSEGV
FAIL: c-c++-common/asan/null-deref-1.c -O2 -flto -fuse-linker-plugin -fno-fat-lto-objects output pattern test, is ASAN:SIGSEGV
FAIL: c-c++-common/asan/null-deref-1.c -O3 -fomit-frame-pointer output pattern test, is ASAN:SIGSEGV
FAIL: c-c++-common/asan/null-deref-1.c -O3 -g output pattern test, is ASAN:SIGSEGV
FAIL: g++.dg/abi/scoped1.C -std=gnu++11 execution test
FAIL: g++.dg/abi/scoped1.C -std=gnu++14 execution test
XPASS: g++.dg/tls/thread_local-order2.C -std=c++11 execution test
XPASS: g++.dg/tls/thread_local-order2.C -std=c++14 execution test
=== g++ Summary for unix/-m32 ===
# of expected passes 85026
# of unexpected failures 7
# of unexpected successes 2
# of expected failures 300
# of unsupported tests 3746
Running target unix/-m64
FAIL: c-c++-common/asan/asan-interface-1.c -O0 execution test
FAIL: c-c++-common/asan/asan-interface-1.c -O1 execution test
FAIL: c-c++-common/asan/asan-interface-1.c -O2 execution test
FAIL: c-c++-common/asan/asan-interface-1.c -O2 -flto -fno-use-linker-plugin -flto-partition=none execution test
FAIL: c-c++-common/asan/asan-interface-1.c -O2 -flto -fuse-linker-plugin -fno-fat-lto-objects execution test
FAIL: c-c++-common/asan/asan-interface-1.c -O3 -fomit-frame-pointer execution test
FAIL: c-c++-common/asan/asan-interface-1.c -O3 -g execution test
FAIL: c-c++-common/asan/asan-interface-1.c -Os execution test
FAIL: c-c++-common/asan/bitfield-1.c -O0 output pattern test, is ==2075==ERROR: AddressSanitizer failed to allocate 0x4000001000 (274877911040) bytes at address 1fffffff000 (errno: 12)
FAIL: c-c++-common/asan/bitfield-1.c -O1 output pattern test, is ==2126==ERROR: AddressSanitizer failed to allocate 0x4000001000 (274877911040) bytes at address 1fffffff000 (errno: 12)
FAIL: c-c++-common/asan/bitfield-1.c -O2 output pattern test, is ==2169==ERROR: AddressSanitizer failed to allocate 0x4000001000 (274877911040) bytes at address 1fffffff000 (errno: 12)
FAIL: c-c++-common/asan/bitfield-1.c -O2 -flto -fno-use-linker-plugin -flto-partition=none output pattern test, is ==2420==ERROR: AddressSanitizer failed to allocate 0x4000001000 (274877911040) bytes at address 1fffffff000 (errno: 12)
FAIL: c-c++-common/asan/bitfield-1.c -O2 -flto -fuse-linker-plugin -fno-fat-lto-objects output pattern test, is ==2480==ERROR: AddressSanitizer failed to allocate 0x4000001000 (274877911040) bytes at address 1fffffff000 (errno: 12)
FAIL: c-c++-common/asan/bitfield-1.c -O3 -fomit-frame-pointer output pattern test, is ==2220==ERROR: AddressSanitizer failed to allocate 0x4000001000 (274877911040) bytes at address 1fffffff000 (errno: 12)
FAIL: c-c++-common/asan/bitfield-1.c -O3 -g output pattern test, is ==2267==ERROR: AddressSanitizer failed to allocate 0x4000001000 (274877911040) bytes at address 1fffffff000 (errno: 12)
FAIL: c-c++-common/asan/bitfield-1.c -Os output pattern test, is ==2306==ERROR: AddressSanitizer failed to allocate 0x4000001000 (274877911040) bytes at address 1fffffff000 (errno: 12)
FAIL: c-c++-common/asan/bitfield-2.c -O0 output pattern test, is ==2523==ERROR: AddressSanitizer failed to allocate 0x4000001000 (274877911040) bytes at address 1fffffff000 (errno: 12)
FAIL: c-c++-common/asan/bitfield-2.c -O1 output pattern test, is ==2569==ERROR: AddressSanitizer failed to allocate 0x4000001000 (274877911040) bytes at address 1fffffff000 (errno: 12)
FAIL: c-c++-common/asan/bitfield-2.c -O2 output pattern test, is ==2610==ERROR: AddressSanitizer failed to allocate 0x4000001000 (274877911040) bytes at address 1fffffff000 (errno: 12)
FAIL: c-c++-common/asan/bitfield-2.c -O2 -flto -fno-use-linker-plugin -flto-partition=none output pattern test, is ==2856==ERROR: AddressSanitizer failed to allocate 0x4000001000 (274877911040) bytes at address 1fffffff000 (errno: 12)
FAIL: c-c++-common/asan/bitfield-2.c -O2 -flto -fuse-linker-plugin -fno-fat-lto-objects output pattern test, is ==2918==ERROR: AddressSanitizer failed to allocate 0x4000001000 (274877911040) bytes at address 1fffffff000 (errno: 12)
FAIL: c-c++-common/asan/bitfield-2.c -O3 -fomit-frame-pointer output pattern test, is ==2658==ERROR: AddressSanitizer failed to allocate 0x4000001000 (274877911040) bytes at address 1fffffff000 (errno: 12)
FAIL: c-c++-common/asan/bitfield-2.c -O3 -g output pattern test, is ==2704==ERROR: AddressSanitizer failed to allocate 0x4000001000 (274877911040) bytes at address 1fffffff000 (errno: 12)
FAIL: c-c++-common/asan/bitfield-2.c -Os output pattern test, is ==2753==ERROR: AddressSanitizer failed to allocate 0x4000001000 (274877911040) bytes at address 1fffffff000 (errno: 12)
FAIL: c-c++-common/asan/bitfield-3.c -O0 output pattern test, is ==2966==ERROR: AddressSanitizer failed to allocate 0x4000001000 (274877911040) bytes at address 1fffffff000 (errno: 12)
FAIL: c-c++-common/asan/bitfield-3.c -O1 output pattern test, is ==3011==ERROR: AddressSanitizer failed to allocate 0x4000001000 (274877911040) bytes at address 1fffffff000 (errno: 12)
FAIL: c-c++-common/asan/bitfield-3.c -O2 output pattern test, is ==3057==ERROR: AddressSanitizer failed to allocate 0x4000001000 (274877911040) bytes at address 1fffffff000 (errno: 12)
FAIL: c-c++-common/asan/bitfield-3.c -O2 -flto -fno-use-linker-plugin -flto-partition=none output pattern test, is ==3286==ERROR: AddressSanitizer failed to allocate 0x4000001000 (274877911040) bytes at address 1fffffff000 (errno: 12)
FAIL: c-c++-common/asan/bitfield-3.c -O2 -flto -fuse-linker-plugin -fno-fat-lto-objects output pattern test, is ==3341==ERROR: AddressSanitizer failed to allocate 0x4000001000 (274877911040) bytes at address 1fffffff000 (errno: 12)
FAIL: c-c++-common/asan/bitfield-3.c -O3 -fomit-frame-pointer output pattern test, is ==3105==ERROR: AddressSanitizer failed to allocate 0x4000001000 (274877911040) bytes at address 1fffffff000 (errno: 12)
FAIL: c-c++-common/asan/bitfield-3.c -O3 -g output pattern test, is ==3151==ERROR: AddressSanitizer failed to allocate 0x4000001000 (274877911040) bytes at address 1fffffff000 (errno: 12)
FAIL: c-c++-common/asan/bitfield-3.c -Os output pattern test, is ==3192==ERROR: AddressSanitizer failed to allocate 0x4000001000 (274877911040) bytes at address 1fffffff000 (errno: 12)
FAIL: c-c++-common/asan/bitfield-4.c -O0 output pattern test, is ==3378==ERROR: AddressSanitizer failed to allocate 0x4000001000 (274877911040) bytes at address 1fffffff000 (errno: 12)
FAIL: c-c++-common/asan/bitfield-4.c -O1 output pattern test, is ==3421==ERROR: AddressSanitizer failed to allocate 0x4000001000 (274877911040) bytes at address 1fffffff000 (errno: 12)
FAIL: c-c++-common/asan/bitfield-4.c -O2 output pattern test, is ==3458==ERROR: AddressSanitizer failed to allocate 0x4000001000 (274877911040) bytes at address 1fffffff000 (errno: 12)
FAIL: c-c++-common/asan/bitfield-4.c -O2 -flto -fno-use-linker-plugin -flto-partition=none output pattern test, is ==3673==ERROR: AddressSanitizer failed to allocate 0x4000001000 (274877911040) bytes at address 1fffffff000 (errno: 12)
FAIL: c-c++-common/asan/bitfield-4.c -O2 -flto -fuse-linker-plugin -fno-fat-lto-objects output pattern test, is ==3732==ERROR: AddressSanitizer failed to allocate 0x4000001000 (274877911040) bytes at address 1fffffff000 (errno: 12)
FAIL: c-c++-common/asan/bitfield-4.c -O3 -fomit-frame-pointer output pattern test, is ==3507==ERROR: AddressSanitizer failed to allocate 0x4000001000 (274877911040) bytes at address 1fffffff000 (errno: 12)
FAIL: c-c++-common/asan/bitfield-4.c -O3 -g output pattern test, is ==3549==ERROR: AddressSanitizer failed to allocate 0x4000001000 (274877911040) bytes at address 1fffffff000 (errno: 12)
FAIL: c-c++-common/asan/bitfield-4.c -Os output pattern test, is ==3593==ERROR: AddressSanitizer failed to allocate 0x4000001000 (274877911040) bytes at address 1fffffff000 (errno: 12)
FAIL: c-c++-common/asan/bitfield-5.c -O0 output pattern test, is ==3789==ERROR: AddressSanitizer failed to allocate 0x4000001000 (274877911040) bytes at address 1fffffff000 (errno: 12)
FAIL: c-c++-common/asan/bitfield-5.c -O1 output pattern test, is ==3835==ERROR: AddressSanitizer failed to allocate 0x4000001000 (274877911040) bytes at address 1fffffff000 (errno: 12)
FAIL: c-c++-common/asan/bitfield-5.c -O2 output pattern test, is ==3874==ERROR: AddressSanitizer failed to allocate 0x4000001000 (274877911040) bytes at address 1fffffff000 (errno: 12)
FAIL: c-c++-common/asan/bitfield-5.c -O2 -flto -fno-use-linker-plugin -flto-partition=none output pattern test, is ==4113==ERROR: AddressSanitizer failed to allocate 0x4000001000 (274877911040) bytes at address 1fffffff000 (errno: 12)
FAIL: c-c++-common/asan/bitfield-5.c -O2 -flto -fuse-linker-plugin -fno-fat-lto-objects output pattern test, is ==4171==ERROR: AddressSanitizer failed to allocate 0x4000001000 (274877911040) bytes at address 1fffffff000 (errno: 12)
FAIL: c-c++-common/asan/bitfield-5.c -O3 -fomit-frame-pointer output pattern test, is ==3920==ERROR: AddressSanitizer failed to allocate 0x4000001000 (274877911040) bytes at address 1fffffff000 (errno: 12)
FAIL: c-c++-common/asan/bitfield-5.c -O3 -g output pattern test, is ==3967==ERROR: AddressSanitizer failed to allocate 0x4000001000 (274877911040) bytes at address 1fffffff000 (errno: 12)
FAIL: c-c++-common/asan/bitfield-5.c -Os output pattern test, is ==4014==ERROR: AddressSanitizer failed to allocate 0x4000001000 (274877911040) bytes at address 1fffffff000 (errno: 12)
FAIL: c-c++-common/asan/clone-test-1.c -O0 execution test
FAIL: c-c++-common/asan/clone-test-1.c -O1 execution test
FAIL: c-c++-common/asan/clone-test-1.c -O2 execution test
FAIL: c-c++-common/asan/clone-test-1.c -O2 -flto -fno-use-linker-plugin -flto-partition=none execution test
FAIL: c-c++-common/asan/clone-test-1.c -O2 -flto -fuse-linker-plugin -fno-fat-lto-objects execution test
FAIL: c-c++-common/asan/clone-test-1.c -O3 -fomit-frame-pointer execution test
FAIL: c-c++-common/asan/clone-test-1.c -O3 -fomit-frame-pointer -funroll-all-loops -finline-functions execution test
FAIL: c-c++-common/asan/clone-test-1.c -O3 -fomit-frame-pointer -funroll-loops execution test
FAIL: c-c++-common/asan/clone-test-1.c -O3 -g execution test
FAIL: c-c++-common/asan/clone-test-1.c -Os execution test
FAIL: c-c++-common/asan/global-overflow-1.c -O0 output pattern test, is ==4959==ERROR: AddressSanitizer failed to allocate 0x4000001000 (274877911040) bytes at address 1fffffff000 (errno: 12)
FAIL: c-c++-common/asan/global-overflow-1.c -O1 output pattern test, is ==5006==ERROR: AddressSanitizer failed to allocate 0x4000001000 (274877911040) bytes at address 1fffffff000 (errno: 12)
FAIL: c-c++-common/asan/global-overflow-1.c -O2 output pattern test, is ==5046==ERROR: AddressSanitizer failed to allocate 0x4000001000 (274877911040) bytes at address 1fffffff000 (errno: 12)
FAIL: c-c++-common/asan/global-overflow-1.c -O2 -flto -fno-use-linker-plugin -flto-partition=none output pattern test, is ==5250==ERROR: AddressSanitizer failed to allocate 0x4000001000 (274877911040) bytes at address 1fffffff000 (errno: 12)
FAIL: c-c++-common/asan/global-overflow-1.c -O2 -flto -fuse-linker-plugin -fno-fat-lto-objects output pattern test, is ==5311==ERROR: AddressSanitizer failed to allocate 0x4000001000 (274877911040) bytes at address 1fffffff000 (errno: 12)
FAIL: c-c++-common/asan/global-overflow-1.c -O3 -fomit-frame-pointer output pattern test, is ==5086==ERROR: AddressSanitizer failed to allocate 0x4000001000 (274877911040) bytes at address 1fffffff000 (errno: 12)
FAIL: c-c++-common/asan/global-overflow-1.c -O3 -g output pattern test, is ==5122==ERROR: AddressSanitizer failed to allocate 0x4000001000 (274877911040) bytes at address 1fffffff000 (errno: 12)
FAIL: c-c++-common/asan/global-overflow-1.c -Os output pattern test, is ==5167==ERROR: AddressSanitizer failed to allocate 0x4000001000 (274877911040) bytes at address 1fffffff000 (errno: 12)
FAIL: c-c++-common/asan/heap-overflow-1.c -O0 output pattern test, is ==5359==ERROR: AddressSanitizer failed to allocate 0x4000001000 (274877911040) bytes at address 1fffffff000 (errno: 12)
FAIL: c-c++-common/asan/heap-overflow-1.c -O1 output pattern test, is ==5400==ERROR: AddressSanitizer failed to allocate 0x4000001000 (274877911040) bytes at address 1fffffff000 (errno: 12)
FAIL: c-c++-common/asan/heap-overflow-1.c -O2 output pattern test, is ==5449==ERROR: AddressSanitizer failed to allocate 0x4000001000 (274877911040) bytes at address 1fffffff000 (errno: 12)
FAIL: c-c++-common/asan/heap-overflow-1.c -O2 -flto -fno-use-linker-plugin -flto-partition=none output pattern test, is ==5678==ERROR: AddressSanitizer failed to allocate 0x4000001000 (274877911040) bytes at address 1fffffff000 (errno: 12)
FAIL: c-c++-common/asan/heap-overflow-1.c -O2 -flto -fuse-linker-plugin -fno-fat-lto-objects output pattern test, is ==5736==ERROR: AddressSanitizer failed to allocate 0x4000001000 (274877911040) bytes at address 1fffffff000 (errno: 12)
FAIL: c-c++-common/asan/heap-overflow-1.c -O3 -fomit-frame-pointer output pattern test, is ==5497==ERROR: AddressSanitizer failed to allocate 0x4000001000 (274877911040) bytes at address 1fffffff000 (errno: 12)
FAIL: c-c++-common/asan/heap-overflow-1.c -O3 -g output pattern test, is ==5543==ERROR: AddressSanitizer failed to allocate 0x4000001000 (274877911040) bytes at address 1fffffff000 (errno: 12)
FAIL: c-c++-common/asan/heap-overflow-1.c -Os output pattern test, is ==5582==ERROR: AddressSanitizer failed to allocate 0x4000001000 (274877911040) bytes at address 1fffffff000 (errno: 12)
FAIL: c-c++-common/asan/memcmp-1.c -O0 output pattern test, is ==6387==ERROR: AddressSanitizer failed to allocate 0x4000001000 (274877911040) bytes at address 1fffffff000 (errno: 12)
FAIL: c-c++-common/asan/memcmp-1.c -O1 output pattern test, is ==6432==ERROR: AddressSanitizer failed to allocate 0x4000001000 (274877911040) bytes at address 1fffffff000 (errno: 12)
FAIL: c-c++-common/asan/memcmp-1.c -O2 output pattern test, is ==6478==ERROR: AddressSanitizer failed to allocate 0x4000001000 (274877911040) bytes at address 1fffffff000 (errno: 12)
FAIL: c-c++-common/asan/memcmp-1.c -O2 -flto -fno-use-linker-plugin -flto-partition=none output pattern test, is ==6709==ERROR: AddressSanitizer failed to allocate 0x4000001000 (274877911040) bytes at address 1fffffff000 (errno: 12)
FAIL: c-c++-common/asan/memcmp-1.c -O2 -flto -fuse-linker-plugin -fno-fat-lto-objects output pattern test, is ==6767==ERROR: AddressSanitizer failed to allocate 0x4000001000 (274877911040) bytes at address 1fffffff000 (errno: 12)
FAIL: c-c++-common/asan/memcmp-1.c -O3 -fomit-frame-pointer output pattern test, is ==6521==ERROR: AddressSanitizer failed to allocate 0x4000001000 (274877911040) bytes at address 1fffffff000 (errno: 12)
FAIL: c-c++-common/asan/memcmp-1.c -O3 -g output pattern test, is ==6563==ERROR: AddressSanitizer failed to allocate 0x4000001000 (274877911040) bytes at address 1fffffff000 (errno: 12)
FAIL: c-c++-common/asan/memcmp-1.c -Os output pattern test, is ==6611==ERROR: AddressSanitizer failed to allocate 0x4000001000 (274877911040) bytes at address 1fffffff000 (errno: 12)
FAIL: c-c++-common/asan/misalign-1.c -O0 output pattern test, is ==6945==ERROR: AddressSanitizer failed to allocate 0x4000001000 (274877911040) bytes at address 1fffffff000 (errno: 12)
FAIL: c-c++-common/asan/misalign-1.c -O1 output pattern test, is ==6979==ERROR: AddressSanitizer failed to allocate 0x4000001000 (274877911040) bytes at address 1fffffff000 (errno: 12)
FAIL: c-c++-common/asan/misalign-1.c -O2 output pattern test, is ==7000==ERROR: AddressSanitizer failed to allocate 0x4000001000 (274877911040) bytes at address 1fffffff000 (errno: 12)
FAIL: c-c++-common/asan/misalign-1.c -O2 -flto -fno-use-linker-plugin -flto-partition=none output pattern test, is ==7152==ERROR: AddressSanitizer failed to allocate 0x4000001000 (274877911040) bytes at address 1fffffff000 (errno: 12)
FAIL: c-c++-common/asan/misalign-1.c -O2 -flto -fuse-linker-plugin -fno-fat-lto-objects output pattern test, is ==7194==ERROR: AddressSanitizer failed to allocate 0x4000001000 (274877911040) bytes at address 1fffffff000 (errno: 12)
FAIL: c-c++-common/asan/misalign-1.c -O3 -fomit-frame-pointer output pattern test, is ==7029==ERROR: AddressSanitizer failed to allocate 0x4000001000 (274877911040) bytes at address 1fffffff000 (errno: 12)
FAIL: c-c++-common/asan/misalign-1.c -O3 -g output pattern test, is ==7063==ERROR: AddressSanitizer failed to allocate 0x4000001000 (274877911040) bytes at address 1fffffff000 (errno: 12)
FAIL: c-c++-common/asan/misalign-1.c -Os output pattern test, is ==7084==ERROR: AddressSanitizer failed to allocate 0x4000001000 (274877911040) bytes at address 1fffffff000 (errno: 12)
FAIL: c-c++-common/asan/misalign-2.c -O0 output pattern test, is ==7228==ERROR: AddressSanitizer failed to allocate 0x4000001000 (274877911040) bytes at address 1fffffff000 (errno: 12)
FAIL: c-c++-common/asan/misalign-2.c -O1 output pattern test, is ==7262==ERROR: AddressSanitizer failed to allocate 0x4000001000 (274877911040) bytes at address 1fffffff000 (errno: 12)
FAIL: c-c++-common/asan/misalign-2.c -O2 output pattern test, is ==7296==ERROR: AddressSanitizer failed to allocate 0x4000001000 (274877911040) bytes at address 1fffffff000 (errno: 12)
FAIL: c-c++-common/asan/misalign-2.c -O2 -flto -fno-use-linker-plugin -flto-partition=none output pattern test, is ==7436==ERROR: AddressSanitizer failed to allocate 0x4000001000 (274877911040) bytes at address 1fffffff000 (errno: 12)
FAIL: c-c++-common/asan/misalign-2.c -O2 -flto -fuse-linker-plugin -fno-fat-lto-objects output pattern test, is ==7460==ERROR: AddressSanitizer failed to allocate 0x4000001000 (274877911040) bytes at address 1fffffff000 (errno: 12)
FAIL: c-c++-common/asan/misalign-2.c -O3 -fomit-frame-pointer output pattern test, is ==7318==ERROR: AddressSanitizer failed to allocate 0x4000001000 (274877911040) bytes at address 1fffffff000 (errno: 12)
FAIL: c-c++-common/asan/misalign-2.c -O3 -g output pattern test, is ==7347==ERROR: AddressSanitizer failed to allocate 0x4000001000 (274877911040) bytes at address 1fffffff000 (errno: 12)
FAIL: c-c++-common/asan/misalign-2.c -Os output pattern test, is ==7372==ERROR: AddressSanitizer failed to allocate 0x4000001000 (274877911040) bytes at address 1fffffff000 (errno: 12)
FAIL: c-c++-common/asan/null-deref-1.c -O0 output pattern test, is ==8028==ERROR: AddressSanitizer failed to allocate 0x4000001000 (274877911040) bytes at address 1fffffff000 (errno: 12)
FAIL: c-c++-common/asan/null-deref-1.c -O1 output pattern test, is ==8049==ERROR: AddressSanitizer failed to allocate 0x4000001000 (274877911040) bytes at address 1fffffff000 (errno: 12)
FAIL: c-c++-common/asan/null-deref-1.c -O2 output pattern test, is ==8078==ERROR: AddressSanitizer failed to allocate 0x4000001000 (274877911040) bytes at address 1fffffff000 (errno: 12)
FAIL: c-c++-common/asan/null-deref-1.c -O2 -flto -fno-use-linker-plugin -flto-partition=none output pattern test, is ==8163==ERROR: AddressSanitizer failed to allocate 0x4000001000 (274877911040) bytes at address 1fffffff000 (errno: 12)
FAIL: c-c++-common/asan/null-deref-1.c -O2 -flto -fuse-linker-plugin -fno-fat-lto-objects output pattern test, is ==8188==ERROR: AddressSanitizer failed to allocate 0x4000001000 (274877911040) bytes at address 1fffffff000 (errno: 12)
FAIL: c-c++-common/asan/null-deref-1.c -O3 -fomit-frame-pointer output pattern test, is ==8094==ERROR: AddressSanitizer failed to allocate 0x4000001000 (274877911040) bytes at address 1fffffff000 (errno: 12)
FAIL: c-c++-common/asan/null-deref-1.c -O3 -g output pattern test, is ==8110==ERROR: AddressSanitizer failed to allocate 0x4000001000 (274877911040) bytes at address 1fffffff000 (errno: 12)
FAIL: c-c++-common/asan/null-deref-1.c -Os output pattern test, is ==8126==ERROR: AddressSanitizer failed to allocate 0x4000001000 (274877911040) bytes at address 1fffffff000 (errno: 12)
FAIL: c-c++-common/asan/pr59063-1.c -O0 execution test
FAIL: c-c++-common/asan/pr59063-1.c -O1 execution test
FAIL: c-c++-common/asan/pr59063-1.c -O2 execution test
FAIL: c-c++-common/asan/pr59063-1.c -O2 -flto -fno-use-linker-plugin -flto-partition=none execution test
FAIL: c-c++-common/asan/pr59063-1.c -O2 -flto -fuse-linker-plugin -fno-fat-lto-objects execution test
FAIL: c-c++-common/asan/pr59063-1.c -O3 -fomit-frame-pointer execution test
FAIL: c-c++-common/asan/pr59063-1.c -O3 -g execution test
FAIL: c-c++-common/asan/pr59063-1.c -Os execution test
FAIL: c-c++-common/asan/pr59063-2.c -O0 execution test
FAIL: c-c++-common/asan/pr59063-2.c -O1 execution test
FAIL: c-c++-common/asan/pr59063-2.c -O2 execution test
FAIL: c-c++-common/asan/pr59063-2.c -O2 -flto -fno-use-linker-plugin -flto-partition=none execution test
FAIL: c-c++-common/asan/pr59063-2.c -O2 -flto -fuse-linker-plugin -fno-fat-lto-objects execution test
FAIL: c-c++-common/asan/pr59063-2.c -O3 -fomit-frame-pointer execution test
FAIL: c-c++-common/asan/pr59063-2.c -O3 -g execution test
FAIL: c-c++-common/asan/pr59063-2.c -Os execution test
FAIL: c-c++-common/asan/pr61530.c -O0 output pattern test, is ==9212==ERROR: AddressSanitizer failed to allocate 0x4000001000 (274877911040) bytes at address 1fffffff000 (errno: 12)
FAIL: c-c++-common/asan/pr61530.c -O1 output pattern test, is ==9259==ERROR: AddressSanitizer failed to allocate 0x4000001000 (274877911040) bytes at address 1fffffff000 (errno: 12)
FAIL: c-c++-common/asan/pr61530.c -O2 output pattern test, is ==9305==ERROR: AddressSanitizer failed to allocate 0x4000001000 (274877911040) bytes at address 1fffffff000 (errno: 12)
FAIL: c-c++-common/asan/pr61530.c -O2 -flto -fno-use-linker-plugin -flto-partition=none output pattern test, is ==9537==ERROR: AddressSanitizer failed to allocate 0x4000001000 (274877911040) bytes at address 1fffffff000 (errno: 12)
FAIL: c-c++-common/asan/pr61530.c -O2 -flto -fuse-linker-plugin -fno-fat-lto-objects output pattern test, is ==9594==ERROR: AddressSanitizer failed to allocate 0x4000001000 (274877911040) bytes at address 1fffffff000 (errno: 12)
FAIL: c-c++-common/asan/pr61530.c -O3 -fomit-frame-pointer output pattern test, is ==9347==ERROR: AddressSanitizer failed to allocate 0x4000001000 (274877911040) bytes at address 1fffffff000 (errno: 12)
FAIL: c-c++-common/asan/pr61530.c -O3 -g output pattern test, is ==9393==ERROR: AddressSanitizer failed to allocate 0x4000001000 (274877911040) bytes at address 1fffffff000 (errno: 12)
FAIL: c-c++-common/asan/pr61530.c -Os output pattern test, is ==9441==ERROR: AddressSanitizer failed to allocate 0x4000001000 (274877911040) bytes at address 1fffffff000 (errno: 12)
FAIL: c-c++-common/asan/pr62089.c -O0 output pattern test, is ==9640==ERROR: AddressSanitizer failed to allocate 0x4000001000 (274877911040) bytes at address 1fffffff000 (errno: 12)
FAIL: c-c++-common/asan/pr62089.c -O1 output pattern test, is ==9688==ERROR: AddressSanitizer failed to allocate 0x4000001000 (274877911040) bytes at address 1fffffff000 (errno: 12)
FAIL: c-c++-common/asan/pr62089.c -O2 output pattern test, is ==9735==ERROR: AddressSanitizer failed to allocate 0x4000001000 (274877911040) bytes at address 1fffffff000 (errno: 12)
FAIL: c-c++-common/asan/pr62089.c -O2 -flto -fno-use-linker-plugin -flto-partition=none output pattern test, is ==9965==ERROR: AddressSanitizer failed to allocate 0x4000001000 (274877911040) bytes at address 1fffffff000 (errno: 12)
FAIL: c-c++-common/asan/pr62089.c -O2 -flto -fuse-linker-plugin -fno-fat-lto-objects output pattern test, is ==10024==ERROR: AddressSanitizer failed to allocate 0x4000001000 (274877911040) bytes at address 1fffffff000 (errno: 12)
FAIL: c-c++-common/asan/pr62089.c -O3 -fomit-frame-pointer output pattern test, is ==9782==ERROR: AddressSanitizer failed to allocate 0x4000001000 (274877911040) bytes at address 1fffffff000 (errno: 12)
FAIL: c-c++-common/asan/pr62089.c -O3 -g output pattern test, is ==9825==ERROR: AddressSanitizer failed to allocate 0x4000001000 (274877911040) bytes at address 1fffffff000 (errno: 12)
FAIL: c-c++-common/asan/pr62089.c -Os output pattern test, is ==9869==ERROR: AddressSanitizer failed to allocate 0x4000001000 (274877911040) bytes at address 1fffffff000 (errno: 12)
FAIL: c-c++-common/asan/pr63316.c -O0 execution test
FAIL: c-c++-common/asan/pr63316.c -O1 execution test
FAIL: c-c++-common/asan/pr63316.c -O2 execution test
FAIL: c-c++-common/asan/pr63316.c -O2 -flto -fno-use-linker-plugin -flto-partition=none execution test
FAIL: c-c++-common/asan/pr63316.c -O2 -flto -fuse-linker-plugin -fno-fat-lto-objects execution test
FAIL: c-c++-common/asan/pr63316.c -O3 -fomit-frame-pointer execution test
FAIL: c-c++-common/asan/pr63316.c -O3 -g execution test
FAIL: c-c++-common/asan/pr63316.c -Os execution test
FAIL: c-c++-common/asan/rlimit-mmap-test-1.c -O0 output pattern test, is ==11004==ERROR: AddressSanitizer failed to allocate 0x4000001000 (274877911040) bytes at address 1fffffff000 (errno: 12)
FAIL: c-c++-common/asan/sanity-check-pure-c-1.c -O0 output pattern test, is ==11028==ERROR: AddressSanitizer failed to allocate 0x4000001000 (274877911040) bytes at address 1fffffff000 (errno: 12)
FAIL: c-c++-common/asan/sanity-check-pure-c-1.c -O1 output pattern test, is ==11059==ERROR: AddressSanitizer failed to allocate 0x4000001000 (274877911040) bytes at address 1fffffff000 (errno: 12)
FAIL: c-c++-common/asan/sanity-check-pure-c-1.c -O2 output pattern test, is ==11111==ERROR: AddressSanitizer failed to allocate 0x4000001000 (274877911040) bytes at address 1fffffff000 (errno: 12)
FAIL: c-c++-common/asan/sanity-check-pure-c-1.c -O2 -flto -fno-use-linker-plugin -flto-partition=none output pattern test, is ==11329==ERROR: AddressSanitizer failed to allocate 0x4000001000 (274877911040) bytes at address 1fffffff000 (errno: 12)
FAIL: c-c++-common/asan/sanity-check-pure-c-1.c -O2 -flto -fuse-linker-plugin -fno-fat-lto-objects output pattern test, is ==11395==ERROR: AddressSanitizer failed to allocate 0x4000001000 (274877911040) bytes at address 1fffffff000 (errno: 12)
FAIL: c-c++-common/asan/sanity-check-pure-c-1.c -O3 -fomit-frame-pointer output pattern test, is ==11154==ERROR: AddressSanitizer failed to allocate 0x4000001000 (274877911040) bytes at address 1fffffff000 (errno: 12)
FAIL: c-c++-common/asan/sanity-check-pure-c-1.c -O3 -g output pattern test, is ==11196==ERROR: AddressSanitizer failed to allocate 0x4000001000 (274877911040) bytes at address 1fffffff000 (errno: 12)
FAIL: c-c++-common/asan/sanity-check-pure-c-1.c -Os output pattern test, is ==11239==ERROR: AddressSanitizer failed to allocate 0x4000001000 (274877911040) bytes at address 1fffffff000 (errno: 12)
FAIL: c-c++-common/asan/sleep-before-dying-1.c -O2 output pattern test, is ==11561==ERROR: AddressSanitizer failed to allocate 0x4000001000 (274877911040) bytes at address 1fffffff000 (errno: 12)
FAIL: c-c++-common/asan/sleep-before-dying-1.c -O2 -flto -fno-use-linker-plugin -flto-partition=none output pattern test, is ==11655==ERROR: AddressSanitizer failed to allocate 0x4000001000 (274877911040) bytes at address 1fffffff000 (errno: 12)
FAIL: c-c++-common/asan/sleep-before-dying-1.c -O2 -flto -fuse-linker-plugin -fno-fat-lto-objects output pattern test, is ==11717==ERROR: AddressSanitizer failed to allocate 0x4000001000 (274877911040) bytes at address 1fffffff000 (errno: 12)
FAIL: c-c++-common/asan/stack-overflow-1.c -O0 output pattern test, is ==11763==ERROR: AddressSanitizer failed to allocate 0x4000001000 (274877911040) bytes at address 1fffffff000 (errno: 12)
FAIL: c-c++-common/asan/stack-overflow-1.c -O1 output pattern test, is ==11811==ERROR: AddressSanitizer failed to allocate 0x4000001000 (274877911040) bytes at address 1fffffff000 (errno: 12)
FAIL: c-c++-common/asan/stack-overflow-1.c -O2 output pattern test, is ==11859==ERROR: AddressSanitizer failed to allocate 0x4000001000 (274877911040) bytes at address 1fffffff000 (errno: 12)
FAIL: c-c++-common/asan/stack-overflow-1.c -O2 -flto -fno-use-linker-plugin -flto-partition=none output pattern test, is ==12087==ERROR: AddressSanitizer failed to allocate 0x4000001000 (274877911040) bytes at address 1fffffff000 (errno: 12)
FAIL: c-c++-common/asan/stack-overflow-1.c -O2 -flto -fuse-linker-plugin -fno-fat-lto-objects output pattern test, is ==12139==ERROR: AddressSanitizer failed to allocate 0x4000001000 (274877911040) bytes at address 1fffffff000 (errno: 12)
FAIL: c-c++-common/asan/stack-overflow-1.c -O3 -fomit-frame-pointer output pattern test, is ==11905==ERROR: AddressSanitizer failed to allocate 0x4000001000 (274877911040) bytes at address 1fffffff000 (errno: 12)
FAIL: c-c++-common/asan/stack-overflow-1.c -O3 -g output pattern test, is ==11959==ERROR: AddressSanitizer failed to allocate 0x4000001000 (274877911040) bytes at address 1fffffff000 (errno: 12)
FAIL: c-c++-common/asan/stack-overflow-1.c -Os output pattern test, is ==12001==ERROR: AddressSanitizer failed to allocate 0x4000001000 (274877911040) bytes at address 1fffffff000 (errno: 12)
FAIL: c-c++-common/asan/strip-path-prefix-1.c -O2 output pattern test, is ==12185==ERROR: AddressSanitizer failed to allocate 0x4000001000 (274877911040) bytes at address 1fffffff000 (errno: 12)
FAIL: c-c++-common/asan/strip-path-prefix-1.c -O2 -flto -fno-use-linker-plugin -flto-partition=none output pattern test, is ==12283==ERROR: AddressSanitizer failed to allocate 0x4000001000 (274877911040) bytes at address 1fffffff000 (errno: 12)
FAIL: c-c++-common/asan/strip-path-prefix-1.c -O2 -flto -fuse-linker-plugin -fno-fat-lto-objects output pattern test, is ==12341==ERROR: AddressSanitizer failed to allocate 0x4000001000 (274877911040) bytes at address 1fffffff000 (errno: 12)
FAIL: c-c++-common/asan/strlen-overflow-1.c -O0 output pattern test, is ==12389==ERROR: AddressSanitizer failed to allocate 0x4000001000 (274877911040) bytes at address 1fffffff000 (errno: 12)
FAIL: c-c++-common/asan/strlen-overflow-1.c -O1 output pattern test, is ==12423==ERROR: AddressSanitizer failed to allocate 0x4000001000 (274877911040) bytes at address 1fffffff000 (errno: 12)
FAIL: c-c++-common/asan/strlen-overflow-1.c -O2 output pattern test, is ==12459==ERROR: AddressSanitizer failed to allocate 0x4000001000 (274877911040) bytes at address 1fffffff000 (errno: 12)
FAIL: c-c++-common/asan/strlen-overflow-1.c -O3 -fomit-frame-pointer output pattern test, is ==12494==ERROR: AddressSanitizer failed to allocate 0x4000001000 (274877911040) bytes at address 1fffffff000 (errno: 12)
FAIL: c-c++-common/asan/strlen-overflow-1.c -O3 -g output pattern test, is ==12528==ERROR: AddressSanitizer failed to allocate 0x4000001000 (274877911040) bytes at address 1fffffff000 (errno: 12)
FAIL: c-c++-common/asan/strlen-overflow-1.c -Os output pattern test, is ==12560==ERROR: AddressSanitizer failed to allocate 0x4000001000 (274877911040) bytes at address 1fffffff000 (errno: 12)
FAIL: c-c++-common/asan/strncpy-overflow-1.c -O0 output pattern test, is ==12592==ERROR: AddressSanitizer failed to allocate 0x4000001000 (274877911040) bytes at address 1fffffff000 (errno: 12)
FAIL: c-c++-common/asan/strncpy-overflow-1.c -O1 output pattern test, is ==12629==ERROR: AddressSanitizer failed to allocate 0x4000001000 (274877911040) bytes at address 1fffffff000 (errno: 12)
FAIL: c-c++-common/asan/strncpy-overflow-1.c -O2 output pattern test, is ==12677==ERROR: AddressSanitizer failed to allocate 0x4000001000 (274877911040) bytes at address 1fffffff000 (errno: 12)
FAIL: c-c++-common/asan/strncpy-overflow-1.c -O2 -flto -fno-use-linker-plugin -flto-partition=none output pattern test, is ==12901==ERROR: AddressSanitizer failed to allocate 0x4000001000 (274877911040) bytes at address 1fffffff000 (errno: 12)
FAIL: c-c++-common/asan/strncpy-overflow-1.c -O2 -flto -fuse-linker-plugin -fno-fat-lto-objects output pattern test, is ==12945==ERROR: AddressSanitizer failed to allocate 0x4000001000 (274877911040) bytes at address 1fffffff000 (errno: 12)
FAIL: c-c++-common/asan/strncpy-overflow-1.c -O3 -fomit-frame-pointer output pattern test, is ==12725==ERROR: AddressSanitizer failed to allocate 0x4000001000 (274877911040) bytes at address 1fffffff000 (errno: 12)
FAIL: c-c++-common/asan/strncpy-overflow-1.c -O3 -g output pattern test, is ==12773==ERROR: AddressSanitizer failed to allocate 0x4000001000 (274877911040) bytes at address 1fffffff000 (errno: 12)
FAIL: c-c++-common/asan/strncpy-overflow-1.c -Os output pattern test, is ==12821==ERROR: AddressSanitizer failed to allocate 0x4000001000 (274877911040) bytes at address 1fffffff000 (errno: 12)
FAIL: c-c++-common/asan/swapcontext-test-1.c -O0 execution test
FAIL: c-c++-common/asan/swapcontext-test-1.c -O1 execution test
FAIL: c-c++-common/asan/swapcontext-test-1.c -O2 execution test
FAIL: c-c++-common/asan/swapcontext-test-1.c -O2 -flto -fno-use-linker-plugin -flto-partition=none execution test
FAIL: c-c++-common/asan/swapcontext-test-1.c -O2 -flto -fuse-linker-plugin -fno-fat-lto-objects execution test
FAIL: c-c++-common/asan/swapcontext-test-1.c -O3 -fomit-frame-pointer execution test
FAIL: c-c++-common/asan/swapcontext-test-1.c -O3 -fomit-frame-pointer -funroll-all-loops -finline-functions execution test
FAIL: c-c++-common/asan/swapcontext-test-1.c -O3 -fomit-frame-pointer -funroll-loops execution test
FAIL: c-c++-common/asan/swapcontext-test-1.c -O3 -g execution test
FAIL: c-c++-common/asan/swapcontext-test-1.c -Os execution test
FAIL: c-c++-common/asan/use-after-free-1.c -O0 output pattern test, is ==13471==ERROR: AddressSanitizer failed to allocate 0x4000001000 (274877911040) bytes at address 1fffffff000 (errno: 12)
FAIL: c-c++-common/asan/use-after-free-1.c -O1 output pattern test, is ==13519==ERROR: AddressSanitizer failed to allocate 0x4000001000 (274877911040) bytes at address 1fffffff000 (errno: 12)
FAIL: c-c++-common/asan/use-after-free-1.c -O2 output pattern test, is ==13562==ERROR: AddressSanitizer failed to allocate 0x4000001000 (274877911040) bytes at address 1fffffff000 (errno: 12)
FAIL: c-c++-common/asan/use-after-free-1.c -O2 -flto -fno-use-linker-plugin -flto-partition=none output pattern test, is ==13786==ERROR: AddressSanitizer failed to allocate 0x4000001000 (274877911040) bytes at address 1fffffff000 (errno: 12)
FAIL: c-c++-common/asan/use-after-free-1.c -O2 -flto -fuse-linker-plugin -fno-fat-lto-objects output pattern test, is ==13848==ERROR: AddressSanitizer failed to allocate 0x4000001000 (274877911040) bytes at address 1fffffff000 (errno: 12)
FAIL: c-c++-common/asan/use-after-free-1.c -O3 -fomit-frame-pointer output pattern test, is ==13605==ERROR: AddressSanitizer failed to allocate 0x4000001000 (274877911040) bytes at address 1fffffff000 (errno: 12)
FAIL: c-c++-common/asan/use-after-free-1.c -O3 -g output pattern test, is ==13647==ERROR: AddressSanitizer failed to allocate 0x4000001000 (274877911040) bytes at address 1fffffff000 (errno: 12)
FAIL: c-c++-common/asan/use-after-free-1.c -Os output pattern test, is ==13692==ERROR: AddressSanitizer failed to allocate 0x4000001000 (274877911040) bytes at address 1fffffff000 (errno: 12)
FAIL: c-c++-common/asan/use-after-return-1.c -O0 output pattern test, is ==13900==ERROR: AddressSanitizer failed to allocate 0x4000001000 (274877911040) bytes at address 1fffffff000 (errno: 12)
FAIL: c-c++-common/asan/use-after-return-1.c -O1 output pattern test, is ==13945==ERROR: AddressSanitizer failed to allocate 0x4000001000 (274877911040) bytes at address 1fffffff000 (errno: 12)
FAIL: c-c++-common/asan/use-after-return-1.c -O2 output pattern test, is ==13995==ERROR: AddressSanitizer failed to allocate 0x4000001000 (274877911040) bytes at address 1fffffff000 (errno: 12)
FAIL: c-c++-common/asan/use-after-return-1.c -O2 -flto -fno-use-linker-plugin -flto-partition=none output pattern test, is ==14224==ERROR: AddressSanitizer failed to allocate 0x4000001000 (274877911040) bytes at address 1fffffff000 (errno: 12)
FAIL: c-c++-common/asan/use-after-return-1.c -O2 -flto -fuse-linker-plugin -fno-fat-lto-objects output pattern test, is ==14278==ERROR: AddressSanitizer failed to allocate 0x4000001000 (274877911040) bytes at address 1fffffff000 (errno: 12)
FAIL: c-c++-common/asan/use-after-return-1.c -O3 -fomit-frame-pointer output pattern test, is ==14045==ERROR: AddressSanitizer failed to allocate 0x4000001000 (274877911040) bytes at address 1fffffff000 (errno: 12)
FAIL: c-c++-common/asan/use-after-return-1.c -O3 -g output pattern test, is ==14095==ERROR: AddressSanitizer failed to allocate 0x4000001000 (274877911040) bytes at address 1fffffff000 (errno: 12)
FAIL: c-c++-common/asan/use-after-return-1.c -Os output pattern test, is ==14143==ERROR: AddressSanitizer failed to allocate 0x4000001000 (274877911040) bytes at address 1fffffff000 (errno: 12)
FAIL: g++.dg/asan/deep-stack-uaf-1.C -O0 output pattern test, is ==14341==ERROR: AddressSanitizer failed to allocate 0x4000001000 (274877911040) bytes at address 1fffffff000 (errno: 12)
FAIL: g++.dg/asan/deep-stack-uaf-1.C -O1 output pattern test, is ==14424==ERROR: AddressSanitizer failed to allocate 0x4000001000 (274877911040) bytes at address 1fffffff000 (errno: 12)
FAIL: g++.dg/asan/deep-stack-uaf-1.C -O2 output pattern test, is ==14523==ERROR: AddressSanitizer failed to allocate 0x4000001000 (274877911040) bytes at address 1fffffff000 (errno: 12)
FAIL: g++.dg/asan/deep-stack-uaf-1.C -O3 -fomit-frame-pointer output pattern test, is ==14630==ERROR: AddressSanitizer failed to allocate 0x4000001000 (274877911040) bytes at address 1fffffff000 (errno: 12)
FAIL: g++.dg/asan/deep-stack-uaf-1.C -O3 -g output pattern test, is ==14731==ERROR: AddressSanitizer failed to allocate 0x4000001000 (274877911040) bytes at address 1fffffff000 (errno: 12)
FAIL: g++.dg/asan/deep-stack-uaf-1.C -Os output pattern test, is ==14815==ERROR: AddressSanitizer failed to allocate 0x4000001000 (274877911040) bytes at address 1fffffff000 (errno: 12)
FAIL: g++.dg/asan/deep-tail-call-1.C -O0 output pattern test, is ==14854==ERROR: AddressSanitizer failed to allocate 0x4000001000 (274877911040) bytes at address 1fffffff000 (errno: 12)
FAIL: g++.dg/asan/deep-tail-call-1.C -O1 output pattern test, is ==14891==ERROR: AddressSanitizer failed to allocate 0x4000001000 (274877911040) bytes at address 1fffffff000 (errno: 12)
FAIL: g++.dg/asan/deep-tail-call-1.C -O2 output pattern test, is ==14923==ERROR: AddressSanitizer failed to allocate 0x4000001000 (274877911040) bytes at address 1fffffff000 (errno: 12)
FAIL: g++.dg/asan/deep-tail-call-1.C -O2 -flto -fno-use-linker-plugin -flto-partition=none output pattern test, is ==15150==ERROR: AddressSanitizer failed to allocate 0x4000001000 (274877911040) bytes at address 1fffffff000 (errno: 12)
FAIL: g++.dg/asan/deep-tail-call-1.C -O2 -flto -fuse-linker-plugin -fno-fat-lto-objects output pattern test, is ==15211==ERROR: AddressSanitizer failed to allocate 0x4000001000 (274877911040) bytes at address 1fffffff000 (errno: 12)
FAIL: g++.dg/asan/deep-tail-call-1.C -O3 -fomit-frame-pointer output pattern test, is ==14966==ERROR: AddressSanitizer failed to allocate 0x4000001000 (274877911040) bytes at address 1fffffff000 (errno: 12)
FAIL: g++.dg/asan/deep-tail-call-1.C -O3 -g output pattern test, is ==15010==ERROR: AddressSanitizer failed to allocate 0x4000001000 (274877911040) bytes at address 1fffffff000 (errno: 12)
FAIL: g++.dg/asan/deep-tail-call-1.C -Os output pattern test, is ==15055==ERROR: AddressSanitizer failed to allocate 0x4000001000 (274877911040) bytes at address 1fffffff000 (errno: 12)
FAIL: g++.dg/asan/deep-thread-stack-1.C -O0 output pattern test, is ==15278==ERROR: AddressSanitizer failed to allocate 0x4000001000 (274877911040) bytes at address 1fffffff000 (errno: 12)
FAIL: g++.dg/asan/deep-thread-stack-1.C -O1 output pattern test, is ==15326==ERROR: AddressSanitizer failed to allocate 0x4000001000 (274877911040) bytes at address 1fffffff000 (errno: 12)
FAIL: g++.dg/asan/deep-thread-stack-1.C -O2 output pattern test, is ==15374==ERROR: AddressSanitizer failed to allocate 0x4000001000 (274877911040) bytes at address 1fffffff000 (errno: 12)
FAIL: g++.dg/asan/deep-thread-stack-1.C -O2 -flto -fno-use-linker-plugin -flto-partition=none output pattern test, is ==15632==ERROR: AddressSanitizer failed to allocate 0x4000001000 (274877911040) bytes at address 1fffffff000 (errno: 12)
FAIL: g++.dg/asan/deep-thread-stack-1.C -O2 -flto -fuse-linker-plugin -fno-fat-lto-objects output pattern test, is ==15694==ERROR: AddressSanitizer failed to allocate 0x4000001000 (274877911040) bytes at address 1fffffff000 (errno: 12)
FAIL: g++.dg/asan/deep-thread-stack-1.C -O3 -fomit-frame-pointer output pattern test, is ==15429==ERROR: AddressSanitizer failed to allocate 0x4000001000 (274877911040) bytes at address 1fffffff000 (errno: 12)
FAIL: g++.dg/asan/deep-thread-stack-1.C -O3 -g output pattern test, is ==15481==ERROR: AddressSanitizer failed to allocate 0x4000001000 (274877911040) bytes at address 1fffffff000 (errno: 12)
FAIL: g++.dg/asan/deep-thread-stack-1.C -Os output pattern test, is ==15529==ERROR: AddressSanitizer failed to allocate 0x4000001000 (274877911040) bytes at address 1fffffff000 (errno: 12)
FAIL: g++.dg/asan/default-options-1.C -O0 execution test
FAIL: g++.dg/asan/default-options-1.C -O1 execution test
FAIL: g++.dg/asan/default-options-1.C -O2 execution test
FAIL: g++.dg/asan/default-options-1.C -O2 -flto -fno-use-linker-plugin -flto-partition=none execution test
FAIL: g++.dg/asan/default-options-1.C -O2 -flto -fuse-linker-plugin -fno-fat-lto-objects execution test
FAIL: g++.dg/asan/default-options-1.C -O3 -fomit-frame-pointer execution test
FAIL: g++.dg/asan/default-options-1.C -O3 -g execution test
FAIL: g++.dg/asan/default-options-1.C -Os execution test
FAIL: g++.dg/asan/interception-failure-test-1.C -O0 execution test
FAIL: g++.dg/asan/interception-failure-test-1.C -O1 execution test
FAIL: g++.dg/asan/interception-failure-test-1.C -O2 execution test
FAIL: g++.dg/asan/interception-failure-test-1.C -O2 -flto -fno-use-linker-plugin -flto-partition=none execution test
FAIL: g++.dg/asan/interception-failure-test-1.C -O2 -flto -fuse-linker-plugin -fno-fat-lto-objects execution test
FAIL: g++.dg/asan/interception-failure-test-1.C -O3 -fomit-frame-pointer execution test
FAIL: g++.dg/asan/interception-failure-test-1.C -O3 -g execution test
FAIL: g++.dg/asan/interception-failure-test-1.C -Os execution test
FAIL: g++.dg/asan/interception-malloc-test-1.C -O0 output pattern test, is ==16571==ERROR: AddressSanitizer failed to allocate 0x4000001000 (274877911040) bytes at address 1fffffff000 (errno: 12)
FAIL: g++.dg/asan/interception-malloc-test-1.C -O1 output pattern test, is ==16616==ERROR: AddressSanitizer failed to allocate 0x4000001000 (274877911040) bytes at address 1fffffff000 (errno: 12)
FAIL: g++.dg/asan/interception-malloc-test-1.C -O2 output pattern test, is ==16666==ERROR: AddressSanitizer failed to allocate 0x4000001000 (274877911040) bytes at address 1fffffff000 (errno: 12)
FAIL: g++.dg/asan/interception-malloc-test-1.C -O2 -flto -fno-use-linker-plugin -flto-partition=none output pattern test, is ==16900==ERROR: AddressSanitizer failed to allocate 0x4000001000 (274877911040) bytes at address 1fffffff000 (errno: 12)
FAIL: g++.dg/asan/interception-malloc-test-1.C -O2 -flto -fuse-linker-plugin -fno-fat-lto-objects output pattern test, is ==16957==ERROR: AddressSanitizer failed to allocate 0x4000001000 (274877911040) bytes at address 1fffffff000 (errno: 12)
FAIL: g++.dg/asan/interception-malloc-test-1.C -O3 -fomit-frame-pointer output pattern test, is ==16714==ERROR: AddressSanitizer failed to allocate 0x4000001000 (274877911040) bytes at address 1fffffff000 (errno: 12)
FAIL: g++.dg/asan/interception-malloc-test-1.C -O3 -g output pattern test, is ==16761==ERROR: AddressSanitizer failed to allocate 0x4000001000 (274877911040) bytes at address 1fffffff000 (errno: 12)
FAIL: g++.dg/asan/interception-malloc-test-1.C -Os output pattern test, is ==16803==ERROR: AddressSanitizer failed to allocate 0x4000001000 (274877911040) bytes at address 1fffffff000 (errno: 12)
FAIL: g++.dg/asan/interception-test-1.C -O0 output pattern test, is ==17003==ERROR: AddressSanitizer failed to allocate 0x4000001000 (274877911040) bytes at address 1fffffff000 (errno: 12)
FAIL: g++.dg/asan/interception-test-1.C -O1 output pattern test, is ==17051==ERROR: AddressSanitizer failed to allocate 0x4000001000 (274877911040) bytes at address 1fffffff000 (errno: 12)
FAIL: g++.dg/asan/interception-test-1.C -O2 output pattern test, is ==17099==ERROR: AddressSanitizer failed to allocate 0x4000001000 (274877911040) bytes at address 1fffffff000 (errno: 12)
FAIL: g++.dg/asan/interception-test-1.C -O2 -flto -fno-use-linker-plugin -flto-partition=none output pattern test, is ==17340==ERROR: AddressSanitizer failed to allocate 0x4000001000 (274877911040) bytes at address 1fffffff000 (errno: 12)
FAIL: g++.dg/asan/interception-test-1.C -O2 -flto -fuse-linker-plugin -fno-fat-lto-objects output pattern test, is ==17400==ERROR: AddressSanitizer failed to allocate 0x4000001000 (274877911040) bytes at address 1fffffff000 (errno: 12)
FAIL: g++.dg/asan/interception-test-1.C -O3 -fomit-frame-pointer output pattern test, is ==17147==ERROR: AddressSanitizer failed to allocate 0x4000001000 (274877911040) bytes at address 1fffffff000 (errno: 12)
FAIL: g++.dg/asan/interception-test-1.C -O3 -g output pattern test, is ==17196==ERROR: AddressSanitizer failed to allocate 0x4000001000 (274877911040) bytes at address 1fffffff000 (errno: 12)
FAIL: g++.dg/asan/interception-test-1.C -Os output pattern test, is ==17244==ERROR: AddressSanitizer failed to allocate 0x4000001000 (274877911040) bytes at address 1fffffff000 (errno: 12)
FAIL: g++.dg/asan/large-func-test-1.C -O0 output pattern test, is ==17448==ERROR: AddressSanitizer failed to allocate 0x4000001000 (274877911040) bytes at address 1fffffff000 (errno: 12)
FAIL: g++.dg/asan/large-func-test-1.C -O1 output pattern test, is ==17496==ERROR: AddressSanitizer failed to allocate 0x4000001000 (274877911040) bytes at address 1fffffff000 (errno: 12)
FAIL: g++.dg/asan/large-func-test-1.C -O2 output pattern test, is ==17554==ERROR: AddressSanitizer failed to allocate 0x4000001000 (274877911040) bytes at address 1fffffff000 (errno: 12)
FAIL: g++.dg/asan/large-func-test-1.C -O2 -flto -fno-use-linker-plugin -flto-partition=none output pattern test, is ==17812==ERROR: AddressSanitizer failed to allocate 0x4000001000 (274877911040) bytes at address 1fffffff000 (errno: 12)
FAIL: g++.dg/asan/large-func-test-1.C -O2 -flto -fuse-linker-plugin -fno-fat-lto-objects output pattern test, is ==17883==ERROR: AddressSanitizer failed to allocate 0x4000001000 (274877911040) bytes at address 1fffffff000 (errno: 12)
FAIL: g++.dg/asan/large-func-test-1.C -O3 -fomit-frame-pointer output pattern test, is ==17608==ERROR: AddressSanitizer failed to allocate 0x4000001000 (274877911040) bytes at address 1fffffff000 (errno: 12)
FAIL: g++.dg/asan/large-func-test-1.C -O3 -g output pattern test, is ==17663==ERROR: AddressSanitizer failed to allocate 0x4000001000 (274877911040) bytes at address 1fffffff000 (errno: 12)
FAIL: g++.dg/asan/large-func-test-1.C -Os output pattern test, is ==17711==ERROR: AddressSanitizer failed to allocate 0x4000001000 (274877911040) bytes at address 1fffffff000 (errno: 12)
FAIL: g++.dg/asan/pr55617.C -O0 execution test
FAIL: g++.dg/asan/pr55617.C -O1 execution test
FAIL: g++.dg/asan/pr55617.C -O2 execution test
FAIL: g++.dg/asan/pr55617.C -O2 -flto -fno-use-linker-plugin -flto-partition=none execution test
FAIL: g++.dg/asan/pr55617.C -O2 -flto -fuse-linker-plugin -fno-fat-lto-objects execution test
FAIL: g++.dg/asan/pr55617.C -O3 -fomit-frame-pointer execution test
FAIL: g++.dg/asan/pr55617.C -O3 -g execution test
FAIL: g++.dg/asan/pr55617.C -Os execution test
FAIL: g++.dg/asan/pr62017.C -O0 execution test
FAIL: g++.dg/asan/pr62017.C -O1 execution test
FAIL: g++.dg/asan/pr62017.C -O2 execution test
FAIL: g++.dg/asan/pr62017.C -O2 -flto -fno-use-linker-plugin -flto-partition=none execution test
FAIL: g++.dg/asan/pr62017.C -O2 -flto -fuse-linker-plugin -fno-fat-lto-objects execution test
FAIL: g++.dg/asan/pr62017.C -O3 -fomit-frame-pointer execution test
FAIL: g++.dg/asan/pr62017.C -O3 -g execution test
FAIL: g++.dg/asan/pr62017.C -Os execution test
XPASS: g++.dg/tls/thread_local-order2.C -std=c++11 execution test
XPASS: g++.dg/tls/thread_local-order2.C -std=c++14 execution test
FAIL: c-c++-common/ubsan/float-cast-overflow-7.c -O2 execution test
FAIL: c-c++-common/ubsan/float-cast-overflow-7.c -O2 -flto -fno-use-linker-plugin -flto-partition=none execution test
FAIL: c-c++-common/ubsan/float-cast-overflow-7.c -O2 -flto -fuse-linker-plugin -fno-fat-lto-objects execution test
FAIL: c-c++-common/ubsan/float-cast-overflow-8.c -O2 output pattern test, is ../../../../libsanitizer/ubsan/ubsan_handlers.cc:300: runtime error: value 0 is outside the range of representable values of type 'signed char'
FAIL: c-c++-common/ubsan/float-cast-overflow-8.c -O2 -flto -fno-use-linker-plugin -flto-partition=none output pattern test, is ../../../../libsanitizer/ubsan/ubsan_handlers.cc:300: runtime error: value 0 is outside the range of representable values of type 'signed char'
FAIL: c-c++-common/ubsan/float-cast-overflow-8.c -O2 -flto -fuse-linker-plugin -fno-fat-lto-objects output pattern test, is ../../../../libsanitizer/ubsan/ubsan_handlers.cc:300: runtime error: value 0 is outside the range of representable values of type 'signed char'
=== g++ Summary for unix/-m64 ===
# of expected passes 86661
# of unexpected failures 293
# of unexpected successes 2
# of expected failures 300
# of unsupported tests 3699
=== g++ Summary ===
# of expected passes 171687
# of unexpected failures 300
# of unexpected successes 4
# of expected failures 600
# of unsupported tests 7445
/daten/gcc/gcc-20150102/Build/gcc/testsuite/g++/../../xg++ version 5.0.0 20150102 (experimental) (GCC)
=== gcc tests ===
Running target unix/-m32
FAIL: c-c++-common/asan/misalign-1.c -O0 output pattern test, is =================================================================
FAIL: c-c++-common/asan/misalign-1.c -O1 output pattern test, is =================================================================
FAIL: c-c++-common/asan/misalign-1.c -O2 output pattern test, is =================================================================
FAIL: c-c++-common/asan/misalign-1.c -O2 -flto -fno-use-linker-plugin -flto-partition=none output pattern test, is =================================================================
FAIL: c-c++-common/asan/misalign-1.c -O2 -flto -fuse-linker-plugin -fno-fat-lto-objects output pattern test, is =================================================================
FAIL: c-c++-common/asan/misalign-1.c -O3 -fomit-frame-pointer output pattern test, is =================================================================
FAIL: c-c++-common/asan/misalign-1.c -O3 -g output pattern test, is =================================================================
FAIL: c-c++-common/asan/misalign-1.c -Os output pattern test, is =================================================================
FAIL: c-c++-common/asan/misalign-2.c -O0 output pattern test, is =================================================================
FAIL: c-c++-common/asan/misalign-2.c -O1 output pattern test, is =================================================================
FAIL: c-c++-common/asan/misalign-2.c -O2 output pattern test, is =================================================================
FAIL: c-c++-common/asan/misalign-2.c -O2 -flto -fno-use-linker-plugin -flto-partition=none output pattern test, is =================================================================
FAIL: c-c++-common/asan/misalign-2.c -O2 -flto -fuse-linker-plugin -fno-fat-lto-objects output pattern test, is =================================================================
FAIL: c-c++-common/asan/misalign-2.c -O3 -fomit-frame-pointer output pattern test, is =================================================================
FAIL: c-c++-common/asan/misalign-2.c -O3 -g output pattern test, is =================================================================
FAIL: c-c++-common/asan/misalign-2.c -Os output pattern test, is =================================================================
FAIL: c-c++-common/asan/null-deref-1.c -O0 output pattern test, is ASAN:SIGSEGV
FAIL: c-c++-common/asan/null-deref-1.c -O1 output pattern test, is ASAN:SIGSEGV
FAIL: c-c++-common/asan/null-deref-1.c -O2 output pattern test, is ASAN:SIGSEGV
FAIL: c-c++-common/asan/null-deref-1.c -O2 -flto -fno-use-linker-plugin -flto-partition=none output pattern test, is ASAN:SIGSEGV
FAIL: c-c++-common/asan/null-deref-1.c -O2 -flto -fuse-linker-plugin -fno-fat-lto-objects output pattern test, is ASAN:SIGSEGV
FAIL: c-c++-common/asan/null-deref-1.c -O3 -fomit-frame-pointer output pattern test, is ASAN:SIGSEGV
FAIL: c-c++-common/asan/null-deref-1.c -O3 -g output pattern test, is ASAN:SIGSEGV
FAIL: c-c++-common/asan/null-deref-1.c -Os output pattern test, is ASAN:SIGSEGV
FAIL: gcc.dg/sms-8.c scan-rtl-dump-times sms "SMS succeeded" 0
FAIL: gcc.dg/graphite/vect-pr43423.c scan-tree-dump-times vect "vectorized 2 loops" 1
XPASS: gcc.dg/guality/example.c -O0 execution test
XPASS: gcc.dg/guality/example.c -O1 execution test
XPASS: gcc.dg/guality/example.c -O2 execution test
XPASS: gcc.dg/guality/example.c -O2 -flto -fno-use-linker-plugin -flto-partition=none execution test
XPASS: gcc.dg/guality/guality.c -O0 execution test
XPASS: gcc.dg/guality/guality.c -O1 execution test
XPASS: gcc.dg/guality/guality.c -O2 execution test
XPASS: gcc.dg/guality/guality.c -O2 -flto -fno-use-linker-plugin -flto-partition=none execution test
XPASS: gcc.dg/guality/guality.c -O2 -flto -fuse-linker-plugin -fno-fat-lto-objects execution test
XPASS: gcc.dg/guality/guality.c -O3 -fomit-frame-pointer execution test
XPASS: gcc.dg/guality/guality.c -O3 -g execution test
XPASS: gcc.dg/guality/guality.c -Os execution test
XPASS: gcc.dg/guality/inline-params.c -O2 execution test
XPASS: gcc.dg/guality/inline-params.c -O2 -flto -fno-use-linker-plugin -flto-partition=none execution test
XPASS: gcc.dg/guality/inline-params.c -O3 -fomit-frame-pointer execution test
XPASS: gcc.dg/guality/inline-params.c -O3 -g execution test
XPASS: gcc.dg/guality/inline-params.c -Os execution test
FAIL: gcc.dg/guality/pr36728-1.c -O1 line 16 arg6 == 6
FAIL: gcc.dg/guality/pr36728-1.c -O1 line 16 arg7 == 30
FAIL: gcc.dg/guality/pr36728-1.c -O1 line 18 arg5 == 5
FAIL: gcc.dg/guality/pr36728-1.c -O1 line 18 arg6 == 6
FAIL: gcc.dg/guality/pr36728-1.c -O1 line 18 arg7 == 30
FAIL: gcc.dg/guality/pr36728-1.c -O2 line 16 arg6 == 6
FAIL: gcc.dg/guality/pr36728-1.c -O2 line 18 arg1 == 1
FAIL: gcc.dg/guality/pr36728-1.c -O2 line 18 arg5 == 5
FAIL: gcc.dg/guality/pr36728-1.c -O2 line 18 arg6 == 6
FAIL: gcc.dg/guality/pr36728-1.c -O2 line 18 arg7 == 30
FAIL: gcc.dg/guality/pr36728-1.c -O2 -flto -fno-use-linker-plugin -flto-partition=none line 16 arg6 == 6
FAIL: gcc.dg/guality/pr36728-1.c -O2 -flto -fno-use-linker-plugin -flto-partition=none line 18 arg1 == 1
FAIL: gcc.dg/guality/pr36728-1.c -O2 -flto -fno-use-linker-plugin -flto-partition=none line 18 arg5 == 5
FAIL: gcc.dg/guality/pr36728-1.c -O2 -flto -fno-use-linker-plugin -flto-partition=none line 18 arg6 == 6
FAIL: gcc.dg/guality/pr36728-1.c -O2 -flto -fno-use-linker-plugin -flto-partition=none line 18 arg7 == 30
FAIL: gcc.dg/guality/pr36728-1.c -O2 -flto -fuse-linker-plugin -fno-fat-lto-objects line 16 arg4 == 4
FAIL: gcc.dg/guality/pr36728-1.c -O2 -flto -fuse-linker-plugin -fno-fat-lto-objects line 16 arg6 == 6
FAIL: gcc.dg/guality/pr36728-1.c -O2 -flto -fuse-linker-plugin -fno-fat-lto-objects line 18 arg1 == 1
FAIL: gcc.dg/guality/pr36728-1.c -O2 -flto -fuse-linker-plugin -fno-fat-lto-objects line 18 arg4 == 4
FAIL: gcc.dg/guality/pr36728-1.c -O2 -flto -fuse-linker-plugin -fno-fat-lto-objects line 18 arg5 == 5
FAIL: gcc.dg/guality/pr36728-1.c -O2 -flto -fuse-linker-plugin -fno-fat-lto-objects line 18 arg6 == 6
FAIL: gcc.dg/guality/pr36728-1.c -O2 -flto -fuse-linker-plugin -fno-fat-lto-objects line 18 arg7 == 30
FAIL: gcc.dg/guality/pr36728-1.c -O3 -fomit-frame-pointer line 16 arg6 == 6
FAIL: gcc.dg/guality/pr36728-1.c -O3 -fomit-frame-pointer line 18 arg1 == 1
FAIL: gcc.dg/guality/pr36728-1.c -O3 -fomit-frame-pointer line 18 arg5 == 5
FAIL: gcc.dg/guality/pr36728-1.c -O3 -fomit-frame-pointer line 18 arg6 == 6
FAIL: gcc.dg/guality/pr36728-1.c -O3 -fomit-frame-pointer line 18 arg7 == 30
FAIL: gcc.dg/guality/pr36728-1.c -O3 -g line 16 arg6 == 6
FAIL: gcc.dg/guality/pr36728-1.c -O3 -g line 18 arg1 == 1
FAIL: gcc.dg/guality/pr36728-1.c -O3 -g line 18 arg5 == 5
FAIL: gcc.dg/guality/pr36728-1.c -O3 -g line 18 arg6 == 6
FAIL: gcc.dg/guality/pr36728-1.c -O3 -g line 18 arg7 == 30
FAIL: gcc.dg/guality/pr36728-1.c -Os line 16 arg5 == 5
FAIL: gcc.dg/guality/pr36728-1.c -Os line 16 arg6 == 6
FAIL: gcc.dg/guality/pr36728-1.c -Os line 16 arg7 == 30
FAIL: gcc.dg/guality/pr36728-1.c -Os line 18 arg1 == 1
FAIL: gcc.dg/guality/pr36728-1.c -Os line 18 arg5 == 5
FAIL: gcc.dg/guality/pr36728-1.c -Os line 18 arg6 == 6
FAIL: gcc.dg/guality/pr36728-1.c -Os line 18 arg7 == 30
FAIL: gcc.dg/guality/pr36728-2.c -O1 line 16 arg7 == 30
FAIL: gcc.dg/guality/pr36728-2.c -O1 line 18 arg6 == 6
FAIL: gcc.dg/guality/pr36728-2.c -O1 line 18 arg7 == 30
FAIL: gcc.dg/guality/pr36728-2.c -O2 line 16 arg6 == 6
FAIL: gcc.dg/guality/pr36728-2.c -O2 line 18 arg6 == 6
FAIL: gcc.dg/guality/pr36728-2.c -O2 line 18 arg7 == 30
FAIL: gcc.dg/guality/pr36728-2.c -O2 -flto -fno-use-linker-plugin -flto-partition=none line 16 arg6 == 6
FAIL: gcc.dg/guality/pr36728-2.c -O2 -flto -fno-use-linker-plugin -flto-partition=none line 18 arg6 == 6
FAIL: gcc.dg/guality/pr36728-2.c -O2 -flto -fno-use-linker-plugin -flto-partition=none line 18 arg7 == 30
FAIL: gcc.dg/guality/pr36728-2.c -O2 -flto -fuse-linker-plugin -fno-fat-lto-objects line 18 arg5 == 5
FAIL: gcc.dg/guality/pr36728-2.c -O2 -flto -fuse-linker-plugin -fno-fat-lto-objects line 18 arg6 == 6
FAIL: gcc.dg/guality/pr36728-2.c -O2 -flto -fuse-linker-plugin -fno-fat-lto-objects line 18 arg7 == 30
FAIL: gcc.dg/guality/pr36728-2.c -O3 -fomit-frame-pointer line 16 arg6 == 6
FAIL: gcc.dg/guality/pr36728-2.c -O3 -fomit-frame-pointer line 18 arg6 == 6
FAIL: gcc.dg/guality/pr36728-2.c -O3 -fomit-frame-pointer line 18 arg7 == 30
FAIL: gcc.dg/guality/pr36728-2.c -O3 -g line 16 arg6 == 6
FAIL: gcc.dg/guality/pr36728-2.c -O3 -g line 18 arg6 == 6
FAIL: gcc.dg/guality/pr36728-2.c -O3 -g line 18 arg7 == 30
FAIL: gcc.dg/guality/pr36728-2.c -Os line 16 arg6 == 6
FAIL: gcc.dg/guality/pr36728-2.c -Os line 16 arg7 == 30
FAIL: gcc.dg/guality/pr36728-2.c -Os line 18 arg6 == 6
FAIL: gcc.dg/guality/pr36728-2.c -Os line 18 arg7 == 30
FAIL: gcc.dg/guality/pr36728-2.c -Os line 18 y == 2
FAIL: gcc.dg/guality/pr36728-3.c -O1 line 14 arg6 == 6
FAIL: gcc.dg/guality/pr36728-3.c -O1 line 14 arg7 == 30
FAIL: gcc.dg/guality/pr36728-3.c -O1 line 16 arg6 == 6
FAIL: gcc.dg/guality/pr36728-3.c -O1 line 16 arg7 == 30
FAIL: gcc.dg/guality/pr36728-3.c -O2 line 14 arg6 == 6
FAIL: gcc.dg/guality/pr36728-3.c -O2 line 14 arg7 == 30
FAIL: gcc.dg/guality/pr36728-3.c -O2 line 16 arg6 == 6
FAIL: gcc.dg/guality/pr36728-3.c -O2 line 16 arg7 == 30
FAIL: gcc.dg/guality/pr36728-3.c -O2 -flto -fno-use-linker-plugin -flto-partition=none line 14 arg6 == 6
FAIL: gcc.dg/guality/pr36728-3.c -O2 -flto -fno-use-linker-plugin -flto-partition=none line 14 arg7 == 30
FAIL: gcc.dg/guality/pr36728-3.c -O2 -flto -fno-use-linker-plugin -flto-partition=none line 16 arg6 == 6
FAIL: gcc.dg/guality/pr36728-3.c -O2 -flto -fno-use-linker-plugin -flto-partition=none line 16 arg7 == 30
FAIL: gcc.dg/guality/pr36728-3.c -O2 -flto -fuse-linker-plugin -fno-fat-lto-objects line 14 arg6 == 6
FAIL: gcc.dg/guality/pr36728-3.c -O2 -flto -fuse-linker-plugin -fno-fat-lto-objects line 14 arg7 == 30
FAIL: gcc.dg/guality/pr36728-3.c -O2 -flto -fuse-linker-plugin -fno-fat-lto-objects line 16 arg6 == 6
FAIL: gcc.dg/guality/pr36728-3.c -O2 -flto -fuse-linker-plugin -fno-fat-lto-objects line 16 arg7 == 30
FAIL: gcc.dg/guality/pr36728-3.c -O3 -fomit-frame-pointer line 14 arg6 == 6
FAIL: gcc.dg/guality/pr36728-3.c -O3 -fomit-frame-pointer line 14 arg7 == 30
FAIL: gcc.dg/guality/pr36728-3.c -O3 -fomit-frame-pointer line 16 arg6 == 6
FAIL: gcc.dg/guality/pr36728-3.c -O3 -fomit-frame-pointer line 16 arg7 == 30
FAIL: gcc.dg/guality/pr36728-3.c -O3 -g line 14 arg6 == 6
FAIL: gcc.dg/guality/pr36728-3.c -O3 -g line 14 arg7 == 30
FAIL: gcc.dg/guality/pr36728-3.c -O3 -g line 16 arg6 == 6
FAIL: gcc.dg/guality/pr36728-3.c -O3 -g line 16 arg7 == 30
FAIL: gcc.dg/guality/pr36728-3.c -Os line 14 arg6 == 6
FAIL: gcc.dg/guality/pr36728-3.c -Os line 14 arg7 == 30
FAIL: gcc.dg/guality/pr36728-3.c -Os line 16 arg6 == 6
FAIL: gcc.dg/guality/pr36728-3.c -Os line 16 arg7 == 30
FAIL: gcc.dg/guality/pr36728-4.c -O1 line 14 arg7 == 30
FAIL: gcc.dg/guality/pr36728-4.c -O1 line 16 arg7 == 30
FAIL: gcc.dg/guality/pr36728-4.c -O2 line 14 arg7 == 30
FAIL: gcc.dg/guality/pr36728-4.c -O2 line 16 arg7 == 30
FAIL: gcc.dg/guality/pr36728-4.c -O2 -flto -fno-use-linker-plugin -flto-partition=none line 14 arg7 == 30
FAIL: gcc.dg/guality/pr36728-4.c -O2 -flto -fno-use-linker-plugin -flto-partition=none line 16 arg7 == 30
FAIL: gcc.dg/guality/pr36728-4.c -O2 -flto -fuse-linker-plugin -fno-fat-lto-objects line 14 arg7 == 30
FAIL: gcc.dg/guality/pr36728-4.c -O2 -flto -fuse-linker-plugin -fno-fat-lto-objects line 16 arg7 == 30
FAIL: gcc.dg/guality/pr36728-4.c -O3 -fomit-frame-pointer line 14 arg7 == 30
FAIL: gcc.dg/guality/pr36728-4.c -O3 -fomit-frame-pointer line 16 arg7 == 30
FAIL: gcc.dg/guality/pr36728-4.c -O3 -g line 14 arg7 == 30
FAIL: gcc.dg/guality/pr36728-4.c -O3 -g line 16 arg7 == 30
FAIL: gcc.dg/guality/pr36728-4.c -Os line 14 arg7 == 30
FAIL: gcc.dg/guality/pr36728-4.c -Os line 16 arg7 == 30
XPASS: gcc.dg/guality/pr41353-1.c -O0 line 28 j == 28 + 37
FAIL: gcc.dg/guality/pr41404-1.c -O2 -flto -fuse-linker-plugin -fno-fat-lto-objects line 10 *foo == 'f'
FAIL: gcc.dg/guality/pr41404-1.c -O2 -flto -fuse-linker-plugin -fno-fat-lto-objects line 14 *foo == 'b'
FAIL: gcc.dg/guality/pr41404-1.c -O2 -flto -fuse-linker-plugin -fno-fat-lto-objects line 24 *foo == 'f'
XPASS: gcc.dg/guality/pr41447-1.c -O0 execution test
XPASS: gcc.dg/guality/pr41447-1.c -O1 execution test
XPASS: gcc.dg/guality/pr41447-1.c -O2 execution test
XPASS: gcc.dg/guality/pr41447-1.c -O2 -flto -fno-use-linker-plugin -flto-partition=none execution test
XPASS: gcc.dg/guality/pr41447-1.c -O2 -flto -fuse-linker-plugin -fno-fat-lto-objects execution test
XPASS: gcc.dg/guality/pr41447-1.c -O3 -fomit-frame-pointer execution test
XPASS: gcc.dg/guality/pr41447-1.c -O3 -g execution test
XPASS: gcc.dg/guality/pr41447-1.c -Os execution test
XPASS: gcc.dg/guality/pr41616-1.c -O0 execution test
XPASS: gcc.dg/guality/pr41616-1.c -O1 execution test
XPASS: gcc.dg/guality/pr41616-1.c -O2 execution test
XPASS: gcc.dg/guality/pr41616-1.c -O2 -flto -fno-use-linker-plugin -flto-partition=none execution test
XPASS: gcc.dg/guality/pr41616-1.c -O3 -fomit-frame-pointer execution test
XPASS: gcc.dg/guality/pr41616-1.c -O3 -g execution test
XPASS: gcc.dg/guality/pr41616-1.c -Os execution test
FAIL: gcc.dg/guality/pr43051-1.c -O1 line 34 c == &a[0]
FAIL: gcc.dg/guality/pr43051-1.c -O2 line 34 c == &a[0]
FAIL: gcc.dg/guality/pr43051-1.c -O2 -flto -fno-use-linker-plugin -flto-partition=none line 34 c == &a[0]
FAIL: gcc.dg/guality/pr43051-1.c -O2 -flto -fuse-linker-plugin -fno-fat-lto-objects line 34 c == &a[0]
FAIL: gcc.dg/guality/pr43051-1.c -O3 -fomit-frame-pointer -funroll-all-loops -finline-functions line 34 c == &a[0]
FAIL: gcc.dg/guality/pr43051-1.c -O3 -fomit-frame-pointer -funroll-loops line 34 c == &a[0]
FAIL: gcc.dg/guality/pr43479.c -O1 line 13 h == 9
FAIL: gcc.dg/guality/pr43479.c -O1 line 18 h == 9
FAIL: gcc.dg/guality/pr43479.c -O2 line 13 h == 9
FAIL: gcc.dg/guality/pr43479.c -O2 line 18 h == 9
FAIL: gcc.dg/guality/pr43479.c -O2 -flto -fno-use-linker-plugin -flto-partition=none line 13 h == 9
FAIL: gcc.dg/guality/pr43479.c -O2 -flto -fno-use-linker-plugin -flto-partition=none line 18 h == 9
FAIL: gcc.dg/guality/pr43479.c -O2 -flto -fuse-linker-plugin -fno-fat-lto-objects line 13 h == 9
FAIL: gcc.dg/guality/pr43479.c -O2 -flto -fuse-linker-plugin -fno-fat-lto-objects line 18 h == 9
FAIL: gcc.dg/guality/pr43479.c -O3 -fomit-frame-pointer line 13 h == 9
FAIL: gcc.dg/guality/pr43479.c -O3 -fomit-frame-pointer line 18 h == 9
FAIL: gcc.dg/guality/pr43479.c -O3 -g line 13 h == 9
FAIL: gcc.dg/guality/pr43479.c -O3 -g line 18 h == 9
FAIL: gcc.dg/guality/pr43479.c -Os line 13 h == 9
FAIL: gcc.dg/guality/pr43479.c -Os line 18 h == 9
FAIL: gcc.dg/guality/pr45882.c -O2 -flto -fuse-linker-plugin -fno-fat-lto-objects line 16 d == 112
FAIL: gcc.dg/guality/pr45882.c -O2 -flto -fuse-linker-plugin -fno-fat-lto-objects line 16 e == 142
FAIL: gcc.dg/guality/pr49888.c -O1 line 18 !c == 1
FAIL: gcc.dg/guality/pr49888.c -O2 line 18 !c == 1
FAIL: gcc.dg/guality/pr49888.c -O2 -flto -fno-use-linker-plugin -flto-partition=none line 18 !c == 1
FAIL: gcc.dg/guality/pr49888.c -O2 -flto -fuse-linker-plugin -fno-fat-lto-objects line 18 !c == 1
FAIL: gcc.dg/guality/pr49888.c -O3 -fomit-frame-pointer line 18 !c == 1
FAIL: gcc.dg/guality/pr49888.c -O3 -g line 18 !c == 1
FAIL: gcc.dg/guality/pr49888.c -Os line 18 !c == 1
FAIL: gcc.dg/guality/pr54200.c -O1 line 20 z == 3
FAIL: gcc.dg/guality/pr54200.c -O2 line 20 z == 3
FAIL: gcc.dg/guality/pr54200.c -O2 -flto -fno-use-linker-plugin -flto-partition=none line 20 z == 3
FAIL: gcc.dg/guality/pr54200.c -O2 -flto -fuse-linker-plugin -fno-fat-lto-objects line 20 z == 3
FAIL: gcc.dg/guality/pr54200.c -O3 -fomit-frame-pointer line 20 z == 3
FAIL: gcc.dg/guality/pr54200.c -O3 -g line 20 z == 3
FAIL: gcc.dg/guality/pr54200.c -Os line 20 z == 3
FAIL: gcc.dg/guality/pr54519-1.c -O2 -flto -fno-use-linker-plugin -flto-partition=none line 20 y == 25
FAIL: gcc.dg/guality/pr54519-1.c -O2 -flto -fno-use-linker-plugin -flto-partition=none line 20 z == 6
FAIL: gcc.dg/guality/pr54519-1.c -O2 -flto -fno-use-linker-plugin -flto-partition=none line 23 y == 117
FAIL: gcc.dg/guality/pr54519-1.c -O2 -flto -fno-use-linker-plugin -flto-partition=none line 23 z == 8
FAIL: gcc.dg/guality/pr54519-2.c -O2 -flto -fno-use-linker-plugin -flto-partition=none line 17 y == 25
FAIL: gcc.dg/guality/pr54519-2.c -O2 -flto -fuse-linker-plugin -fno-fat-lto-objects line 17 y == 25
FAIL: gcc.dg/guality/pr54519-3.c -O2 -flto -fno-use-linker-plugin -flto-partition=none line 20 y == 25
FAIL: gcc.dg/guality/pr54519-3.c -O2 -flto -fno-use-linker-plugin -flto-partition=none line 20 z == 6
FAIL: gcc.dg/guality/pr54519-3.c -O2 -flto -fno-use-linker-plugin -flto-partition=none line 23 y == 117
FAIL: gcc.dg/guality/pr54519-3.c -O2 -flto -fno-use-linker-plugin -flto-partition=none line 23 z == 8
FAIL: gcc.dg/guality/pr54519-3.c -O2 -flto -fuse-linker-plugin -fno-fat-lto-objects line 20 y == 25
FAIL: gcc.dg/guality/pr54519-3.c -O2 -flto -fuse-linker-plugin -fno-fat-lto-objects line 20 z == 6
FAIL: gcc.dg/guality/pr54519-3.c -O2 -flto -fuse-linker-plugin -fno-fat-lto-objects line 23 y == 117
FAIL: gcc.dg/guality/pr54519-3.c -O2 -flto -fuse-linker-plugin -fno-fat-lto-objects line 23 z == 8
FAIL: gcc.dg/guality/pr54519-4.c -O2 -flto -fno-use-linker-plugin -flto-partition=none line 17 y == 25
FAIL: gcc.dg/guality/pr54519-4.c -O2 -flto -fuse-linker-plugin -fno-fat-lto-objects line 17 y == 25
FAIL: gcc.dg/guality/pr54519-5.c -O2 -flto -fno-use-linker-plugin -flto-partition=none line 17 y == 25
FAIL: gcc.dg/guality/pr54519-5.c -O2 -flto -fuse-linker-plugin -fno-fat-lto-objects line 17 y == 25
FAIL: gcc.dg/guality/pr54693-2.c -Os line 21 y == 20 - 2 * i
FAIL: gcc.dg/guality/pr54693-2.c -Os line 21 z == 30 - 3 * i
FAIL: gcc.dg/guality/pr54970.c -O1 line 15 a[0] == 1
FAIL: gcc.dg/guality/pr54970.c -O1 line 20 a[0] == 1
FAIL: gcc.dg/guality/pr54970.c -O1 line 25 a[0] == 1
FAIL: gcc.dg/guality/pr54970.c -O1 line 31 a[0] == 4
FAIL: gcc.dg/guality/pr54970.c -O1 line 36 a[0] == 4
FAIL: gcc.dg/guality/pr54970.c -O1 line 45 a[0] == 4
FAIL: gcc.dg/guality/pr54970.c -O1 line 45 p[-2] == 4
FAIL: gcc.dg/guality/pr54970.c -O1 line 45 q[-1] == 4
FAIL: gcc.dg/guality/pr54970.c -O2 line 15 a[0] == 1
FAIL: gcc.dg/guality/pr54970.c -O2 line 20 a[0] == 1
FAIL: gcc.dg/guality/pr54970.c -O2 line 25 a[0] == 1
FAIL: gcc.dg/guality/pr54970.c -O2 line 31 a[0] == 4
FAIL: gcc.dg/guality/pr54970.c -O2 line 36 a[0] == 4
FAIL: gcc.dg/guality/pr54970.c -O2 line 45 a[0] == 4
FAIL: gcc.dg/guality/pr54970.c -O2 line 45 p[-2] == 4
FAIL: gcc.dg/guality/pr54970.c -O2 line 45 q[-1] == 4
FAIL: gcc.dg/guality/pr54970.c -O2 -flto -fno-use-linker-plugin -flto-partition=none line 15 a[0] == 1
FAIL: gcc.dg/guality/pr54970.c -O2 -flto -fno-use-linker-plugin -flto-partition=none line 20 a[0] == 1
FAIL: gcc.dg/guality/pr54970.c -O2 -flto -fno-use-linker-plugin -flto-partition=none line 25 a[0] == 1
FAIL: gcc.dg/guality/pr54970.c -O2 -flto -fno-use-linker-plugin -flto-partition=none line 31 a[0] == 4
FAIL: gcc.dg/guality/pr54970.c -O2 -flto -fno-use-linker-plugin -flto-partition=none line 36 a[0] == 4
FAIL: gcc.dg/guality/pr54970.c -O2 -flto -fno-use-linker-plugin -flto-partition=none line 45 a[0] == 4
FAIL: gcc.dg/guality/pr54970.c -O2 -flto -fno-use-linker-plugin -flto-partition=none line 45 p[-2] == 4
FAIL: gcc.dg/guality/pr54970.c -O2 -flto -fno-use-linker-plugin -flto-partition=none line 45 q[-1] == 4
FAIL: gcc.dg/guality/pr54970.c -O2 -flto -fuse-linker-plugin -fno-fat-lto-objects line 15 a[0] == 1
FAIL: gcc.dg/guality/pr54970.c -O2 -flto -fuse-linker-plugin -fno-fat-lto-objects line 20 a[0] == 1
FAIL: gcc.dg/guality/pr54970.c -O2 -flto -fuse-linker-plugin -fno-fat-lto-objects line 25 a[0] == 1
FAIL: gcc.dg/guality/pr54970.c -O2 -flto -fuse-linker-plugin -fno-fat-lto-objects line 31 a[0] == 4
FAIL: gcc.dg/guality/pr54970.c -O2 -flto -fuse-linker-plugin -fno-fat-lto-objects line 36 a[0] == 4
FAIL: gcc.dg/guality/pr54970.c -O2 -flto -fuse-linker-plugin -fno-fat-lto-objects line 45 a[0] == 4
FAIL: gcc.dg/guality/pr54970.c -O2 -flto -fuse-linker-plugin -fno-fat-lto-objects line 45 p[-2] == 4
FAIL: gcc.dg/guality/pr54970.c -O2 -flto -fuse-linker-plugin -fno-fat-lto-objects line 45 q[-1] == 4
FAIL: gcc.dg/guality/pr54970.c -O3 -fomit-frame-pointer line 15 a[0] == 1
FAIL: gcc.dg/guality/pr54970.c -O3 -fomit-frame-pointer line 20 a[0] == 1
FAIL: gcc.dg/guality/pr54970.c -O3 -fomit-frame-pointer line 25 a[0] == 1
FAIL: gcc.dg/guality/pr54970.c -O3 -fomit-frame-pointer line 31 a[0] == 4
FAIL: gcc.dg/guality/pr54970.c -O3 -fomit-frame-pointer line 36 a[0] == 4
FAIL: gcc.dg/guality/pr54970.c -O3 -fomit-frame-pointer line 45 a[0] == 4
FAIL: gcc.dg/guality/pr54970.c -O3 -fomit-frame-pointer line 45 p[-2] == 4
FAIL: gcc.dg/guality/pr54970.c -O3 -fomit-frame-pointer line 45 q[-1] == 4
FAIL: gcc.dg/guality/pr54970.c -O3 -g line 15 a[0] == 1
FAIL: gcc.dg/guality/pr54970.c -O3 -g line 20 a[0] == 1
FAIL: gcc.dg/guality/pr54970.c -O3 -g line 25 a[0] == 1
FAIL: gcc.dg/guality/pr54970.c -O3 -g line 31 a[0] == 4
FAIL: gcc.dg/guality/pr54970.c -O3 -g line 36 a[0] == 4
FAIL: gcc.dg/guality/pr54970.c -O3 -g line 45 a[0] == 4
FAIL: gcc.dg/guality/pr54970.c -O3 -g line 45 p[-2] == 4
FAIL: gcc.dg/guality/pr54970.c -O3 -g line 45 q[-1] == 4
FAIL: gcc.dg/guality/pr54970.c -Os line 15 a[0] == 1
FAIL: gcc.dg/guality/pr54970.c -Os line 20 a[0] == 1
FAIL: gcc.dg/guality/pr54970.c -Os line 25 a[0] == 1
FAIL: gcc.dg/guality/pr54970.c -Os line 31 a[0] == 4
FAIL: gcc.dg/guality/pr54970.c -Os line 36 a[0] == 4
FAIL: gcc.dg/guality/pr54970.c -Os line 45 a[0] == 4
FAIL: gcc.dg/guality/pr54970.c -Os line 45 p[-2] == 4
FAIL: gcc.dg/guality/pr54970.c -Os line 45 q[-1] == 4
FAIL: gcc.dg/guality/sra-1.c -O1 line 43 a.j == 14
FAIL: gcc.dg/guality/sra-1.c -O2 line 21 a.i == 4
FAIL: gcc.dg/guality/sra-1.c -O2 line 43 a.j == 14
FAIL: gcc.dg/guality/sra-1.c -O2 -flto -fno-use-linker-plugin -flto-partition=none line 43 a.j == 14
FAIL: gcc.dg/guality/sra-1.c -O2 -flto -fuse-linker-plugin -fno-fat-lto-objects line 43 a.j == 14
FAIL: gcc.dg/guality/sra-1.c -O3 -fomit-frame-pointer line 21 a.i == 4
FAIL: gcc.dg/guality/sra-1.c -O3 -fomit-frame-pointer line 43 a.j == 14
FAIL: gcc.dg/guality/sra-1.c -O3 -g line 21 a.i == 4
FAIL: gcc.dg/guality/sra-1.c -O3 -g line 43 a.j == 14
FAIL: gcc.dg/guality/sra-1.c -Os line 21 a.i == 4
FAIL: gcc.dg/guality/sra-1.c -Os line 43 a.i == 4
FAIL: gcc.dg/guality/sra-1.c -Os line 43 a.j == 14
FAIL: gcc.dg/guality/vla-1.c -O1 line 17 sizeof (a) == 6
FAIL: gcc.dg/guality/vla-1.c -O2 line 17 sizeof (a) == 6
FAIL: gcc.dg/guality/vla-1.c -O2 -flto -fno-use-linker-plugin -flto-partition=none line 17 sizeof (a) == 6
FAIL: gcc.dg/guality/vla-1.c -O2 -flto -fuse-linker-plugin -fno-fat-lto-objects line 17 sizeof (a) == 6
FAIL: gcc.dg/guality/vla-1.c -O3 -fomit-frame-pointer line 17 sizeof (a) == 6
FAIL: gcc.dg/guality/vla-1.c -O3 -g line 17 sizeof (a) == 6
FAIL: gcc.dg/guality/vla-1.c -Os line 17 sizeof (a) == 6
FAIL: gcc.dg/torture/pr52429.c -O2 -flto -fno-use-linker-plugin -flto-partition=none (internal compiler error)
FAIL: gcc.dg/torture/pr52429.c -O2 -flto -fno-use-linker-plugin -flto-partition=none (test for excess errors)
FAIL: gcc.dg/tree-ssa/ivopts-lt-2.c scan-tree-dump-times ivopts "PHI <p_" 1
FAIL: gcc.dg/tree-ssa/ivopts-lt-2.c scan-tree-dump-times ivopts "PHI" 1
FAIL: gcc.dg/tree-ssa/ivopts-lt-2.c scan-tree-dump-times ivopts "p_[0-9]* <" 1
FAIL: gcc.dg/tree-ssa/sra-12.c scan-tree-dump-times release_ssa "l;" 0
FAIL: gcc.dg/tree-ssa/ssa-dom-cse-2.c scan-tree-dump optimized "return 28;"
FAIL: gcc.dg/vect/costmodel/ppc/costmodel-bb-slp-9a.c scan-tree-dump-times slp2 "basic block vectorized using SLP" 1
FAIL: gcc.dg/vect/costmodel/ppc/costmodel-vect-31a.c scan-tree-dump-times vect "vectorization not profitable" 1
FAIL: gcc.dg/vect/costmodel/ppc/costmodel-vect-33.c scan-tree-dump-times vect "vectorization not profitable" 1
FAIL: gcc.dg/vect/no-vfa-vect-depend-2.c scan-tree-dump-times vect "vectorized 1 loops" 1
FAIL: gcc.dg/vect/no-vfa-vect-depend-3.c scan-tree-dump-times vect "vectorized 1 loops" 4
FAIL: gcc.dg/vect/vect-31.c -flto -ffat-lto-objects scan-tree-dump-times vect "vectorized 4 loops" 1
FAIL: gcc.dg/vect/vect-31.c scan-tree-dump-times vect "vectorized 4 loops" 1
FAIL: gcc.dg/vmx/extract-vsx-be-order.c -O0 execution test
FAIL: gcc.dg/vmx/extract-vsx.c -O0 execution test
FAIL: gcc.dg/vmx/insert-vsx-be-order.c -O0 execution test
FAIL: gcc.dg/vmx/insert-vsx-be-order.c -O1 execution test
FAIL: gcc.dg/vmx/insert-vsx-be-order.c -O2 execution test
FAIL: gcc.dg/vmx/insert-vsx-be-order.c -O2 -flto -fno-use-linker-plugin -flto-partition=none execution test
FAIL: gcc.dg/vmx/insert-vsx-be-order.c -O2 -flto -fuse-linker-plugin -fno-fat-lto-objects execution test
FAIL: gcc.dg/vmx/insert-vsx-be-order.c -O3 -fomit-frame-pointer execution test
FAIL: gcc.dg/vmx/insert-vsx-be-order.c -O3 -g execution test
FAIL: gcc.dg/vmx/insert-vsx-be-order.c -Os execution test
FAIL: gcc.dg/vmx/insert-vsx.c -O0 execution test
FAIL: gcc.dg/vmx/insert-vsx.c -O1 execution test
FAIL: gcc.dg/vmx/insert-vsx.c -O2 execution test
FAIL: gcc.dg/vmx/insert-vsx.c -O2 -flto -fno-use-linker-plugin -flto-partition=none execution test
FAIL: gcc.dg/vmx/insert-vsx.c -O2 -flto -fuse-linker-plugin -fno-fat-lto-objects execution test
FAIL: gcc.dg/vmx/insert-vsx.c -O3 -fomit-frame-pointer execution test
FAIL: gcc.dg/vmx/insert-vsx.c -O3 -g execution test
FAIL: gcc.dg/vmx/insert-vsx.c -Os execution test
FAIL: gcc.dg/vmx/ld-vsx-be-order.c -O0 execution test
FAIL: gcc.dg/vmx/ld-vsx-be-order.c -O1 execution test
FAIL: gcc.dg/vmx/ld-vsx-be-order.c -O2 execution test
FAIL: gcc.dg/vmx/ld-vsx-be-order.c -O2 -flto -fno-use-linker-plugin -flto-partition=none execution test
FAIL: gcc.dg/vmx/ld-vsx-be-order.c -O2 -flto -fuse-linker-plugin -fno-fat-lto-objects execution test
FAIL: gcc.dg/vmx/ld-vsx-be-order.c -O3 -fomit-frame-pointer execution test
FAIL: gcc.dg/vmx/ld-vsx-be-order.c -O3 -fomit-frame-pointer -funroll-all-loops -finline-functions execution test
FAIL: gcc.dg/vmx/ld-vsx-be-order.c -O3 -fomit-frame-pointer -funroll-loops execution test
FAIL: gcc.dg/vmx/ld-vsx-be-order.c -O3 -g execution test
FAIL: gcc.dg/vmx/ld-vsx-be-order.c -Os execution test
FAIL: gcc.dg/vmx/ld-vsx.c -O0 execution test
FAIL: gcc.dg/vmx/ld-vsx.c -O1 execution test
FAIL: gcc.dg/vmx/ld-vsx.c -O2 execution test
FAIL: gcc.dg/vmx/ld-vsx.c -O2 -flto -fno-use-linker-plugin -flto-partition=none execution test
FAIL: gcc.dg/vmx/ld-vsx.c -O2 -flto -fuse-linker-plugin -fno-fat-lto-objects execution test
FAIL: gcc.dg/vmx/ld-vsx.c -O3 -fomit-frame-pointer execution test
FAIL: gcc.dg/vmx/ld-vsx.c -O3 -fomit-frame-pointer -funroll-all-loops -finline-functions execution test
FAIL: gcc.dg/vmx/ld-vsx.c -O3 -fomit-frame-pointer -funroll-loops execution test
FAIL: gcc.dg/vmx/ld-vsx.c -O3 -g execution test
FAIL: gcc.dg/vmx/ld-vsx.c -Os execution test
FAIL: gcc.dg/vmx/ldl-vsx-be-order.c -O0 execution test
FAIL: gcc.dg/vmx/ldl-vsx-be-order.c -O1 execution test
FAIL: gcc.dg/vmx/ldl-vsx-be-order.c -O2 execution test
FAIL: gcc.dg/vmx/ldl-vsx-be-order.c -O2 -flto -fno-use-linker-plugin -flto-partition=none execution test
FAIL: gcc.dg/vmx/ldl-vsx-be-order.c -O2 -flto -fuse-linker-plugin -fno-fat-lto-objects execution test
FAIL: gcc.dg/vmx/ldl-vsx-be-order.c -O3 -fomit-frame-pointer execution test
FAIL: gcc.dg/vmx/ldl-vsx-be-order.c -O3 -fomit-frame-pointer -funroll-all-loops -finline-functions execution test
FAIL: gcc.dg/vmx/ldl-vsx-be-order.c -O3 -fomit-frame-pointer -funroll-loops execution test
FAIL: gcc.dg/vmx/ldl-vsx-be-order.c -O3 -g execution test
FAIL: gcc.dg/vmx/ldl-vsx-be-order.c -Os execution test
FAIL: gcc.dg/vmx/ldl-vsx.c -O0 execution test
FAIL: gcc.dg/vmx/ldl-vsx.c -O1 execution test
FAIL: gcc.dg/vmx/ldl-vsx.c -O2 execution test
FAIL: gcc.dg/vmx/ldl-vsx.c -O2 -flto -fno-use-linker-plugin -flto-partition=none execution test
FAIL: gcc.dg/vmx/ldl-vsx.c -O2 -flto -fuse-linker-plugin -fno-fat-lto-objects execution test
FAIL: gcc.dg/vmx/ldl-vsx.c -O3 -fomit-frame-pointer execution test
FAIL: gcc.dg/vmx/ldl-vsx.c -O3 -fomit-frame-pointer -funroll-all-loops -finline-functions execution test
FAIL: gcc.dg/vmx/ldl-vsx.c -O3 -fomit-frame-pointer -funroll-loops execution test
FAIL: gcc.dg/vmx/ldl-vsx.c -O3 -g execution test
FAIL: gcc.dg/vmx/ldl-vsx.c -Os execution test
FAIL: gcc.dg/vmx/merge-vsx-be-order.c -O0 execution test
FAIL: gcc.dg/vmx/merge-vsx-be-order.c -O1 execution test
FAIL: gcc.dg/vmx/merge-vsx-be-order.c -O2 execution test
FAIL: gcc.dg/vmx/merge-vsx-be-order.c -O2 -flto -fno-use-linker-plugin -flto-partition=none execution test
FAIL: gcc.dg/vmx/merge-vsx-be-order.c -O2 -flto -fuse-linker-plugin -fno-fat-lto-objects execution test
FAIL: gcc.dg/vmx/merge-vsx-be-order.c -O3 -fomit-frame-pointer execution test
FAIL: gcc.dg/vmx/merge-vsx-be-order.c -O3 -g execution test
FAIL: gcc.dg/vmx/merge-vsx-be-order.c -Os execution test
FAIL: gcc.dg/vmx/merge-vsx.c -O0 execution test
FAIL: gcc.dg/vmx/merge-vsx.c -O1 execution test
FAIL: gcc.dg/vmx/merge-vsx.c -O2 execution test
FAIL: gcc.dg/vmx/merge-vsx.c -O2 -flto -fno-use-linker-plugin -flto-partition=none execution test
FAIL: gcc.dg/vmx/merge-vsx.c -O2 -flto -fuse-linker-plugin -fno-fat-lto-objects execution test
FAIL: gcc.dg/vmx/merge-vsx.c -O3 -fomit-frame-pointer execution test
FAIL: gcc.dg/vmx/merge-vsx.c -O3 -g execution test
FAIL: gcc.dg/vmx/merge-vsx.c -Os execution test
FAIL: gcc.dg/vmx/splat-vsx-be-order.c -O0 execution test
FAIL: gcc.dg/vmx/splat-vsx-be-order.c -O1 execution test
FAIL: gcc.dg/vmx/splat-vsx-be-order.c -O2 execution test
FAIL: gcc.dg/vmx/splat-vsx-be-order.c -O2 -flto -fno-use-linker-plugin -flto-partition=none execution test
FAIL: gcc.dg/vmx/splat-vsx-be-order.c -O2 -flto -fuse-linker-plugin -fno-fat-lto-objects execution test
FAIL: gcc.dg/vmx/splat-vsx-be-order.c -O3 -fomit-frame-pointer execution test
FAIL: gcc.dg/vmx/splat-vsx-be-order.c -O3 -g execution test
FAIL: gcc.dg/vmx/splat-vsx-be-order.c -Os execution test
FAIL: gcc.dg/vmx/splat-vsx.c -O0 execution test
FAIL: gcc.dg/vmx/splat-vsx.c -O1 execution test
FAIL: gcc.dg/vmx/splat-vsx.c -O2 execution test
FAIL: gcc.dg/vmx/splat-vsx.c -O2 -flto -fno-use-linker-plugin -flto-partition=none execution test
FAIL: gcc.dg/vmx/splat-vsx.c -O2 -flto -fuse-linker-plugin -fno-fat-lto-objects execution test
FAIL: gcc.dg/vmx/splat-vsx.c -O3 -fomit-frame-pointer execution test
FAIL: gcc.dg/vmx/splat-vsx.c -O3 -g execution test
FAIL: gcc.dg/vmx/splat-vsx.c -Os execution test
FAIL: gcc.dg/vmx/st-vsx-be-order.c -O0 execution test
FAIL: gcc.dg/vmx/st-vsx-be-order.c -O1 execution test
FAIL: gcc.dg/vmx/st-vsx-be-order.c -O2 execution test
FAIL: gcc.dg/vmx/st-vsx-be-order.c -O2 -flto -fno-use-linker-plugin -flto-partition=none execution test
FAIL: gcc.dg/vmx/st-vsx-be-order.c -O2 -flto -fuse-linker-plugin -fno-fat-lto-objects execution test
FAIL: gcc.dg/vmx/st-vsx-be-order.c -O3 -fomit-frame-pointer execution test
FAIL: gcc.dg/vmx/st-vsx-be-order.c -O3 -fomit-frame-pointer -funroll-all-loops -finline-functions execution test
FAIL: gcc.dg/vmx/st-vsx-be-order.c -O3 -fomit-frame-pointer -funroll-loops execution test
FAIL: gcc.dg/vmx/st-vsx-be-order.c -O3 -g execution test
FAIL: gcc.dg/vmx/st-vsx-be-order.c -Os execution test
FAIL: gcc.dg/vmx/st-vsx.c -O0 execution test
FAIL: gcc.dg/vmx/st-vsx.c -O1 execution test
FAIL: gcc.dg/vmx/st-vsx.c -O2 execution test
FAIL: gcc.dg/vmx/st-vsx.c -O2 -flto -fno-use-linker-plugin -flto-partition=none execution test
FAIL: gcc.dg/vmx/st-vsx.c -O2 -flto -fuse-linker-plugin -fno-fat-lto-objects execution test
FAIL: gcc.dg/vmx/st-vsx.c -O3 -fomit-frame-pointer execution test
FAIL: gcc.dg/vmx/st-vsx.c -O3 -fomit-frame-pointer -funroll-all-loops -finline-functions execution test
FAIL: gcc.dg/vmx/st-vsx.c -O3 -fomit-frame-pointer -funroll-loops execution test
FAIL: gcc.dg/vmx/st-vsx.c -O3 -g execution test
FAIL: gcc.dg/vmx/st-vsx.c -Os execution test
FAIL: gcc.dg/vmx/stl-vsx-be-order.c -O0 execution test
FAIL: gcc.dg/vmx/stl-vsx-be-order.c -O1 execution test
FAIL: gcc.dg/vmx/stl-vsx-be-order.c -O2 execution test
FAIL: gcc.dg/vmx/stl-vsx-be-order.c -O2 -flto -fno-use-linker-plugin -flto-partition=none execution test
FAIL: gcc.dg/vmx/stl-vsx-be-order.c -O2 -flto -fuse-linker-plugin -fno-fat-lto-objects execution test
FAIL: gcc.dg/vmx/stl-vsx-be-order.c -O3 -fomit-frame-pointer execution test
FAIL: gcc.dg/vmx/stl-vsx-be-order.c -O3 -fomit-frame-pointer -funroll-all-loops -finline-functions execution test
FAIL: gcc.dg/vmx/stl-vsx-be-order.c -O3 -fomit-frame-pointer -funroll-loops execution test
FAIL: gcc.dg/vmx/stl-vsx-be-order.c -O3 -g execution test
FAIL: gcc.dg/vmx/stl-vsx-be-order.c -Os execution test
FAIL: gcc.dg/vmx/stl-vsx.c -O0 execution test
FAIL: gcc.dg/vmx/stl-vsx.c -O1 execution test
FAIL: gcc.dg/vmx/stl-vsx.c -O2 execution test
FAIL: gcc.dg/vmx/stl-vsx.c -O2 -flto -fno-use-linker-plugin -flto-partition=none execution test
FAIL: gcc.dg/vmx/stl-vsx.c -O2 -flto -fuse-linker-plugin -fno-fat-lto-objects execution test
FAIL: gcc.dg/vmx/stl-vsx.c -O3 -fomit-frame-pointer execution test
FAIL: gcc.dg/vmx/stl-vsx.c -O3 -fomit-frame-pointer -funroll-all-loops -finline-functions execution test
FAIL: gcc.dg/vmx/stl-vsx.c -O3 -fomit-frame-pointer -funroll-loops execution test
FAIL: gcc.dg/vmx/stl-vsx.c -O3 -g execution test
FAIL: gcc.dg/vmx/stl-vsx.c -Os execution test
=== gcc Summary for unix/-m32 ===
# of expected passes 100213
# of unexpected failures 408
# of unexpected successes 33
# of expected failures 284
# of unsupported tests 2261
Running target unix/-m64
FAIL: c-c++-common/asan/asan-interface-1.c -O0 execution test
FAIL: c-c++-common/asan/asan-interface-1.c -O1 execution test
FAIL: c-c++-common/asan/asan-interface-1.c -O2 execution test
FAIL: c-c++-common/asan/asan-interface-1.c -O2 -flto -fno-use-linker-plugin -flto-partition=none execution test
FAIL: c-c++-common/asan/asan-interface-1.c -O2 -flto -fuse-linker-plugin -fno-fat-lto-objects execution test
FAIL: c-c++-common/asan/asan-interface-1.c -O3 -fomit-frame-pointer execution test
FAIL: c-c++-common/asan/asan-interface-1.c -O3 -g execution test
FAIL: c-c++-common/asan/asan-interface-1.c -Os execution test
FAIL: c-c++-common/asan/bitfield-1.c -O0 output pattern test, is ==26516==ERROR: AddressSanitizer failed to allocate 0x4000001000 (274877911040) bytes at address 1fffffff000 (errno: 12)
FAIL: c-c++-common/asan/bitfield-1.c -O1 output pattern test, is ==26550==ERROR: AddressSanitizer failed to allocate 0x4000001000 (274877911040) bytes at address 1fffffff000 (errno: 12)
FAIL: c-c++-common/asan/bitfield-1.c -O2 output pattern test, is ==26584==ERROR: AddressSanitizer failed to allocate 0x4000001000 (274877911040) bytes at address 1fffffff000 (errno: 12)
FAIL: c-c++-common/asan/bitfield-1.c -O2 -flto -fno-use-linker-plugin -flto-partition=none output pattern test, is ==26771==ERROR: AddressSanitizer failed to allocate 0x4000001000 (274877911040) bytes at address 1fffffff000 (errno: 12)
FAIL: c-c++-common/asan/bitfield-1.c -O2 -flto -fuse-linker-plugin -fno-fat-lto-objects output pattern test, is ==26833==ERROR: AddressSanitizer failed to allocate 0x4000001000 (274877911040) bytes at address 1fffffff000 (errno: 12)
FAIL: c-c++-common/asan/bitfield-1.c -O3 -fomit-frame-pointer output pattern test, is ==26620==ERROR: AddressSanitizer failed to allocate 0x4000001000 (274877911040) bytes at address 1fffffff000 (errno: 12)
FAIL: c-c++-common/asan/bitfield-1.c -O3 -g output pattern test, is ==26657==ERROR: AddressSanitizer failed to allocate 0x4000001000 (274877911040) bytes at address 1fffffff000 (errno: 12)
FAIL: c-c++-common/asan/bitfield-1.c -Os output pattern test, is ==26690==ERROR: AddressSanitizer failed to allocate 0x4000001000 (274877911040) bytes at address 1fffffff000 (errno: 12)
FAIL: c-c++-common/asan/bitfield-2.c -O0 output pattern test, is ==26865==ERROR: AddressSanitizer failed to allocate 0x4000001000 (274877911040) bytes at address 1fffffff000 (errno: 12)
FAIL: c-c++-common/asan/bitfield-2.c -O1 output pattern test, is ==26897==ERROR: AddressSanitizer failed to allocate 0x4000001000 (274877911040) bytes at address 1fffffff000 (errno: 12)
FAIL: c-c++-common/asan/bitfield-2.c -O2 output pattern test, is ==26929==ERROR: AddressSanitizer failed to allocate 0x4000001000 (274877911040) bytes at address 1fffffff000 (errno: 12)
FAIL: c-c++-common/asan/bitfield-2.c -O2 -flto -fno-use-linker-plugin -flto-partition=none output pattern test, is ==27099==ERROR: AddressSanitizer failed to allocate 0x4000001000 (274877911040) bytes at address 1fffffff000 (errno: 12)
FAIL: c-c++-common/asan/bitfield-2.c -O2 -flto -fuse-linker-plugin -fno-fat-lto-objects output pattern test, is ==27145==ERROR: AddressSanitizer failed to allocate 0x4000001000 (274877911040) bytes at address 1fffffff000 (errno: 12)
FAIL: c-c++-common/asan/bitfield-2.c -O3 -fomit-frame-pointer output pattern test, is ==26961==ERROR: AddressSanitizer failed to allocate 0x4000001000 (274877911040) bytes at address 1fffffff000 (errno: 12)
FAIL: c-c++-common/asan/bitfield-2.c -O3 -g output pattern test, is ==26993==ERROR: AddressSanitizer failed to allocate 0x4000001000 (274877911040) bytes at address 1fffffff000 (errno: 12)
FAIL: c-c++-common/asan/bitfield-2.c -Os output pattern test, is ==27025==ERROR: AddressSanitizer failed to allocate 0x4000001000 (274877911040) bytes at address 1fffffff000 (errno: 12)
FAIL: c-c++-common/asan/bitfield-3.c -O0 output pattern test, is ==24698==ERROR: AddressSanitizer failed to allocate 0x4000001000 (274877911040) bytes at address 1fffffff000 (errno: 12)
FAIL: c-c++-common/asan/bitfield-3.c -O1 output pattern test, is ==24721==ERROR: AddressSanitizer failed to allocate 0x4000001000 (274877911040) bytes at address 1fffffff000 (errno: 12)
FAIL: c-c++-common/asan/bitfield-3.c -O2 output pattern test, is ==24737==ERROR: AddressSanitizer failed to allocate 0x4000001000 (274877911040) bytes at address 1fffffff000 (errno: 12)
FAIL: c-c++-common/asan/bitfield-3.c -O2 -flto -fno-use-linker-plugin -flto-partition=none output pattern test, is ==24840==ERROR: AddressSanitizer failed to allocate 0x4000001000 (274877911040) bytes at address 1fffffff000 (errno: 12)
FAIL: c-c++-common/asan/bitfield-3.c -O2 -flto -fuse-linker-plugin -fno-fat-lto-objects output pattern test, is ==24863==ERROR: AddressSanitizer failed to allocate 0x4000001000 (274877911040) bytes at address 1fffffff000 (errno: 12)
FAIL: c-c++-common/asan/bitfield-3.c -O3 -fomit-frame-pointer output pattern test, is ==24753==ERROR: AddressSanitizer failed to allocate 0x4000001000 (274877911040) bytes at address 1fffffff000 (errno: 12)
FAIL: c-c++-common/asan/bitfield-3.c -O3 -g output pattern test, is ==24778==ERROR: AddressSanitizer failed to allocate 0x4000001000 (274877911040) bytes at address 1fffffff000 (errno: 12)
FAIL: c-c++-common/asan/bitfield-3.c -Os output pattern test, is ==24798==ERROR: AddressSanitizer failed to allocate 0x4000001000 (274877911040) bytes at address 1fffffff000 (errno: 12)
FAIL: c-c++-common/asan/bitfield-4.c -O0 output pattern test, is ==24888==ERROR: AddressSanitizer failed to allocate 0x4000001000 (274877911040) bytes at address 1fffffff000 (errno: 12)
FAIL: c-c++-common/asan/bitfield-4.c -O1 output pattern test, is ==24908==ERROR: AddressSanitizer failed to allocate 0x4000001000 (274877911040) bytes at address 1fffffff000 (errno: 12)
FAIL: c-c++-common/asan/bitfield-4.c -O2 output pattern test, is ==24927==ERROR: AddressSanitizer failed to allocate 0x4000001000 (274877911040) bytes at address 1fffffff000 (errno: 12)
FAIL: c-c++-common/asan/bitfield-4.c -O2 -flto -fno-use-linker-plugin -flto-partition=none output pattern test, is ==25027==ERROR: AddressSanitizer failed to allocate 0x4000001000 (274877911040) bytes at address 1fffffff000 (errno: 12)
FAIL: c-c++-common/asan/bitfield-4.c -O2 -flto -fuse-linker-plugin -fno-fat-lto-objects output pattern test, is ==25055==ERROR: AddressSanitizer failed to allocate 0x4000001000 (274877911040) bytes at address 1fffffff000 (errno: 12)
FAIL: c-c++-common/asan/bitfield-4.c -O3 -fomit-frame-pointer output pattern test, is ==24945==ERROR: AddressSanitizer failed to allocate 0x4000001000 (274877911040) bytes at address 1fffffff000 (errno: 12)
FAIL: c-c++-common/asan/bitfield-4.c -O3 -g output pattern test, is ==24961==ERROR: AddressSanitizer failed to allocate 0x4000001000 (274877911040) bytes at address 1fffffff000 (errno: 12)
FAIL: c-c++-common/asan/bitfield-4.c -Os output pattern test, is ==24977==ERROR: AddressSanitizer failed to allocate 0x4000001000 (274877911040) bytes at address 1fffffff000 (errno: 12)
FAIL: c-c++-common/asan/bitfield-5.c -O0 output pattern test, is ==25071==ERROR: AddressSanitizer failed to allocate 0x4000001000 (274877911040) bytes at address 1fffffff000 (errno: 12)
FAIL: c-c++-common/asan/bitfield-5.c -O1 output pattern test, is ==25087==ERROR: AddressSanitizer failed to allocate 0x4000001000 (274877911040) bytes at address 1fffffff000 (errno: 12)
FAIL: c-c++-common/asan/bitfield-5.c -O2 output pattern test, is ==25103==ERROR: AddressSanitizer failed to allocate 0x4000001000 (274877911040) bytes at address 1fffffff000 (errno: 12)
FAIL: c-c++-common/asan/bitfield-5.c -O2 -flto -fno-use-linker-plugin -flto-partition=none output pattern test, is ==25206==ERROR: AddressSanitizer failed to allocate 0x4000001000 (274877911040) bytes at address 1fffffff000 (errno: 12)
FAIL: c-c++-common/asan/bitfield-5.c -O2 -flto -fuse-linker-plugin -fno-fat-lto-objects output pattern test, is ==25229==ERROR: AddressSanitizer failed to allocate 0x4000001000 (274877911040) bytes at address 1fffffff000 (errno: 12)
FAIL: c-c++-common/asan/bitfield-5.c -O3 -fomit-frame-pointer output pattern test, is ==25128==ERROR: AddressSanitizer failed to allocate 0x4000001000 (274877911040) bytes at address 1fffffff000 (errno: 12)
FAIL: c-c++-common/asan/bitfield-5.c -O3 -g output pattern test, is ==25148==ERROR: AddressSanitizer failed to allocate 0x4000001000 (274877911040) bytes at address 1fffffff000 (errno: 12)
FAIL: c-c++-common/asan/bitfield-5.c -Os output pattern test, is ==25164==ERROR: AddressSanitizer failed to allocate 0x4000001000 (274877911040) bytes at address 1fffffff000 (errno: 12)
FAIL: c-c++-common/asan/clone-test-1.c -O0 execution test
FAIL: c-c++-common/asan/clone-test-1.c -O1 execution test
FAIL: c-c++-common/asan/clone-test-1.c -O2 execution test
FAIL: c-c++-common/asan/clone-test-1.c -O2 -flto -fno-use-linker-plugin -flto-partition=none execution test
FAIL: c-c++-common/asan/clone-test-1.c -O2 -flto -fuse-linker-plugin -fno-fat-lto-objects execution test
FAIL: c-c++-common/asan/clone-test-1.c -O3 -fomit-frame-pointer execution test
FAIL: c-c++-common/asan/clone-test-1.c -O3 -fomit-frame-pointer -funroll-all-loops -finline-functions execution test
FAIL: c-c++-common/asan/clone-test-1.c -O3 -fomit-frame-pointer -funroll-loops execution test
FAIL: c-c++-common/asan/clone-test-1.c -O3 -g execution test
FAIL: c-c++-common/asan/clone-test-1.c -Os execution test
FAIL: c-c++-common/asan/global-overflow-1.c -O0 output pattern test, is ==25550==ERROR: AddressSanitizer failed to allocate 0x4000001000 (274877911040) bytes at address 1fffffff000 (errno: 12)
FAIL: c-c++-common/asan/global-overflow-1.c -O1 output pattern test, is ==25571==ERROR: AddressSanitizer failed to allocate 0x4000001000 (274877911040) bytes at address 1fffffff000 (errno: 12)
FAIL: c-c++-common/asan/global-overflow-1.c -O2 output pattern test, is ==25587==ERROR: AddressSanitizer failed to allocate 0x4000001000 (274877911040) bytes at address 1fffffff000 (errno: 12)
FAIL: c-c++-common/asan/global-overflow-1.c -O2 -flto -fno-use-linker-plugin -flto-partition=none output pattern test, is ==25690==ERROR: AddressSanitizer failed to allocate 0x4000001000 (274877911040) bytes at address 1fffffff000 (errno: 12)
FAIL: c-c++-common/asan/global-overflow-1.c -O2 -flto -fuse-linker-plugin -fno-fat-lto-objects output pattern test, is ==25722==ERROR: AddressSanitizer failed to allocate 0x4000001000 (274877911040) bytes at address 1fffffff000 (errno: 12)
FAIL: c-c++-common/asan/global-overflow-1.c -O3 -fomit-frame-pointer output pattern test, is ==25612==ERROR: AddressSanitizer failed to allocate 0x4000001000 (274877911040) bytes at address 1fffffff000 (errno: 12)
FAIL: c-c++-common/asan/global-overflow-1.c -O3 -g output pattern test, is ==25632==ERROR: AddressSanitizer failed to allocate 0x4000001000 (274877911040) bytes at address 1fffffff000 (errno: 12)
FAIL: c-c++-common/asan/global-overflow-1.c -Os output pattern test, is ==25653==ERROR: AddressSanitizer failed to allocate 0x4000001000 (274877911040) bytes at address 1fffffff000 (errno: 12)
FAIL: c-c++-common/asan/heap-overflow-1.c -O0 output pattern test, is ==25742==ERROR: AddressSanitizer failed to allocate 0x4000001000 (274877911040) bytes at address 1fffffff000 (errno: 12)
FAIL: c-c++-common/asan/heap-overflow-1.c -O1 output pattern test, is ==25758==ERROR: AddressSanitizer failed to allocate 0x4000001000 (274877911040) bytes at address 1fffffff000 (errno: 12)
FAIL: c-c++-common/asan/heap-overflow-1.c -O2 output pattern test, is ==25779==ERROR: AddressSanitizer failed to allocate 0x4000001000 (274877911040) bytes at address 1fffffff000 (errno: 12)
FAIL: c-c++-common/asan/heap-overflow-1.c -O2 -flto -fno-use-linker-plugin -flto-partition=none output pattern test, is ==25909==ERROR: AddressSanitizer failed to allocate 0x4000001000 (274877911040) bytes at address 1fffffff000 (errno: 12)
FAIL: c-c++-common/asan/heap-overflow-1.c -O2 -flto -fuse-linker-plugin -fno-fat-lto-objects output pattern test, is ==25957==ERROR: AddressSanitizer failed to allocate 0x4000001000 (274877911040) bytes at address 1fffffff000 (errno: 12)
FAIL: c-c++-common/asan/heap-overflow-1.c -O3 -fomit-frame-pointer output pattern test, is ==25795==ERROR: AddressSanitizer failed to allocate 0x4000001000 (274877911040) bytes at address 1fffffff000 (errno: 12)
FAIL: c-c++-common/asan/heap-overflow-1.c -O3 -g output pattern test, is ==25820==ERROR: AddressSanitizer failed to allocate 0x4000001000 (274877911040) bytes at address 1fffffff000 (errno: 12)
FAIL: c-c++-common/asan/heap-overflow-1.c -Os output pattern test, is ==25840==ERROR: AddressSanitizer failed to allocate 0x4000001000 (274877911040) bytes at address 1fffffff000 (errno: 12)
FAIL: c-c++-common/asan/memcmp-1.c -O0 output pattern test, is ==26450==ERROR: AddressSanitizer failed to allocate 0x4000001000 (274877911040) bytes at address 1fffffff000 (errno: 12)
FAIL: c-c++-common/asan/memcmp-1.c -O1 output pattern test, is ==26486==ERROR: AddressSanitizer failed to allocate 0x4000001000 (274877911040) bytes at address 1fffffff000 (errno: 12)
FAIL: c-c++-common/asan/memcmp-1.c -O2 output pattern test, is ==26514==ERROR: AddressSanitizer failed to allocate 0x4000001000 (274877911040) bytes at address 1fffffff000 (errno: 12)
FAIL: c-c++-common/asan/memcmp-1.c -O2 -flto -fno-use-linker-plugin -flto-partition=none output pattern test, is ==26679==ERROR: AddressSanitizer failed to allocate 0x4000001000 (274877911040) bytes at address 1fffffff000 (errno: 12)
FAIL: c-c++-common/asan/memcmp-1.c -O2 -flto -fuse-linker-plugin -fno-fat-lto-objects output pattern test, is ==26718==ERROR: AddressSanitizer failed to allocate 0x4000001000 (274877911040) bytes at address 1fffffff000 (errno: 12)
FAIL: c-c++-common/asan/memcmp-1.c -O3 -fomit-frame-pointer output pattern test, is ==26546==ERROR: AddressSanitizer failed to allocate 0x4000001000 (274877911040) bytes at address 1fffffff000 (errno: 12)
FAIL: c-c++-common/asan/memcmp-1.c -O3 -g output pattern test, is ==26578==ERROR: AddressSanitizer failed to allocate 0x4000001000 (274877911040) bytes at address 1fffffff000 (errno: 12)
FAIL: c-c++-common/asan/memcmp-1.c -Os output pattern test, is ==26610==ERROR: AddressSanitizer failed to allocate 0x4000001000 (274877911040) bytes at address 1fffffff000 (errno: 12)
FAIL: c-c++-common/asan/misalign-1.c -O0 output pattern test, is ==26869==ERROR: AddressSanitizer failed to allocate 0x4000001000 (274877911040) bytes at address 1fffffff000 (errno: 12)
FAIL: c-c++-common/asan/misalign-1.c -O1 output pattern test, is ==26903==ERROR: AddressSanitizer failed to allocate 0x4000001000 (274877911040) bytes at address 1fffffff000 (errno: 12)
FAIL: c-c++-common/asan/misalign-1.c -O2 output pattern test, is ==26933==ERROR: AddressSanitizer failed to allocate 0x4000001000 (274877911040) bytes at address 1fffffff000 (errno: 12)
FAIL: c-c++-common/asan/misalign-1.c -O2 -flto -fno-use-linker-plugin -flto-partition=none output pattern test, is ==27101==ERROR: AddressSanitizer failed to allocate 0x4000001000 (274877911040) bytes at address 1fffffff000 (errno: 12)
FAIL: c-c++-common/asan/misalign-1.c -O2 -flto -fuse-linker-plugin -fno-fat-lto-objects output pattern test, is ==27147==ERROR: AddressSanitizer failed to allocate 0x4000001000 (274877911040) bytes at address 1fffffff000 (errno: 12)
FAIL: c-c++-common/asan/misalign-1.c -O3 -fomit-frame-pointer output pattern test, is ==26965==ERROR: AddressSanitizer failed to allocate 0x4000001000 (274877911040) bytes at address 1fffffff000 (errno: 12)
FAIL: c-c++-common/asan/misalign-1.c -O3 -g output pattern test, is ==26997==ERROR: AddressSanitizer failed to allocate 0x4000001000 (274877911040) bytes at address 1fffffff000 (errno: 12)
FAIL: c-c++-common/asan/misalign-1.c -Os output pattern test, is ==27028==ERROR: AddressSanitizer failed to allocate 0x4000001000 (274877911040) bytes at address 1fffffff000 (errno: 12)
FAIL: c-c++-common/asan/misalign-2.c -O0 output pattern test, is ==27186==ERROR: AddressSanitizer failed to allocate 0x4000001000 (274877911040) bytes at address 1fffffff000 (errno: 12)
FAIL: c-c++-common/asan/misalign-2.c -O1 output pattern test, is ==27223==ERROR: AddressSanitizer failed to allocate 0x4000001000 (274877911040) bytes at address 1fffffff000 (errno: 12)
FAIL: c-c++-common/asan/misalign-2.c -O2 output pattern test, is ==27260==ERROR: AddressSanitizer failed to allocate 0x4000001000 (274877911040) bytes at address 1fffffff000 (errno: 12)
FAIL: c-c++-common/asan/misalign-2.c -O2 -flto -fno-use-linker-plugin -flto-partition=none output pattern test, is ==27461==ERROR: AddressSanitizer failed to allocate 0x4000001000 (274877911040) bytes at address 1fffffff000 (errno: 12)
FAIL: c-c++-common/asan/misalign-2.c -O2 -flto -fuse-linker-plugin -fno-fat-lto-objects output pattern test, is ==27511==ERROR: AddressSanitizer failed to allocate 0x4000001000 (274877911040) bytes at address 1fffffff000 (errno: 12)
FAIL: c-c++-common/asan/misalign-2.c -O3 -fomit-frame-pointer output pattern test, is ==27298==ERROR: AddressSanitizer failed to allocate 0x4000001000 (274877911040) bytes at address 1fffffff000 (errno: 12)
FAIL: c-c++-common/asan/misalign-2.c -O3 -g output pattern test, is ==27337==ERROR: AddressSanitizer failed to allocate 0x4000001000 (274877911040) bytes at address 1fffffff000 (errno: 12)
FAIL: c-c++-common/asan/misalign-2.c -Os output pattern test, is ==27375==ERROR: AddressSanitizer failed to allocate 0x4000001000 (274877911040) bytes at address 1fffffff000 (errno: 12)
FAIL: c-c++-common/asan/null-deref-1.c -O0 output pattern test, is ==27780==ERROR: AddressSanitizer failed to allocate 0x4000001000 (274877911040) bytes at address 1fffffff000 (errno: 12)
FAIL: c-c++-common/asan/null-deref-1.c -O1 output pattern test, is ==27812==ERROR: AddressSanitizer failed to allocate 0x4000001000 (274877911040) bytes at address 1fffffff000 (errno: 12)
FAIL: c-c++-common/asan/null-deref-1.c -O2 output pattern test, is ==27847==ERROR: AddressSanitizer failed to allocate 0x4000001000 (274877911040) bytes at address 1fffffff000 (errno: 12)
FAIL: c-c++-common/asan/null-deref-1.c -O2 -flto -fno-use-linker-plugin -flto-partition=none output pattern test, is ==28021==ERROR: AddressSanitizer failed to allocate 0x4000001000 (274877911040) bytes at address 1fffffff000 (errno: 12)
FAIL: c-c++-common/asan/null-deref-1.c -O2 -flto -fuse-linker-plugin -fno-fat-lto-objects output pattern test, is ==28071==ERROR: AddressSanitizer failed to allocate 0x4000001000 (274877911040) bytes at address 1fffffff000 (errno: 12)
FAIL: c-c++-common/asan/null-deref-1.c -O3 -fomit-frame-pointer output pattern test, is ==27882==ERROR: AddressSanitizer failed to allocate 0x4000001000 (274877911040) bytes at address 1fffffff000 (errno: 12)
FAIL: c-c++-common/asan/null-deref-1.c -O3 -g output pattern test, is ==27914==ERROR: AddressSanitizer failed to allocate 0x4000001000 (274877911040) bytes at address 1fffffff000 (errno: 12)
FAIL: c-c++-common/asan/null-deref-1.c -Os output pattern test, is ==27950==ERROR: AddressSanitizer failed to allocate 0x4000001000 (274877911040) bytes at address 1fffffff000 (errno: 12)
FAIL: c-c++-common/asan/pr59063-1.c -O0 execution test
FAIL: c-c++-common/asan/pr59063-1.c -O1 execution test
FAIL: c-c++-common/asan/pr59063-1.c -O2 execution test
FAIL: c-c++-common/asan/pr59063-1.c -O2 -flto -fno-use-linker-plugin -flto-partition=none execution test
FAIL: c-c++-common/asan/pr59063-1.c -O2 -flto -fuse-linker-plugin -fno-fat-lto-objects execution test
FAIL: c-c++-common/asan/pr59063-1.c -O3 -fomit-frame-pointer execution test
FAIL: c-c++-common/asan/pr59063-1.c -O3 -g execution test
FAIL: c-c++-common/asan/pr59063-1.c -Os execution test
FAIL: c-c++-common/asan/pr59063-2.c -O0 execution test
FAIL: c-c++-common/asan/pr59063-2.c -O1 execution test
FAIL: c-c++-common/asan/pr59063-2.c -O2 execution test
FAIL: c-c++-common/asan/pr59063-2.c -O2 -flto -fno-use-linker-plugin -flto-partition=none execution test
FAIL: c-c++-common/asan/pr59063-2.c -O2 -flto -fuse-linker-plugin -fno-fat-lto-objects execution test
FAIL: c-c++-common/asan/pr59063-2.c -O3 -fomit-frame-pointer execution test
FAIL: c-c++-common/asan/pr59063-2.c -O3 -g execution test
FAIL: c-c++-common/asan/pr59063-2.c -Os execution test
FAIL: c-c++-common/asan/pr61530.c -O0 output pattern test, is ==27752==ERROR: AddressSanitizer failed to allocate 0x4000001000 (274877911040) bytes at address 1fffffff000 (errno: 12)
FAIL: c-c++-common/asan/pr61530.c -O1 output pattern test, is ==27784==ERROR: AddressSanitizer failed to allocate 0x4000001000 (274877911040) bytes at address 1fffffff000 (errno: 12)
FAIL: c-c++-common/asan/pr61530.c -O2 output pattern test, is ==27814==ERROR: AddressSanitizer failed to allocate 0x4000001000 (274877911040) bytes at address 1fffffff000 (errno: 12)
FAIL: c-c++-common/asan/pr61530.c -O2 -flto -fno-use-linker-plugin -flto-partition=none output pattern test, is ==27977==ERROR: AddressSanitizer failed to allocate 0x4000001000 (274877911040) bytes at address 1fffffff000 (errno: 12)
FAIL: c-c++-common/asan/pr61530.c -O2 -flto -fuse-linker-plugin -fno-fat-lto-objects output pattern test, is ==28025==ERROR: AddressSanitizer failed to allocate 0x4000001000 (274877911040) bytes at address 1fffffff000 (errno: 12)
FAIL: c-c++-common/asan/pr61530.c -O3 -fomit-frame-pointer output pattern test, is ==27844==ERROR: AddressSanitizer failed to allocate 0x4000001000 (274877911040) bytes at address 1fffffff000 (errno: 12)
FAIL: c-c++-common/asan/pr61530.c -O3 -g output pattern test, is ==27876==ERROR: AddressSanitizer failed to allocate 0x4000001000 (274877911040) bytes at address 1fffffff000 (errno: 12)
FAIL: c-c++-common/asan/pr61530.c -Os output pattern test, is ==27908==ERROR: AddressSanitizer failed to allocate 0x4000001000 (274877911040) bytes at address 1fffffff000 (errno: 12)
FAIL: c-c++-common/asan/pr62089.c -O0 output pattern test, is ==28060==ERROR: AddressSanitizer failed to allocate 0x4000001000 (274877911040) bytes at address 1fffffff000 (errno: 12)
FAIL: c-c++-common/asan/pr62089.c -O1 output pattern test, is ==28094==ERROR: AddressSanitizer failed to allocate 0x4000001000 (274877911040) bytes at address 1fffffff000 (errno: 12)
FAIL: c-c++-common/asan/pr62089.c -O2 output pattern test, is ==28131==ERROR: AddressSanitizer failed to allocate 0x4000001000 (274877911040) bytes at address 1fffffff000 (errno: 12)
FAIL: c-c++-common/asan/pr62089.c -O2 -flto -fno-use-linker-plugin -flto-partition=none output pattern test, is ==28318==ERROR: AddressSanitizer failed to allocate 0x4000001000 (274877911040) bytes at address 1fffffff000 (errno: 12)
FAIL: c-c++-common/asan/pr62089.c -O2 -flto -fuse-linker-plugin -fno-fat-lto-objects output pattern test, is ==28360==ERROR: AddressSanitizer failed to allocate 0x4000001000 (274877911040) bytes at address 1fffffff000 (errno: 12)
FAIL: c-c++-common/asan/pr62089.c -O3 -fomit-frame-pointer output pattern test, is ==28166==ERROR: AddressSanitizer failed to allocate 0x4000001000 (274877911040) bytes at address 1fffffff000 (errno: 12)
FAIL: c-c++-common/asan/pr62089.c -O3 -g output pattern test, is ==28205==ERROR: AddressSanitizer failed to allocate 0x4000001000 (274877911040) bytes at address 1fffffff000 (errno: 12)
FAIL: c-c++-common/asan/pr62089.c -Os output pattern test, is ==28242==ERROR: AddressSanitizer failed to allocate 0x4000001000 (274877911040) bytes at address 1fffffff000 (errno: 12)
FAIL: c-c++-common/asan/pr63316.c -O0 execution test
FAIL: c-c++-common/asan/pr63316.c -O1 execution test
FAIL: c-c++-common/asan/pr63316.c -O2 execution test
FAIL: c-c++-common/asan/pr63316.c -O2 -flto -fno-use-linker-plugin -flto-partition=none execution test
FAIL: c-c++-common/asan/pr63316.c -O2 -flto -fuse-linker-plugin -fno-fat-lto-objects execution test
FAIL: c-c++-common/asan/pr63316.c -O3 -fomit-frame-pointer execution test
FAIL: c-c++-common/asan/pr63316.c -O3 -g execution test
FAIL: c-c++-common/asan/pr63316.c -Os execution test
FAIL: c-c++-common/asan/rlimit-mmap-test-1.c -O0 output pattern test, is ==29024==ERROR: AddressSanitizer failed to allocate 0x4000001000 (274877911040) bytes at address 1fffffff000 (errno: 12)
FAIL: c-c++-common/asan/sanity-check-pure-c-1.c -O0 output pattern test, is ==29056==ERROR: AddressSanitizer failed to allocate 0x4000001000 (274877911040) bytes at address 1fffffff000 (errno: 12)
FAIL: c-c++-common/asan/sanity-check-pure-c-1.c -O1 output pattern test, is ==29072==ERROR: AddressSanitizer failed to allocate 0x4000001000 (274877911040) bytes at address 1fffffff000 (errno: 12)
FAIL: c-c++-common/asan/sanity-check-pure-c-1.c -O2 output pattern test, is ==29109==ERROR: AddressSanitizer failed to allocate 0x4000001000 (274877911040) bytes at address 1fffffff000 (errno: 12)
FAIL: c-c++-common/asan/sanity-check-pure-c-1.c -O2 -flto -fno-use-linker-plugin -flto-partition=none output pattern test, is ==29272==ERROR: AddressSanitizer failed to allocate 0x4000001000 (274877911040) bytes at address 1fffffff000 (errno: 12)
FAIL: c-c++-common/asan/sanity-check-pure-c-1.c -O2 -flto -fuse-linker-plugin -fno-fat-lto-objects output pattern test, is ==29312==ERROR: AddressSanitizer failed to allocate 0x4000001000 (274877911040) bytes at address 1fffffff000 (errno: 12)
FAIL: c-c++-common/asan/sanity-check-pure-c-1.c -O3 -fomit-frame-pointer output pattern test, is ==29134==ERROR: AddressSanitizer failed to allocate 0x4000001000 (274877911040) bytes at address 1fffffff000 (errno: 12)
FAIL: c-c++-common/asan/sanity-check-pure-c-1.c -O3 -g output pattern test, is ==29164==ERROR: AddressSanitizer failed to allocate 0x4000001000 (274877911040) bytes at address 1fffffff000 (errno: 12)
FAIL: c-c++-common/asan/sanity-check-pure-c-1.c -Os output pattern test, is ==29189==ERROR: AddressSanitizer failed to allocate 0x4000001000 (274877911040) bytes at address 1fffffff000 (errno: 12)
FAIL: c-c++-common/asan/sleep-before-dying-1.c -O2 output pattern test, is ==29310==ERROR: AddressSanitizer failed to allocate 0x4000001000 (274877911040) bytes at address 1fffffff000 (errno: 12)
FAIL: c-c++-common/asan/sleep-before-dying-1.c -O2 -flto -fno-use-linker-plugin -flto-partition=none output pattern test, is ==29409==ERROR: AddressSanitizer failed to allocate 0x4000001000 (274877911040) bytes at address 1fffffff000 (errno: 12)
FAIL: c-c++-common/asan/sleep-before-dying-1.c -O2 -flto -fuse-linker-plugin -fno-fat-lto-objects output pattern test, is ==29465==ERROR: AddressSanitizer failed to allocate 0x4000001000 (274877911040) bytes at address 1fffffff000 (errno: 12)
FAIL: c-c++-common/asan/stack-overflow-1.c -O0 output pattern test, is ==29509==ERROR: AddressSanitizer failed to allocate 0x4000001000 (274877911040) bytes at address 1fffffff000 (errno: 12)
FAIL: c-c++-common/asan/stack-overflow-1.c -O1 output pattern test, is ==29552==ERROR: AddressSanitizer failed to allocate 0x4000001000 (274877911040) bytes at address 1fffffff000 (errno: 12)
FAIL: c-c++-common/asan/stack-overflow-1.c -O2 output pattern test, is ==29592==ERROR: AddressSanitizer failed to allocate 0x4000001000 (274877911040) bytes at address 1fffffff000 (errno: 12)
FAIL: c-c++-common/asan/stack-overflow-1.c -O2 -flto -fno-use-linker-plugin -flto-partition=none output pattern test, is ==29715==ERROR: AddressSanitizer failed to allocate 0x4000001000 (274877911040) bytes at address 1fffffff000 (errno: 12)
FAIL: c-c++-common/asan/stack-overflow-1.c -O2 -flto -fuse-linker-plugin -fno-fat-lto-objects output pattern test, is ==29749==ERROR: AddressSanitizer failed to allocate 0x4000001000 (274877911040) bytes at address 1fffffff000 (errno: 12)
FAIL: c-c++-common/asan/stack-overflow-1.c -O3 -fomit-frame-pointer output pattern test, is ==29625==ERROR: AddressSanitizer failed to allocate 0x4000001000 (274877911040) bytes at address 1fffffff000 (errno: 12)
FAIL: c-c++-common/asan/stack-overflow-1.c -O3 -g output pattern test, is ==29648==ERROR: AddressSanitizer failed to allocate 0x4000001000 (274877911040) bytes at address 1fffffff000 (errno: 12)
FAIL: c-c++-common/asan/stack-overflow-1.c -Os output pattern test, is ==29673==ERROR: AddressSanitizer failed to allocate 0x4000001000 (274877911040) bytes at address 1fffffff000 (errno: 12)
FAIL: c-c++-common/asan/strip-path-prefix-1.c -O2 output pattern test, is ==29765==ERROR: AddressSanitizer failed to allocate 0x4000001000 (274877911040) bytes at address 1fffffff000 (errno: 12)
FAIL: c-c++-common/asan/strip-path-prefix-1.c -O2 -flto -fno-use-linker-plugin -flto-partition=none output pattern test, is ==29817==ERROR: AddressSanitizer failed to allocate 0x4000001000 (274877911040) bytes at address 1fffffff000 (errno: 12)
FAIL: c-c++-common/asan/strip-path-prefix-1.c -O2 -flto -fuse-linker-plugin -fno-fat-lto-objects output pattern test, is ==29841==ERROR: AddressSanitizer failed to allocate 0x4000001000 (274877911040) bytes at address 1fffffff000 (errno: 12)
FAIL: c-c++-common/asan/strlen-overflow-1.c -O0 output pattern test, is ==29857==ERROR: AddressSanitizer failed to allocate 0x4000001000 (274877911040) bytes at address 1fffffff000 (errno: 12)
FAIL: c-c++-common/asan/strlen-overflow-1.c -O1 output pattern test, is ==29873==ERROR: AddressSanitizer failed to allocate 0x4000001000 (274877911040) bytes at address 1fffffff000 (errno: 12)
FAIL: c-c++-common/asan/strlen-overflow-1.c -O2 output pattern test, is ==29905==ERROR: AddressSanitizer failed to allocate 0x4000001000 (274877911040) bytes at address 1fffffff000 (errno: 12)
FAIL: c-c++-common/asan/strlen-overflow-1.c -O3 -fomit-frame-pointer output pattern test, is ==29921==ERROR: AddressSanitizer failed to allocate 0x4000001000 (274877911040) bytes at address 1fffffff000 (errno: 12)
FAIL: c-c++-common/asan/strlen-overflow-1.c -O3 -g output pattern test, is ==29937==ERROR: AddressSanitizer failed to allocate 0x4000001000 (274877911040) bytes at address 1fffffff000 (errno: 12)
FAIL: c-c++-common/asan/strlen-overflow-1.c -Os output pattern test, is ==29953==ERROR: AddressSanitizer failed to allocate 0x4000001000 (274877911040) bytes at address 1fffffff000 (errno: 12)
FAIL: c-c++-common/asan/strncpy-overflow-1.c -O0 output pattern test, is ==29985==ERROR: AddressSanitizer failed to allocate 0x4000001000 (274877911040) bytes at address 1fffffff000 (errno: 12)
FAIL: c-c++-common/asan/strncpy-overflow-1.c -O1 output pattern test, is ==30001==ERROR: AddressSanitizer failed to allocate 0x4000001000 (274877911040) bytes at address 1fffffff000 (errno: 12)
FAIL: c-c++-common/asan/strncpy-overflow-1.c -O2 output pattern test, is ==30017==ERROR: AddressSanitizer failed to allocate 0x4000001000 (274877911040) bytes at address 1fffffff000 (errno: 12)
FAIL: c-c++-common/asan/strncpy-overflow-1.c -O2 -flto -fno-use-linker-plugin -flto-partition=none output pattern test, is ==30120==ERROR: AddressSanitizer failed to allocate 0x4000001000 (274877911040) bytes at address 1fffffff000 (errno: 12)
FAIL: c-c++-common/asan/strncpy-overflow-1.c -O2 -flto -fuse-linker-plugin -fno-fat-lto-objects output pattern test, is ==30159==ERROR: AddressSanitizer failed to allocate 0x4000001000 (274877911040) bytes at address 1fffffff000 (errno: 12)
FAIL: c-c++-common/asan/strncpy-overflow-1.c -O3 -fomit-frame-pointer output pattern test, is ==30033==ERROR: AddressSanitizer failed to allocate 0x4000001000 (274877911040) bytes at address 1fffffff000 (errno: 12)
FAIL: c-c++-common/asan/strncpy-overflow-1.c -O3 -g output pattern test, is ==30065==ERROR: AddressSanitizer failed to allocate 0x4000001000 (274877911040) bytes at address 1fffffff000 (errno: 12)
FAIL: c-c++-common/asan/strncpy-overflow-1.c -Os output pattern test, is ==30081==ERROR: AddressSanitizer failed to allocate 0x4000001000 (274877911040) bytes at address 1fffffff000 (errno: 12)
FAIL: c-c++-common/asan/swapcontext-test-1.c -O0 execution test
FAIL: c-c++-common/asan/swapcontext-test-1.c -O1 execution test
FAIL: c-c++-common/asan/swapcontext-test-1.c -O2 execution test
FAIL: c-c++-common/asan/swapcontext-test-1.c -O2 -flto -fno-use-linker-plugin -flto-partition=none execution test
FAIL: c-c++-common/asan/swapcontext-test-1.c -O2 -flto -fuse-linker-plugin -fno-fat-lto-objects execution test
FAIL: c-c++-common/asan/swapcontext-test-1.c -O3 -fomit-frame-pointer execution test
FAIL: c-c++-common/asan/swapcontext-test-1.c -O3 -fomit-frame-pointer -funroll-all-loops -finline-functions execution test
FAIL: c-c++-common/asan/swapcontext-test-1.c -O3 -fomit-frame-pointer -funroll-loops execution test
FAIL: c-c++-common/asan/swapcontext-test-1.c -O3 -g execution test
FAIL: c-c++-common/asan/swapcontext-test-1.c -Os execution test
FAIL: c-c++-common/asan/use-after-free-1.c -O0 output pattern test, is ==30436==ERROR: AddressSanitizer failed to allocate 0x4000001000 (274877911040) bytes at address 1fffffff000 (errno: 12)
FAIL: c-c++-common/asan/use-after-free-1.c -O1 output pattern test, is ==30464==ERROR: AddressSanitizer failed to allocate 0x4000001000 (274877911040) bytes at address 1fffffff000 (errno: 12)
FAIL: c-c++-common/asan/use-after-free-1.c -O2 output pattern test, is ==30485==ERROR: AddressSanitizer failed to allocate 0x4000001000 (274877911040) bytes at address 1fffffff000 (errno: 12)
FAIL: c-c++-common/asan/use-after-free-1.c -O2 -flto -fno-use-linker-plugin -flto-partition=none output pattern test, is ==30586==ERROR: AddressSanitizer failed to allocate 0x4000001000 (274877911040) bytes at address 1fffffff000 (errno: 12)
FAIL: c-c++-common/asan/use-after-free-1.c -O2 -flto -fuse-linker-plugin -fno-fat-lto-objects output pattern test, is ==30609==ERROR: AddressSanitizer failed to allocate 0x4000001000 (274877911040) bytes at address 1fffffff000 (errno: 12)
FAIL: c-c++-common/asan/use-after-free-1.c -O3 -fomit-frame-pointer output pattern test, is ==30501==ERROR: AddressSanitizer failed to allocate 0x4000001000 (274877911040) bytes at address 1fffffff000 (errno: 12)
FAIL: c-c++-common/asan/use-after-free-1.c -O3 -g output pattern test, is ==30517==ERROR: AddressSanitizer failed to allocate 0x4000001000 (274877911040) bytes at address 1fffffff000 (errno: 12)
FAIL: c-c++-common/asan/use-after-free-1.c -Os output pattern test, is ==30533==ERROR: AddressSanitizer failed to allocate 0x4000001000 (274877911040) bytes at address 1fffffff000 (errno: 12)
FAIL: c-c++-common/asan/use-after-return-1.c -O0 output pattern test, is ==30625==ERROR: AddressSanitizer failed to allocate 0x4000001000 (274877911040) bytes at address 1fffffff000 (errno: 12)
FAIL: c-c++-common/asan/use-after-return-1.c -O1 output pattern test, is ==30641==ERROR: AddressSanitizer failed to allocate 0x4000001000 (274877911040) bytes at address 1fffffff000 (errno: 12)
FAIL: c-c++-common/asan/use-after-return-1.c -O2 output pattern test, is ==30657==ERROR: AddressSanitizer failed to allocate 0x4000001000 (274877911040) bytes at address 1fffffff000 (errno: 12)
FAIL: c-c++-common/asan/use-after-return-1.c -O2 -flto -fno-use-linker-plugin -flto-partition=none output pattern test, is ==30742==ERROR: AddressSanitizer failed to allocate 0x4000001000 (274877911040) bytes at address 1fffffff000 (errno: 12)
FAIL: c-c++-common/asan/use-after-return-1.c -O2 -flto -fuse-linker-plugin -fno-fat-lto-objects output pattern test, is ==30765==ERROR: AddressSanitizer failed to allocate 0x4000001000 (274877911040) bytes at address 1fffffff000 (errno: 12)
FAIL: c-c++-common/asan/use-after-return-1.c -O3 -fomit-frame-pointer output pattern test, is ==30673==ERROR: AddressSanitizer failed to allocate 0x4000001000 (274877911040) bytes at address 1fffffff000 (errno: 12)
FAIL: c-c++-common/asan/use-after-return-1.c -O3 -g output pattern test, is ==30689==ERROR: AddressSanitizer failed to allocate 0x4000001000 (274877911040) bytes at address 1fffffff000 (errno: 12)
FAIL: c-c++-common/asan/use-after-return-1.c -Os output pattern test, is ==30705==ERROR: AddressSanitizer failed to allocate 0x4000001000 (274877911040) bytes at address 1fffffff000 (errno: 12)
FAIL: gcc.dg/asan/nosanitize-and-inline.c -O0 execution test
FAIL: gcc.dg/asan/nosanitize-and-inline.c -O1 execution test
FAIL: gcc.dg/asan/nosanitize-and-inline.c -O2 execution test
FAIL: gcc.dg/asan/nosanitize-and-inline.c -O2 -flto -fno-use-linker-plugin -flto-partition=none execution test
FAIL: gcc.dg/asan/nosanitize-and-inline.c -O2 -flto -fuse-linker-plugin -fno-fat-lto-objects execution test
FAIL: gcc.dg/asan/nosanitize-and-inline.c -O3 -fomit-frame-pointer execution test
FAIL: gcc.dg/asan/nosanitize-and-inline.c -O3 -fomit-frame-pointer -funroll-all-loops -finline-functions execution test
FAIL: gcc.dg/asan/nosanitize-and-inline.c -O3 -fomit-frame-pointer -funroll-loops execution test
FAIL: gcc.dg/asan/nosanitize-and-inline.c -O3 -g execution test
FAIL: gcc.dg/asan/nosanitize-and-inline.c -Os execution test
FAIL: gcc.dg/and-1.c scan-assembler-not nand
FAIL: gcc.dg/cwsc1.c execution test
FAIL: gcc.dg/ftrapv-1.c execution test
FAIL: gcc.dg/ftrapv-2.c execution test
FAIL: gcc.dg/pr44194-1.c scan-rtl-dump dse1 "global deletions = (2|3)"
FAIL: gcc.dg/sms-4.c scan-rtl-dump-times sms "SMS succeeded" 1
FAIL: gcc.dg/graphite/vect-pr43423.c scan-tree-dump-times vect "vectorized 2 loops" 1
XPASS: gcc.dg/guality/example.c -O0 execution test
XPASS: gcc.dg/guality/example.c -O1 execution test
XPASS: gcc.dg/guality/guality.c -O0 execution test
XPASS: gcc.dg/guality/guality.c -O1 execution test
XPASS: gcc.dg/guality/guality.c -O2 execution test
XPASS: gcc.dg/guality/guality.c -O2 -flto -fno-use-linker-plugin -flto-partition=none execution test
XPASS: gcc.dg/guality/guality.c -O2 -flto -fuse-linker-plugin -fno-fat-lto-objects execution test
XPASS: gcc.dg/guality/guality.c -O3 -fomit-frame-pointer execution test
XPASS: gcc.dg/guality/guality.c -O3 -g execution test
XPASS: gcc.dg/guality/guality.c -Os execution test
XPASS: gcc.dg/guality/inline-params.c -O2 execution test
XPASS: gcc.dg/guality/inline-params.c -O2 -flto -fno-use-linker-plugin -flto-partition=none execution test
XPASS: gcc.dg/guality/inline-params.c -O3 -fomit-frame-pointer execution test
XPASS: gcc.dg/guality/inline-params.c -O3 -g execution test
XPASS: gcc.dg/guality/inline-params.c -Os execution test
FAIL: gcc.dg/guality/param-3.c -O1 line 20 str.pa == 31415927
FAIL: gcc.dg/guality/param-3.c -O1 line 20 str.pb == 27182818
FAIL: gcc.dg/guality/pr36728-1.c -O1 line 16 arg6 == 6
FAIL: gcc.dg/guality/pr36728-1.c -O1 line 16 arg7 == 30
FAIL: gcc.dg/guality/pr36728-1.c -O1 line 18 arg4 == 4
FAIL: gcc.dg/guality/pr36728-1.c -O1 line 18 arg5 == 5
FAIL: gcc.dg/guality/pr36728-1.c -O1 line 18 arg6 == 6
FAIL: gcc.dg/guality/pr36728-1.c -O1 line 18 arg7 == 30
FAIL: gcc.dg/guality/pr36728-1.c -O2 line 16 arg7 == 30
FAIL: gcc.dg/guality/pr36728-1.c -O2 line 16 y == 2
FAIL: gcc.dg/guality/pr36728-1.c -O2 line 18 arg6 == 6
FAIL: gcc.dg/guality/pr36728-1.c -O2 line 18 arg7 == 30
FAIL: gcc.dg/guality/pr36728-1.c -O2 line 18 y == 2
FAIL: gcc.dg/guality/pr36728-1.c -O2 -flto -fno-use-linker-plugin -flto-partition=none line 16 arg7 == 30
FAIL: gcc.dg/guality/pr36728-1.c -O2 -flto -fno-use-linker-plugin -flto-partition=none line 16 y == 2
FAIL: gcc.dg/guality/pr36728-1.c -O2 -flto -fno-use-linker-plugin -flto-partition=none line 18 arg6 == 6
FAIL: gcc.dg/guality/pr36728-1.c -O2 -flto -fno-use-linker-plugin -flto-partition=none line 18 arg7 == 30
FAIL: gcc.dg/guality/pr36728-1.c -O2 -flto -fno-use-linker-plugin -flto-partition=none line 18 y == 2
FAIL: gcc.dg/guality/pr36728-1.c -O2 -flto -fuse-linker-plugin -fno-fat-lto-objects line 16 arg6 == 6
FAIL: gcc.dg/guality/pr36728-1.c -O2 -flto -fuse-linker-plugin -fno-fat-lto-objects line 16 arg7 == 30
FAIL: gcc.dg/guality/pr36728-1.c -O2 -flto -fuse-linker-plugin -fno-fat-lto-objects line 16 y == 2
FAIL: gcc.dg/guality/pr36728-1.c -O2 -flto -fuse-linker-plugin -fno-fat-lto-objects line 18 arg1 == 1
FAIL: gcc.dg/guality/pr36728-1.c -O2 -flto -fuse-linker-plugin -fno-fat-lto-objects line 18 arg6 == 6
FAIL: gcc.dg/guality/pr36728-1.c -O2 -flto -fuse-linker-plugin -fno-fat-lto-objects line 18 arg7 == 30
FAIL: gcc.dg/guality/pr36728-1.c -O3 -fomit-frame-pointer line 16 arg7 == 30
FAIL: gcc.dg/guality/pr36728-1.c -O3 -fomit-frame-pointer line 16 y == 2
FAIL: gcc.dg/guality/pr36728-1.c -O3 -fomit-frame-pointer line 18 arg6 == 6
FAIL: gcc.dg/guality/pr36728-1.c -O3 -fomit-frame-pointer line 18 arg7 == 30
FAIL: gcc.dg/guality/pr36728-1.c -O3 -fomit-frame-pointer line 18 y == 2
FAIL: gcc.dg/guality/pr36728-1.c -O3 -g line 16 arg7 == 30
FAIL: gcc.dg/guality/pr36728-1.c -O3 -g line 16 y == 2
FAIL: gcc.dg/guality/pr36728-1.c -O3 -g line 18 arg6 == 6
FAIL: gcc.dg/guality/pr36728-1.c -O3 -g line 18 arg7 == 30
FAIL: gcc.dg/guality/pr36728-1.c -O3 -g line 18 y == 2
FAIL: gcc.dg/guality/pr36728-1.c -Os line 16 arg7 == 30
FAIL: gcc.dg/guality/pr36728-1.c -Os line 18 arg4 == 4
FAIL: gcc.dg/guality/pr36728-1.c -Os line 18 arg5 == 5
FAIL: gcc.dg/guality/pr36728-1.c -Os line 18 arg6 == 6
FAIL: gcc.dg/guality/pr36728-1.c -Os line 18 arg7 == 30
FAIL: gcc.dg/guality/pr36728-2.c -O1 line 16 arg7 == 30
FAIL: gcc.dg/guality/pr36728-2.c -O1 line 18 arg5 == 5
FAIL: gcc.dg/guality/pr36728-2.c -O1 line 18 arg6 == 6
FAIL: gcc.dg/guality/pr36728-2.c -O1 line 18 arg7 == 30
FAIL: gcc.dg/guality/pr36728-2.c -O2 line 18 arg5 == 5
FAIL: gcc.dg/guality/pr36728-2.c -O2 line 18 arg6 == 6
FAIL: gcc.dg/guality/pr36728-2.c -O2 line 18 arg7 == 30
FAIL: gcc.dg/guality/pr36728-2.c -O2 -flto -fno-use-linker-plugin -flto-partition=none line 18 arg5 == 5
FAIL: gcc.dg/guality/pr36728-2.c -O2 -flto -fno-use-linker-plugin -flto-partition=none line 18 arg6 == 6
FAIL: gcc.dg/guality/pr36728-2.c -O2 -flto -fno-use-linker-plugin -flto-partition=none line 18 arg7 == 30
FAIL: gcc.dg/guality/pr36728-2.c -O2 -flto -fuse-linker-plugin -fno-fat-lto-objects line 18 arg6 == 6
FAIL: gcc.dg/guality/pr36728-2.c -O2 -flto -fuse-linker-plugin -fno-fat-lto-objects line 18 arg7 == 30
FAIL: gcc.dg/guality/pr36728-2.c -O3 -fomit-frame-pointer line 18 arg5 == 5
FAIL: gcc.dg/guality/pr36728-2.c -O3 -fomit-frame-pointer line 18 arg6 == 6
FAIL: gcc.dg/guality/pr36728-2.c -O3 -fomit-frame-pointer line 18 arg7 == 30
FAIL: gcc.dg/guality/pr36728-2.c -O3 -g line 18 arg5 == 5
FAIL: gcc.dg/guality/pr36728-2.c -O3 -g line 18 arg6 == 6
FAIL: gcc.dg/guality/pr36728-2.c -O3 -g line 18 arg7 == 30
FAIL: gcc.dg/guality/pr36728-2.c -Os line 18 arg5 == 5
FAIL: gcc.dg/guality/pr36728-2.c -Os line 18 arg6 == 6
FAIL: gcc.dg/guality/pr36728-2.c -Os line 18 arg7 == 30
FAIL: gcc.dg/guality/pr36728-3.c -O1 line 14 arg6 == 6
FAIL: gcc.dg/guality/pr36728-3.c -O1 line 14 arg7 == 30
FAIL: gcc.dg/guality/pr36728-3.c -O1 line 16 arg6 == 6
FAIL: gcc.dg/guality/pr36728-3.c -O1 line 16 arg7 == 30
FAIL: gcc.dg/guality/pr36728-3.c -O2 line 14 arg6 == 6
FAIL: gcc.dg/guality/pr36728-3.c -O2 line 14 arg7 == 30
FAIL: gcc.dg/guality/pr36728-3.c -O2 line 16 arg6 == 6
FAIL: gcc.dg/guality/pr36728-3.c -O2 line 16 arg7 == 30
FAIL: gcc.dg/guality/pr36728-3.c -O2 -flto -fno-use-linker-plugin -flto-partition=none line 14 arg6 == 6
FAIL: gcc.dg/guality/pr36728-3.c -O2 -flto -fno-use-linker-plugin -flto-partition=none line 14 arg7 == 30
FAIL: gcc.dg/guality/pr36728-3.c -O2 -flto -fno-use-linker-plugin -flto-partition=none line 16 arg6 == 6
FAIL: gcc.dg/guality/pr36728-3.c -O2 -flto -fno-use-linker-plugin -flto-partition=none line 16 arg7 == 30
FAIL: gcc.dg/guality/pr36728-3.c -O2 -flto -fuse-linker-plugin -fno-fat-lto-objects line 14 arg6 == 6
FAIL: gcc.dg/guality/pr36728-3.c -O2 -flto -fuse-linker-plugin -fno-fat-lto-objects line 14 arg7 == 30
FAIL: gcc.dg/guality/pr36728-3.c -O2 -flto -fuse-linker-plugin -fno-fat-lto-objects line 16 arg6 == 6
FAIL: gcc.dg/guality/pr36728-3.c -O2 -flto -fuse-linker-plugin -fno-fat-lto-objects line 16 arg7 == 30
FAIL: gcc.dg/guality/pr36728-3.c -O3 -fomit-frame-pointer line 14 arg6 == 6
FAIL: gcc.dg/guality/pr36728-3.c -O3 -fomit-frame-pointer line 14 arg7 == 30
FAIL: gcc.dg/guality/pr36728-3.c -O3 -fomit-frame-pointer line 16 arg6 == 6
FAIL: gcc.dg/guality/pr36728-3.c -O3 -fomit-frame-pointer line 16 arg7 == 30
FAIL: gcc.dg/guality/pr36728-3.c -O3 -g line 14 arg6 == 6
FAIL: gcc.dg/guality/pr36728-3.c -O3 -g line 14 arg7 == 30
FAIL: gcc.dg/guality/pr36728-3.c -O3 -g line 16 arg6 == 6
FAIL: gcc.dg/guality/pr36728-3.c -O3 -g line 16 arg7 == 30
FAIL: gcc.dg/guality/pr36728-3.c -Os line 14 arg6 == 6
FAIL: gcc.dg/guality/pr36728-3.c -Os line 14 arg7 == 30
FAIL: gcc.dg/guality/pr36728-3.c -Os line 16 arg6 == 6
FAIL: gcc.dg/guality/pr36728-3.c -Os line 16 arg7 == 30
FAIL: gcc.dg/guality/pr36728-4.c -O1 line 14 arg7 == 30
FAIL: gcc.dg/guality/pr36728-4.c -O1 line 16 arg7 == 30
FAIL: gcc.dg/guality/pr36728-4.c -O2 line 14 arg7 == 30
FAIL: gcc.dg/guality/pr36728-4.c -O2 line 16 arg7 == 30
FAIL: gcc.dg/guality/pr36728-4.c -O2 -flto -fno-use-linker-plugin -flto-partition=none line 14 arg7 == 30
FAIL: gcc.dg/guality/pr36728-4.c -O2 -flto -fno-use-linker-plugin -flto-partition=none line 16 arg7 == 30
FAIL: gcc.dg/guality/pr36728-4.c -O2 -flto -fuse-linker-plugin -fno-fat-lto-objects line 14 arg7 == 30
FAIL: gcc.dg/guality/pr36728-4.c -O2 -flto -fuse-linker-plugin -fno-fat-lto-objects line 16 arg7 == 30
FAIL: gcc.dg/guality/pr36728-4.c -O3 -fomit-frame-pointer line 14 arg7 == 30
FAIL: gcc.dg/guality/pr36728-4.c -O3 -fomit-frame-pointer line 16 arg7 == 30
FAIL: gcc.dg/guality/pr36728-4.c -O3 -g line 14 arg7 == 30
FAIL: gcc.dg/guality/pr36728-4.c -O3 -g line 16 arg7 == 30
FAIL: gcc.dg/guality/pr36728-4.c -Os line 14 arg7 == 30
FAIL: gcc.dg/guality/pr36728-4.c -Os line 16 arg7 == 30
XPASS: gcc.dg/guality/pr41353-1.c -O0 line 28 j == 28 + 37
FAIL: gcc.dg/guality/pr41404-1.c -O2 -flto -fuse-linker-plugin -fno-fat-lto-objects line 10 *foo == 'f'
FAIL: gcc.dg/guality/pr41404-1.c -O2 -flto -fuse-linker-plugin -fno-fat-lto-objects line 14 *foo == 'b'
FAIL: gcc.dg/guality/pr41404-1.c -O2 -flto -fuse-linker-plugin -fno-fat-lto-objects line 24 *foo == 'f'
XPASS: gcc.dg/guality/pr41447-1.c -O0 execution test
XPASS: gcc.dg/guality/pr41447-1.c -O1 execution test
XPASS: gcc.dg/guality/pr41447-1.c -O2 execution test
XPASS: gcc.dg/guality/pr41447-1.c -O2 -flto -fno-use-linker-plugin -flto-partition=none execution test
XPASS: gcc.dg/guality/pr41447-1.c -O2 -flto -fuse-linker-plugin -fno-fat-lto-objects execution test
XPASS: gcc.dg/guality/pr41447-1.c -O3 -fomit-frame-pointer execution test
XPASS: gcc.dg/guality/pr41447-1.c -O3 -g execution test
XPASS: gcc.dg/guality/pr41447-1.c -Os execution test
XPASS: gcc.dg/guality/pr41616-1.c -O0 execution test
XPASS: gcc.dg/guality/pr41616-1.c -O1 execution test
XPASS: gcc.dg/guality/pr41616-1.c -O2 execution test
XPASS: gcc.dg/guality/pr41616-1.c -O2 -flto -fno-use-linker-plugin -flto-partition=none execution test
XPASS: gcc.dg/guality/pr41616-1.c -O3 -fomit-frame-pointer execution test
XPASS: gcc.dg/guality/pr41616-1.c -O3 -g execution test
XPASS: gcc.dg/guality/pr41616-1.c -Os execution test
FAIL: gcc.dg/guality/pr43051-1.c -O1 line 34 c == &a[0]
FAIL: gcc.dg/guality/pr43051-1.c -O1 line 40 v == 1
FAIL: gcc.dg/guality/pr43051-1.c -O2 line 34 c == &a[0]
FAIL: gcc.dg/guality/pr43051-1.c -O2 line 40 v == 1
FAIL: gcc.dg/guality/pr43051-1.c -O2 -flto -fno-use-linker-plugin -flto-partition=none line 34 c == &a[0]
FAIL: gcc.dg/guality/pr43051-1.c -O2 -flto -fno-use-linker-plugin -flto-partition=none line 40 v == 1
FAIL: gcc.dg/guality/pr43051-1.c -O2 -flto -fuse-linker-plugin -fno-fat-lto-objects line 34 c == &a[0]
FAIL: gcc.dg/guality/pr43051-1.c -O2 -flto -fuse-linker-plugin -fno-fat-lto-objects line 40 v == 1
FAIL: gcc.dg/guality/pr43051-1.c -O3 -fomit-frame-pointer line 35 v == 1
FAIL: gcc.dg/guality/pr43051-1.c -O3 -fomit-frame-pointer line 40 v == 1
FAIL: gcc.dg/guality/pr43051-1.c -O3 -fomit-frame-pointer -funroll-all-loops -finline-functions line 34 c == &a[0]
FAIL: gcc.dg/guality/pr43051-1.c -O3 -fomit-frame-pointer -funroll-all-loops -finline-functions line 35 v == 1
FAIL: gcc.dg/guality/pr43051-1.c -O3 -fomit-frame-pointer -funroll-all-loops -finline-functions line 40 v == 1
FAIL: gcc.dg/guality/pr43051-1.c -O3 -fomit-frame-pointer -funroll-loops line 34 c == &a[0]
FAIL: gcc.dg/guality/pr43051-1.c -O3 -fomit-frame-pointer -funroll-loops line 35 v == 1
FAIL: gcc.dg/guality/pr43051-1.c -O3 -fomit-frame-pointer -funroll-loops line 40 v == 1
FAIL: gcc.dg/guality/pr43051-1.c -O3 -g line 35 v == 1
FAIL: gcc.dg/guality/pr43051-1.c -O3 -g line 40 v == 1
FAIL: gcc.dg/guality/pr43051-1.c -Os line 40 v == 1
FAIL: gcc.dg/guality/pr43479.c -O1 line 13 h == 9
FAIL: gcc.dg/guality/pr43479.c -O1 line 18 h == 9
FAIL: gcc.dg/guality/pr43479.c -O2 line 13 h == 9
FAIL: gcc.dg/guality/pr43479.c -O2 line 18 h == 9
FAIL: gcc.dg/guality/pr43479.c -O2 -flto -fno-use-linker-plugin -flto-partition=none line 13 h == 9
FAIL: gcc.dg/guality/pr43479.c -O2 -flto -fno-use-linker-plugin -flto-partition=none line 18 h == 9
FAIL: gcc.dg/guality/pr43479.c -O2 -flto -fuse-linker-plugin -fno-fat-lto-objects line 13 h == 9
FAIL: gcc.dg/guality/pr43479.c -O2 -flto -fuse-linker-plugin -fno-fat-lto-objects line 18 h == 9
FAIL: gcc.dg/guality/pr43479.c -O3 -fomit-frame-pointer line 13 h == 9
FAIL: gcc.dg/guality/pr43479.c -O3 -fomit-frame-pointer line 18 h == 9
FAIL: gcc.dg/guality/pr43479.c -O3 -g line 13 h == 9
FAIL: gcc.dg/guality/pr43479.c -O3 -g line 18 h == 9
FAIL: gcc.dg/guality/pr43479.c -Os line 13 h == 9
FAIL: gcc.dg/guality/pr43479.c -Os line 18 h == 9
FAIL: gcc.dg/guality/pr45882.c -O2 -flto -fuse-linker-plugin -fno-fat-lto-objects line 16 d == 112
FAIL: gcc.dg/guality/pr45882.c -O2 -flto -fuse-linker-plugin -fno-fat-lto-objects line 16 e == 142
FAIL: gcc.dg/guality/pr49888.c -O1 line 18 !c == 1
FAIL: gcc.dg/guality/pr49888.c -O2 line 18 !c == 1
FAIL: gcc.dg/guality/pr49888.c -O2 -flto -fno-use-linker-plugin -flto-partition=none line 18 !c == 1
FAIL: gcc.dg/guality/pr49888.c -O2 -flto -fuse-linker-plugin -fno-fat-lto-objects line 18 !c == 1
FAIL: gcc.dg/guality/pr49888.c -O3 -fomit-frame-pointer line 18 !c == 1
FAIL: gcc.dg/guality/pr49888.c -O3 -g line 18 !c == 1
FAIL: gcc.dg/guality/pr49888.c -Os line 18 !c == 1
FAIL: gcc.dg/guality/pr54200.c -O1 line 20 z == 3
FAIL: gcc.dg/guality/pr54200.c -O2 line 20 z == 3
FAIL: gcc.dg/guality/pr54200.c -O2 -flto -fno-use-linker-plugin -flto-partition=none line 20 z == 3
FAIL: gcc.dg/guality/pr54200.c -O2 -flto -fuse-linker-plugin -fno-fat-lto-objects line 20 z == 3
FAIL: gcc.dg/guality/pr54200.c -O3 -fomit-frame-pointer line 20 z == 3
FAIL: gcc.dg/guality/pr54200.c -O3 -g line 20 z == 3
FAIL: gcc.dg/guality/pr54200.c -Os line 20 z == 3
FAIL: gcc.dg/guality/pr54519-1.c -O1 line 20 x == 36
FAIL: gcc.dg/guality/pr54519-1.c -O1 line 20 y == 25
FAIL: gcc.dg/guality/pr54519-1.c -O1 line 23 x == 98
FAIL: gcc.dg/guality/pr54519-1.c -O1 line 23 y == 117
FAIL: gcc.dg/guality/pr54519-1.c -O2 line 20 x == 36
FAIL: gcc.dg/guality/pr54519-1.c -O2 line 23 x == 98
FAIL: gcc.dg/guality/pr54519-1.c -O2 -flto -fno-use-linker-plugin -flto-partition=none line 20 x == 36
FAIL: gcc.dg/guality/pr54519-1.c -O2 -flto -fno-use-linker-plugin -flto-partition=none line 20 y == 25
FAIL: gcc.dg/guality/pr54519-1.c -O2 -flto -fno-use-linker-plugin -flto-partition=none line 20 z == 6
FAIL: gcc.dg/guality/pr54519-1.c -O2 -flto -fno-use-linker-plugin -flto-partition=none line 23 x == 98
FAIL: gcc.dg/guality/pr54519-1.c -O2 -flto -fno-use-linker-plugin -flto-partition=none line 23 y == 117
FAIL: gcc.dg/guality/pr54519-1.c -O2 -flto -fno-use-linker-plugin -flto-partition=none line 23 z == 8
FAIL: gcc.dg/guality/pr54519-1.c -Os line 20 x == 36
FAIL: gcc.dg/guality/pr54519-1.c -Os line 23 x == 98
FAIL: gcc.dg/guality/pr54519-2.c -O1 line 17 x == 6
FAIL: gcc.dg/guality/pr54519-2.c -O2 -flto -fno-use-linker-plugin -flto-partition=none line 17 y == 25
FAIL: gcc.dg/guality/pr54519-2.c -O2 -flto -fuse-linker-plugin -fno-fat-lto-objects line 17 y == 25
FAIL: gcc.dg/guality/pr54519-3.c -O1 line 20 x == 36
FAIL: gcc.dg/guality/pr54519-3.c -O1 line 20 y == 25
FAIL: gcc.dg/guality/pr54519-3.c -O1 line 20 z == 6
FAIL: gcc.dg/guality/pr54519-3.c -O1 line 23 x == 98
FAIL: gcc.dg/guality/pr54519-3.c -O1 line 23 y == 117
FAIL: gcc.dg/guality/pr54519-3.c -O1 line 23 z == 8
FAIL: gcc.dg/guality/pr54519-3.c -O2 line 20 z == 6
FAIL: gcc.dg/guality/pr54519-3.c -O2 line 23 z == 8
FAIL: gcc.dg/guality/pr54519-3.c -O2 -flto -fno-use-linker-plugin -flto-partition=none line 20 y == 25
FAIL: gcc.dg/guality/pr54519-3.c -O2 -flto -fno-use-linker-plugin -flto-partition=none line 20 z == 6
FAIL: gcc.dg/guality/pr54519-3.c -O2 -flto -fno-use-linker-plugin -flto-partition=none line 23 y == 117
FAIL: gcc.dg/guality/pr54519-3.c -O2 -flto -fno-use-linker-plugin -flto-partition=none line 23 z == 8
FAIL: gcc.dg/guality/pr54519-3.c -O2 -flto -fuse-linker-plugin -fno-fat-lto-objects line 20 y == 25
FAIL: gcc.dg/guality/pr54519-3.c -O2 -flto -fuse-linker-plugin -fno-fat-lto-objects line 20 z == 6
FAIL: gcc.dg/guality/pr54519-3.c -O2 -flto -fuse-linker-plugin -fno-fat-lto-objects line 23 y == 117
FAIL: gcc.dg/guality/pr54519-3.c -O2 -flto -fuse-linker-plugin -fno-fat-lto-objects line 23 z == 8
FAIL: gcc.dg/guality/pr54519-3.c -O3 -fomit-frame-pointer line 20 z == 6
FAIL: gcc.dg/guality/pr54519-3.c -O3 -fomit-frame-pointer line 23 z == 8
FAIL: gcc.dg/guality/pr54519-3.c -O3 -g line 20 z == 6
FAIL: gcc.dg/guality/pr54519-3.c -O3 -g line 23 z == 8
FAIL: gcc.dg/guality/pr54519-3.c -Os line 20 z == 6
FAIL: gcc.dg/guality/pr54519-3.c -Os line 23 z == 8
FAIL: gcc.dg/guality/pr54519-4.c -O1 line 17 x == 6
FAIL: gcc.dg/guality/pr54519-4.c -O1 line 17 y == 25
FAIL: gcc.dg/guality/pr54519-4.c -O2 line 17 y == 25
FAIL: gcc.dg/guality/pr54519-4.c -O2 -flto -fno-use-linker-plugin -flto-partition=none line 17 y == 25
FAIL: gcc.dg/guality/pr54519-4.c -O2 -flto -fuse-linker-plugin -fno-fat-lto-objects line 17 y == 25
FAIL: gcc.dg/guality/pr54519-4.c -O3 -fomit-frame-pointer line 17 y == 25
FAIL: gcc.dg/guality/pr54519-4.c -O3 -g line 17 y == 25
FAIL: gcc.dg/guality/pr54519-4.c -Os line 17 y == 25
FAIL: gcc.dg/guality/pr54519-5.c -O1 line 17 x == 6
FAIL: gcc.dg/guality/pr54519-5.c -O1 line 17 y == 25
FAIL: gcc.dg/guality/pr54519-5.c -O2 line 17 y == 25
FAIL: gcc.dg/guality/pr54519-5.c -O2 -flto -fno-use-linker-plugin -flto-partition=none line 17 y == 25
FAIL: gcc.dg/guality/pr54519-5.c -O2 -flto -fuse-linker-plugin -fno-fat-lto-objects line 17 y == 25
FAIL: gcc.dg/guality/pr54519-5.c -O3 -fomit-frame-pointer line 17 y == 25
FAIL: gcc.dg/guality/pr54519-5.c -O3 -g line 17 y == 25
FAIL: gcc.dg/guality/pr54519-5.c -Os line 17 y == 25
FAIL: gcc.dg/guality/pr54551.c -O1 line 18 a == 4
FAIL: gcc.dg/guality/pr54551.c -O2 line 18 a == 4
FAIL: gcc.dg/guality/pr54551.c -O2 -flto -fno-use-linker-plugin -flto-partition=none line 18 a == 4
FAIL: gcc.dg/guality/pr54551.c -O3 -fomit-frame-pointer line 18 a == 4
FAIL: gcc.dg/guality/pr54551.c -O3 -g line 18 a == 4
FAIL: gcc.dg/guality/pr54551.c -Os line 18 a == 4
FAIL: gcc.dg/guality/pr54693-2.c -O1 line 21 x == 10 - i
FAIL: gcc.dg/guality/pr54693-2.c -O2 line 21 x == 10 - i
FAIL: gcc.dg/guality/pr54693-2.c -O2 -flto -fno-use-linker-plugin -flto-partition=none line 21 x == 10 - i
FAIL: gcc.dg/guality/pr54693-2.c -O2 -flto -fuse-linker-plugin -fno-fat-lto-objects line 21 x == 10 - i
FAIL: gcc.dg/guality/pr54693-2.c -O3 -fomit-frame-pointer line 21 x == 10 - i
FAIL: gcc.dg/guality/pr54693-2.c -O3 -fomit-frame-pointer -funroll-all-loops -finline-functions line 21 x == 10 - i
FAIL: gcc.dg/guality/pr54693-2.c -O3 -fomit-frame-pointer -funroll-loops line 21 x == 10 - i
FAIL: gcc.dg/guality/pr54693-2.c -O3 -g line 21 x == 10 - i
FAIL: gcc.dg/guality/pr54693-2.c -Os line 21 y == 20 - 2 * i
FAIL: gcc.dg/guality/pr54693-2.c -Os line 21 z == 30 - 3 * i
FAIL: gcc.dg/guality/pr54693.c -O1 line 22 i == c - 48
FAIL: gcc.dg/guality/pr54693.c -O2 line 22 i == c - 48
FAIL: gcc.dg/guality/pr54693.c -O2 -flto -fno-use-linker-plugin -flto-partition=none line 22 i == c - 48
FAIL: gcc.dg/guality/pr54693.c -O2 -flto -fuse-linker-plugin -fno-fat-lto-objects line 22 i == c - 48
FAIL: gcc.dg/guality/pr54693.c -O3 -fomit-frame-pointer line 22 i == c - 48
FAIL: gcc.dg/guality/pr54693.c -O3 -fomit-frame-pointer -funroll-all-loops -finline-functions line 22 i == c - 48
FAIL: gcc.dg/guality/pr54693.c -O3 -fomit-frame-pointer -funroll-loops line 22 i == c - 48
FAIL: gcc.dg/guality/pr54693.c -O3 -g line 22 i == c - 48
FAIL: gcc.dg/guality/pr54693.c -Os line 22 i == c - 48
FAIL: gcc.dg/guality/pr54970.c -O1 line 15 *p == 3
FAIL: gcc.dg/guality/pr54970.c -O1 line 15 *q == 2
FAIL: gcc.dg/guality/pr54970.c -O1 line 15 a[0] == 1
FAIL: gcc.dg/guality/pr54970.c -O1 line 15 a[1] == 2
FAIL: gcc.dg/guality/pr54970.c -O1 line 15 a[2] == 3
FAIL: gcc.dg/guality/pr54970.c -O1 line 20 *p == 13
FAIL: gcc.dg/guality/pr54970.c -O1 line 20 *q == 2
FAIL: gcc.dg/guality/pr54970.c -O1 line 20 a[0] == 1
FAIL: gcc.dg/guality/pr54970.c -O1 line 20 a[1] == 2
FAIL: gcc.dg/guality/pr54970.c -O1 line 20 a[2] == 13
FAIL: gcc.dg/guality/pr54970.c -O1 line 25 *p == 13
FAIL: gcc.dg/guality/pr54970.c -O1 line 25 *q == 12
FAIL: gcc.dg/guality/pr54970.c -O1 line 25 a[0] == 1
FAIL: gcc.dg/guality/pr54970.c -O1 line 25 a[1] == 12
FAIL: gcc.dg/guality/pr54970.c -O1 line 25 a[2] == 13
FAIL: gcc.dg/guality/pr54970.c -O1 line 31 *p == 6
FAIL: gcc.dg/guality/pr54970.c -O1 line 31 *q == 5
FAIL: gcc.dg/guality/pr54970.c -O1 line 31 a[0] == 4
FAIL: gcc.dg/guality/pr54970.c -O1 line 31 a[1] == 5
FAIL: gcc.dg/guality/pr54970.c -O1 line 31 a[2] == 6
FAIL: gcc.dg/guality/pr54970.c -O1 line 36 *p == 26
FAIL: gcc.dg/guality/pr54970.c -O1 line 36 *q == 5
FAIL: gcc.dg/guality/pr54970.c -O1 line 36 a[0] == 4
FAIL: gcc.dg/guality/pr54970.c -O1 line 36 a[1] == 5
FAIL: gcc.dg/guality/pr54970.c -O1 line 36 a[2] == 26
FAIL: gcc.dg/guality/pr54970.c -O1 line 45 *p == 26
FAIL: gcc.dg/guality/pr54970.c -O1 line 45 *q == 25
FAIL: gcc.dg/guality/pr54970.c -O1 line 45 a[0] == 4
FAIL: gcc.dg/guality/pr54970.c -O1 line 45 a[1] == 25
FAIL: gcc.dg/guality/pr54970.c -O1 line 45 a[2] == 26
FAIL: gcc.dg/guality/pr54970.c -O1 line 45 p[-1] == 25
FAIL: gcc.dg/guality/pr54970.c -O1 line 45 p[-2] == 4
FAIL: gcc.dg/guality/pr54970.c -O1 line 45 q[-1] == 4
FAIL: gcc.dg/guality/pr54970.c -O1 line 45 q[1] == 26
FAIL: gcc.dg/guality/pr54970.c -O2 line 15 *p == 3
FAIL: gcc.dg/guality/pr54970.c -O2 line 15 *q == 2
FAIL: gcc.dg/guality/pr54970.c -O2 line 15 a[0] == 1
FAIL: gcc.dg/guality/pr54970.c -O2 line 15 a[1] == 2
FAIL: gcc.dg/guality/pr54970.c -O2 line 15 a[2] == 3
FAIL: gcc.dg/guality/pr54970.c -O2 line 20 *p == 13
FAIL: gcc.dg/guality/pr54970.c -O2 line 20 *q == 2
FAIL: gcc.dg/guality/pr54970.c -O2 line 20 a[0] == 1
FAIL: gcc.dg/guality/pr54970.c -O2 line 20 a[1] == 2
FAIL: gcc.dg/guality/pr54970.c -O2 line 20 a[2] == 13
FAIL: gcc.dg/guality/pr54970.c -O2 line 25 *p == 13
FAIL: gcc.dg/guality/pr54970.c -O2 line 25 *q == 12
FAIL: gcc.dg/guality/pr54970.c -O2 line 25 a[0] == 1
FAIL: gcc.dg/guality/pr54970.c -O2 line 25 a[1] == 12
FAIL: gcc.dg/guality/pr54970.c -O2 line 25 a[2] == 13
FAIL: gcc.dg/guality/pr54970.c -O2 line 31 *p == 6
FAIL: gcc.dg/guality/pr54970.c -O2 line 31 *q == 5
FAIL: gcc.dg/guality/pr54970.c -O2 line 31 a[0] == 4
FAIL: gcc.dg/guality/pr54970.c -O2 line 31 a[1] == 5
FAIL: gcc.dg/guality/pr54970.c -O2 line 31 a[2] == 6
FAIL: gcc.dg/guality/pr54970.c -O2 line 36 *p == 26
FAIL: gcc.dg/guality/pr54970.c -O2 line 36 *q == 5
FAIL: gcc.dg/guality/pr54970.c -O2 line 36 a[0] == 4
FAIL: gcc.dg/guality/pr54970.c -O2 line 36 a[1] == 5
FAIL: gcc.dg/guality/pr54970.c -O2 line 36 a[2] == 26
FAIL: gcc.dg/guality/pr54970.c -O2 line 45 *p == 26
FAIL: gcc.dg/guality/pr54970.c -O2 line 45 *q == 25
FAIL: gcc.dg/guality/pr54970.c -O2 line 45 a[0] == 4
FAIL: gcc.dg/guality/pr54970.c -O2 line 45 a[1] == 25
FAIL: gcc.dg/guality/pr54970.c -O2 line 45 a[2] == 26
FAIL: gcc.dg/guality/pr54970.c -O2 line 45 p[-1] == 25
FAIL: gcc.dg/guality/pr54970.c -O2 line 45 p[-2] == 4
FAIL: gcc.dg/guality/pr54970.c -O2 line 45 q[-1] == 4
FAIL: gcc.dg/guality/pr54970.c -O2 line 45 q[1] == 26
FAIL: gcc.dg/guality/pr54970.c -O2 -flto -fno-use-linker-plugin -flto-partition=none line 15 *p == 3
FAIL: gcc.dg/guality/pr54970.c -O2 -flto -fno-use-linker-plugin -flto-partition=none line 15 *q == 2
FAIL: gcc.dg/guality/pr54970.c -O2 -flto -fno-use-linker-plugin -flto-partition=none line 15 a[0] == 1
FAIL: gcc.dg/guality/pr54970.c -O2 -flto -fno-use-linker-plugin -flto-partition=none line 15 a[1] == 2
FAIL: gcc.dg/guality/pr54970.c -O2 -flto -fno-use-linker-plugin -flto-partition=none line 15 a[2] == 3
FAIL: gcc.dg/guality/pr54970.c -O2 -flto -fno-use-linker-plugin -flto-partition=none line 20 *p == 13
FAIL: gcc.dg/guality/pr54970.c -O2 -flto -fno-use-linker-plugin -flto-partition=none line 20 *q == 2
FAIL: gcc.dg/guality/pr54970.c -O2 -flto -fno-use-linker-plugin -flto-partition=none line 20 a[0] == 1
FAIL: gcc.dg/guality/pr54970.c -O2 -flto -fno-use-linker-plugin -flto-partition=none line 20 a[1] == 2
FAIL: gcc.dg/guality/pr54970.c -O2 -flto -fno-use-linker-plugin -flto-partition=none line 20 a[2] == 13
FAIL: gcc.dg/guality/pr54970.c -O2 -flto -fno-use-linker-plugin -flto-partition=none line 25 *p == 13
FAIL: gcc.dg/guality/pr54970.c -O2 -flto -fno-use-linker-plugin -flto-partition=none line 25 *q == 12
FAIL: gcc.dg/guality/pr54970.c -O2 -flto -fno-use-linker-plugin -flto-partition=none line 25 a[0] == 1
FAIL: gcc.dg/guality/pr54970.c -O2 -flto -fno-use-linker-plugin -flto-partition=none line 25 a[1] == 12
FAIL: gcc.dg/guality/pr54970.c -O2 -flto -fno-use-linker-plugin -flto-partition=none line 25 a[2] == 13
FAIL: gcc.dg/guality/pr54970.c -O2 -flto -fno-use-linker-plugin -flto-partition=none line 31 *p == 6
FAIL: gcc.dg/guality/pr54970.c -O2 -flto -fno-use-linker-plugin -flto-partition=none line 31 *q == 5
FAIL: gcc.dg/guality/pr54970.c -O2 -flto -fno-use-linker-plugin -flto-partition=none line 31 a[0] == 4
FAIL: gcc.dg/guality/pr54970.c -O2 -flto -fno-use-linker-plugin -flto-partition=none line 31 a[1] == 5
FAIL: gcc.dg/guality/pr54970.c -O2 -flto -fno-use-linker-plugin -flto-partition=none line 31 a[2] == 6
FAIL: gcc.dg/guality/pr54970.c -O2 -flto -fno-use-linker-plugin -flto-partition=none line 36 *p == 26
FAIL: gcc.dg/guality/pr54970.c -O2 -flto -fno-use-linker-plugin -flto-partition=none line 36 *q == 5
FAIL: gcc.dg/guality/pr54970.c -O2 -flto -fno-use-linker-plugin -flto-partition=none line 36 a[0] == 4
FAIL: gcc.dg/guality/pr54970.c -O2 -flto -fno-use-linker-plugin -flto-partition=none line 36 a[1] == 5
FAIL: gcc.dg/guality/pr54970.c -O2 -flto -fno-use-linker-plugin -flto-partition=none line 36 a[2] == 26
FAIL: gcc.dg/guality/pr54970.c -O2 -flto -fno-use-linker-plugin -flto-partition=none line 45 *p == 26
FAIL: gcc.dg/guality/pr54970.c -O2 -flto -fno-use-linker-plugin -flto-partition=none line 45 *q == 25
FAIL: gcc.dg/guality/pr54970.c -O2 -flto -fno-use-linker-plugin -flto-partition=none line 45 a[0] == 4
FAIL: gcc.dg/guality/pr54970.c -O2 -flto -fno-use-linker-plugin -flto-partition=none line 45 a[1] == 25
FAIL: gcc.dg/guality/pr54970.c -O2 -flto -fno-use-linker-plugin -flto-partition=none line 45 a[2] == 26
FAIL: gcc.dg/guality/pr54970.c -O2 -flto -fno-use-linker-plugin -flto-partition=none line 45 p[-1] == 25
FAIL: gcc.dg/guality/pr54970.c -O2 -flto -fno-use-linker-plugin -flto-partition=none line 45 p[-2] == 4
FAIL: gcc.dg/guality/pr54970.c -O2 -flto -fno-use-linker-plugin -flto-partition=none line 45 q[-1] == 4
FAIL: gcc.dg/guality/pr54970.c -O2 -flto -fno-use-linker-plugin -flto-partition=none line 45 q[1] == 26
FAIL: gcc.dg/guality/pr54970.c -O2 -flto -fuse-linker-plugin -fno-fat-lto-objects line 15 *p == 3
FAIL: gcc.dg/guality/pr54970.c -O2 -flto -fuse-linker-plugin -fno-fat-lto-objects line 15 *q == 2
FAIL: gcc.dg/guality/pr54970.c -O2 -flto -fuse-linker-plugin -fno-fat-lto-objects line 15 a[0] == 1
FAIL: gcc.dg/guality/pr54970.c -O2 -flto -fuse-linker-plugin -fno-fat-lto-objects line 15 a[1] == 2
FAIL: gcc.dg/guality/pr54970.c -O2 -flto -fuse-linker-plugin -fno-fat-lto-objects line 15 a[2] == 3
FAIL: gcc.dg/guality/pr54970.c -O2 -flto -fuse-linker-plugin -fno-fat-lto-objects line 20 *p == 13
FAIL: gcc.dg/guality/pr54970.c -O2 -flto -fuse-linker-plugin -fno-fat-lto-objects line 20 *q == 2
FAIL: gcc.dg/guality/pr54970.c -O2 -flto -fuse-linker-plugin -fno-fat-lto-objects line 20 a[0] == 1
FAIL: gcc.dg/guality/pr54970.c -O2 -flto -fuse-linker-plugin -fno-fat-lto-objects line 20 a[1] == 2
FAIL: gcc.dg/guality/pr54970.c -O2 -flto -fuse-linker-plugin -fno-fat-lto-objects line 20 a[2] == 13
FAIL: gcc.dg/guality/pr54970.c -O2 -flto -fuse-linker-plugin -fno-fat-lto-objects line 25 *p == 13
FAIL: gcc.dg/guality/pr54970.c -O2 -flto -fuse-linker-plugin -fno-fat-lto-objects line 25 *q == 12
FAIL: gcc.dg/guality/pr54970.c -O2 -flto -fuse-linker-plugin -fno-fat-lto-objects line 25 a[0] == 1
FAIL: gcc.dg/guality/pr54970.c -O2 -flto -fuse-linker-plugin -fno-fat-lto-objects line 25 a[1] == 12
FAIL: gcc.dg/guality/pr54970.c -O2 -flto -fuse-linker-plugin -fno-fat-lto-objects line 25 a[2] == 13
FAIL: gcc.dg/guality/pr54970.c -O2 -flto -fuse-linker-plugin -fno-fat-lto-objects line 31 *p == 6
FAIL: gcc.dg/guality/pr54970.c -O2 -flto -fuse-linker-plugin -fno-fat-lto-objects line 31 *q == 5
FAIL: gcc.dg/guality/pr54970.c -O2 -flto -fuse-linker-plugin -fno-fat-lto-objects line 31 a[0] == 4
FAIL: gcc.dg/guality/pr54970.c -O2 -flto -fuse-linker-plugin -fno-fat-lto-objects line 31 a[1] == 5
FAIL: gcc.dg/guality/pr54970.c -O2 -flto -fuse-linker-plugin -fno-fat-lto-objects line 31 a[2] == 6
FAIL: gcc.dg/guality/pr54970.c -O2 -flto -fuse-linker-plugin -fno-fat-lto-objects line 36 *p == 26
FAIL: gcc.dg/guality/pr54970.c -O2 -flto -fuse-linker-plugin -fno-fat-lto-objects line 36 *q == 5
FAIL: gcc.dg/guality/pr54970.c -O2 -flto -fuse-linker-plugin -fno-fat-lto-objects line 36 a[0] == 4
FAIL: gcc.dg/guality/pr54970.c -O2 -flto -fuse-linker-plugin -fno-fat-lto-objects line 36 a[1] == 5
FAIL: gcc.dg/guality/pr54970.c -O2 -flto -fuse-linker-plugin -fno-fat-lto-objects line 36 a[2] == 26
FAIL: gcc.dg/guality/pr54970.c -O2 -flto -fuse-linker-plugin -fno-fat-lto-objects line 45 *p == 26
FAIL: gcc.dg/guality/pr54970.c -O2 -flto -fuse-linker-plugin -fno-fat-lto-objects line 45 *q == 25
FAIL: gcc.dg/guality/pr54970.c -O2 -flto -fuse-linker-plugin -fno-fat-lto-objects line 45 a[0] == 4
FAIL: gcc.dg/guality/pr54970.c -O2 -flto -fuse-linker-plugin -fno-fat-lto-objects line 45 a[1] == 25
FAIL: gcc.dg/guality/pr54970.c -O2 -flto -fuse-linker-plugin -fno-fat-lto-objects line 45 a[2] == 26
FAIL: gcc.dg/guality/pr54970.c -O2 -flto -fuse-linker-plugin -fno-fat-lto-objects line 45 p[-1] == 25
FAIL: gcc.dg/guality/pr54970.c -O2 -flto -fuse-linker-plugin -fno-fat-lto-objects line 45 p[-2] == 4
FAIL: gcc.dg/guality/pr54970.c -O2 -flto -fuse-linker-plugin -fno-fat-lto-objects line 45 q[-1] == 4
FAIL: gcc.dg/guality/pr54970.c -O2 -flto -fuse-linker-plugin -fno-fat-lto-objects line 45 q[1] == 26
FAIL: gcc.dg/guality/pr54970.c -O3 -fomit-frame-pointer line 15 *p == 3
FAIL: gcc.dg/guality/pr54970.c -O3 -fomit-frame-pointer line 15 *q == 2
FAIL: gcc.dg/guality/pr54970.c -O3 -fomit-frame-pointer line 15 a[0] == 1
FAIL: gcc.dg/guality/pr54970.c -O3 -fomit-frame-pointer line 15 a[1] == 2
FAIL: gcc.dg/guality/pr54970.c -O3 -fomit-frame-pointer line 15 a[2] == 3
FAIL: gcc.dg/guality/pr54970.c -O3 -fomit-frame-pointer line 20 *p == 13
FAIL: gcc.dg/guality/pr54970.c -O3 -fomit-frame-pointer line 20 *q == 2
FAIL: gcc.dg/guality/pr54970.c -O3 -fomit-frame-pointer line 20 a[0] == 1
FAIL: gcc.dg/guality/pr54970.c -O3 -fomit-frame-pointer line 20 a[1] == 2
FAIL: gcc.dg/guality/pr54970.c -O3 -fomit-frame-pointer line 20 a[2] == 13
FAIL: gcc.dg/guality/pr54970.c -O3 -fomit-frame-pointer line 25 *p == 13
FAIL: gcc.dg/guality/pr54970.c -O3 -fomit-frame-pointer line 25 *q == 12
FAIL: gcc.dg/guality/pr54970.c -O3 -fomit-frame-pointer line 25 a[0] == 1
FAIL: gcc.dg/guality/pr54970.c -O3 -fomit-frame-pointer line 25 a[1] == 12
FAIL: gcc.dg/guality/pr54970.c -O3 -fomit-frame-pointer line 25 a[2] == 13
FAIL: gcc.dg/guality/pr54970.c -O3 -fomit-frame-pointer line 31 *p == 6
FAIL: gcc.dg/guality/pr54970.c -O3 -fomit-frame-pointer line 31 *q == 5
FAIL: gcc.dg/guality/pr54970.c -O3 -fomit-frame-pointer line 31 a[0] == 4
FAIL: gcc.dg/guality/pr54970.c -O3 -fomit-frame-pointer line 31 a[1] == 5
FAIL: gcc.dg/guality/pr54970.c -O3 -fomit-frame-pointer line 31 a[2] == 6
FAIL: gcc.dg/guality/pr54970.c -O3 -fomit-frame-pointer line 36 *p == 26
FAIL: gcc.dg/guality/pr54970.c -O3 -fomit-frame-pointer line 36 *q == 5
FAIL: gcc.dg/guality/pr54970.c -O3 -fomit-frame-pointer line 36 a[0] == 4
FAIL: gcc.dg/guality/pr54970.c -O3 -fomit-frame-pointer line 36 a[1] == 5
FAIL: gcc.dg/guality/pr54970.c -O3 -fomit-frame-pointer line 36 a[2] == 26
FAIL: gcc.dg/guality/pr54970.c -O3 -fomit-frame-pointer line 45 *p == 26
FAIL: gcc.dg/guality/pr54970.c -O3 -fomit-frame-pointer line 45 *q == 25
FAIL: gcc.dg/guality/pr54970.c -O3 -fomit-frame-pointer line 45 a[0] == 4
FAIL: gcc.dg/guality/pr54970.c -O3 -fomit-frame-pointer line 45 a[1] == 25
FAIL: gcc.dg/guality/pr54970.c -O3 -fomit-frame-pointer line 45 a[2] == 26
FAIL: gcc.dg/guality/pr54970.c -O3 -fomit-frame-pointer line 45 p[-1] == 25
FAIL: gcc.dg/guality/pr54970.c -O3 -fomit-frame-pointer line 45 p[-2] == 4
FAIL: gcc.dg/guality/pr54970.c -O3 -fomit-frame-pointer line 45 q[-1] == 4
FAIL: gcc.dg/guality/pr54970.c -O3 -fomit-frame-pointer line 45 q[1] == 26
FAIL: gcc.dg/guality/pr54970.c -O3 -g line 15 *p == 3
FAIL: gcc.dg/guality/pr54970.c -O3 -g line 15 *q == 2
FAIL: gcc.dg/guality/pr54970.c -O3 -g line 15 a[0] == 1
FAIL: gcc.dg/guality/pr54970.c -O3 -g line 15 a[1] == 2
FAIL: gcc.dg/guality/pr54970.c -O3 -g line 15 a[2] == 3
FAIL: gcc.dg/guality/pr54970.c -O3 -g line 20 *p == 13
FAIL: gcc.dg/guality/pr54970.c -O3 -g line 20 *q == 2
FAIL: gcc.dg/guality/pr54970.c -O3 -g line 20 a[0] == 1
FAIL: gcc.dg/guality/pr54970.c -O3 -g line 20 a[1] == 2
FAIL: gcc.dg/guality/pr54970.c -O3 -g line 20 a[2] == 13
FAIL: gcc.dg/guality/pr54970.c -O3 -g line 25 *p == 13
FAIL: gcc.dg/guality/pr54970.c -O3 -g line 25 *q == 12
FAIL: gcc.dg/guality/pr54970.c -O3 -g line 25 a[0] == 1
FAIL: gcc.dg/guality/pr54970.c -O3 -g line 25 a[1] == 12
FAIL: gcc.dg/guality/pr54970.c -O3 -g line 25 a[2] == 13
FAIL: gcc.dg/guality/pr54970.c -O3 -g line 31 *p == 6
FAIL: gcc.dg/guality/pr54970.c -O3 -g line 31 *q == 5
FAIL: gcc.dg/guality/pr54970.c -O3 -g line 31 a[0] == 4
FAIL: gcc.dg/guality/pr54970.c -O3 -g line 31 a[1] == 5
FAIL: gcc.dg/guality/pr54970.c -O3 -g line 31 a[2] == 6
FAIL: gcc.dg/guality/pr54970.c -O3 -g line 36 *p == 26
FAIL: gcc.dg/guality/pr54970.c -O3 -g line 36 *q == 5
FAIL: gcc.dg/guality/pr54970.c -O3 -g line 36 a[0] == 4
FAIL: gcc.dg/guality/pr54970.c -O3 -g line 36 a[1] == 5
FAIL: gcc.dg/guality/pr54970.c -O3 -g line 36 a[2] == 26
FAIL: gcc.dg/guality/pr54970.c -O3 -g line 45 *p == 26
FAIL: gcc.dg/guality/pr54970.c -O3 -g line 45 *q == 25
FAIL: gcc.dg/guality/pr54970.c -O3 -g line 45 a[0] == 4
FAIL: gcc.dg/guality/pr54970.c -O3 -g line 45 a[1] == 25
FAIL: gcc.dg/guality/pr54970.c -O3 -g line 45 a[2] == 26
FAIL: gcc.dg/guality/pr54970.c -O3 -g line 45 p[-1] == 25
FAIL: gcc.dg/guality/pr54970.c -O3 -g line 45 p[-2] == 4
FAIL: gcc.dg/guality/pr54970.c -O3 -g line 45 q[-1] == 4
FAIL: gcc.dg/guality/pr54970.c -O3 -g line 45 q[1] == 26
FAIL: gcc.dg/guality/pr54970.c -Os line 15 *p == 3
FAIL: gcc.dg/guality/pr54970.c -Os line 15 *q == 2
FAIL: gcc.dg/guality/pr54970.c -Os line 15 a[0] == 1
FAIL: gcc.dg/guality/pr54970.c -Os line 15 a[1] == 2
FAIL: gcc.dg/guality/pr54970.c -Os line 15 a[2] == 3
FAIL: gcc.dg/guality/pr54970.c -Os line 20 *p == 13
FAIL: gcc.dg/guality/pr54970.c -Os line 20 *q == 2
FAIL: gcc.dg/guality/pr54970.c -Os line 20 a[0] == 1
FAIL: gcc.dg/guality/pr54970.c -Os line 20 a[1] == 2
FAIL: gcc.dg/guality/pr54970.c -Os line 20 a[2] == 13
FAIL: gcc.dg/guality/pr54970.c -Os line 25 *p == 13
FAIL: gcc.dg/guality/pr54970.c -Os line 25 *q == 12
FAIL: gcc.dg/guality/pr54970.c -Os line 25 a[0] == 1
FAIL: gcc.dg/guality/pr54970.c -Os line 25 a[1] == 12
FAIL: gcc.dg/guality/pr54970.c -Os line 25 a[2] == 13
FAIL: gcc.dg/guality/pr54970.c -Os line 31 *p == 6
FAIL: gcc.dg/guality/pr54970.c -Os line 31 *q == 5
FAIL: gcc.dg/guality/pr54970.c -Os line 31 a[0] == 4
FAIL: gcc.dg/guality/pr54970.c -Os line 31 a[1] == 5
FAIL: gcc.dg/guality/pr54970.c -Os line 31 a[2] == 6
FAIL: gcc.dg/guality/pr54970.c -Os line 36 *p == 26
FAIL: gcc.dg/guality/pr54970.c -Os line 36 *q == 5
FAIL: gcc.dg/guality/pr54970.c -Os line 36 a[0] == 4
FAIL: gcc.dg/guality/pr54970.c -Os line 36 a[1] == 5
FAIL: gcc.dg/guality/pr54970.c -Os line 36 a[2] == 26
FAIL: gcc.dg/guality/pr54970.c -Os line 45 *p == 26
FAIL: gcc.dg/guality/pr54970.c -Os line 45 *q == 25
FAIL: gcc.dg/guality/pr54970.c -Os line 45 a[0] == 4
FAIL: gcc.dg/guality/pr54970.c -Os line 45 a[1] == 25
FAIL: gcc.dg/guality/pr54970.c -Os line 45 a[2] == 26
FAIL: gcc.dg/guality/pr54970.c -Os line 45 p[-1] == 25
FAIL: gcc.dg/guality/pr54970.c -Os line 45 p[-2] == 4
FAIL: gcc.dg/guality/pr54970.c -Os line 45 q[-1] == 4
FAIL: gcc.dg/guality/pr54970.c -Os line 45 q[1] == 26
FAIL: gcc.dg/guality/pr56154-1.c -O1 line pr56154-1.c:20 x.a == 6
FAIL: gcc.dg/guality/pr56154-1.c -O2 -flto -fuse-linker-plugin -fno-fat-lto-objects line pr56154-1.c:20 x.a == 6
FAIL: gcc.dg/guality/pr56154-1.c -Os line pr56154-1.c:20 x.a == 6
FAIL: gcc.dg/guality/sra-1.c -O1 line 43 a.j == 14
FAIL: gcc.dg/guality/sra-1.c -O2 line 21 a.i == 4
FAIL: gcc.dg/guality/sra-1.c -O2 line 43 a.j == 14
FAIL: gcc.dg/guality/sra-1.c -O2 -flto -fno-use-linker-plugin -flto-partition=none line 43 a.j == 14
FAIL: gcc.dg/guality/sra-1.c -O2 -flto -fuse-linker-plugin -fno-fat-lto-objects line 43 a.j == 14
FAIL: gcc.dg/guality/sra-1.c -O3 -fomit-frame-pointer line 21 a.i == 4
FAIL: gcc.dg/guality/sra-1.c -O3 -fomit-frame-pointer line 43 a.j == 14
FAIL: gcc.dg/guality/sra-1.c -O3 -g line 21 a.i == 4
FAIL: gcc.dg/guality/sra-1.c -O3 -g line 43 a.j == 14
FAIL: gcc.dg/guality/sra-1.c -Os line 21 a.i == 4
FAIL: gcc.dg/guality/sra-1.c -Os line 43 a.j == 14
FAIL: gcc.dg/guality/vla-1.c -O1 line 17 sizeof (a) == 6
FAIL: gcc.dg/guality/vla-1.c -O2 line 17 sizeof (a) == 6
FAIL: gcc.dg/guality/vla-1.c -O2 -flto -fno-use-linker-plugin -flto-partition=none line 17 sizeof (a) == 6
FAIL: gcc.dg/guality/vla-1.c -O2 -flto -fuse-linker-plugin -fno-fat-lto-objects line 17 sizeof (a) == 6
FAIL: gcc.dg/guality/vla-1.c -O3 -fomit-frame-pointer line 17 sizeof (a) == 6
FAIL: gcc.dg/guality/vla-1.c -O3 -g line 17 sizeof (a) == 6
FAIL: gcc.dg/guality/vla-1.c -Os line 17 sizeof (a) == 6
FAIL: gcc.dg/torture/pr52429.c -O2 -flto -fno-use-linker-plugin -flto-partition=none (internal compiler error)
FAIL: gcc.dg/torture/pr52429.c -O2 -flto -fno-use-linker-plugin -flto-partition=none (test for excess errors)
FAIL: gcc.dg/tree-ssa/ivopts-lt-2.c scan-tree-dump-times ivopts "PHI <p_" 1
FAIL: gcc.dg/tree-ssa/ivopts-lt-2.c scan-tree-dump-times ivopts "PHI" 1
FAIL: gcc.dg/tree-ssa/ivopts-lt-2.c scan-tree-dump-times ivopts "p_[0-9]* <" 1
FAIL: gcc.dg/tree-ssa/ssa-dom-cse-2.c scan-tree-dump optimized "return 28;"
FAIL: c-c++-common/ubsan/float-cast-overflow-7.c -O2 execution test
FAIL: c-c++-common/ubsan/float-cast-overflow-7.c -O2 -flto -fno-use-linker-plugin -flto-partition=none execution test
FAIL: c-c++-common/ubsan/float-cast-overflow-7.c -O2 -flto -fuse-linker-plugin -fno-fat-lto-objects execution test
FAIL: c-c++-common/ubsan/float-cast-overflow-8.c -O2 output pattern test, is ../../../../libsanitizer/ubsan/ubsan_handlers.cc:300: runtime error: value 0 is outside the range of representable values of type 'signed char'
FAIL: c-c++-common/ubsan/float-cast-overflow-8.c -O2 -flto -fno-use-linker-plugin -flto-partition=none output pattern test, is ../../../../libsanitizer/ubsan/ubsan_handlers.cc:300: runtime error: value 0 is outside the range of representable values of type 'signed char'
FAIL: c-c++-common/ubsan/float-cast-overflow-8.c -O2 -flto -fuse-linker-plugin -fno-fat-lto-objects output pattern test, is ../../../../libsanitizer/ubsan/ubsan_handlers.cc:300: runtime error: value 0 is outside the range of representable values of type 'signed char'
FAIL: gcc.dg/vect/costmodel/ppc/costmodel-bb-slp-9a.c scan-tree-dump-times slp2 "basic block vectorized using SLP" 1
FAIL: gcc.dg/vect/costmodel/ppc/costmodel-vect-31a.c scan-tree-dump-times vect "vectorization not profitable" 1
FAIL: gcc.dg/vect/costmodel/ppc/costmodel-vect-33.c scan-tree-dump-times vect "vectorization not profitable" 1
FAIL: gcc.dg/vect/no-vfa-vect-depend-2.c scan-tree-dump-times vect "vectorized 1 loops" 1
FAIL: gcc.dg/vect/no-vfa-vect-depend-3.c scan-tree-dump-times vect "vectorized 1 loops" 4
FAIL: gcc.dg/vect/vect-31.c -flto -ffat-lto-objects scan-tree-dump-times vect "vectorized 4 loops" 1
FAIL: gcc.dg/vect/vect-31.c scan-tree-dump-times vect "vectorized 4 loops" 1
FAIL: gcc.dg/vmx/extract-vsx-be-order.c -O0 execution test
FAIL: gcc.dg/vmx/extract-vsx.c -O0 execution test
FAIL: gcc.dg/vmx/insert-vsx-be-order.c -O0 execution test
FAIL: gcc.dg/vmx/insert-vsx-be-order.c -O1 execution test
FAIL: gcc.dg/vmx/insert-vsx-be-order.c -O2 execution test
FAIL: gcc.dg/vmx/insert-vsx-be-order.c -O2 -flto -fno-use-linker-plugin -flto-partition=none execution test
FAIL: gcc.dg/vmx/insert-vsx-be-order.c -O2 -flto -fuse-linker-plugin -fno-fat-lto-objects execution test
FAIL: gcc.dg/vmx/insert-vsx-be-order.c -O3 -fomit-frame-pointer execution test
FAIL: gcc.dg/vmx/insert-vsx-be-order.c -O3 -g execution test
FAIL: gcc.dg/vmx/insert-vsx-be-order.c -Os execution test
FAIL: gcc.dg/vmx/insert-vsx.c -O0 execution test
FAIL: gcc.dg/vmx/insert-vsx.c -O1 execution test
FAIL: gcc.dg/vmx/insert-vsx.c -O2 execution test
FAIL: gcc.dg/vmx/insert-vsx.c -O2 -flto -fno-use-linker-plugin -flto-partition=none execution test
FAIL: gcc.dg/vmx/insert-vsx.c -O2 -flto -fuse-linker-plugin -fno-fat-lto-objects execution test
FAIL: gcc.dg/vmx/insert-vsx.c -O3 -fomit-frame-pointer execution test
FAIL: gcc.dg/vmx/insert-vsx.c -O3 -g execution test
FAIL: gcc.dg/vmx/insert-vsx.c -Os execution test
FAIL: gcc.dg/vmx/ld-vsx-be-order.c -O0 execution test
FAIL: gcc.dg/vmx/ld-vsx-be-order.c -O1 execution test
FAIL: gcc.dg/vmx/ld-vsx-be-order.c -O2 execution test
FAIL: gcc.dg/vmx/ld-vsx-be-order.c -O2 -flto -fno-use-linker-plugin -flto-partition=none execution test
FAIL: gcc.dg/vmx/ld-vsx-be-order.c -O2 -flto -fuse-linker-plugin -fno-fat-lto-objects execution test
FAIL: gcc.dg/vmx/ld-vsx-be-order.c -O3 -fomit-frame-pointer execution test
FAIL: gcc.dg/vmx/ld-vsx-be-order.c -O3 -fomit-frame-pointer -funroll-all-loops -finline-functions execution test
FAIL: gcc.dg/vmx/ld-vsx-be-order.c -O3 -fomit-frame-pointer -funroll-loops execution test
FAIL: gcc.dg/vmx/ld-vsx-be-order.c -O3 -g execution test
FAIL: gcc.dg/vmx/ld-vsx-be-order.c -Os execution test
FAIL: gcc.dg/vmx/ld-vsx.c -O0 execution test
FAIL: gcc.dg/vmx/ld-vsx.c -O1 execution test
FAIL: gcc.dg/vmx/ld-vsx.c -O2 execution test
FAIL: gcc.dg/vmx/ld-vsx.c -O2 -flto -fno-use-linker-plugin -flto-partition=none execution test
FAIL: gcc.dg/vmx/ld-vsx.c -O2 -flto -fuse-linker-plugin -fno-fat-lto-objects execution test
FAIL: gcc.dg/vmx/ld-vsx.c -O3 -fomit-frame-pointer execution test
FAIL: gcc.dg/vmx/ld-vsx.c -O3 -fomit-frame-pointer -funroll-all-loops -finline-functions execution test
FAIL: gcc.dg/vmx/ld-vsx.c -O3 -fomit-frame-pointer -funroll-loops execution test
FAIL: gcc.dg/vmx/ld-vsx.c -O3 -g execution test
FAIL: gcc.dg/vmx/ld-vsx.c -Os execution test
FAIL: gcc.dg/vmx/ldl-vsx-be-order.c -O0 execution test
FAIL: gcc.dg/vmx/ldl-vsx-be-order.c -O1 execution test
FAIL: gcc.dg/vmx/ldl-vsx-be-order.c -O2 execution test
FAIL: gcc.dg/vmx/ldl-vsx-be-order.c -O2 -flto -fno-use-linker-plugin -flto-partition=none execution test
FAIL: gcc.dg/vmx/ldl-vsx-be-order.c -O2 -flto -fuse-linker-plugin -fno-fat-lto-objects execution test
FAIL: gcc.dg/vmx/ldl-vsx-be-order.c -O3 -fomit-frame-pointer execution test
FAIL: gcc.dg/vmx/ldl-vsx-be-order.c -O3 -fomit-frame-pointer -funroll-all-loops -finline-functions execution test
FAIL: gcc.dg/vmx/ldl-vsx-be-order.c -O3 -fomit-frame-pointer -funroll-loops execution test
FAIL: gcc.dg/vmx/ldl-vsx-be-order.c -O3 -g execution test
FAIL: gcc.dg/vmx/ldl-vsx-be-order.c -Os execution test
FAIL: gcc.dg/vmx/ldl-vsx.c -O0 execution test
FAIL: gcc.dg/vmx/ldl-vsx.c -O1 execution test
FAIL: gcc.dg/vmx/ldl-vsx.c -O2 execution test
FAIL: gcc.dg/vmx/ldl-vsx.c -O2 -flto -fno-use-linker-plugin -flto-partition=none execution test
FAIL: gcc.dg/vmx/ldl-vsx.c -O2 -flto -fuse-linker-plugin -fno-fat-lto-objects execution test
FAIL: gcc.dg/vmx/ldl-vsx.c -O3 -fomit-frame-pointer execution test
FAIL: gcc.dg/vmx/ldl-vsx.c -O3 -fomit-frame-pointer -funroll-all-loops -finline-functions execution test
FAIL: gcc.dg/vmx/ldl-vsx.c -O3 -fomit-frame-pointer -funroll-loops execution test
FAIL: gcc.dg/vmx/ldl-vsx.c -O3 -g execution test
FAIL: gcc.dg/vmx/ldl-vsx.c -Os execution test
FAIL: gcc.dg/vmx/merge-vsx-be-order.c -O0 execution test
FAIL: gcc.dg/vmx/merge-vsx-be-order.c -O1 execution test
FAIL: gcc.dg/vmx/merge-vsx-be-order.c -O2 execution test
FAIL: gcc.dg/vmx/merge-vsx-be-order.c -O2 -flto -fno-use-linker-plugin -flto-partition=none execution test
FAIL: gcc.dg/vmx/merge-vsx-be-order.c -O2 -flto -fuse-linker-plugin -fno-fat-lto-objects execution test
FAIL: gcc.dg/vmx/merge-vsx-be-order.c -O3 -fomit-frame-pointer execution test
FAIL: gcc.dg/vmx/merge-vsx-be-order.c -O3 -g execution test
FAIL: gcc.dg/vmx/merge-vsx-be-order.c -Os execution test
FAIL: gcc.dg/vmx/merge-vsx.c -O0 execution test
FAIL: gcc.dg/vmx/merge-vsx.c -O1 execution test
FAIL: gcc.dg/vmx/merge-vsx.c -O2 execution test
FAIL: gcc.dg/vmx/merge-vsx.c -O2 -flto -fno-use-linker-plugin -flto-partition=none execution test
FAIL: gcc.dg/vmx/merge-vsx.c -O2 -flto -fuse-linker-plugin -fno-fat-lto-objects execution test
FAIL: gcc.dg/vmx/merge-vsx.c -O3 -fomit-frame-pointer execution test
FAIL: gcc.dg/vmx/merge-vsx.c -O3 -g execution test
FAIL: gcc.dg/vmx/merge-vsx.c -Os execution test
FAIL: gcc.dg/vmx/splat-vsx-be-order.c -O0 execution test
FAIL: gcc.dg/vmx/splat-vsx-be-order.c -O1 execution test
FAIL: gcc.dg/vmx/splat-vsx-be-order.c -O2 execution test
FAIL: gcc.dg/vmx/splat-vsx-be-order.c -O2 -flto -fno-use-linker-plugin -flto-partition=none execution test
FAIL: gcc.dg/vmx/splat-vsx-be-order.c -O2 -flto -fuse-linker-plugin -fno-fat-lto-objects execution test
FAIL: gcc.dg/vmx/splat-vsx-be-order.c -O3 -fomit-frame-pointer execution test
FAIL: gcc.dg/vmx/splat-vsx-be-order.c -O3 -g execution test
FAIL: gcc.dg/vmx/splat-vsx-be-order.c -Os execution test
FAIL: gcc.dg/vmx/splat-vsx.c -O0 execution test
FAIL: gcc.dg/vmx/splat-vsx.c -O1 execution test
FAIL: gcc.dg/vmx/splat-vsx.c -O2 execution test
FAIL: gcc.dg/vmx/splat-vsx.c -O2 -flto -fno-use-linker-plugin -flto-partition=none execution test
FAIL: gcc.dg/vmx/splat-vsx.c -O2 -flto -fuse-linker-plugin -fno-fat-lto-objects execution test
FAIL: gcc.dg/vmx/splat-vsx.c -O3 -fomit-frame-pointer execution test
FAIL: gcc.dg/vmx/splat-vsx.c -O3 -g execution test
FAIL: gcc.dg/vmx/splat-vsx.c -Os execution test
FAIL: gcc.dg/vmx/st-vsx-be-order.c -O0 execution test
FAIL: gcc.dg/vmx/st-vsx-be-order.c -O1 execution test
FAIL: gcc.dg/vmx/st-vsx-be-order.c -O2 execution test
FAIL: gcc.dg/vmx/st-vsx-be-order.c -O2 -flto -fno-use-linker-plugin -flto-partition=none execution test
FAIL: gcc.dg/vmx/st-vsx-be-order.c -O2 -flto -fuse-linker-plugin -fno-fat-lto-objects execution test
FAIL: gcc.dg/vmx/st-vsx-be-order.c -O3 -fomit-frame-pointer execution test
FAIL: gcc.dg/vmx/st-vsx-be-order.c -O3 -fomit-frame-pointer -funroll-all-loops -finline-functions execution test
FAIL: gcc.dg/vmx/st-vsx-be-order.c -O3 -fomit-frame-pointer -funroll-loops execution test
FAIL: gcc.dg/vmx/st-vsx-be-order.c -O3 -g execution test
FAIL: gcc.dg/vmx/st-vsx-be-order.c -Os execution test
FAIL: gcc.dg/vmx/st-vsx.c -O0 execution test
FAIL: gcc.dg/vmx/st-vsx.c -O1 execution test
FAIL: gcc.dg/vmx/st-vsx.c -O2 execution test
FAIL: gcc.dg/vmx/st-vsx.c -O2 -flto -fno-use-linker-plugin -flto-partition=none execution test
FAIL: gcc.dg/vmx/st-vsx.c -O2 -flto -fuse-linker-plugin -fno-fat-lto-objects execution test
FAIL: gcc.dg/vmx/st-vsx.c -O3 -fomit-frame-pointer execution test
FAIL: gcc.dg/vmx/st-vsx.c -O3 -fomit-frame-pointer -funroll-all-loops -finline-functions execution test
FAIL: gcc.dg/vmx/st-vsx.c -O3 -fomit-frame-pointer -funroll-loops execution test
FAIL: gcc.dg/vmx/st-vsx.c -O3 -g execution test
FAIL: gcc.dg/vmx/st-vsx.c -Os execution test
FAIL: gcc.dg/vmx/stl-vsx-be-order.c -O0 execution test
FAIL: gcc.dg/vmx/stl-vsx-be-order.c -O1 execution test
FAIL: gcc.dg/vmx/stl-vsx-be-order.c -O2 execution test
FAIL: gcc.dg/vmx/stl-vsx-be-order.c -O2 -flto -fno-use-linker-plugin -flto-partition=none execution test
FAIL: gcc.dg/vmx/stl-vsx-be-order.c -O2 -flto -fuse-linker-plugin -fno-fat-lto-objects execution test
FAIL: gcc.dg/vmx/stl-vsx-be-order.c -O3 -fomit-frame-pointer execution test
FAIL: gcc.dg/vmx/stl-vsx-be-order.c -O3 -fomit-frame-pointer -funroll-all-loops -finline-functions execution test
FAIL: gcc.dg/vmx/stl-vsx-be-order.c -O3 -fomit-frame-pointer -funroll-loops execution test
FAIL: gcc.dg/vmx/stl-vsx-be-order.c -O3 -g execution test
FAIL: gcc.dg/vmx/stl-vsx-be-order.c -Os execution test
FAIL: gcc.dg/vmx/stl-vsx.c -O0 execution test
FAIL: gcc.dg/vmx/stl-vsx.c -O1 execution test
FAIL: gcc.dg/vmx/stl-vsx.c -O2 execution test
FAIL: gcc.dg/vmx/stl-vsx.c -O2 -flto -fno-use-linker-plugin -flto-partition=none execution test
FAIL: gcc.dg/vmx/stl-vsx.c -O2 -flto -fuse-linker-plugin -fno-fat-lto-objects execution test
FAIL: gcc.dg/vmx/stl-vsx.c -O3 -fomit-frame-pointer execution test
FAIL: gcc.dg/vmx/stl-vsx.c -O3 -fomit-frame-pointer -funroll-all-loops -finline-functions execution test
FAIL: gcc.dg/vmx/stl-vsx.c -O3 -fomit-frame-pointer -funroll-loops execution test
FAIL: gcc.dg/vmx/stl-vsx.c -O3 -g execution test
FAIL: gcc.dg/vmx/stl-vsx.c -Os execution test
=== gcc Summary for unix/-m64 ===
# of expected passes 101087
# of unexpected failures 868
# of unexpected successes 31
# of expected failures 299
# of unsupported tests 2173
=== gcc Summary ===
# of expected passes 201300
# of unexpected failures 1276
# of unexpected successes 64
# of expected failures 583
# of unsupported tests 4434
/daten/gcc/gcc-20150102/Build/gcc/xgcc version 5.0.0 20150102 (experimental) (GCC)
=== gfortran tests ===
Running target unix/-m32
FAIL: gfortran.dg/bessel_6.f90 -O0 execution test
FAIL: gfortran.dg/bessel_6.f90 -O1 execution test
FAIL: gfortran.dg/bessel_6.f90 -O2 execution test
FAIL: gfortran.dg/bessel_6.f90 -O3 -fomit-frame-pointer execution test
FAIL: gfortran.dg/bessel_6.f90 -O3 -fomit-frame-pointer -funroll-all-loops -finline-functions execution test
FAIL: gfortran.dg/bessel_6.f90 -O3 -fomit-frame-pointer -funroll-loops execution test
FAIL: gfortran.dg/bessel_6.f90 -O3 -g execution test
FAIL: gfortran.dg/bessel_6.f90 -Os execution test
FAIL: gfortran.dg/default_format_denormal_2.f90 -O0 execution test
FAIL: gfortran.dg/default_format_denormal_2.f90 -O1 execution test
FAIL: gfortran.dg/default_format_denormal_2.f90 -O2 execution test
FAIL: gfortran.dg/default_format_denormal_2.f90 -O3 -fomit-frame-pointer execution test
FAIL: gfortran.dg/default_format_denormal_2.f90 -O3 -fomit-frame-pointer -funroll-all-loops -finline-functions execution test
FAIL: gfortran.dg/default_format_denormal_2.f90 -O3 -fomit-frame-pointer -funroll-loops execution test
FAIL: gfortran.dg/default_format_denormal_2.f90 -O3 -g execution test
FAIL: gfortran.dg/default_format_denormal_2.f90 -Os execution test
FAIL: gfortran.dg/erf_3.F90 -O0 execution test
FAIL: gfortran.dg/erf_3.F90 -O1 execution test
FAIL: gfortran.dg/erf_3.F90 -O2 execution test
FAIL: gfortran.dg/erf_3.F90 -O3 -fomit-frame-pointer execution test
FAIL: gfortran.dg/erf_3.F90 -O3 -fomit-frame-pointer -funroll-all-loops -finline-functions execution test
FAIL: gfortran.dg/erf_3.F90 -O3 -fomit-frame-pointer -funroll-loops execution test
FAIL: gfortran.dg/erf_3.F90 -O3 -g execution test
FAIL: gfortran.dg/erf_3.F90 -Os execution test
XPASS: gfortran.dg/nint_2.f90 -O0 execution test
FAIL: gfortran.dg/graphite/pr42393.f90 -O (internal compiler error)
FAIL: gfortran.dg/graphite/pr42393.f90 -O (test for excess errors)
FAIL: gfortran.dg/vect/pr48329.f90 -O scan-tree-dump-times vect "vectorized 1 loops" 1
=== gfortran Summary for unix/-m32 ===
# of expected passes 46673
# of unexpected failures 27
# of unexpected successes 1
# of expected failures 77
# of unsupported tests 246
Running target unix/-m64
FAIL: gfortran.dg/bessel_6.f90 -O0 execution test
FAIL: gfortran.dg/bessel_6.f90 -O1 execution test
FAIL: gfortran.dg/bessel_6.f90 -O2 execution test
FAIL: gfortran.dg/bessel_6.f90 -O3 -fomit-frame-pointer execution test
FAIL: gfortran.dg/bessel_6.f90 -O3 -fomit-frame-pointer -funroll-all-loops -finline-functions execution test
FAIL: gfortran.dg/bessel_6.f90 -O3 -fomit-frame-pointer -funroll-loops execution test
FAIL: gfortran.dg/bessel_6.f90 -O3 -g execution test
FAIL: gfortran.dg/bessel_6.f90 -Os execution test
FAIL: gfortran.dg/default_format_denormal_2.f90 -O0 execution test
FAIL: gfortran.dg/default_format_denormal_2.f90 -O1 execution test
FAIL: gfortran.dg/default_format_denormal_2.f90 -O2 execution test
FAIL: gfortran.dg/default_format_denormal_2.f90 -O3 -fomit-frame-pointer execution test
FAIL: gfortran.dg/default_format_denormal_2.f90 -O3 -fomit-frame-pointer -funroll-all-loops -finline-functions execution test
FAIL: gfortran.dg/default_format_denormal_2.f90 -O3 -fomit-frame-pointer -funroll-loops execution test
FAIL: gfortran.dg/default_format_denormal_2.f90 -O3 -g execution test
FAIL: gfortran.dg/default_format_denormal_2.f90 -Os execution test
FAIL: gfortran.dg/erf_3.F90 -O0 execution test
FAIL: gfortran.dg/erf_3.F90 -O1 execution test
FAIL: gfortran.dg/erf_3.F90 -O2 execution test
FAIL: gfortran.dg/erf_3.F90 -O3 -fomit-frame-pointer execution test
FAIL: gfortran.dg/erf_3.F90 -O3 -fomit-frame-pointer -funroll-all-loops -finline-functions execution test
FAIL: gfortran.dg/erf_3.F90 -O3 -fomit-frame-pointer -funroll-loops execution test
FAIL: gfortran.dg/erf_3.F90 -O3 -g execution test
FAIL: gfortran.dg/erf_3.F90 -Os execution test
XPASS: gfortran.dg/nint_2.f90 -O0 execution test
FAIL: gfortran.dg/graphite/pr42393.f90 -O (internal compiler error)
FAIL: gfortran.dg/graphite/pr42393.f90 -O (test for excess errors)
FAIL: gfortran.dg/vect/pr48329.f90 -O scan-tree-dump-times vect "vectorized 1 loops" 1
=== gfortran Summary for unix/-m64 ===
# of expected passes 47000
# of unexpected failures 27
# of unexpected successes 1
# of expected failures 77
# of unsupported tests 85
=== gfortran Summary ===
# of expected passes 93673
# of unexpected failures 54
# of unexpected successes 2
# of expected failures 154
# of unsupported tests 331
/daten/gcc/gcc-20150102/Build/gcc/testsuite/gfortran/../../gfortran version 5.0.0 20150102 (experimental) (GCC)
=== gnat tests ===
Running target unix/-m32
FAIL: gnat.dg/lto8.adb (internal compiler error)
FAIL: gnat.dg/lto8.adb (test for excess errors)
UNRESOLVED: gnat.dg/lto8.adb compilation failed to produce executable
=== gnat Summary for unix/-m32 ===
# of expected passes 1298
# of unexpected failures 2
# of expected failures 20
# of unresolved testcases 1
# of unsupported tests 14
Running target unix/-m64
FAIL: gnat.dg/lto8.adb (internal compiler error)
FAIL: gnat.dg/lto8.adb (test for excess errors)
UNRESOLVED: gnat.dg/lto8.adb compilation failed to produce executable
FAIL: gnat.dg/opt37.adb scan-tree-dump-not optimized "alloca"
FAIL: gnat.dg/specs/debug1.ads scan-assembler-times DW_AT_artificial 17
=== gnat Summary for unix/-m64 ===
# of expected passes 1296
# of unexpected failures 4
# of expected failures 20
# of unresolved testcases 1
# of unsupported tests 14
=== gnat Summary ===
# of expected passes 2594
# of unexpected failures 6
# of expected failures 40
# of unresolved testcases 2
# of unsupported tests 28
/daten/gcc/gcc-20150102/Build/gcc/gnatmake version 5.0.0 20150102 (experimental)
=== go tests ===
Running target unix/-m32
FAIL: go.test/test/ken/cplx2.go execution, -O2 -g
FAIL: go.test/test/nilptr2.go execution, -O2 -g
=== go Summary for unix/-m32 ===
# of expected passes 7360
# of unexpected failures 2
# of expected failures 1
# of untested testcases 10
# of unsupported tests 3
Running target unix/-m64
FAIL: go.test/test/ken/cplx2.go execution, -O2 -g
FAIL: go.test/test/nilptr2.go execution, -O2 -g
=== go Summary for unix/-m64 ===
# of expected passes 7240
# of unexpected failures 2
# of expected failures 1
# of untested testcases 10
# of unsupported tests 3
=== go Summary ===
# of expected passes 14600
# of unexpected failures 4
# of expected failures 2
# of untested testcases 20
# of unsupported tests 6
/daten/gcc/gcc-20150102/Build/gcc/testsuite/go/../../gccgo version 5.0.0 20150102 (experimental) (GCC)
=== objc tests ===
Running target unix/-m32
=== objc Summary for unix/-m32 ===
# of expected passes 3010
# of unsupported tests 74
Running target unix/-m64
=== objc Summary for unix/-m64 ===
# of expected passes 3010
# of unsupported tests 74
=== objc Summary ===
# of expected passes 6020
# of unsupported tests 148
/daten/gcc/gcc-20150102/Build/gcc/xgcc version 5.0.0 20150102 (experimental) (GCC)
=== boehm-gc tests ===
Running target unix/-m32
=== boehm-gc Summary for unix/-m32 ===
# of expected passes 12
# of unsupported tests 1
Running target unix/-m64
=== boehm-gc Summary for unix/-m64 ===
# of expected passes 12
# of unsupported tests 1
=== boehm-gc Summary ===
# of expected passes 24
# of unsupported tests 2
=== libatomic tests ===
Running target unix/-m32
=== libatomic Summary for unix/-m32 ===
# of expected passes 44
# of unsupported tests 5
Running target unix/-m64
=== libatomic Summary for unix/-m64 ===
# of expected passes 54
=== libatomic Summary ===
# of expected passes 98
# of unsupported tests 5
=== libffi tests ===
Running target unix/-m32
=== libffi Summary for unix/-m32 ===
# of expected passes 1819
# of unsupported tests 55
Running target unix/-m64
=== libffi Summary for unix/-m64 ===
# of expected passes 1819
# of unsupported tests 55
=== libffi Summary ===
# of expected passes 3638
# of unsupported tests 110
=== libgo tests ===
Running target unix
FAIL: math
FAIL: sync
=== libgo Summary for unix ===
# of expected passes 121
# of unexpected failures 2
Running target unix/-m32
FAIL: math
FAIL: runtime
FAIL: sync/atomic
=== libgo Summary for unix/-m32 ===
# of expected passes 120
# of unexpected failures 3
=== libgo Summary ===
# of expected passes 241
# of unexpected failures 5
/daten/gcc/gcc-20150102/Build/./gcc/gccgo version 5.0.0 20150102 (experimental) (GCC)
=== libgomp tests ===
Running target unix/-m32
=== libgomp Summary for unix/-m32 ===
# of expected passes 3695
# of unsupported tests 109
Running target unix/-m64
=== libgomp Summary for unix/-m64 ===
# of expected passes 3695
# of unsupported tests 109
=== libgomp Summary ===
# of expected passes 7390
# of unsupported tests 218
=== libitm tests ===
Running target unix/-m32
=== libitm Summary for unix/-m32 ===
# of expected passes 26
# of expected failures 3
# of unsupported tests 1
Running target unix/-m64
=== libitm Summary for unix/-m64 ===
# of expected passes 26
# of expected failures 3
# of unsupported tests 1
=== libitm Summary ===
# of expected passes 52
# of expected failures 6
# of unsupported tests 2
=== libjava tests ===
Running target unix/-m32
=== libjava Summary for unix/-m32 ===
# of expected passes 2582
# of expected failures 4
Running target unix/-m64
FAIL: getlocalvartable output
=== libjava Summary for unix/-m64 ===
# of expected passes 2581
# of unexpected failures 1
# of expected failures 4
=== libjava Summary ===
# of expected passes 5163
# of unexpected failures 1
# of expected failures 8
=== libstdc++ tests ===
Running target unix/-m32
FAIL: 28_regex/algorithms/regex_match/ecma/char/backref.cc execution test
=== libstdc++ Summary for unix/-m32 ===
# of expected passes 10488
# of unexpected failures 1
# of expected failures 68
# of unsupported tests 238
Running target unix/-m64
XPASS: 26_numerics/headers/cmath/c_math.cc execution test
FAIL: 28_regex/algorithms/regex_match/ecma/char/backref.cc execution test
FAIL: libstdc++-prettyprinters/libfundts.cc print ab
FAIL: libstdc++-prettyprinters/libfundts.cc print ai
FAIL: libstdc++-prettyprinters/libfundts.cc print am
FAIL: libstdc++-prettyprinters/libfundts.cc print ap
FAIL: libstdc++-prettyprinters/libfundts.cc print as
FAIL: libstdc++-prettyprinters/libfundts.cc print as2
=== libstdc++ Summary for unix/-m64 ===
# of expected passes 4621
# of unexpected failures 7
# of unexpected successes 1
# of expected failures 61
# of unsupported tests 238
=== libstdc++ Summary ===
# of expected passes 15109
# of unexpected failures 8
# of unexpected successes 1
# of expected failures 129
# of unsupported tests 476
Compiler version: 5.0.0 20150102 (experimental) (GCC)
Platform: powerpc64-unknown-linux-gnu
configure flags: --prefix=/usr --build=powerpc64-linux --enable-checking=release --enable-shared --with-system-zlib CFLAGS='-O2 -g' CXXFLAGS='-O2 -g' --with-cpu-64=power4 --enable-secureplt --with-long-double-128