This is the mail archive of the
gcc-testresults@gcc.gnu.org
mailing list for the GCC project.
Results for 5.0.0 20141228 (experimental) testsuite on armv5tel-unknown-linux-gnueabi
- From: Mikael Pettersson <mikpelinux at gmail dot com>
- To: gcc-testresults at gcc dot gnu dot org
- Date: Wed, 31 Dec 2014 22:25:27 +0100
- Subject: Results for 5.0.0 20141228 (experimental) testsuite on armv5tel-unknown-linux-gnueabi
- Authentication-results: sourceware.org; auth=none
LAST_UPDATED: Obtained from SVN: trunk revision 219092
Native configuration is armv5tel-unknown-linux-gnueabi
=== libatomic tests ===
Running target unix
WARNING: program timed out.
FAIL: libatomic.c/atomic-op-1.c execution test
=== libatomic Summary ===
# of expected passes 43
# of unexpected failures 1
# of unsupported tests 5
=== libgomp tests ===
Running target unix
WARNING: program timed out.
FAIL: libgomp.fortran/strassen.f90 -O execution test
=== libgomp Summary ===
# of expected passes 3645
# of unexpected failures 1
# of unsupported tests 109
=== libitm tests ===
Running target unix
=== libitm Summary ===
# of expected passes 26
# of expected failures 3
# of unsupported tests 1
=== libstdc++ tests ===
Running target unix
FAIL: 18_support/exception_ptr/64241.cc (test for excess errors)
UNRESOLVED: 18_support/exception_ptr/64241.cc compilation failed to produce executable
=== libstdc++ Summary ===
# of expected passes 9814
# of unexpected failures 1
# of expected failures 68
# of unresolved testcases 1
# of unsupported tests 360
=== acats tests ===
=== acats Summary ===
# of expected passes 2320
# of unexpected failures 0
=== g++ tests ===
Running target unix
FAIL: g++.dg/abi/mangle-arm-crypto.C -std=c++98 (test for excess errors)
UNRESOLVED: g++.dg/abi/mangle-arm-crypto.C -std=c++98 scan-assembler _Z2f0y:
UNRESOLVED: g++.dg/abi/mangle-arm-crypto.C -std=c++98 scan-assembler _Z2f1o:
UNRESOLVED: g++.dg/abi/mangle-arm-crypto.C -std=c++98 scan-assembler _Z2f2Dv2_y:
FAIL: g++.dg/abi/mangle-arm-crypto.C -std=c++11 (test for excess errors)
UNRESOLVED: g++.dg/abi/mangle-arm-crypto.C -std=c++11 scan-assembler _Z2f0y:
UNRESOLVED: g++.dg/abi/mangle-arm-crypto.C -std=c++11 scan-assembler _Z2f1o:
UNRESOLVED: g++.dg/abi/mangle-arm-crypto.C -std=c++11 scan-assembler _Z2f2Dv2_y:
FAIL: g++.dg/abi/mangle-arm-crypto.C -std=c++14 (test for excess errors)
UNRESOLVED: g++.dg/abi/mangle-arm-crypto.C -std=c++14 scan-assembler _Z2f0y:
UNRESOLVED: g++.dg/abi/mangle-arm-crypto.C -std=c++14 scan-assembler _Z2f1o:
UNRESOLVED: g++.dg/abi/mangle-arm-crypto.C -std=c++14 scan-assembler _Z2f2Dv2_y:
FAIL: g++.dg/ipa/devirt-28a.C -std=gnu++98 (test for excess errors)
FAIL: g++.dg/ipa/devirt-28a.C -std=gnu++11 (test for excess errors)
FAIL: g++.dg/ipa/devirt-28a.C -std=gnu++14 (test for excess errors)
FAIL: g++.dg/guality/pr55665.C -O2 line 23 p == 40
FAIL: g++.dg/guality/pr55665.C -O3 -fomit-frame-pointer line 23 p == 40
FAIL: g++.dg/guality/pr55665.C -O3 -g line 23 p == 40
XPASS: g++.dg/tls/thread_local-order2.C -std=c++11 execution test
XPASS: g++.dg/tls/thread_local-order2.C -std=c++14 execution test
=== g++ Summary ===
# of expected passes 78401
# of unexpected failures 9
# of unexpected successes 2
# of expected failures 244
# of unresolved testcases 9
# of unsupported tests 3382
/mnt/scratch/objdir50/gcc/testsuite/g++/../../xg++ version 5.0.0 20141228 (experimental) (GCC)
=== gcc tests ===
Running target unix
XPASS: gcc.dg/guality/example.c -O0 execution test
XPASS: gcc.dg/guality/example.c -O1 execution test
XPASS: gcc.dg/guality/example.c -O2 execution test
XPASS: gcc.dg/guality/example.c -Os execution test
XPASS: gcc.dg/guality/guality.c -O0 execution test
XPASS: gcc.dg/guality/guality.c -O1 execution test
XPASS: gcc.dg/guality/guality.c -O2 execution test
XPASS: gcc.dg/guality/guality.c -O3 -fomit-frame-pointer execution test
XPASS: gcc.dg/guality/guality.c -O3 -g execution test
XPASS: gcc.dg/guality/guality.c -Os execution test
XPASS: gcc.dg/guality/inline-params.c -O2 execution test
XPASS: gcc.dg/guality/inline-params.c -O3 -fomit-frame-pointer execution test
XPASS: gcc.dg/guality/inline-params.c -O3 -g execution test
XPASS: gcc.dg/guality/inline-params.c -Os execution test
FAIL: gcc.dg/guality/pr36728-1.c -O1 line 16 arg2 == 2
FAIL: gcc.dg/guality/pr36728-1.c -O1 line 16 arg3 == 3
FAIL: gcc.dg/guality/pr36728-1.c -O1 line 16 arg4 == 4
FAIL: gcc.dg/guality/pr36728-1.c -O1 line 18 arg1 == 1
FAIL: gcc.dg/guality/pr36728-1.c -O1 line 18 arg2 == 2
FAIL: gcc.dg/guality/pr36728-1.c -O1 line 18 arg3 == 3
FAIL: gcc.dg/guality/pr36728-1.c -O1 line 18 arg4 == 4
FAIL: gcc.dg/guality/pr36728-1.c -O2 line 16 arg1 == 1
FAIL: gcc.dg/guality/pr36728-1.c -O2 line 16 arg2 == 2
FAIL: gcc.dg/guality/pr36728-1.c -O2 line 16 arg3 == 3
FAIL: gcc.dg/guality/pr36728-1.c -O2 line 16 arg4 == 4
FAIL: gcc.dg/guality/pr36728-1.c -O2 line 18 arg1 == 1
FAIL: gcc.dg/guality/pr36728-1.c -O2 line 18 arg2 == 2
FAIL: gcc.dg/guality/pr36728-1.c -O2 line 18 arg3 == 3
FAIL: gcc.dg/guality/pr36728-1.c -O2 line 18 arg4 == 4
FAIL: gcc.dg/guality/pr36728-1.c -O3 -fomit-frame-pointer line 16 arg1 == 1
FAIL: gcc.dg/guality/pr36728-1.c -O3 -fomit-frame-pointer line 16 arg2 == 2
FAIL: gcc.dg/guality/pr36728-1.c -O3 -fomit-frame-pointer line 16 arg3 == 3
FAIL: gcc.dg/guality/pr36728-1.c -O3 -fomit-frame-pointer line 16 arg4 == 4
FAIL: gcc.dg/guality/pr36728-1.c -O3 -fomit-frame-pointer line 18 arg1 == 1
FAIL: gcc.dg/guality/pr36728-1.c -O3 -fomit-frame-pointer line 18 arg2 == 2
FAIL: gcc.dg/guality/pr36728-1.c -O3 -fomit-frame-pointer line 18 arg3 == 3
FAIL: gcc.dg/guality/pr36728-1.c -O3 -fomit-frame-pointer line 18 arg4 == 4
FAIL: gcc.dg/guality/pr36728-1.c -O3 -g line 16 arg1 == 1
FAIL: gcc.dg/guality/pr36728-1.c -O3 -g line 16 arg2 == 2
FAIL: gcc.dg/guality/pr36728-1.c -O3 -g line 16 arg3 == 3
FAIL: gcc.dg/guality/pr36728-1.c -O3 -g line 16 arg4 == 4
FAIL: gcc.dg/guality/pr36728-1.c -O3 -g line 18 arg1 == 1
FAIL: gcc.dg/guality/pr36728-1.c -O3 -g line 18 arg2 == 2
FAIL: gcc.dg/guality/pr36728-1.c -O3 -g line 18 arg3 == 3
FAIL: gcc.dg/guality/pr36728-1.c -O3 -g line 18 arg4 == 4
FAIL: gcc.dg/guality/pr36728-1.c -Os line 16 arg1 == 1
FAIL: gcc.dg/guality/pr36728-1.c -Os line 16 arg2 == 2
FAIL: gcc.dg/guality/pr36728-1.c -Os line 16 arg3 == 3
FAIL: gcc.dg/guality/pr36728-1.c -Os line 16 arg4 == 4
FAIL: gcc.dg/guality/pr36728-1.c -Os line 18 arg1 == 1
FAIL: gcc.dg/guality/pr36728-1.c -Os line 18 arg2 == 2
FAIL: gcc.dg/guality/pr36728-1.c -Os line 18 arg3 == 3
FAIL: gcc.dg/guality/pr36728-1.c -Os line 18 arg4 == 4
FAIL: gcc.dg/guality/pr36728-2.c -O1 line 16 arg3 == 3
FAIL: gcc.dg/guality/pr36728-2.c -O1 line 16 arg4 == 4
FAIL: gcc.dg/guality/pr36728-2.c -O1 line 18 arg2 == 2
FAIL: gcc.dg/guality/pr36728-2.c -O1 line 18 arg3 == 3
FAIL: gcc.dg/guality/pr36728-2.c -O1 line 18 arg4 == 4
FAIL: gcc.dg/guality/pr36728-2.c -O2 line 16 arg2 == 2
FAIL: gcc.dg/guality/pr36728-2.c -O2 line 16 arg3 == 3
FAIL: gcc.dg/guality/pr36728-2.c -O2 line 16 arg4 == 4
FAIL: gcc.dg/guality/pr36728-2.c -O2 line 18 arg2 == 2
FAIL: gcc.dg/guality/pr36728-2.c -O2 line 18 arg3 == 3
FAIL: gcc.dg/guality/pr36728-2.c -O2 line 18 arg4 == 4
FAIL: gcc.dg/guality/pr36728-2.c -O3 -fomit-frame-pointer line 16 arg2 == 2
FAIL: gcc.dg/guality/pr36728-2.c -O3 -fomit-frame-pointer line 16 arg3 == 3
FAIL: gcc.dg/guality/pr36728-2.c -O3 -fomit-frame-pointer line 16 arg4 == 4
FAIL: gcc.dg/guality/pr36728-2.c -O3 -fomit-frame-pointer line 18 arg2 == 2
FAIL: gcc.dg/guality/pr36728-2.c -O3 -fomit-frame-pointer line 18 arg3 == 3
FAIL: gcc.dg/guality/pr36728-2.c -O3 -fomit-frame-pointer line 18 arg4 == 4
FAIL: gcc.dg/guality/pr36728-2.c -O3 -g line 16 arg2 == 2
FAIL: gcc.dg/guality/pr36728-2.c -O3 -g line 16 arg3 == 3
FAIL: gcc.dg/guality/pr36728-2.c -O3 -g line 16 arg4 == 4
FAIL: gcc.dg/guality/pr36728-2.c -O3 -g line 18 arg2 == 2
FAIL: gcc.dg/guality/pr36728-2.c -O3 -g line 18 arg3 == 3
FAIL: gcc.dg/guality/pr36728-2.c -O3 -g line 18 arg4 == 4
FAIL: gcc.dg/guality/pr36728-2.c -Os line 16 arg2 == 2
FAIL: gcc.dg/guality/pr36728-2.c -Os line 16 arg3 == 3
FAIL: gcc.dg/guality/pr36728-2.c -Os line 16 arg4 == 4
FAIL: gcc.dg/guality/pr36728-2.c -Os line 18 arg2 == 2
FAIL: gcc.dg/guality/pr36728-2.c -Os line 18 arg3 == 3
FAIL: gcc.dg/guality/pr36728-2.c -Os line 18 arg4 == 4
FAIL: gcc.dg/guality/pr36728-3.c -O1 line 14 arg2 == 2
FAIL: gcc.dg/guality/pr36728-3.c -O1 line 14 arg3 == 3
FAIL: gcc.dg/guality/pr36728-3.c -O1 line 14 arg4 == 4
FAIL: gcc.dg/guality/pr36728-3.c -O1 line 16 arg2 == 2
FAIL: gcc.dg/guality/pr36728-3.c -O1 line 16 arg3 == 3
FAIL: gcc.dg/guality/pr36728-3.c -O1 line 16 arg4 == 4
FAIL: gcc.dg/guality/pr36728-3.c -O2 line 14 arg1 == 1
FAIL: gcc.dg/guality/pr36728-3.c -O2 line 14 arg2 == 2
FAIL: gcc.dg/guality/pr36728-3.c -O2 line 14 arg3 == 3
FAIL: gcc.dg/guality/pr36728-3.c -O2 line 14 arg4 == 4
FAIL: gcc.dg/guality/pr36728-3.c -O2 line 16 arg1 == 1
FAIL: gcc.dg/guality/pr36728-3.c -O2 line 16 arg2 == 2
FAIL: gcc.dg/guality/pr36728-3.c -O2 line 16 arg3 == 3
FAIL: gcc.dg/guality/pr36728-3.c -O2 line 16 arg4 == 4
FAIL: gcc.dg/guality/pr36728-3.c -O3 -fomit-frame-pointer line 14 arg1 == 1
FAIL: gcc.dg/guality/pr36728-3.c -O3 -fomit-frame-pointer line 14 arg2 == 2
FAIL: gcc.dg/guality/pr36728-3.c -O3 -fomit-frame-pointer line 14 arg3 == 3
FAIL: gcc.dg/guality/pr36728-3.c -O3 -fomit-frame-pointer line 14 arg4 == 4
FAIL: gcc.dg/guality/pr36728-3.c -O3 -fomit-frame-pointer line 16 arg1 == 1
FAIL: gcc.dg/guality/pr36728-3.c -O3 -fomit-frame-pointer line 16 arg2 == 2
FAIL: gcc.dg/guality/pr36728-3.c -O3 -fomit-frame-pointer line 16 arg3 == 3
FAIL: gcc.dg/guality/pr36728-3.c -O3 -fomit-frame-pointer line 16 arg4 == 4
FAIL: gcc.dg/guality/pr36728-3.c -O3 -g line 14 arg1 == 1
FAIL: gcc.dg/guality/pr36728-3.c -O3 -g line 14 arg2 == 2
FAIL: gcc.dg/guality/pr36728-3.c -O3 -g line 14 arg3 == 3
FAIL: gcc.dg/guality/pr36728-3.c -O3 -g line 14 arg4 == 4
FAIL: gcc.dg/guality/pr36728-3.c -O3 -g line 16 arg1 == 1
FAIL: gcc.dg/guality/pr36728-3.c -O3 -g line 16 arg2 == 2
FAIL: gcc.dg/guality/pr36728-3.c -O3 -g line 16 arg3 == 3
FAIL: gcc.dg/guality/pr36728-3.c -O3 -g line 16 arg4 == 4
FAIL: gcc.dg/guality/pr36728-3.c -Os line 14 arg2 == 2
FAIL: gcc.dg/guality/pr36728-3.c -Os line 14 arg4 == 4
FAIL: gcc.dg/guality/pr36728-3.c -Os line 16 arg2 == 2
FAIL: gcc.dg/guality/pr36728-3.c -Os line 16 arg3 == 3
FAIL: gcc.dg/guality/pr36728-3.c -Os line 16 arg4 == 4
FAIL: gcc.dg/guality/pr36728-4.c -O1 line 14 arg3 == 3
FAIL: gcc.dg/guality/pr36728-4.c -O1 line 14 arg4 == 4
FAIL: gcc.dg/guality/pr36728-4.c -O1 line 16 arg3 == 3
FAIL: gcc.dg/guality/pr36728-4.c -O1 line 16 arg4 == 4
FAIL: gcc.dg/guality/pr36728-4.c -O2 line 14 arg2 == 2
FAIL: gcc.dg/guality/pr36728-4.c -O2 line 14 arg3 == 3
FAIL: gcc.dg/guality/pr36728-4.c -O2 line 14 arg4 == 4
FAIL: gcc.dg/guality/pr36728-4.c -O2 line 16 arg2 == 2
FAIL: gcc.dg/guality/pr36728-4.c -O2 line 16 arg3 == 3
FAIL: gcc.dg/guality/pr36728-4.c -O2 line 16 arg4 == 4
FAIL: gcc.dg/guality/pr36728-4.c -O3 -fomit-frame-pointer line 14 arg2 == 2
FAIL: gcc.dg/guality/pr36728-4.c -O3 -fomit-frame-pointer line 14 arg3 == 3
FAIL: gcc.dg/guality/pr36728-4.c -O3 -fomit-frame-pointer line 14 arg4 == 4
FAIL: gcc.dg/guality/pr36728-4.c -O3 -fomit-frame-pointer line 16 arg2 == 2
FAIL: gcc.dg/guality/pr36728-4.c -O3 -fomit-frame-pointer line 16 arg3 == 3
FAIL: gcc.dg/guality/pr36728-4.c -O3 -fomit-frame-pointer line 16 arg4 == 4
FAIL: gcc.dg/guality/pr36728-4.c -O3 -g line 14 arg2 == 2
FAIL: gcc.dg/guality/pr36728-4.c -O3 -g line 14 arg3 == 3
FAIL: gcc.dg/guality/pr36728-4.c -O3 -g line 14 arg4 == 4
FAIL: gcc.dg/guality/pr36728-4.c -O3 -g line 16 arg2 == 2
FAIL: gcc.dg/guality/pr36728-4.c -O3 -g line 16 arg3 == 3
FAIL: gcc.dg/guality/pr36728-4.c -O3 -g line 16 arg4 == 4
FAIL: gcc.dg/guality/pr36728-4.c -Os line 14 arg3 == 3
FAIL: gcc.dg/guality/pr36728-4.c -Os line 14 arg4 == 4
FAIL: gcc.dg/guality/pr36728-4.c -Os line 16 arg3 == 3
FAIL: gcc.dg/guality/pr36728-4.c -Os line 16 arg4 == 4
XPASS: gcc.dg/guality/pr41353-1.c -O0 line 28 j == 28 + 37
XPASS: gcc.dg/guality/pr41447-1.c -O0 execution test
XPASS: gcc.dg/guality/pr41447-1.c -O1 execution test
XPASS: gcc.dg/guality/pr41447-1.c -O2 execution test
XPASS: gcc.dg/guality/pr41447-1.c -O3 -fomit-frame-pointer execution test
XPASS: gcc.dg/guality/pr41447-1.c -O3 -g execution test
XPASS: gcc.dg/guality/pr41447-1.c -Os execution test
XPASS: gcc.dg/guality/pr41616-1.c -O0 execution test
XPASS: gcc.dg/guality/pr41616-1.c -O1 execution test
XPASS: gcc.dg/guality/pr41616-1.c -O2 execution test
XPASS: gcc.dg/guality/pr41616-1.c -O3 -fomit-frame-pointer execution test
XPASS: gcc.dg/guality/pr41616-1.c -O3 -g execution test
XPASS: gcc.dg/guality/pr41616-1.c -Os execution test
FAIL: gcc.dg/guality/pr43051-1.c -O1 line 34 c == &a[0]
FAIL: gcc.dg/guality/pr43051-1.c -O2 line 34 c == &a[0]
FAIL: gcc.dg/guality/pr43051-1.c -O3 -fomit-frame-pointer -funroll-loops line 34 c == &a[0]
FAIL: gcc.dg/guality/pr43051-1.c -O3 -fomit-frame-pointer -funroll-all-loops -finline-functions line 34 c == &a[0]
FAIL: gcc.dg/guality/pr43077-1.c -O1 line 42 varb == 2
FAIL: gcc.dg/guality/pr43077-1.c -O2 line 42 varc == 3
FAIL: gcc.dg/guality/pr43077-1.c -O3 -fomit-frame-pointer line 42 varc == 3
FAIL: gcc.dg/guality/pr43077-1.c -O3 -g line 42 varc == 3
FAIL: gcc.dg/guality/pr43077-1.c -Os line 42 varc == 3
FAIL: gcc.dg/guality/pr43177.c -O2 line 15 l == 10
FAIL: gcc.dg/guality/pr43177.c -O2 line 15 x == 7
FAIL: gcc.dg/guality/pr43177.c -O2 line 24 l == 10
FAIL: gcc.dg/guality/pr43177.c -O2 line 24 x == 7
FAIL: gcc.dg/guality/pr43177.c -O3 -fomit-frame-pointer line 15 l == 10
FAIL: gcc.dg/guality/pr43177.c -O3 -fomit-frame-pointer line 15 x == 7
FAIL: gcc.dg/guality/pr43177.c -O3 -fomit-frame-pointer line 24 l == 10
FAIL: gcc.dg/guality/pr43177.c -O3 -fomit-frame-pointer line 24 x == 7
FAIL: gcc.dg/guality/pr43177.c -O3 -g line 15 l == 10
FAIL: gcc.dg/guality/pr43177.c -O3 -g line 15 x == 7
FAIL: gcc.dg/guality/pr43177.c -O3 -g line 24 l == 10
FAIL: gcc.dg/guality/pr43177.c -O3 -g line 24 x == 7
FAIL: gcc.dg/guality/pr43177.c -Os line 15 l == 10
FAIL: gcc.dg/guality/pr43177.c -Os line 15 x == 7
FAIL: gcc.dg/guality/pr43177.c -Os line 24 l == 10
FAIL: gcc.dg/guality/pr43177.c -Os line 24 x == 7
FAIL: gcc.dg/guality/pr43479.c -O1 line 13 h == 9
FAIL: gcc.dg/guality/pr43479.c -O1 line 18 h == 9
FAIL: gcc.dg/guality/pr43479.c -O2 line 13 h == 9
FAIL: gcc.dg/guality/pr43479.c -O2 line 18 h == 9
FAIL: gcc.dg/guality/pr43479.c -O3 -fomit-frame-pointer line 13 h == 9
FAIL: gcc.dg/guality/pr43479.c -O3 -fomit-frame-pointer line 18 h == 9
FAIL: gcc.dg/guality/pr43479.c -O3 -g line 13 h == 9
FAIL: gcc.dg/guality/pr43479.c -O3 -g line 18 h == 9
FAIL: gcc.dg/guality/pr43479.c -Os line 13 h == 9
FAIL: gcc.dg/guality/pr43479.c -Os line 18 h == 9
FAIL: gcc.dg/guality/pr43593.c -O1 line 16 j == &i
FAIL: gcc.dg/guality/pr43593.c -O2 line 16 j == &i
FAIL: gcc.dg/guality/pr43593.c -O3 -fomit-frame-pointer line 16 j == &i
FAIL: gcc.dg/guality/pr43593.c -O3 -g line 16 j == &i
FAIL: gcc.dg/guality/pr43593.c -Os line 16 j == &i
FAIL: gcc.dg/guality/pr54200.c -O1 line 20 z == 3
FAIL: gcc.dg/guality/pr54200.c -O2 line 20 z == 3
FAIL: gcc.dg/guality/pr54200.c -O3 -fomit-frame-pointer line 20 z == 3
FAIL: gcc.dg/guality/pr54200.c -O3 -g line 20 z == 3
FAIL: gcc.dg/guality/pr54200.c -Os line 20 z == 3
FAIL: gcc.dg/guality/pr54519-5.c -O2 line 17 x == 6
FAIL: gcc.dg/guality/pr54693-2.c -O3 -fomit-frame-pointer -funroll-all-loops -finline-functions line 21 i == v + 1
FAIL: gcc.dg/guality/pr54693.c -O1 line 22 i == c - 48
FAIL: gcc.dg/guality/pr54693.c -O2 line 22 i == c - 48
FAIL: gcc.dg/guality/pr54693.c -O3 -fomit-frame-pointer line 22 i == c - 48
FAIL: gcc.dg/guality/pr54693.c -O3 -fomit-frame-pointer -funroll-loops line 22 i == c - 48
FAIL: gcc.dg/guality/pr54693.c -O3 -fomit-frame-pointer -funroll-all-loops -finline-functions line 22 i == c - 48
FAIL: gcc.dg/guality/pr54693.c -O3 -g line 22 i == c - 48
FAIL: gcc.dg/guality/pr58791-3.c -O1 line pr58791-3.c:19 h == 9
FAIL: gcc.dg/guality/pr58791-3.c -O1 line pr58791-3.c:19 i == 15
FAIL: gcc.dg/guality/pr58791-3.c -O1 line pr58791-3.c:19 l == 10
FAIL: gcc.dg/guality/pr58791-3.c -O1 line pr58791-3.c:19 m == 16
FAIL: gcc.dg/guality/pr58791-3.c -Os line pr58791-3.c:19 h == 9
FAIL: gcc.dg/guality/pr58791-3.c -Os line pr58791-3.c:19 i == 15
FAIL: gcc.dg/guality/pr58791-3.c -Os line pr58791-3.c:19 l == 10
FAIL: gcc.dg/guality/pr58791-3.c -Os line pr58791-3.c:19 m == 16
FAIL: gcc.dg/guality/pr58791-5.c -O1 line pr58791-5.c:20 b4 == 4681
FAIL: gcc.dg/guality/pr58791-5.c -O2 line pr58791-5.c:20 b4 == 4681
FAIL: gcc.dg/guality/pr58791-5.c -O3 -fomit-frame-pointer line pr58791-5.c:20 b4 == 4681
FAIL: gcc.dg/guality/pr58791-5.c -O3 -g line pr58791-5.c:20 b4 == 4681
FAIL: gcc.dg/guality/pr58791-5.c -Os line pr58791-5.c:20 b4 == 4681
FAIL: gcc.dg/guality/sra-1.c -O1 line 43 a.i == 4
FAIL: gcc.dg/guality/sra-1.c -O2 line 43 a.i == 4
FAIL: gcc.dg/guality/sra-1.c -O2 line 43 a.j == 14
FAIL: gcc.dg/guality/sra-1.c -O3 -fomit-frame-pointer line 43 a.i == 4
FAIL: gcc.dg/guality/sra-1.c -O3 -fomit-frame-pointer line 43 a.j == 14
FAIL: gcc.dg/guality/sra-1.c -O3 -g line 43 a.i == 4
FAIL: gcc.dg/guality/sra-1.c -O3 -g line 43 a.j == 14
FAIL: gcc.dg/guality/sra-1.c -Os line 43 a.i == 4
FAIL: gcc.dg/guality/sra-1.c -Os line 43 a.j == 14
FAIL: gcc.dg/guality/vla-2.c -O2 line 25 sizeof (a) == 6 * sizeof (int)
FAIL: gcc.dg/guality/vla-2.c -O3 -fomit-frame-pointer line 25 sizeof (a) == 6 * sizeof (int)
FAIL: gcc.dg/guality/vla-2.c -O3 -g line 25 sizeof (a) == 6 * sizeof (int)
FAIL: gcc.dg/guality/vla-2.c -Os line 25 sizeof (a) == 6 * sizeof (int)
FAIL: gcc.dg/tree-prof/crossmodule-indircall-1a.c compilation, -fprofile-generate -D_PROFILE_GENERATE
UNRESOLVED: gcc.dg/tree-prof/crossmodule-indircall-1a.c execution, -fprofile-generate -D_PROFILE_GENERATE
UNRESOLVED: gcc.dg/tree-prof/crossmodule-indircall-1a.c compilation, -fprofile-use -D_PROFILE_USE
UNRESOLVED: gcc.dg/tree-prof/crossmodule-indircall-1a.c execution, -fprofile-use -D_PROFILE_USE
FAIL: gcc.dg/tree-ssa/sra-12.c scan-tree-dump-times release_ssa "l;" 0
FAIL: gcc.dg/tree-ssa/ssa-dom-cse-2.c scan-tree-dump optimized "return 28;"
XPASS: gcc.dg/vect/pr33804.c scan-tree-dump-times vect "vectorized 1 loops" 1
XPASS: gcc.dg/vect/pr33804.c scan-tree-dump-times vect "vectorizing stmts using SLP" 1
XPASS: gcc.dg/vect/pr33953.c scan-tree-dump-times vect "vectorized 1 loops" 1
XPASS: gcc.dg/vect/pr33953.c scan-tree-dump-times vect "vectorizing stmts using SLP" 1
XPASS: gcc.dg/vect/pr58508.c scan-tree-dump-times vect "hoist" 3
FAIL: gcc.dg/vect/vect-33.c scan-tree-dump vect "Alignment of access forced using peeling"
XPASS: gcc.dg/vect/vect-cselim-1.c scan-tree-dump-times vect "vectorized 1 loops" 1
FAIL: gcc.dg/vect/vect-outer-3a-big-array.c scan-tree-dump-times vect "step doesn't divide the vector-size" 1
FAIL: gcc.dg/vect/vect-outer-3a.c scan-tree-dump-times vect "step doesn't divide the vector-size" 1
XPASS: gcc.dg/vect/vect-outer-5.c scan-tree-dump vect "zero step in outer loop."
XPASS: gcc.dg/vect/slp-24-big-array.c scan-tree-dump-times vect "vectorized 1 loops" 1
XPASS: gcc.dg/vect/slp-24-big-array.c scan-tree-dump-times vect "vectorizing stmts using SLP" 2
XPASS: gcc.dg/vect/slp-24.c scan-tree-dump-times vect "vectorized 1 loops" 1
XPASS: gcc.dg/vect/slp-24.c scan-tree-dump-times vect "vectorizing stmts using SLP" 2
FAIL: gcc.dg/vect/bb-slp-26.c scan-tree-dump-times slp1 "basic block vectorized" 1
FAIL: gcc.dg/vect/no-vfa-vect-depend-1.c scan-tree-dump-times vect "dependence distance negative" 1
FAIL: gcc.dg/vect/no-vfa-vect-depend-2.c scan-tree-dump-times vect "dependence distance negative" 1
FAIL: gcc.dg/vect/no-vfa-vect-depend-3.c scan-tree-dump-times vect "dependence distance negative" 4
XPASS: gcc.dg/vect/if-cvt-stores-vect-ifcvt-18.c scan-tree-dump-times vect "vectorized 1 loops" 1
FAIL: gcc.target/aarch64/advsimd-intrinsics/vaba.c execution, -O0
FAIL: gcc.target/aarch64/advsimd-intrinsics/vaba.c execution, -O1
FAIL: gcc.target/aarch64/advsimd-intrinsics/vaba.c execution, -O2
FAIL: gcc.target/aarch64/advsimd-intrinsics/vaba.c execution, -O3 -fomit-frame-pointer
FAIL: gcc.target/aarch64/advsimd-intrinsics/vaba.c execution, -O3 -g
FAIL: gcc.target/aarch64/advsimd-intrinsics/vaba.c execution, -Os
FAIL: gcc.target/aarch64/advsimd-intrinsics/vaba.c execution, -Og -g
FAIL: gcc.target/aarch64/advsimd-intrinsics/vabal.c execution, -O0
FAIL: gcc.target/aarch64/advsimd-intrinsics/vabal.c execution, -O1
FAIL: gcc.target/aarch64/advsimd-intrinsics/vabal.c execution, -O2
FAIL: gcc.target/aarch64/advsimd-intrinsics/vabal.c execution, -O3 -fomit-frame-pointer
FAIL: gcc.target/aarch64/advsimd-intrinsics/vabal.c execution, -O3 -g
FAIL: gcc.target/aarch64/advsimd-intrinsics/vabal.c execution, -Os
FAIL: gcc.target/aarch64/advsimd-intrinsics/vabal.c execution, -Og -g
FAIL: gcc.target/aarch64/advsimd-intrinsics/vabd.c execution, -O0
FAIL: gcc.target/aarch64/advsimd-intrinsics/vabd.c execution, -O1
FAIL: gcc.target/aarch64/advsimd-intrinsics/vabd.c execution, -O2
FAIL: gcc.target/aarch64/advsimd-intrinsics/vabd.c execution, -O3 -fomit-frame-pointer
FAIL: gcc.target/aarch64/advsimd-intrinsics/vabd.c execution, -O3 -g
FAIL: gcc.target/aarch64/advsimd-intrinsics/vabd.c execution, -Os
FAIL: gcc.target/aarch64/advsimd-intrinsics/vabd.c execution, -Og -g
FAIL: gcc.target/aarch64/advsimd-intrinsics/vabdl.c execution, -O0
FAIL: gcc.target/aarch64/advsimd-intrinsics/vabdl.c execution, -O1
FAIL: gcc.target/aarch64/advsimd-intrinsics/vabdl.c execution, -O2
FAIL: gcc.target/aarch64/advsimd-intrinsics/vabdl.c execution, -O3 -fomit-frame-pointer
FAIL: gcc.target/aarch64/advsimd-intrinsics/vabdl.c execution, -O3 -g
FAIL: gcc.target/aarch64/advsimd-intrinsics/vabdl.c execution, -Os
FAIL: gcc.target/aarch64/advsimd-intrinsics/vabdl.c execution, -Og -g
FAIL: gcc.target/aarch64/advsimd-intrinsics/vabs.c execution, -O0
FAIL: gcc.target/aarch64/advsimd-intrinsics/vabs.c execution, -O1
FAIL: gcc.target/aarch64/advsimd-intrinsics/vabs.c execution, -O2
FAIL: gcc.target/aarch64/advsimd-intrinsics/vabs.c execution, -O3 -fomit-frame-pointer
FAIL: gcc.target/aarch64/advsimd-intrinsics/vabs.c execution, -O3 -g
FAIL: gcc.target/aarch64/advsimd-intrinsics/vabs.c execution, -Os
FAIL: gcc.target/aarch64/advsimd-intrinsics/vabs.c execution, -Og -g
FAIL: gcc.target/aarch64/advsimd-intrinsics/vadd.c execution, -O0
FAIL: gcc.target/aarch64/advsimd-intrinsics/vadd.c execution, -O1
FAIL: gcc.target/aarch64/advsimd-intrinsics/vadd.c execution, -O2
FAIL: gcc.target/aarch64/advsimd-intrinsics/vadd.c execution, -O3 -fomit-frame-pointer
FAIL: gcc.target/aarch64/advsimd-intrinsics/vadd.c execution, -O3 -g
FAIL: gcc.target/aarch64/advsimd-intrinsics/vadd.c execution, -Os
FAIL: gcc.target/aarch64/advsimd-intrinsics/vadd.c execution, -Og -g
FAIL: gcc.target/aarch64/advsimd-intrinsics/vaddhn.c execution, -O0
FAIL: gcc.target/aarch64/advsimd-intrinsics/vaddhn.c execution, -O1
FAIL: gcc.target/aarch64/advsimd-intrinsics/vaddhn.c execution, -O2
FAIL: gcc.target/aarch64/advsimd-intrinsics/vaddhn.c execution, -O3 -fomit-frame-pointer
FAIL: gcc.target/aarch64/advsimd-intrinsics/vaddhn.c execution, -O3 -g
FAIL: gcc.target/aarch64/advsimd-intrinsics/vaddhn.c execution, -Os
FAIL: gcc.target/aarch64/advsimd-intrinsics/vaddhn.c execution, -Og -g
FAIL: gcc.target/aarch64/advsimd-intrinsics/vaddl.c execution, -O0
FAIL: gcc.target/aarch64/advsimd-intrinsics/vaddl.c execution, -O1
FAIL: gcc.target/aarch64/advsimd-intrinsics/vaddl.c execution, -O2
FAIL: gcc.target/aarch64/advsimd-intrinsics/vaddl.c execution, -O3 -fomit-frame-pointer
FAIL: gcc.target/aarch64/advsimd-intrinsics/vaddl.c execution, -O3 -g
FAIL: gcc.target/aarch64/advsimd-intrinsics/vaddl.c execution, -Os
FAIL: gcc.target/aarch64/advsimd-intrinsics/vaddl.c execution, -Og -g
FAIL: gcc.target/aarch64/advsimd-intrinsics/vaddw.c execution, -O0
FAIL: gcc.target/aarch64/advsimd-intrinsics/vaddw.c execution, -O1
FAIL: gcc.target/aarch64/advsimd-intrinsics/vaddw.c execution, -O2
FAIL: gcc.target/aarch64/advsimd-intrinsics/vaddw.c execution, -O3 -fomit-frame-pointer
FAIL: gcc.target/aarch64/advsimd-intrinsics/vaddw.c execution, -O3 -g
FAIL: gcc.target/aarch64/advsimd-intrinsics/vaddw.c execution, -Os
FAIL: gcc.target/aarch64/advsimd-intrinsics/vaddw.c execution, -Og -g
FAIL: gcc.target/aarch64/advsimd-intrinsics/vand.c execution, -O0
FAIL: gcc.target/aarch64/advsimd-intrinsics/vand.c execution, -O1
FAIL: gcc.target/aarch64/advsimd-intrinsics/vand.c execution, -O2
FAIL: gcc.target/aarch64/advsimd-intrinsics/vand.c execution, -O3 -fomit-frame-pointer
FAIL: gcc.target/aarch64/advsimd-intrinsics/vand.c execution, -O3 -g
FAIL: gcc.target/aarch64/advsimd-intrinsics/vand.c execution, -Os
FAIL: gcc.target/aarch64/advsimd-intrinsics/vand.c execution, -Og -g
FAIL: gcc.target/aarch64/advsimd-intrinsics/vbic.c execution, -O0
FAIL: gcc.target/aarch64/advsimd-intrinsics/vbic.c execution, -O1
FAIL: gcc.target/aarch64/advsimd-intrinsics/vbic.c execution, -O2
FAIL: gcc.target/aarch64/advsimd-intrinsics/vbic.c execution, -O3 -fomit-frame-pointer
FAIL: gcc.target/aarch64/advsimd-intrinsics/vbic.c execution, -O3 -g
FAIL: gcc.target/aarch64/advsimd-intrinsics/vbic.c execution, -Os
FAIL: gcc.target/aarch64/advsimd-intrinsics/vbic.c execution, -Og -g
FAIL: gcc.target/aarch64/advsimd-intrinsics/vbsl.c execution, -O0
FAIL: gcc.target/aarch64/advsimd-intrinsics/vbsl.c execution, -O1
FAIL: gcc.target/aarch64/advsimd-intrinsics/vbsl.c execution, -O2
FAIL: gcc.target/aarch64/advsimd-intrinsics/vbsl.c execution, -O3 -fomit-frame-pointer
FAIL: gcc.target/aarch64/advsimd-intrinsics/vbsl.c execution, -O3 -g
FAIL: gcc.target/aarch64/advsimd-intrinsics/vbsl.c execution, -Os
FAIL: gcc.target/aarch64/advsimd-intrinsics/vbsl.c execution, -Og -g
FAIL: gcc.target/aarch64/advsimd-intrinsics/vcage.c execution, -O0
FAIL: gcc.target/aarch64/advsimd-intrinsics/vcage.c execution, -O1
FAIL: gcc.target/aarch64/advsimd-intrinsics/vcage.c execution, -O2
FAIL: gcc.target/aarch64/advsimd-intrinsics/vcage.c execution, -O3 -fomit-frame-pointer
FAIL: gcc.target/aarch64/advsimd-intrinsics/vcage.c execution, -O3 -g
FAIL: gcc.target/aarch64/advsimd-intrinsics/vcage.c execution, -Os
FAIL: gcc.target/aarch64/advsimd-intrinsics/vcage.c execution, -Og -g
FAIL: gcc.target/aarch64/advsimd-intrinsics/vcagt.c execution, -O0
FAIL: gcc.target/aarch64/advsimd-intrinsics/vcagt.c execution, -O1
FAIL: gcc.target/aarch64/advsimd-intrinsics/vcagt.c execution, -O2
FAIL: gcc.target/aarch64/advsimd-intrinsics/vcagt.c execution, -O3 -fomit-frame-pointer
FAIL: gcc.target/aarch64/advsimd-intrinsics/vcagt.c execution, -O3 -g
FAIL: gcc.target/aarch64/advsimd-intrinsics/vcagt.c execution, -Os
FAIL: gcc.target/aarch64/advsimd-intrinsics/vcagt.c execution, -Og -g
FAIL: gcc.target/aarch64/advsimd-intrinsics/vcale.c execution, -O0
FAIL: gcc.target/aarch64/advsimd-intrinsics/vcale.c execution, -O1
FAIL: gcc.target/aarch64/advsimd-intrinsics/vcale.c execution, -O2
FAIL: gcc.target/aarch64/advsimd-intrinsics/vcale.c execution, -O3 -fomit-frame-pointer
FAIL: gcc.target/aarch64/advsimd-intrinsics/vcale.c execution, -O3 -g
FAIL: gcc.target/aarch64/advsimd-intrinsics/vcale.c execution, -Os
FAIL: gcc.target/aarch64/advsimd-intrinsics/vcale.c execution, -Og -g
FAIL: gcc.target/aarch64/advsimd-intrinsics/vcalt.c execution, -O0
FAIL: gcc.target/aarch64/advsimd-intrinsics/vcalt.c execution, -O1
FAIL: gcc.target/aarch64/advsimd-intrinsics/vcalt.c execution, -O2
FAIL: gcc.target/aarch64/advsimd-intrinsics/vcalt.c execution, -O3 -fomit-frame-pointer
FAIL: gcc.target/aarch64/advsimd-intrinsics/vcalt.c execution, -O3 -g
FAIL: gcc.target/aarch64/advsimd-intrinsics/vcalt.c execution, -Os
FAIL: gcc.target/aarch64/advsimd-intrinsics/vcalt.c execution, -Og -g
FAIL: gcc.target/aarch64/advsimd-intrinsics/vceq.c execution, -O0
FAIL: gcc.target/aarch64/advsimd-intrinsics/vceq.c execution, -O1
FAIL: gcc.target/aarch64/advsimd-intrinsics/vceq.c execution, -O2
FAIL: gcc.target/aarch64/advsimd-intrinsics/vceq.c execution, -O3 -fomit-frame-pointer
FAIL: gcc.target/aarch64/advsimd-intrinsics/vceq.c execution, -O3 -g
FAIL: gcc.target/aarch64/advsimd-intrinsics/vceq.c execution, -Os
FAIL: gcc.target/aarch64/advsimd-intrinsics/vceq.c execution, -Og -g
FAIL: gcc.target/aarch64/advsimd-intrinsics/vcge.c execution, -O0
FAIL: gcc.target/aarch64/advsimd-intrinsics/vcge.c execution, -O1
FAIL: gcc.target/aarch64/advsimd-intrinsics/vcge.c execution, -O2
FAIL: gcc.target/aarch64/advsimd-intrinsics/vcge.c execution, -O3 -fomit-frame-pointer
FAIL: gcc.target/aarch64/advsimd-intrinsics/vcge.c execution, -O3 -g
FAIL: gcc.target/aarch64/advsimd-intrinsics/vcge.c execution, -Os
FAIL: gcc.target/aarch64/advsimd-intrinsics/vcge.c execution, -Og -g
FAIL: gcc.target/aarch64/advsimd-intrinsics/vcgt.c execution, -O0
FAIL: gcc.target/aarch64/advsimd-intrinsics/vcgt.c execution, -O1
FAIL: gcc.target/aarch64/advsimd-intrinsics/vcgt.c execution, -O2
FAIL: gcc.target/aarch64/advsimd-intrinsics/vcgt.c execution, -O3 -fomit-frame-pointer
FAIL: gcc.target/aarch64/advsimd-intrinsics/vcgt.c execution, -O3 -g
FAIL: gcc.target/aarch64/advsimd-intrinsics/vcgt.c execution, -Os
FAIL: gcc.target/aarch64/advsimd-intrinsics/vcgt.c execution, -Og -g
FAIL: gcc.target/aarch64/advsimd-intrinsics/vcle.c execution, -O0
FAIL: gcc.target/aarch64/advsimd-intrinsics/vcle.c execution, -O1
FAIL: gcc.target/aarch64/advsimd-intrinsics/vcle.c execution, -O2
FAIL: gcc.target/aarch64/advsimd-intrinsics/vcle.c execution, -O3 -fomit-frame-pointer
FAIL: gcc.target/aarch64/advsimd-intrinsics/vcle.c execution, -O3 -g
FAIL: gcc.target/aarch64/advsimd-intrinsics/vcle.c execution, -Os
FAIL: gcc.target/aarch64/advsimd-intrinsics/vcle.c execution, -Og -g
FAIL: gcc.target/aarch64/advsimd-intrinsics/vcls.c execution, -O0
FAIL: gcc.target/aarch64/advsimd-intrinsics/vcls.c execution, -O1
FAIL: gcc.target/aarch64/advsimd-intrinsics/vcls.c execution, -O2
FAIL: gcc.target/aarch64/advsimd-intrinsics/vcls.c execution, -O3 -fomit-frame-pointer
FAIL: gcc.target/aarch64/advsimd-intrinsics/vcls.c execution, -O3 -g
FAIL: gcc.target/aarch64/advsimd-intrinsics/vcls.c execution, -Os
FAIL: gcc.target/aarch64/advsimd-intrinsics/vcls.c execution, -Og -g
FAIL: gcc.target/aarch64/advsimd-intrinsics/vclt.c execution, -O0
FAIL: gcc.target/aarch64/advsimd-intrinsics/vclt.c execution, -O1
FAIL: gcc.target/aarch64/advsimd-intrinsics/vclt.c execution, -O2
FAIL: gcc.target/aarch64/advsimd-intrinsics/vclt.c execution, -O3 -fomit-frame-pointer
FAIL: gcc.target/aarch64/advsimd-intrinsics/vclt.c execution, -O3 -g
FAIL: gcc.target/aarch64/advsimd-intrinsics/vclt.c execution, -Os
FAIL: gcc.target/aarch64/advsimd-intrinsics/vclt.c execution, -Og -g
FAIL: gcc.target/aarch64/advsimd-intrinsics/vclz.c execution, -O0
FAIL: gcc.target/aarch64/advsimd-intrinsics/vclz.c execution, -O1
FAIL: gcc.target/aarch64/advsimd-intrinsics/vclz.c execution, -O2
FAIL: gcc.target/aarch64/advsimd-intrinsics/vclz.c execution, -O3 -fomit-frame-pointer
FAIL: gcc.target/aarch64/advsimd-intrinsics/vclz.c execution, -O3 -g
FAIL: gcc.target/aarch64/advsimd-intrinsics/vclz.c execution, -Os
FAIL: gcc.target/aarch64/advsimd-intrinsics/vclz.c execution, -Og -g
FAIL: gcc.target/aarch64/advsimd-intrinsics/vcnt.c execution, -O0
FAIL: gcc.target/aarch64/advsimd-intrinsics/vcnt.c execution, -O1
FAIL: gcc.target/aarch64/advsimd-intrinsics/vcnt.c execution, -O2
FAIL: gcc.target/aarch64/advsimd-intrinsics/vcnt.c execution, -O3 -fomit-frame-pointer
FAIL: gcc.target/aarch64/advsimd-intrinsics/vcnt.c execution, -O3 -g
FAIL: gcc.target/aarch64/advsimd-intrinsics/vcnt.c execution, -Os
FAIL: gcc.target/aarch64/advsimd-intrinsics/vcnt.c execution, -Og -g
FAIL: gcc.target/aarch64/advsimd-intrinsics/vcombine.c execution, -O0
FAIL: gcc.target/aarch64/advsimd-intrinsics/vcombine.c execution, -O1
FAIL: gcc.target/aarch64/advsimd-intrinsics/vcombine.c execution, -O2
FAIL: gcc.target/aarch64/advsimd-intrinsics/vcombine.c execution, -O3 -fomit-frame-pointer
FAIL: gcc.target/aarch64/advsimd-intrinsics/vcombine.c execution, -O3 -g
FAIL: gcc.target/aarch64/advsimd-intrinsics/vcombine.c execution, -Os
FAIL: gcc.target/aarch64/advsimd-intrinsics/vcombine.c execution, -Og -g
FAIL: gcc.target/aarch64/advsimd-intrinsics/vcreate.c execution, -O0
FAIL: gcc.target/aarch64/advsimd-intrinsics/vcreate.c execution, -O1
FAIL: gcc.target/aarch64/advsimd-intrinsics/vcreate.c execution, -O2
FAIL: gcc.target/aarch64/advsimd-intrinsics/vcreate.c execution, -O3 -fomit-frame-pointer
FAIL: gcc.target/aarch64/advsimd-intrinsics/vcreate.c execution, -O3 -g
FAIL: gcc.target/aarch64/advsimd-intrinsics/vcreate.c execution, -Os
FAIL: gcc.target/aarch64/advsimd-intrinsics/vcreate.c execution, -Og -g
FAIL: gcc.target/aarch64/advsimd-intrinsics/vcvt.c execution, -O0
FAIL: gcc.target/aarch64/advsimd-intrinsics/vcvt.c execution, -O1
FAIL: gcc.target/aarch64/advsimd-intrinsics/vcvt.c execution, -O2
FAIL: gcc.target/aarch64/advsimd-intrinsics/vcvt.c execution, -O3 -fomit-frame-pointer
FAIL: gcc.target/aarch64/advsimd-intrinsics/vcvt.c execution, -O3 -g
FAIL: gcc.target/aarch64/advsimd-intrinsics/vcvt.c execution, -Os
FAIL: gcc.target/aarch64/advsimd-intrinsics/vcvt.c execution, -Og -g
FAIL: gcc.target/aarch64/advsimd-intrinsics/vdup-vmov.c execution, -O0
FAIL: gcc.target/aarch64/advsimd-intrinsics/vdup-vmov.c execution, -O1
FAIL: gcc.target/aarch64/advsimd-intrinsics/vdup-vmov.c execution, -O2
FAIL: gcc.target/aarch64/advsimd-intrinsics/vdup-vmov.c execution, -O3 -fomit-frame-pointer
FAIL: gcc.target/aarch64/advsimd-intrinsics/vdup-vmov.c execution, -O3 -fomit-frame-pointer -funroll-loops
FAIL: gcc.target/aarch64/advsimd-intrinsics/vdup-vmov.c execution, -O3 -fomit-frame-pointer -funroll-all-loops -finline-functions
FAIL: gcc.target/aarch64/advsimd-intrinsics/vdup-vmov.c execution, -O3 -g
FAIL: gcc.target/aarch64/advsimd-intrinsics/vdup-vmov.c execution, -Os
FAIL: gcc.target/aarch64/advsimd-intrinsics/vdup-vmov.c execution, -Og -g
FAIL: gcc.target/aarch64/advsimd-intrinsics/vdup_lane.c execution, -O0
FAIL: gcc.target/aarch64/advsimd-intrinsics/vdup_lane.c execution, -O1
FAIL: gcc.target/aarch64/advsimd-intrinsics/vdup_lane.c execution, -O2
FAIL: gcc.target/aarch64/advsimd-intrinsics/vdup_lane.c execution, -O3 -fomit-frame-pointer
FAIL: gcc.target/aarch64/advsimd-intrinsics/vdup_lane.c execution, -O3 -g
FAIL: gcc.target/aarch64/advsimd-intrinsics/vdup_lane.c execution, -Os
FAIL: gcc.target/aarch64/advsimd-intrinsics/vdup_lane.c execution, -Og -g
FAIL: gcc.target/aarch64/advsimd-intrinsics/veor.c execution, -O0
FAIL: gcc.target/aarch64/advsimd-intrinsics/veor.c execution, -O1
FAIL: gcc.target/aarch64/advsimd-intrinsics/veor.c execution, -O2
FAIL: gcc.target/aarch64/advsimd-intrinsics/veor.c execution, -O3 -fomit-frame-pointer
FAIL: gcc.target/aarch64/advsimd-intrinsics/veor.c execution, -O3 -g
FAIL: gcc.target/aarch64/advsimd-intrinsics/veor.c execution, -Os
FAIL: gcc.target/aarch64/advsimd-intrinsics/veor.c execution, -Og -g
FAIL: gcc.target/aarch64/advsimd-intrinsics/vext.c execution, -O0
FAIL: gcc.target/aarch64/advsimd-intrinsics/vext.c execution, -O1
FAIL: gcc.target/aarch64/advsimd-intrinsics/vext.c execution, -O2
FAIL: gcc.target/aarch64/advsimd-intrinsics/vext.c execution, -O3 -fomit-frame-pointer
FAIL: gcc.target/aarch64/advsimd-intrinsics/vext.c execution, -O3 -g
FAIL: gcc.target/aarch64/advsimd-intrinsics/vext.c execution, -Os
FAIL: gcc.target/aarch64/advsimd-intrinsics/vext.c execution, -Og -g
FAIL: gcc.target/aarch64/advsimd-intrinsics/vfma.c compilation, -O0
UNRESOLVED: gcc.target/aarch64/advsimd-intrinsics/vfma.c execution, -O0
FAIL: gcc.target/aarch64/advsimd-intrinsics/vfma.c compilation, -O1
UNRESOLVED: gcc.target/aarch64/advsimd-intrinsics/vfma.c execution, -O1
FAIL: gcc.target/aarch64/advsimd-intrinsics/vfma.c compilation, -O2
UNRESOLVED: gcc.target/aarch64/advsimd-intrinsics/vfma.c execution, -O2
FAIL: gcc.target/aarch64/advsimd-intrinsics/vfma.c compilation, -O3 -fomit-frame-pointer
UNRESOLVED: gcc.target/aarch64/advsimd-intrinsics/vfma.c execution, -O3 -fomit-frame-pointer
FAIL: gcc.target/aarch64/advsimd-intrinsics/vfma.c compilation, -O3 -g
UNRESOLVED: gcc.target/aarch64/advsimd-intrinsics/vfma.c execution, -O3 -g
FAIL: gcc.target/aarch64/advsimd-intrinsics/vfma.c compilation, -Os
UNRESOLVED: gcc.target/aarch64/advsimd-intrinsics/vfma.c execution, -Os
FAIL: gcc.target/aarch64/advsimd-intrinsics/vfma.c compilation, -Og -g
UNRESOLVED: gcc.target/aarch64/advsimd-intrinsics/vfma.c execution, -Og -g
FAIL: gcc.target/aarch64/advsimd-intrinsics/vfma.c -O0 (test for excess errors)
FAIL: gcc.target/aarch64/advsimd-intrinsics/vfma.c -O1 (test for excess errors)
FAIL: gcc.target/aarch64/advsimd-intrinsics/vfma.c -O2 (test for excess errors)
FAIL: gcc.target/aarch64/advsimd-intrinsics/vfma.c -O3 -fomit-frame-pointer (test for excess errors)
FAIL: gcc.target/aarch64/advsimd-intrinsics/vfma.c -O3 -g (test for excess errors)
FAIL: gcc.target/aarch64/advsimd-intrinsics/vfma.c -Os (test for excess errors)
FAIL: gcc.target/aarch64/advsimd-intrinsics/vfma.c -Og -g (test for excess errors)
FAIL: gcc.target/aarch64/advsimd-intrinsics/vfma_n.c compilation, -O0
UNRESOLVED: gcc.target/aarch64/advsimd-intrinsics/vfma_n.c execution, -O0
FAIL: gcc.target/aarch64/advsimd-intrinsics/vfma_n.c compilation, -O1
UNRESOLVED: gcc.target/aarch64/advsimd-intrinsics/vfma_n.c execution, -O1
FAIL: gcc.target/aarch64/advsimd-intrinsics/vfma_n.c compilation, -O2
UNRESOLVED: gcc.target/aarch64/advsimd-intrinsics/vfma_n.c execution, -O2
FAIL: gcc.target/aarch64/advsimd-intrinsics/vfma_n.c compilation, -O3 -fomit-frame-pointer
UNRESOLVED: gcc.target/aarch64/advsimd-intrinsics/vfma_n.c execution, -O3 -fomit-frame-pointer
FAIL: gcc.target/aarch64/advsimd-intrinsics/vfma_n.c compilation, -O3 -g
UNRESOLVED: gcc.target/aarch64/advsimd-intrinsics/vfma_n.c execution, -O3 -g
FAIL: gcc.target/aarch64/advsimd-intrinsics/vfma_n.c compilation, -Os
UNRESOLVED: gcc.target/aarch64/advsimd-intrinsics/vfma_n.c execution, -Os
FAIL: gcc.target/aarch64/advsimd-intrinsics/vfma_n.c compilation, -Og -g
UNRESOLVED: gcc.target/aarch64/advsimd-intrinsics/vfma_n.c execution, -Og -g
FAIL: gcc.target/aarch64/advsimd-intrinsics/vfma_n.c -O0 (test for excess errors)
FAIL: gcc.target/aarch64/advsimd-intrinsics/vfma_n.c -O1 (test for excess errors)
FAIL: gcc.target/aarch64/advsimd-intrinsics/vfma_n.c -O2 (test for excess errors)
FAIL: gcc.target/aarch64/advsimd-intrinsics/vfma_n.c -O3 -fomit-frame-pointer (test for excess errors)
FAIL: gcc.target/aarch64/advsimd-intrinsics/vfma_n.c -O3 -g (test for excess errors)
FAIL: gcc.target/aarch64/advsimd-intrinsics/vfma_n.c -Os (test for excess errors)
FAIL: gcc.target/aarch64/advsimd-intrinsics/vfma_n.c -Og -g (test for excess errors)
FAIL: gcc.target/aarch64/advsimd-intrinsics/vfms.c compilation, -O0
UNRESOLVED: gcc.target/aarch64/advsimd-intrinsics/vfms.c execution, -O0
FAIL: gcc.target/aarch64/advsimd-intrinsics/vfms.c compilation, -O1
UNRESOLVED: gcc.target/aarch64/advsimd-intrinsics/vfms.c execution, -O1
FAIL: gcc.target/aarch64/advsimd-intrinsics/vfms.c compilation, -O2
UNRESOLVED: gcc.target/aarch64/advsimd-intrinsics/vfms.c execution, -O2
FAIL: gcc.target/aarch64/advsimd-intrinsics/vfms.c compilation, -O3 -fomit-frame-pointer
UNRESOLVED: gcc.target/aarch64/advsimd-intrinsics/vfms.c execution, -O3 -fomit-frame-pointer
FAIL: gcc.target/aarch64/advsimd-intrinsics/vfms.c compilation, -O3 -g
UNRESOLVED: gcc.target/aarch64/advsimd-intrinsics/vfms.c execution, -O3 -g
FAIL: gcc.target/aarch64/advsimd-intrinsics/vfms.c compilation, -Os
UNRESOLVED: gcc.target/aarch64/advsimd-intrinsics/vfms.c execution, -Os
FAIL: gcc.target/aarch64/advsimd-intrinsics/vfms.c compilation, -Og -g
UNRESOLVED: gcc.target/aarch64/advsimd-intrinsics/vfms.c execution, -Og -g
FAIL: gcc.target/aarch64/advsimd-intrinsics/vfms.c -O0 (test for excess errors)
FAIL: gcc.target/aarch64/advsimd-intrinsics/vfms.c -O1 (test for excess errors)
FAIL: gcc.target/aarch64/advsimd-intrinsics/vfms.c -O2 (test for excess errors)
FAIL: gcc.target/aarch64/advsimd-intrinsics/vfms.c -O3 -fomit-frame-pointer (test for excess errors)
FAIL: gcc.target/aarch64/advsimd-intrinsics/vfms.c -O3 -g (test for excess errors)
FAIL: gcc.target/aarch64/advsimd-intrinsics/vfms.c -Os (test for excess errors)
FAIL: gcc.target/aarch64/advsimd-intrinsics/vfms.c -Og -g (test for excess errors)
FAIL: gcc.target/aarch64/advsimd-intrinsics/vget_high.c execution, -O0
FAIL: gcc.target/aarch64/advsimd-intrinsics/vget_high.c execution, -O1
FAIL: gcc.target/aarch64/advsimd-intrinsics/vget_high.c execution, -O2
FAIL: gcc.target/aarch64/advsimd-intrinsics/vget_high.c execution, -O3 -fomit-frame-pointer
FAIL: gcc.target/aarch64/advsimd-intrinsics/vget_high.c execution, -O3 -g
FAIL: gcc.target/aarch64/advsimd-intrinsics/vget_high.c execution, -Os
FAIL: gcc.target/aarch64/advsimd-intrinsics/vget_high.c execution, -Og -g
FAIL: gcc.target/aarch64/advsimd-intrinsics/vget_low.c execution, -O0
FAIL: gcc.target/aarch64/advsimd-intrinsics/vget_low.c execution, -O1
FAIL: gcc.target/aarch64/advsimd-intrinsics/vget_low.c execution, -O2
FAIL: gcc.target/aarch64/advsimd-intrinsics/vget_low.c execution, -O3 -fomit-frame-pointer
FAIL: gcc.target/aarch64/advsimd-intrinsics/vget_low.c execution, -O3 -g
FAIL: gcc.target/aarch64/advsimd-intrinsics/vget_low.c execution, -Os
FAIL: gcc.target/aarch64/advsimd-intrinsics/vget_low.c execution, -Og -g
FAIL: gcc.target/aarch64/advsimd-intrinsics/vld1.c execution, -O0
FAIL: gcc.target/aarch64/advsimd-intrinsics/vld1.c execution, -O1
FAIL: gcc.target/aarch64/advsimd-intrinsics/vld1.c execution, -O2
FAIL: gcc.target/aarch64/advsimd-intrinsics/vld1.c execution, -O3 -fomit-frame-pointer
FAIL: gcc.target/aarch64/advsimd-intrinsics/vld1.c execution, -O3 -g
FAIL: gcc.target/aarch64/advsimd-intrinsics/vld1.c execution, -Os
FAIL: gcc.target/aarch64/advsimd-intrinsics/vld1.c execution, -Og -g
FAIL: gcc.target/aarch64/advsimd-intrinsics/vld1_dup.c execution, -O0
FAIL: gcc.target/aarch64/advsimd-intrinsics/vld1_dup.c execution, -O1
FAIL: gcc.target/aarch64/advsimd-intrinsics/vld1_dup.c execution, -O2
FAIL: gcc.target/aarch64/advsimd-intrinsics/vld1_dup.c execution, -O3 -fomit-frame-pointer
FAIL: gcc.target/aarch64/advsimd-intrinsics/vld1_dup.c execution, -O3 -fomit-frame-pointer -funroll-loops
FAIL: gcc.target/aarch64/advsimd-intrinsics/vld1_dup.c execution, -O3 -fomit-frame-pointer -funroll-all-loops -finline-functions
FAIL: gcc.target/aarch64/advsimd-intrinsics/vld1_dup.c execution, -O3 -g
FAIL: gcc.target/aarch64/advsimd-intrinsics/vld1_dup.c execution, -Os
FAIL: gcc.target/aarch64/advsimd-intrinsics/vld1_dup.c execution, -Og -g
FAIL: gcc.target/aarch64/advsimd-intrinsics/vldX.c execution, -O0
FAIL: gcc.target/aarch64/advsimd-intrinsics/vldX.c execution, -O1
FAIL: gcc.target/aarch64/advsimd-intrinsics/vldX.c execution, -O2
FAIL: gcc.target/aarch64/advsimd-intrinsics/vldX.c execution, -O3 -fomit-frame-pointer
FAIL: gcc.target/aarch64/advsimd-intrinsics/vldX.c execution, -O3 -g
FAIL: gcc.target/aarch64/advsimd-intrinsics/vldX.c execution, -Os
FAIL: gcc.target/aarch64/advsimd-intrinsics/vldX.c execution, -Og -g
FAIL: gcc.target/aarch64/advsimd-intrinsics/vldX_lane.c execution, -O0
FAIL: gcc.target/aarch64/advsimd-intrinsics/vldX_lane.c execution, -O1
FAIL: gcc.target/aarch64/advsimd-intrinsics/vldX_lane.c execution, -O2
FAIL: gcc.target/aarch64/advsimd-intrinsics/vldX_lane.c execution, -O3 -fomit-frame-pointer
FAIL: gcc.target/aarch64/advsimd-intrinsics/vldX_lane.c execution, -O3 -g
FAIL: gcc.target/aarch64/advsimd-intrinsics/vldX_lane.c execution, -Os
FAIL: gcc.target/aarch64/advsimd-intrinsics/vldX_lane.c execution, -Og -g
FAIL: gcc.target/aarch64/advsimd-intrinsics/vmul.c execution, -O0
FAIL: gcc.target/aarch64/advsimd-intrinsics/vmul.c execution, -O1
FAIL: gcc.target/aarch64/advsimd-intrinsics/vmul.c execution, -O2
FAIL: gcc.target/aarch64/advsimd-intrinsics/vmul.c execution, -O3 -fomit-frame-pointer
FAIL: gcc.target/aarch64/advsimd-intrinsics/vmul.c execution, -O3 -g
FAIL: gcc.target/aarch64/advsimd-intrinsics/vmul.c execution, -Os
FAIL: gcc.target/aarch64/advsimd-intrinsics/vmul.c execution, -Og -g
FAIL: gcc.target/aarch64/advsimd-intrinsics/vneg.c execution, -O0
FAIL: gcc.target/aarch64/advsimd-intrinsics/vneg.c execution, -O1
FAIL: gcc.target/aarch64/advsimd-intrinsics/vneg.c execution, -O2
FAIL: gcc.target/aarch64/advsimd-intrinsics/vneg.c execution, -O3 -fomit-frame-pointer
FAIL: gcc.target/aarch64/advsimd-intrinsics/vneg.c execution, -O3 -g
FAIL: gcc.target/aarch64/advsimd-intrinsics/vneg.c execution, -Os
FAIL: gcc.target/aarch64/advsimd-intrinsics/vneg.c execution, -Og -g
FAIL: gcc.target/aarch64/advsimd-intrinsics/vorn.c execution, -O0
FAIL: gcc.target/aarch64/advsimd-intrinsics/vorn.c execution, -O1
FAIL: gcc.target/aarch64/advsimd-intrinsics/vorn.c execution, -O2
FAIL: gcc.target/aarch64/advsimd-intrinsics/vorn.c execution, -O3 -fomit-frame-pointer
FAIL: gcc.target/aarch64/advsimd-intrinsics/vorn.c execution, -O3 -g
FAIL: gcc.target/aarch64/advsimd-intrinsics/vorn.c execution, -Os
FAIL: gcc.target/aarch64/advsimd-intrinsics/vorn.c execution, -Og -g
FAIL: gcc.target/aarch64/advsimd-intrinsics/vorr.c execution, -O0
FAIL: gcc.target/aarch64/advsimd-intrinsics/vorr.c execution, -O1
FAIL: gcc.target/aarch64/advsimd-intrinsics/vorr.c execution, -O2
FAIL: gcc.target/aarch64/advsimd-intrinsics/vorr.c execution, -O3 -fomit-frame-pointer
FAIL: gcc.target/aarch64/advsimd-intrinsics/vorr.c execution, -O3 -g
FAIL: gcc.target/aarch64/advsimd-intrinsics/vorr.c execution, -Os
FAIL: gcc.target/aarch64/advsimd-intrinsics/vorr.c execution, -Og -g
FAIL: gcc.target/aarch64/advsimd-intrinsics/vqabs.c execution, -O0
FAIL: gcc.target/aarch64/advsimd-intrinsics/vqabs.c execution, -O1
FAIL: gcc.target/aarch64/advsimd-intrinsics/vqabs.c execution, -O2
FAIL: gcc.target/aarch64/advsimd-intrinsics/vqabs.c execution, -O3 -fomit-frame-pointer
FAIL: gcc.target/aarch64/advsimd-intrinsics/vqabs.c execution, -O3 -g
FAIL: gcc.target/aarch64/advsimd-intrinsics/vqabs.c execution, -Os
FAIL: gcc.target/aarch64/advsimd-intrinsics/vqabs.c execution, -Og -g
FAIL: gcc.target/aarch64/advsimd-intrinsics/vqadd.c execution, -O0
FAIL: gcc.target/aarch64/advsimd-intrinsics/vqadd.c execution, -O1
FAIL: gcc.target/aarch64/advsimd-intrinsics/vqadd.c execution, -O2
FAIL: gcc.target/aarch64/advsimd-intrinsics/vqadd.c execution, -O3 -fomit-frame-pointer
FAIL: gcc.target/aarch64/advsimd-intrinsics/vqadd.c execution, -O3 -g
FAIL: gcc.target/aarch64/advsimd-intrinsics/vqadd.c execution, -Os
FAIL: gcc.target/aarch64/advsimd-intrinsics/vqadd.c execution, -Og -g
FAIL: gcc.target/aarch64/advsimd-intrinsics/vqneg.c execution, -O0
FAIL: gcc.target/aarch64/advsimd-intrinsics/vqneg.c execution, -O1
FAIL: gcc.target/aarch64/advsimd-intrinsics/vqneg.c execution, -O2
FAIL: gcc.target/aarch64/advsimd-intrinsics/vqneg.c execution, -O3 -fomit-frame-pointer
FAIL: gcc.target/aarch64/advsimd-intrinsics/vqneg.c execution, -O3 -g
FAIL: gcc.target/aarch64/advsimd-intrinsics/vqneg.c execution, -Os
FAIL: gcc.target/aarch64/advsimd-intrinsics/vqneg.c execution, -Og -g
FAIL: gcc.target/aarch64/advsimd-intrinsics/vqsub.c execution, -O0
FAIL: gcc.target/aarch64/advsimd-intrinsics/vqsub.c execution, -O1
FAIL: gcc.target/aarch64/advsimd-intrinsics/vqsub.c execution, -O2
FAIL: gcc.target/aarch64/advsimd-intrinsics/vqsub.c execution, -O3 -fomit-frame-pointer
FAIL: gcc.target/aarch64/advsimd-intrinsics/vqsub.c execution, -O3 -g
FAIL: gcc.target/aarch64/advsimd-intrinsics/vqsub.c execution, -Os
FAIL: gcc.target/aarch64/advsimd-intrinsics/vqsub.c execution, -Og -g
FAIL: gcc.target/aarch64/advsimd-intrinsics/vshl.c execution, -O0
FAIL: gcc.target/aarch64/advsimd-intrinsics/vshl.c execution, -O1
FAIL: gcc.target/aarch64/advsimd-intrinsics/vshl.c execution, -O2
FAIL: gcc.target/aarch64/advsimd-intrinsics/vshl.c execution, -O3 -fomit-frame-pointer
FAIL: gcc.target/aarch64/advsimd-intrinsics/vshl.c execution, -O3 -g
FAIL: gcc.target/aarch64/advsimd-intrinsics/vshl.c execution, -Os
FAIL: gcc.target/aarch64/advsimd-intrinsics/vshl.c execution, -Og -g
FAIL: gcc.target/aarch64/advsimd-intrinsics/vsub.c execution, -O0
FAIL: gcc.target/aarch64/advsimd-intrinsics/vsub.c execution, -O1
FAIL: gcc.target/aarch64/advsimd-intrinsics/vsub.c execution, -O2
FAIL: gcc.target/aarch64/advsimd-intrinsics/vsub.c execution, -O3 -fomit-frame-pointer
FAIL: gcc.target/aarch64/advsimd-intrinsics/vsub.c execution, -O3 -g
FAIL: gcc.target/aarch64/advsimd-intrinsics/vsub.c execution, -Os
FAIL: gcc.target/aarch64/advsimd-intrinsics/vsub.c execution, -Og -g
FAIL: gcc.target/aarch64/advsimd-intrinsics/vuzp.c execution, -O0
FAIL: gcc.target/aarch64/advsimd-intrinsics/vuzp.c execution, -O1
FAIL: gcc.target/aarch64/advsimd-intrinsics/vuzp.c execution, -O2
FAIL: gcc.target/aarch64/advsimd-intrinsics/vuzp.c execution, -O3 -fomit-frame-pointer
FAIL: gcc.target/aarch64/advsimd-intrinsics/vuzp.c execution, -O3 -g
FAIL: gcc.target/aarch64/advsimd-intrinsics/vuzp.c execution, -Os
FAIL: gcc.target/aarch64/advsimd-intrinsics/vuzp.c execution, -Og -g
FAIL: gcc.target/aarch64/advsimd-intrinsics/vzip.c execution, -O0
FAIL: gcc.target/aarch64/advsimd-intrinsics/vzip.c execution, -O1
FAIL: gcc.target/aarch64/advsimd-intrinsics/vzip.c execution, -O2
FAIL: gcc.target/aarch64/advsimd-intrinsics/vzip.c execution, -O3 -fomit-frame-pointer
FAIL: gcc.target/aarch64/advsimd-intrinsics/vzip.c execution, -O3 -g
FAIL: gcc.target/aarch64/advsimd-intrinsics/vzip.c execution, -Os
FAIL: gcc.target/aarch64/advsimd-intrinsics/vzip.c execution, -Og -g
FAIL: gcc.target/arm/neon-vfma-1.c scan-assembler vfma\\\\.f32[\\t]+[dDqQ]
FAIL: gcc.target/arm/neon-vfms-1.c scan-assembler vfms\\\\.f32[\\t]+[dDqQ]
FAIL: gcc.target/arm/neon-vlshr-imm-1.c scan-assembler vshr.u32.*#3
FAIL: gcc.target/arm/neon-vorn-vbic.c scan-assembler vorn\\\\t
FAIL: gcc.target/arm/neon-vorn-vbic.c scan-assembler vbic\\\\t
FAIL: gcc.target/arm/neon-vshl-imm-1.c scan-assembler vshl.i32.*#3
FAIL: gcc.target/arm/neon-vshr-imm-1.c scan-assembler vshr.s32.*#3
FAIL: gcc.target/arm/pr40457-2.c scan-assembler strd|stm
FAIL: gcc.target/arm/pr42172-1.c scan-assembler-times ldr 1
FAIL: gcc.target/arm/pr42575.c scan-assembler-not mov
FAIL: gcc.target/arm/pr45701-1.c scan-assembler push\\t{r3
FAIL: gcc.target/arm/pr45701-2.c scan-assembler push\\t{r3
FAIL: gcc.target/arm/scd42-1.c scan-assembler movs[ \\t].*17
FAIL: gcc.target/arm/thumb-bitfld1.c (test for excess errors)
FAIL: gcc.target/arm/thumb-ltu.c (test for excess errors)
FAIL: gcc.target/arm/thumb-ltu.c scan-assembler-not uxtb
FAIL: gcc.target/arm/wmul-11.c scan-assembler smull
FAIL: gcc.target/arm/neon/vect-vcvt.c scan-tree-dump-times vect "vectorized 2 loops" 1
FAIL: gcc.target/arm/neon/vect-vcvtq.c scan-tree-dump-times vect "vectorized 2 loops" 1
FAIL: gcc.target/arm/simd/vextQf32_1.c execution test
FAIL: gcc.target/arm/simd/vextQp16_1.c execution test
FAIL: gcc.target/arm/simd/vextQp64_1.c execution test
FAIL: gcc.target/arm/simd/vextQp8_1.c execution test
FAIL: gcc.target/arm/simd/vextQs16_1.c execution test
FAIL: gcc.target/arm/simd/vextQs32_1.c execution test
FAIL: gcc.target/arm/simd/vextQs64_1.c execution test
FAIL: gcc.target/arm/simd/vextQs8_1.c execution test
FAIL: gcc.target/arm/simd/vextQu16_1.c execution test
FAIL: gcc.target/arm/simd/vextQu32_1.c execution test
FAIL: gcc.target/arm/simd/vextQu64_1.c execution test
FAIL: gcc.target/arm/simd/vextQu8_1.c execution test
FAIL: gcc.target/arm/simd/vextf32_1.c execution test
FAIL: gcc.target/arm/simd/vextp16_1.c execution test
FAIL: gcc.target/arm/simd/vextp64_1.c execution test
FAIL: gcc.target/arm/simd/vextp8_1.c execution test
FAIL: gcc.target/arm/simd/vexts16_1.c execution test
FAIL: gcc.target/arm/simd/vexts32_1.c execution test
FAIL: gcc.target/arm/simd/vexts64_1.c execution test
FAIL: gcc.target/arm/simd/vexts8_1.c execution test
FAIL: gcc.target/arm/simd/vextu16_1.c execution test
FAIL: gcc.target/arm/simd/vextu32_1.c execution test
FAIL: gcc.target/arm/simd/vextu64_1.c execution test
FAIL: gcc.target/arm/simd/vextu8_1.c execution test
FAIL: gcc.target/arm/simd/vrev16p8_1.c execution test
FAIL: gcc.target/arm/simd/vrev16qp8_1.c execution test
FAIL: gcc.target/arm/simd/vrev16qs8_1.c execution test
FAIL: gcc.target/arm/simd/vrev16qu8_1.c execution test
FAIL: gcc.target/arm/simd/vrev16s8_1.c execution test
FAIL: gcc.target/arm/simd/vrev16u8_1.c execution test
FAIL: gcc.target/arm/simd/vrev32p16_1.c execution test
FAIL: gcc.target/arm/simd/vrev32p8_1.c execution test
FAIL: gcc.target/arm/simd/vrev32qp16_1.c execution test
FAIL: gcc.target/arm/simd/vrev32qp8_1.c execution test
FAIL: gcc.target/arm/simd/vrev32qs16_1.c execution test
FAIL: gcc.target/arm/simd/vrev32qs8_1.c execution test
FAIL: gcc.target/arm/simd/vrev32qu16_1.c execution test
FAIL: gcc.target/arm/simd/vrev32qu8_1.c execution test
FAIL: gcc.target/arm/simd/vrev32s16_1.c execution test
FAIL: gcc.target/arm/simd/vrev32s8_1.c execution test
FAIL: gcc.target/arm/simd/vrev32u16_1.c execution test
FAIL: gcc.target/arm/simd/vrev32u8_1.c execution test
FAIL: gcc.target/arm/simd/vrev64f32_1.c execution test
FAIL: gcc.target/arm/simd/vrev64p16_1.c execution test
FAIL: gcc.target/arm/simd/vrev64p8_1.c execution test
FAIL: gcc.target/arm/simd/vrev64qf32_1.c execution test
FAIL: gcc.target/arm/simd/vrev64qp16_1.c execution test
FAIL: gcc.target/arm/simd/vrev64qp8_1.c execution test
FAIL: gcc.target/arm/simd/vrev64qs16_1.c execution test
FAIL: gcc.target/arm/simd/vrev64qs32_1.c execution test
FAIL: gcc.target/arm/simd/vrev64qs8_1.c execution test
FAIL: gcc.target/arm/simd/vrev64qu16_1.c execution test
FAIL: gcc.target/arm/simd/vrev64qu32_1.c execution test
FAIL: gcc.target/arm/simd/vrev64qu8_1.c execution test
FAIL: gcc.target/arm/simd/vrev64s16_1.c execution test
FAIL: gcc.target/arm/simd/vrev64s32_1.c execution test
FAIL: gcc.target/arm/simd/vrev64s8_1.c execution test
FAIL: gcc.target/arm/simd/vrev64u16_1.c execution test
FAIL: gcc.target/arm/simd/vrev64u32_1.c execution test
FAIL: gcc.target/arm/simd/vrev64u8_1.c execution test
FAIL: gcc.target/arm/simd/vtrnf32_1.c execution test
FAIL: gcc.target/arm/simd/vtrnp16_1.c execution test
FAIL: gcc.target/arm/simd/vtrnp8_1.c execution test
FAIL: gcc.target/arm/simd/vtrnqf32_1.c execution test
FAIL: gcc.target/arm/simd/vtrnqp16_1.c execution test
FAIL: gcc.target/arm/simd/vtrnqp8_1.c execution test
FAIL: gcc.target/arm/simd/vtrnqs16_1.c execution test
FAIL: gcc.target/arm/simd/vtrnqs32_1.c execution test
FAIL: gcc.target/arm/simd/vtrnqs8_1.c execution test
FAIL: gcc.target/arm/simd/vtrnqu16_1.c execution test
FAIL: gcc.target/arm/simd/vtrnqu32_1.c execution test
FAIL: gcc.target/arm/simd/vtrnqu8_1.c execution test
FAIL: gcc.target/arm/simd/vtrns16_1.c execution test
FAIL: gcc.target/arm/simd/vtrns32_1.c execution test
FAIL: gcc.target/arm/simd/vtrns8_1.c execution test
FAIL: gcc.target/arm/simd/vtrnu16_1.c execution test
FAIL: gcc.target/arm/simd/vtrnu32_1.c execution test
FAIL: gcc.target/arm/simd/vtrnu8_1.c execution test
FAIL: gcc.target/arm/simd/vuzpf32_1.c execution test
FAIL: gcc.target/arm/simd/vuzpp16_1.c execution test
FAIL: gcc.target/arm/simd/vuzpp8_1.c execution test
FAIL: gcc.target/arm/simd/vuzpqf32_1.c execution test
FAIL: gcc.target/arm/simd/vuzpqp16_1.c execution test
FAIL: gcc.target/arm/simd/vuzpqp8_1.c execution test
FAIL: gcc.target/arm/simd/vuzpqs16_1.c execution test
FAIL: gcc.target/arm/simd/vuzpqs32_1.c execution test
FAIL: gcc.target/arm/simd/vuzpqs8_1.c execution test
FAIL: gcc.target/arm/simd/vuzpqu16_1.c execution test
FAIL: gcc.target/arm/simd/vuzpqu32_1.c execution test
FAIL: gcc.target/arm/simd/vuzpqu8_1.c execution test
FAIL: gcc.target/arm/simd/vuzps16_1.c execution test
FAIL: gcc.target/arm/simd/vuzps32_1.c execution test
FAIL: gcc.target/arm/simd/vuzps8_1.c execution test
FAIL: gcc.target/arm/simd/vuzpu16_1.c execution test
FAIL: gcc.target/arm/simd/vuzpu32_1.c execution test
FAIL: gcc.target/arm/simd/vuzpu8_1.c execution test
FAIL: gcc.target/arm/simd/vzipf32_1.c execution test
FAIL: gcc.target/arm/simd/vzipp16_1.c execution test
FAIL: gcc.target/arm/simd/vzipp8_1.c execution test
FAIL: gcc.target/arm/simd/vzipqf32_1.c execution test
FAIL: gcc.target/arm/simd/vzipqp16_1.c execution test
FAIL: gcc.target/arm/simd/vzipqp8_1.c execution test
FAIL: gcc.target/arm/simd/vzipqs16_1.c execution test
FAIL: gcc.target/arm/simd/vzipqs32_1.c execution test
FAIL: gcc.target/arm/simd/vzipqs8_1.c execution test
FAIL: gcc.target/arm/simd/vzipqu16_1.c execution test
FAIL: gcc.target/arm/simd/vzipqu32_1.c execution test
FAIL: gcc.target/arm/simd/vzipqu8_1.c execution test
FAIL: gcc.target/arm/simd/vzips16_1.c execution test
FAIL: gcc.target/arm/simd/vzips32_1.c execution test
FAIL: gcc.target/arm/simd/vzips8_1.c execution test
FAIL: gcc.target/arm/simd/vzipu16_1.c execution test
FAIL: gcc.target/arm/simd/vzipu32_1.c execution test
FAIL: gcc.target/arm/simd/vzipu8_1.c execution test
=== gcc Summary ===
# of expected passes 82332
# of unexpected failures 740
# of unexpected successes 39
# of expected failures 240
# of unresolved testcases 24
# of unsupported tests 1590
/mnt/scratch/objdir50/gcc/xgcc version 5.0.0 20141228 (experimental) (GCC)
=== gfortran tests ===
Running target unix
FAIL: gfortran.dg/ieee/ieee_1.F90 -O0 execution test
FAIL: gfortran.dg/ieee/ieee_1.F90 -O1 execution test
FAIL: gfortran.dg/ieee/ieee_1.F90 -O2 execution test
FAIL: gfortran.dg/ieee/ieee_1.F90 -O3 -fomit-frame-pointer execution test
FAIL: gfortran.dg/ieee/ieee_1.F90 -O3 -fomit-frame-pointer -funroll-loops execution test
FAIL: gfortran.dg/ieee/ieee_1.F90 -O3 -fomit-frame-pointer -funroll-all-loops -finline-functions execution test
FAIL: gfortran.dg/ieee/ieee_1.F90 -O3 -g execution test
FAIL: gfortran.dg/ieee/ieee_1.F90 -Os execution test
FAIL: gfortran.dg/ieee/ieee_2.f90 -O0 execution test
FAIL: gfortran.dg/ieee/ieee_2.f90 -O1 execution test
FAIL: gfortran.dg/ieee/ieee_2.f90 -O2 execution test
FAIL: gfortran.dg/ieee/ieee_2.f90 -O3 -fomit-frame-pointer execution test
FAIL: gfortran.dg/ieee/ieee_2.f90 -O3 -fomit-frame-pointer -funroll-loops execution test
FAIL: gfortran.dg/ieee/ieee_2.f90 -O3 -fomit-frame-pointer -funroll-all-loops -finline-functions execution test
FAIL: gfortran.dg/ieee/ieee_2.f90 -O3 -g execution test
FAIL: gfortran.dg/ieee/ieee_2.f90 -Os execution test
FAIL: gfortran.dg/ieee/ieee_6.f90 -O0 execution test
FAIL: gfortran.dg/ieee/ieee_6.f90 -O1 execution test
FAIL: gfortran.dg/ieee/ieee_6.f90 -O2 execution test
FAIL: gfortran.dg/ieee/ieee_6.f90 -O3 -fomit-frame-pointer execution test
FAIL: gfortran.dg/ieee/ieee_6.f90 -O3 -fomit-frame-pointer -funroll-loops execution test
FAIL: gfortran.dg/ieee/ieee_6.f90 -O3 -fomit-frame-pointer -funroll-all-loops -finline-functions execution test
FAIL: gfortran.dg/ieee/ieee_6.f90 -O3 -g execution test
FAIL: gfortran.dg/ieee/ieee_6.f90 -Os execution test
FAIL: gfortran.dg/ieee/rounding_1.f90 -O0 execution test
FAIL: gfortran.dg/ieee/rounding_1.f90 -O1 execution test
FAIL: gfortran.dg/ieee/rounding_1.f90 -O2 execution test
FAIL: gfortran.dg/ieee/rounding_1.f90 -O3 -fomit-frame-pointer execution test
FAIL: gfortran.dg/ieee/rounding_1.f90 -O3 -fomit-frame-pointer -funroll-loops execution test
FAIL: gfortran.dg/ieee/rounding_1.f90 -O3 -fomit-frame-pointer -funroll-all-loops -finline-functions execution test
FAIL: gfortran.dg/ieee/rounding_1.f90 -O3 -g execution test
FAIL: gfortran.dg/ieee/rounding_1.f90 -Os execution test
FAIL: gfortran.dg/vect/pr32380.f -O scan-tree-dump-times vect "vectorized 1 loops" 1
FAIL: gfortran.dg/vect/pr48329.f90 -O scan-tree-dump-times vect "vectorized 1 loops" 1
=== gfortran Summary ===
# of expected passes 45413
# of unexpected failures 34
# of expected failures 56
# of unsupported tests 415
/mnt/scratch/objdir50/gcc/testsuite/gfortran/../../gfortran version 5.0.0 20141228 (experimental) (GCC)
=== gnat tests ===
Running target unix
=== gnat Summary ===
# of expected passes 1293
# of expected failures 20
# of unsupported tests 18
/mnt/scratch/objdir50/gcc/gnatmake version 5.0.0 20141228 (experimental)
Compiler version: 5.0.0 20141228 (experimental)
Platform: armv5tel-unknown-linux-gnueabi
configure flags: --prefix=/mnt/scratch/install50 --enable-bootstrap --enable-shared --enable-threads=posix --enable-checking=release --with-system-zlib --enable-__cxa_atexit --disable-libunwind-exceptions --enable-linker-build-id --enable-languages=c,c++,fortran,ada --disable-dssi --with-java-home=/usr/lib/jvm/java-1.5.0-gcj-1.5.0.0/jre --enable-libgcj-multifile --disable-java-maintainer-mode --with-ecj-jar=/usr/share/java/eclipse-ecj.jar --disable-libjava-multilib --disable-sjlj-exceptions --with-arch=armv5te --with-tune=xscale --build=armv5tel-unknown-linux-gnueabi --disable-plugin --disable-lto --disable-libmudflap --disable-libsanitizer
BOOT_CFLAGS=-g -O2