This is the mail archive of the
gcc-testresults@gcc.gnu.org
mailing list for the GCC project.
Results for 5.0.0 20141230 (experimental) (GCC) testsuite on x86_64-unknown-freebsd8.4
- From: Gerald Pfeifer <gerald at FreeBSD dot org>
- To: gcc-testresults at gcc dot gnu dot org
- Date: Tue, 30 Dec 2014 20:14:51 GMT
- Subject: Results for 5.0.0 20141230 (experimental) (GCC) testsuite on x86_64-unknown-freebsd8.4
- Authentication-results: sourceware.org; auth=none
Native configuration is x86_64-unknown-freebsd8.4
=== g++ tests ===
Running target unix
FAIL: g++.dg/plugin/attribute_plugin.c compilation
FAIL: g++.dg/plugin/decl_plugin.c compilation
FAIL: g++.dg/plugin/dumb_plugin.c compilation
FAIL: g++.dg/plugin/header_plugin.c compilation
FAIL: g++.dg/plugin/pragma_plugin.c compilation
FAIL: g++.dg/plugin/selfassign.c compilation
FAIL: g++.old-deja/g++.law/profile1.C -std=gnu++11 (test for excess errors)
UNRESOLVED: g++.old-deja/g++.law/profile1.C -std=gnu++11 compilation failed to produce executable
FAIL: g++.old-deja/g++.law/profile1.C -std=gnu++14 (test for excess errors)
UNRESOLVED: g++.old-deja/g++.law/profile1.C -std=gnu++14 compilation failed to produce executable
FAIL: g++.old-deja/g++.law/profile1.C -std=gnu++98 (test for excess errors)
UNRESOLVED: g++.old-deja/g++.law/profile1.C -std=gnu++98 compilation failed to produce executable
FAIL: g++.old-deja/g++.other/init18.C -std=c++11 execution test
FAIL: g++.old-deja/g++.other/init18.C -std=c++14 execution test
FAIL: g++.old-deja/g++.other/init18.C -std=c++98 execution test
FAIL: g++.old-deja/g++.other/init19.C -std=c++11 execution test
FAIL: g++.old-deja/g++.other/init19.C -std=c++14 execution test
FAIL: g++.old-deja/g++.other/init19.C -std=c++98 execution test
=== g++ Summary ===
# of expected passes 84434
# of unexpected failures 15
# of expected failures 246
# of unresolved testcases 3
# of unsupported tests 3409
/scratch/tmp/gerald/OBJ-1230-1848/gcc/testsuite/g++/../../xg++ version 5.0.0 20141230 (experimental) (GCC)
=== gcc tests ===
Running target unix
FAIL: gcc.dg/c99-stdint-1.c (test for excess errors)
FAIL: gcc.dg/c99-stdint-2.c (test for excess errors)
FAIL: gcc.dg/c99-stdint-5.c (test for excess errors)
FAIL: gcc.dg/c99-stdint-6.c (test for excess errors)
FAIL: gcc.dg/mallign.c execution test
FAIL: gcc.dg/nest.c (test for excess errors)
UNRESOLVED: gcc.dg/nest.c compilation failed to produce executable
FAIL: gcc.dg/nested-func-4.c (test for excess errors)
UNRESOLVED: gcc.dg/nested-func-4.c compilation failed to produce executable
FAIL: gcc.dg/pr32450.c (test for excess errors)
UNRESOLVED: gcc.dg/pr32450.c compilation failed to produce executable
FAIL: gcc.dg/pr43643.c (test for excess errors)
UNRESOLVED: gcc.dg/pr43643.c compilation failed to produce executable
FAIL: gcc.dg/pr44194-1.c scan-rtl-dump dse1 "global deletions = (2|3)"
FAIL: gcc.dg/pr44194-1.c scan-rtl-dump-not final "insn[: ][^\\n]*set \\\\(mem(?![^\\n]*scratch)"
FAIL: gcc.dg/utf-array-short-wchar.c (test for errors, line 39)
FAIL: gcc.dg/utf-array-short-wchar.c (test for errors, line 41)
FAIL: gcc.dg/utf-array-short-wchar.c (test for excess errors)
FAIL: gcc.dg/plugin/finish_unit_plugin.c compilation
FAIL: gcc.dg/plugin/ggcplug.c compilation
FAIL: gcc.dg/plugin/one_time_plugin.c compilation
FAIL: gcc.dg/plugin/selfassign.c compilation
FAIL: gcc.dg/plugin/sreal_plugin.c compilation
FAIL: gcc.dg/plugin/start_unit_plugin.c compilation
FAIL: gcc.dg/plugin/wide-int_plugin.c compilation
FAIL: gcc.dg/torture/builtin-explog-1.c -O1 (test for excess errors)
FAIL: gcc.dg/torture/builtin-explog-1.c -O2 (test for excess errors)
FAIL: gcc.dg/torture/builtin-explog-1.c -O2 -flto -fno-use-linker-plugin -flto-partition=none (test for excess errors)
FAIL: gcc.dg/torture/builtin-explog-1.c -O3 -fomit-frame-pointer (test for excess errors)
FAIL: gcc.dg/torture/builtin-explog-1.c -O3 -g (test for excess errors)
FAIL: gcc.dg/torture/builtin-explog-1.c -Os (test for excess errors)
FAIL: gcc.dg/vect/slp-9.c -flto -ffat-lto-objects scan-tree-dump-times vect "vectorized 1 loops" 1
FAIL: gcc.dg/vect/slp-9.c -flto -ffat-lto-objects scan-tree-dump-times vect "vectorizing stmts using SLP" 1
FAIL: gcc.dg/vect/slp-9.c scan-tree-dump-times vect "vectorized 1 loops" 1
FAIL: gcc.dg/vect/slp-9.c scan-tree-dump-times vect "vectorizing stmts using SLP" 1
FAIL: gcc.target/i386/avx512f-ceil-sfix-vec-2.c scan-assembler-times vcvttpd2dq[^\\n]*zmm[0-9].{7}(?:\\n|[ \\\\t]+#) 2
FAIL: gcc.target/i386/avx512f-ceil-sfix-vec-2.c scan-assembler-times vrndscalepd[^\\n]*zmm[0-9](?:\\n|[ \\\\t]+#) 2
FAIL: gcc.target/i386/avx512f-floor-sfix-vec-2.c scan-assembler-times vcvttpd2dq[^\\n]*zmm[0-9].{7}(?:\\n|[ \\\\t]+#) 2
FAIL: gcc.target/i386/avx512f-floor-sfix-vec-2.c scan-assembler-times vrndscalepd[^\\n]*zmm[0-9](?:\\n|[ \\\\t]+#) 2
FAIL: gcc.target/i386/pr64291-1.c execution test
=== gcc Summary ===
# of expected passes 104998
# of unexpected failures 36
# of expected failures 253
# of unresolved testcases 4
# of unsupported tests 2641
/scratch/tmp/gerald/OBJ-1230-1848/gcc/xgcc version 5.0.0 20141230 (experimental) (GCC)
=== gfortran tests ===
Running target unix
UNRESOLVED: gfortran.dg/large_real_kind_2.F90 -O0 compilation failed to produce executable
UNRESOLVED: gfortran.dg/large_real_kind_2.F90 -O1 compilation failed to produce executable
UNRESOLVED: gfortran.dg/large_real_kind_2.F90 -O2 compilation failed to produce executable
UNRESOLVED: gfortran.dg/large_real_kind_2.F90 -O3 -fomit-frame-pointer compilation failed to produce executable
UNRESOLVED: gfortran.dg/large_real_kind_2.F90 -O3 -fomit-frame-pointer -funroll-all-loops -finline-functions compilation failed to produce executable
UNRESOLVED: gfortran.dg/large_real_kind_2.F90 -O3 -fomit-frame-pointer -funroll-loops compilation failed to produce executable
UNRESOLVED: gfortran.dg/large_real_kind_2.F90 -O3 -g compilation failed to produce executable
UNRESOLVED: gfortran.dg/large_real_kind_2.F90 -Os compilation failed to produce executable
UNRESOLVED: gfortran.dg/large_real_kind_3.F90 -O0 compilation failed to produce executable
XPASS: gfortran.dg/large_real_kind_3.F90 -O1 (test for excess errors)
XPASS: gfortran.dg/large_real_kind_3.F90 -O2 (test for excess errors)
XPASS: gfortran.dg/large_real_kind_3.F90 -O3 -fomit-frame-pointer (test for excess errors)
XPASS: gfortran.dg/large_real_kind_3.F90 -O3 -fomit-frame-pointer -funroll-all-loops -finline-functions (test for excess errors)
XPASS: gfortran.dg/large_real_kind_3.F90 -O3 -fomit-frame-pointer -funroll-loops (test for excess errors)
XPASS: gfortran.dg/large_real_kind_3.F90 -O3 -g (test for excess errors)
XPASS: gfortran.dg/large_real_kind_3.F90 -Os (test for excess errors)
=== gfortran Summary ===
# of expected passes 46913
# of unexpected successes 7
# of expected failures 56
# of unresolved testcases 9
# of unsupported tests 81
/scratch/tmp/gerald/OBJ-1230-1848/gcc/testsuite/gfortran/../../gfortran version 5.0.0 20141230 (experimental) (GCC)
=== objc tests ===
Running target unix
=== objc Summary ===
# of expected passes 3004
# of expected failures 6
# of unsupported tests 74
/scratch/tmp/gerald/OBJ-1230-1848/gcc/xgcc version 5.0.0 20141230 (experimental) (GCC)
=== boehm-gc tests ===
Running target unix
=== boehm-gc Summary ===
# of expected passes 12
# of unsupported tests 1
=== libatomic tests ===
Running target unix
=== libatomic Summary ===
# of expected passes 54
=== libffi tests ===
Running target unix
=== libffi Summary ===
# of expected passes 1819
# of unsupported tests 55
=== libgomp tests ===
Running target unix
FAIL: libgomp.c/examples-4/e.50.3.c execution test
FAIL: libgomp.fortran/pr25162.f -O3 -fomit-frame-pointer execution test
FAIL: libgomp.fortran/pr25162.f -O3 -fomit-frame-pointer -funroll-loops execution test
FAIL: libgomp.fortran/pr25162.f -O3 -fomit-frame-pointer -funroll-all-loops -finline-functions execution test
FAIL: libgomp.fortran/pr25162.f -O3 -g execution test
=== libgomp Summary ===
# of expected passes 3693
# of unexpected failures 5
# of unsupported tests 83
=== libitm tests ===
Running target unix
=== libitm Summary ===
# of expected passes 26
# of expected failures 3
# of unsupported tests 1
=== libjava tests ===
Running target unix
FAIL: PR16923.c compilation
FAIL: Throw_2 execution - source compiled test
FAIL: Throw_2 -findirect-dispatch execution - source compiled test
FAIL: Throw_2 -O3 execution - source compiled test
FAIL: Throw_2 -O3 -findirect-dispatch execution - source compiled test
=== libjava Summary ===
# of expected passes 2572
# of unexpected failures 5
# of expected failures 4
# of untested testcases 4
=== libstdc++ tests ===
Running target unix
FAIL: 21_strings/basic_string/numeric_conversions/char/dr1261.cc (test for excess errors)
UNRESOLVED: 21_strings/basic_string/numeric_conversions/char/dr1261.cc compilation failed to produce executable
FAIL: 21_strings/basic_string/numeric_conversions/char/stod.cc (test for excess errors)
UNRESOLVED: 21_strings/basic_string/numeric_conversions/char/stod.cc compilation failed to produce executable
FAIL: 21_strings/basic_string/numeric_conversions/char/stof.cc (test for excess errors)
UNRESOLVED: 21_strings/basic_string/numeric_conversions/char/stof.cc compilation failed to produce executable
FAIL: 21_strings/basic_string/numeric_conversions/char/stoi.cc (test for excess errors)
UNRESOLVED: 21_strings/basic_string/numeric_conversions/char/stoi.cc compilation failed to produce executable
FAIL: 21_strings/basic_string/numeric_conversions/char/stol.cc (test for excess errors)
UNRESOLVED: 21_strings/basic_string/numeric_conversions/char/stol.cc compilation failed to produce executable
FAIL: 21_strings/basic_string/numeric_conversions/char/stold.cc (test for excess errors)
UNRESOLVED: 21_strings/basic_string/numeric_conversions/char/stold.cc compilation failed to produce executable
FAIL: 21_strings/basic_string/numeric_conversions/char/stoll.cc (test for excess errors)
UNRESOLVED: 21_strings/basic_string/numeric_conversions/char/stoll.cc compilation failed to produce executable
FAIL: 21_strings/basic_string/numeric_conversions/char/stoul.cc (test for excess errors)
UNRESOLVED: 21_strings/basic_string/numeric_conversions/char/stoul.cc compilation failed to produce executable
FAIL: 21_strings/basic_string/numeric_conversions/char/stoull.cc (test for excess errors)
UNRESOLVED: 21_strings/basic_string/numeric_conversions/char/stoull.cc compilation failed to produce executable
FAIL: 21_strings/basic_string/numeric_conversions/char/to_string.cc (test for excess errors)
UNRESOLVED: 21_strings/basic_string/numeric_conversions/char/to_string.cc compilation failed to produce executable
FAIL: 22_locale/locale/cons/12438.cc execution test
FAIL: 22_locale/locale/cons/6.cc execution test
FAIL: 22_locale/num_get/get/char/11.cc execution test
FAIL: 22_locale/num_get/get/char/12.cc execution test
FAIL: 22_locale/num_get/get/char/13.cc execution test
FAIL: 22_locale/num_get/get/char/14.cc execution test
FAIL: 22_locale/num_get/get/char/15.cc execution test
FAIL: 22_locale/num_get/get/char/22131.cc execution test
FAIL: 22_locale/num_get/get/char/23953.cc execution test
FAIL: 22_locale/num_get/get/char/37958.cc execution test
FAIL: 22_locale/num_get/get/char/39168.cc execution test
FAIL: 22_locale/num_get/get/wchar_t/11.cc execution test
FAIL: 22_locale/num_get/get/wchar_t/12.cc execution test
FAIL: 22_locale/num_get/get/wchar_t/13.cc execution test
FAIL: 22_locale/num_get/get/wchar_t/14.cc execution test
FAIL: 22_locale/num_get/get/wchar_t/15.cc execution test
FAIL: 22_locale/num_get/get/wchar_t/22131.cc execution test
FAIL: 22_locale/num_get/get/wchar_t/23953.cc execution test
FAIL: 22_locale/num_get/get/wchar_t/37958.cc execution test
FAIL: 22_locale/num_get/get/wchar_t/39168.cc execution test
FAIL: 22_locale/num_put/put/char/11.cc execution test
FAIL: 22_locale/num_put/put/char/23953.cc execution test
FAIL: 22_locale/num_put/put/char/38196.cc execution test
FAIL: 22_locale/num_put/put/wchar_t/11.cc execution test
FAIL: 22_locale/num_put/put/wchar_t/23953.cc execution test
FAIL: 22_locale/num_put/put/wchar_t/38196.cc execution test
FAIL: 22_locale/numpunct/members/char/cache_1.cc execution test
FAIL: 22_locale/numpunct/members/char/cache_2.cc execution test
FAIL: 22_locale/numpunct/members/wchar_t/cache_1.cc execution test
FAIL: 22_locale/numpunct/members/wchar_t/cache_2.cc execution test
FAIL: 26_numerics/complex/56111.cc (test for excess errors)
FAIL: 26_numerics/complex/c99.cc (test for excess errors)
FAIL: 26_numerics/headers/cmath/c99_classification_macros_c.cc (test for excess errors)
FAIL: 27_io/basic_istream/extractors_arithmetic/char/07.cc execution test
FAIL: 27_io/basic_istream/extractors_arithmetic/char/08.cc execution test
FAIL: 27_io/basic_istream/extractors_arithmetic/char/12.cc execution test
FAIL: 27_io/basic_istream/extractors_arithmetic/wchar_t/07.cc execution test
FAIL: 27_io/basic_istream/extractors_arithmetic/wchar_t/08.cc execution test
FAIL: 27_io/basic_istream/extractors_arithmetic/wchar_t/12.cc execution test
FAIL: 27_io/basic_ostream/inserters_arithmetic/char/1.cc execution test
FAIL: 27_io/basic_ostream/inserters_arithmetic/wchar_t/1.cc execution test
FAIL: 27_io/manipulators/adjustfield/char/1.cc execution test
FAIL: 27_io/manipulators/adjustfield/wchar_t/1.cc execution test
FAIL: 27_io/manipulators/basefield/char/1.cc execution test
FAIL: 27_io/manipulators/basefield/wchar_t/1.cc execution test
=== libstdc++ Summary ===
# of expected passes 9080
# of unexpected failures 55
# of expected failures 67
# of unresolved testcases 10
# of unsupported tests 655
Compiler version: 5.0.0 20141230 (experimental) (GCC)
Platform: x86_64-unknown-freebsd8.4
configure flags: --prefix=/scratch/tmp/gerald/gcc-ref8-amd64 --with-gmp=/home/gerald/8-amd64 --with-as=/home/gerald/8-amd64/bin/as --with-ld=/home/gerald/8-amd64/bin/ld