This is the mail archive of the
gcc-testresults@gcc.gnu.org
mailing list for the GCC project.
Results for 5.0.0 20141223 (experimental) [trunk revision 219041] (GCC) testsuite on x86_64-apple-darwin14.0.0
- From: fx at einstein dot local (FX)
- To: gcc-testresults at gcc dot gnu dot org
- Date: Tue, 23 Dec 2014 04:47:37 +0100 (CET)
- Subject: Results for 5.0.0 20141223 (experimental) [trunk revision 219041] (GCC) testsuite on x86_64-apple-darwin14.0.0
- Authentication-results: sourceware.org; auth=none
LAST_UPDATED: Tue Dec 23 01:00:09 UTC 2014 (revision 219041)
Native configuration is x86_64-apple-darwin14.0.0
=== g++ tests ===
Running target unix/-m32
FAIL: g++.dg/debug/dwarf2/imported-decl-2.C -std=gnu++11 scan-assembler-times ascii "AAAA\\\\\\\\0".*ascii "BBBB\\\\\\\\0".*DIE .0x[0-9a-f]*. DW_TAG_imported_declaration 1
FAIL: g++.dg/debug/dwarf2/imported-decl-2.C -std=gnu++14 scan-assembler-times ascii "AAAA\\\\\\\\0".*ascii "BBBB\\\\\\\\0".*DIE .0x[0-9a-f]*. DW_TAG_imported_declaration 1
FAIL: g++.dg/debug/dwarf2/imported-decl-2.C -std=gnu++98 scan-assembler-times ascii "AAAA\\\\\\\\0".*ascii "BBBB\\\\\\\\0".*DIE .0x[0-9a-f]*. DW_TAG_imported_declaration 1
FAIL: g++.dg/abi/covariant4.C -std=c++14 (test for excess errors)
WARNING: g++.dg/abi/covariant4.C -std=c++14 compilation failed to produce executable
FAIL: g++.dg/abi/vthunk1.C -std=c++14 (test for excess errors)
FAIL: g++.dg/cpp0x/bad_array_new1.C -std=c++11 (test for excess errors)
WARNING: g++.dg/cpp0x/bad_array_new1.C -std=c++11 compilation failed to produce executable
FAIL: g++.dg/cpp0x/bad_array_new1.C -std=c++14 (test for excess errors)
WARNING: g++.dg/cpp0x/bad_array_new1.C -std=c++14 compilation failed to produce executable
FAIL: g++.dg/cpp0x/bad_array_new2.C -std=c++11 (test for excess errors)
WARNING: g++.dg/cpp0x/bad_array_new2.C -std=c++11 compilation failed to produce executable
FAIL: g++.dg/cpp0x/bad_array_new2.C -std=c++14 (test for excess errors)
WARNING: g++.dg/cpp0x/bad_array_new2.C -std=c++14 compilation failed to produce executable
FAIL: g++.dg/cpp0x/constexpr-base4.C -std=c++14 (test for excess errors)
WARNING: g++.dg/cpp0x/constexpr-base4.C -std=c++14 compilation failed to produce executable
FAIL: g++.dg/cpp0x/constexpr-tuple.C -std=c++14 (test for excess errors)
WARNING: g++.dg/cpp0x/constexpr-tuple.C -std=c++14 compilation failed to produce executable
FAIL: g++.dg/cpp0x/defaulted22.C -std=c++14 (test for excess errors)
WARNING: g++.dg/cpp0x/defaulted22.C -std=c++14 compilation failed to produce executable
FAIL: g++.dg/cpp0x/initlist25.C -std=c++11 (test for excess errors)
WARNING: g++.dg/cpp0x/initlist25.C -std=c++11 compilation failed to produce executable
FAIL: g++.dg/cpp0x/initlist25.C -std=c++14 (test for excess errors)
WARNING: g++.dg/cpp0x/initlist25.C -std=c++14 compilation failed to produce executable
FAIL: g++.dg/cpp0x/lambda/lambda-eh2.C -std=gnu++11 (test for excess errors)
WARNING: g++.dg/cpp0x/lambda/lambda-eh2.C -std=gnu++11 compilation failed to produce executable
FAIL: g++.dg/cpp0x/lambda/lambda-eh2.C -std=gnu++14 (test for excess errors)
WARNING: g++.dg/cpp0x/lambda/lambda-eh2.C -std=gnu++14 compilation failed to produce executable
FAIL: g++.dg/cpp0x/lambda/lambda-recursive.C -std=c++11 (test for excess errors)
WARNING: g++.dg/cpp0x/lambda/lambda-recursive.C -std=c++11 compilation failed to produce executable
FAIL: g++.dg/cpp0x/lambda/lambda-recursive.C -std=c++14 (test for excess errors)
WARNING: g++.dg/cpp0x/lambda/lambda-recursive.C -std=c++14 compilation failed to produce executable
FAIL: g++.dg/cpp0x/lambda/lambda-std-function.C -std=c++11 (test for excess errors)
WARNING: g++.dg/cpp0x/lambda/lambda-std-function.C -std=c++11 compilation failed to produce executable
FAIL: g++.dg/cpp0x/lambda/lambda-std-function.C -std=c++14 (test for excess errors)
WARNING: g++.dg/cpp0x/lambda/lambda-std-function.C -std=c++14 compilation failed to produce executable
FAIL: g++.dg/cpp0x/lambda/lambda-template4.C -std=c++14 (test for excess errors)
WARNING: g++.dg/cpp0x/lambda/lambda-template4.C -std=c++14 compilation failed to produce executable
FAIL: g++.dg/cpp0x/lambda/lambda-this8.C -std=c++11 (test for excess errors)
WARNING: g++.dg/cpp0x/lambda/lambda-this8.C -std=c++11 compilation failed to produce executable
FAIL: g++.dg/cpp0x/lambda/lambda-this8.C -std=c++14 (test for excess errors)
WARNING: g++.dg/cpp0x/lambda/lambda-this8.C -std=c++14 compilation failed to produce executable
FAIL: g++.dg/cpp0x/nullptr13.C -std=c++11 (test for excess errors)
WARNING: g++.dg/cpp0x/nullptr13.C -std=c++11 compilation failed to produce executable
FAIL: g++.dg/cpp0x/nullptr13.C -std=c++14 (test for excess errors)
WARNING: g++.dg/cpp0x/nullptr13.C -std=c++14 compilation failed to produce executable
FAIL: g++.dg/cpp0x/nullptr21.C -std=c++11 (test for excess errors)
WARNING: g++.dg/cpp0x/nullptr21.C -std=c++11 compilation failed to produce executable
FAIL: g++.dg/cpp0x/nullptr21.C -std=c++14 (test for excess errors)
WARNING: g++.dg/cpp0x/nullptr21.C -std=c++14 compilation failed to produce executable
FAIL: g++.dg/cpp0x/udlit-general.C -std=c++11 (test for excess errors)
WARNING: g++.dg/cpp0x/udlit-general.C -std=c++11 compilation failed to produce executable
FAIL: g++.dg/cpp0x/udlit-general.C -std=c++14 (test for excess errors)
WARNING: g++.dg/cpp0x/udlit-general.C -std=c++14 compilation failed to produce executable
FAIL: g++.dg/cpp0x/variadic-function.C -std=c++14 (test for excess errors)
WARNING: g++.dg/cpp0x/variadic-function.C -std=c++14 compilation failed to produce executable
FAIL: g++.dg/cpp0x/variadic-tuple.C -std=c++11 (test for excess errors)
WARNING: g++.dg/cpp0x/variadic-tuple.C -std=c++11 compilation failed to produce executable
FAIL: g++.dg/cpp0x/variadic-tuple.C -std=c++14 (test for excess errors)
WARNING: g++.dg/cpp0x/variadic-tuple.C -std=c++14 compilation failed to produce executable
FAIL: g++.dg/cpp1y/vla-initlist1.C -std=gnu++11 (test for excess errors)
WARNING: g++.dg/cpp1y/vla-initlist1.C -std=gnu++11 compilation failed to produce executable
FAIL: g++.dg/cpp1y/vla-initlist1.C -std=gnu++14 (test for excess errors)
WARNING: g++.dg/cpp1y/vla-initlist1.C -std=gnu++14 compilation failed to produce executable
FAIL: g++.dg/eh/crossjump1.C -std=gnu++14 (test for excess errors)
WARNING: g++.dg/eh/crossjump1.C -std=gnu++14 compilation failed to produce executable
FAIL: g++.dg/eh/ctor2.C -std=c++14 (test for excess errors)
WARNING: g++.dg/eh/ctor2.C -std=c++14 compilation failed to produce executable
FAIL: g++.dg/eh/forced1.C -std=c++11 execution test
FAIL: g++.dg/eh/forced1.C -std=c++14 execution test
FAIL: g++.dg/eh/forced1.C -std=c++98 execution test
FAIL: g++.dg/eh/forced2.C -std=c++11 execution test
FAIL: g++.dg/eh/forced2.C -std=c++14 execution test
FAIL: g++.dg/eh/forced2.C -std=c++98 execution test
FAIL: g++.dg/eh/forced3.C -std=c++11 execution test
FAIL: g++.dg/eh/forced3.C -std=c++14 execution test
FAIL: g++.dg/eh/forced3.C -std=c++98 execution test
FAIL: g++.dg/eh/forced4.C -std=c++11 execution test
FAIL: g++.dg/eh/forced4.C -std=c++14 execution test
FAIL: g++.dg/eh/forced4.C -std=c++98 execution test
FAIL: g++.dg/eh/ia64-2.C -std=gnu++14 (test for excess errors)
WARNING: g++.dg/eh/ia64-2.C -std=gnu++14 compilation failed to produce executable
FAIL: g++.dg/eh/new1.C -std=c++14 (test for excess errors)
WARNING: g++.dg/eh/new1.C -std=c++14 compilation failed to produce executable
FAIL: g++.dg/expr/anew1.C -std=c++11 (test for excess errors)
WARNING: g++.dg/expr/anew1.C -std=c++11 compilation failed to produce executable
FAIL: g++.dg/expr/anew1.C -std=c++14 (test for excess errors)
WARNING: g++.dg/expr/anew1.C -std=c++14 compilation failed to produce executable
FAIL: g++.dg/expr/anew2.C -std=c++11 (test for excess errors)
WARNING: g++.dg/expr/anew2.C -std=c++11 compilation failed to produce executable
FAIL: g++.dg/expr/anew2.C -std=c++14 (test for excess errors)
WARNING: g++.dg/expr/anew2.C -std=c++14 compilation failed to produce executable
FAIL: g++.dg/expr/anew3.C -std=c++11 (test for excess errors)
WARNING: g++.dg/expr/anew3.C -std=c++11 compilation failed to produce executable
FAIL: g++.dg/expr/anew3.C -std=c++14 (test for excess errors)
WARNING: g++.dg/expr/anew3.C -std=c++14 compilation failed to produce executable
FAIL: g++.dg/expr/anew4.C -std=c++11 (test for excess errors)
WARNING: g++.dg/expr/anew4.C -std=c++11 compilation failed to produce executable
FAIL: g++.dg/expr/anew4.C -std=c++14 (test for excess errors)
WARNING: g++.dg/expr/anew4.C -std=c++14 compilation failed to produce executable
FAIL: g++.dg/expr/cast4.C -std=c++14 (test for excess errors)
WARNING: g++.dg/expr/cast4.C -std=c++14 compilation failed to produce executable
FAIL: g++.dg/ext/complex8.C -std=c++14 (test for excess errors)
WARNING: g++.dg/ext/complex8.C -std=c++14 compilation failed to produce executable
FAIL: g++.dg/ext/sync-4.C -std=gnu++11 execution test
FAIL: g++.dg/ext/sync-4.C -std=gnu++14 execution test
FAIL: g++.dg/ext/sync-4.C -std=gnu++98 execution test
FAIL: g++.dg/ext/utf-rtti.C -std=c++11 (test for excess errors)
FAIL: g++.dg/ext/utf-rtti.C -std=c++14 (test for excess errors)
FAIL: g++.dg/inherit/covariant17.C -std=c++14 (test for excess errors)
WARNING: g++.dg/inherit/covariant17.C -std=c++14 compilation failed to produce executable
FAIL: g++.dg/inherit/covariant18.C -std=c++14 (test for excess errors)
WARNING: g++.dg/inherit/covariant18.C -std=c++14 compilation failed to produce executable
FAIL: g++.dg/inherit/covariant4.C -std=c++14 (test for excess errors)
WARNING: g++.dg/inherit/covariant4.C -std=c++14 compilation failed to produce executable
FAIL: g++.dg/inherit/thunk11.C -std=gnu++14 (test for excess errors)
FAIL: g++.dg/inherit/using2.C -std=c++14 (test for excess errors)
WARNING: g++.dg/inherit/using2.C -std=c++14 compilation failed to produce executable
FAIL: g++.dg/inherit/virtual8.C -std=c++14 (test for excess errors)
WARNING: g++.dg/inherit/virtual8.C -std=c++14 compilation failed to produce executable
FAIL: g++.dg/init/delete2.C -std=c++14 (test for excess errors)
WARNING: g++.dg/init/delete2.C -std=c++14 compilation failed to produce executable
FAIL: g++.dg/init/init-ref3.C -std=c++14 (test for excess errors)
FAIL: g++.dg/init/new26.C -std=gnu++14 (test for excess errors)
WARNING: g++.dg/init/new26.C -std=gnu++14 compilation failed to produce executable
FAIL: g++.dg/init/new36.C -std=c++14 (test for excess errors)
WARNING: g++.dg/init/new36.C -std=c++14 compilation failed to produce executable
FAIL: g++.dg/init/new39.C -std=c++11 (test for excess errors)
WARNING: g++.dg/init/new39.C -std=c++11 compilation failed to produce executable
FAIL: g++.dg/init/new39.C -std=c++14 (test for excess errors)
WARNING: g++.dg/init/new39.C -std=c++14 compilation failed to produce executable
FAIL: g++.dg/init/ref9.C -std=c++14 (test for excess errors)
WARNING: g++.dg/init/ref9.C -std=c++14 compilation failed to produce executable
FAIL: g++.dg/init/value10.C -std=c++14 (test for excess errors)
WARNING: g++.dg/init/value10.C -std=c++14 compilation failed to produce executable
FAIL: g++.dg/ipa/devirt-21.C -std=gnu++14 (test for excess errors)
WARNING: g++.dg/ipa/devirt-21.C -std=gnu++14 compilation failed to produce executable
FAIL: g++.dg/ipa/devirt-23.C -std=gnu++14 (test for excess errors)
WARNING: g++.dg/ipa/devirt-23.C -std=gnu++14 compilation failed to produce executable
FAIL: g++.dg/ipa/devirt-29.C -std=gnu++14 (test for excess errors)
WARNING: g++.dg/ipa/devirt-29.C -std=gnu++14 compilation failed to produce executable
FAIL: g++.dg/ipa/devirt-33.C (test for excess errors)
WARNING: g++.dg/ipa/devirt-33.C compilation failed to produce executable
FAIL: g++.dg/ipa/devirt-6.C -std=gnu++14 (test for excess errors)
WARNING: g++.dg/ipa/devirt-6.C -std=gnu++14 compilation failed to produce executable
FAIL: g++.dg/opt/anchor1.C -std=gnu++14 (test for excess errors)
WARNING: g++.dg/opt/anchor1.C -std=gnu++14 compilation failed to produce executable
FAIL: g++.dg/opt/cleanup1.C -std=gnu++14 (test for excess errors)
WARNING: g++.dg/opt/cleanup1.C -std=gnu++14 compilation failed to produce executable
FAIL: g++.dg/opt/const1.C -std=gnu++14 (test for excess errors)
WARNING: g++.dg/opt/const1.C -std=gnu++14 compilation failed to produce executable
FAIL: g++.dg/opt/covariant1.C -std=gnu++14 (test for excess errors)
WARNING: g++.dg/opt/covariant1.C -std=gnu++14 compilation failed to produce executable
FAIL: g++.dg/opt/dtor2.C -std=gnu++14 (test for excess errors)
FAIL: g++.dg/opt/pr15551.C -std=gnu++14 (test for excess errors)
WARNING: g++.dg/opt/pr15551.C -std=gnu++14 compilation failed to produce executable
FAIL: g++.dg/opt/pr23478.C -std=gnu++14 (test for excess errors)
WARNING: g++.dg/opt/pr23478.C -std=gnu++14 compilation failed to produce executable
FAIL: g++.dg/opt/pr36185.C -std=gnu++14 (test for excess errors)
WARNING: g++.dg/opt/pr36185.C -std=gnu++14 compilation failed to produce executable
FAIL: g++.dg/opt/pr42508.C -std=gnu++14 (test for excess errors)
WARNING: g++.dg/opt/pr42508.C -std=gnu++14 compilation failed to produce executable
FAIL: g++.dg/opt/preinc1.C -std=gnu++14 (test for excess errors)
WARNING: g++.dg/opt/preinc1.C -std=gnu++14 compilation failed to produce executable
FAIL: g++.dg/opt/reg-stack.C -std=gnu++14 (test for excess errors)
WARNING: g++.dg/opt/reg-stack.C -std=gnu++14 compilation failed to produce executable
FAIL: g++.dg/opt/rtti1.C -std=gnu++14 (test for excess errors)
WARNING: g++.dg/opt/rtti1.C -std=gnu++14 compilation failed to produce executable
FAIL: g++.dg/opt/thunk2.C -std=gnu++14 (test for excess errors)
WARNING: g++.dg/opt/thunk2.C -std=gnu++14 compilation failed to produce executable
FAIL: g++.dg/opt/typeinfo1.C -std=gnu++14 (test for excess errors)
WARNING: g++.dg/opt/typeinfo1.C -std=gnu++14 compilation failed to produce executable
FAIL: g++.dg/opt/unroll1.C -std=gnu++14 (test for excess errors)
WARNING: g++.dg/opt/unroll1.C -std=gnu++14 compilation failed to produce executable
FAIL: g++.dg/other/pr47218.C -std=gnu++14 (test for excess errors)
FAIL: g++.dg/other/profile1.C -std=gnu++11 (test for excess errors)
WARNING: g++.dg/other/profile1.C -std=gnu++11 compilation failed to produce executable
FAIL: g++.dg/other/profile1.C -std=gnu++14 (test for excess errors)
WARNING: g++.dg/other/profile1.C -std=gnu++14 compilation failed to produce executable
FAIL: g++.dg/other/profile1.C -std=gnu++98 (test for excess errors)
WARNING: g++.dg/other/profile1.C -std=gnu++98 compilation failed to produce executable
FAIL: g++.dg/overload/virtual2.C -std=c++14 (test for excess errors)
WARNING: g++.dg/overload/virtual2.C -std=c++14 compilation failed to produce executable
FAIL: g++.dg/pr59695.C -std=gnu++14 (test for excess errors)
WARNING: g++.dg/pr59695.C -std=gnu++14 compilation failed to produce executable
FAIL: g++.dg/pr61289-2.C -std=gnu++14 (test for excess errors)
WARNING: g++.dg/pr61289-2.C -std=gnu++14 compilation failed to produce executable
FAIL: g++.dg/pr61289.C -std=gnu++14 (test for excess errors)
WARNING: g++.dg/pr61289.C -std=gnu++14 compilation failed to produce executable
FAIL: g++.dg/rtti/dyncast2.C -std=c++14 (test for excess errors)
WARNING: g++.dg/rtti/dyncast2.C -std=c++14 compilation failed to produce executable
FAIL: g++.dg/rtti/dyncast3.C -std=c++11 execution test
FAIL: g++.dg/rtti/dyncast3.C -std=c++14 (test for excess errors)
WARNING: g++.dg/rtti/dyncast3.C -std=c++14 compilation failed to produce executable
FAIL: g++.dg/rtti/dyncast3.C -std=c++98 execution test
FAIL: g++.dg/rtti/dyncast7.C -std=c++14 (test for excess errors)
WARNING: g++.dg/rtti/dyncast7.C -std=c++14 compilation failed to produce executable
FAIL: g++.dg/rtti/typeid4.C -std=gnu++11 (test for excess errors)
WARNING: g++.dg/rtti/typeid4.C -std=gnu++11 compilation failed to produce executable
FAIL: g++.dg/rtti/typeid4.C -std=gnu++14 (test for excess errors)
WARNING: g++.dg/rtti/typeid4.C -std=gnu++14 compilation failed to produce executable
FAIL: g++.dg/rtti/typeid4.C -std=gnu++98 (test for excess errors)
WARNING: g++.dg/rtti/typeid4.C -std=gnu++98 compilation failed to produce executable
FAIL: g++.dg/template/repo10.C -std=gnu++14 (test for excess errors)
FAIL: g++.dg/tree-ssa/pr20458.C -std=gnu++14 (test for excess errors)
WARNING: g++.dg/tree-ssa/pr20458.C -std=gnu++14 compilation failed to produce executable
FAIL: g++.dg/tree-ssa/pr63841.C -std=gnu++11 (test for excess errors)
WARNING: g++.dg/tree-ssa/pr63841.C -std=gnu++11 compilation failed to produce executable
FAIL: g++.dg/tree-ssa/pr63841.C -std=gnu++14 (test for excess errors)
WARNING: g++.dg/tree-ssa/pr63841.C -std=gnu++14 compilation failed to produce executable
FAIL: g++.dg/tree-ssa/pr63841.C -std=gnu++98 (test for excess errors)
WARNING: g++.dg/tree-ssa/pr63841.C -std=gnu++98 compilation failed to produce executable
FAIL: g++.dg/gcov/gcov-14.C -std=gnu++11 gcov failed: gcov-14.C.gov does not exist
FAIL: g++.dg/gcov/gcov-14.C -std=gnu++11 (test for excess errors)
WARNING: g++.dg/gcov/gcov-14.C -std=gnu++11 compilation failed to produce executable
FAIL: g++.dg/gcov/gcov-14.C -std=gnu++14 gcov failed: gcov-14.C.gov does not exist
FAIL: g++.dg/gcov/gcov-14.C -std=gnu++14 (test for excess errors)
WARNING: g++.dg/gcov/gcov-14.C -std=gnu++14 compilation failed to produce executable
FAIL: g++.dg/gcov/gcov-14.C -std=gnu++98 gcov failed: gcov-14.C.gov does not exist
FAIL: g++.dg/gcov/gcov-14.C -std=gnu++98 (test for excess errors)
WARNING: g++.dg/gcov/gcov-14.C -std=gnu++98 compilation failed to produce executable
XPASS: g++.dg/tls/thread_local-order2.C -std=c++11 execution test
XPASS: g++.dg/tls/thread_local-order2.C -std=c++14 execution test
FAIL: g++.dg/tm/pr47573.C -std=gnu++11 (test for excess errors)
FAIL: g++.dg/tm/pr47573.C -std=gnu++14 (test for excess errors)
FAIL: g++.dg/tm/pr47573.C -std=gnu++98 (test for excess errors)
FAIL: g++.dg/torture/pr60750.C -O0 (test for excess errors)
WARNING: g++.dg/torture/pr60750.C -O0 compilation failed to produce executable
FAIL: g++.dg/torture/pr60750.C -O1 (test for excess errors)
WARNING: g++.dg/torture/pr60750.C -O1 compilation failed to produce executable
FAIL: g++.dg/torture/pr60750.C -O2 (test for excess errors)
WARNING: g++.dg/torture/pr60750.C -O2 compilation failed to produce executable
FAIL: g++.dg/torture/pr60750.C -O3 -fomit-frame-pointer (test for excess errors)
WARNING: g++.dg/torture/pr60750.C -O3 -fomit-frame-pointer compilation failed to produce executable
FAIL: g++.dg/torture/pr60750.C -O3 -g (test for excess errors)
WARNING: g++.dg/torture/pr60750.C -O3 -g compilation failed to produce executable
FAIL: g++.dg/torture/pr60750.C -Os (test for excess errors)
WARNING: g++.dg/torture/pr60750.C -Os compilation failed to produce executable
FAIL: g++.old-deja/g++.abi/ptrflags.C -std=c++11 (test for excess errors)
WARNING: g++.old-deja/g++.abi/ptrflags.C -std=c++11 compilation failed to produce executable
FAIL: g++.old-deja/g++.abi/ptrflags.C -std=c++14 (test for excess errors)
WARNING: g++.old-deja/g++.abi/ptrflags.C -std=c++14 compilation failed to produce executable
FAIL: g++.old-deja/g++.abi/ptrflags.C -std=c++98 (test for excess errors)
WARNING: g++.old-deja/g++.abi/ptrflags.C -std=c++98 compilation failed to produce executable
FAIL: g++.old-deja/g++.abi/vbase1.C -std=c++14 (test for excess errors)
WARNING: g++.old-deja/g++.abi/vbase1.C -std=c++14 compilation failed to produce executable
FAIL: g++.old-deja/g++.abi/vbase2.C -std=c++14 (test for excess errors)
WARNING: g++.old-deja/g++.abi/vbase2.C -std=c++14 compilation failed to produce executable
FAIL: g++.old-deja/g++.abi/vbase4.C -std=c++14 (test for excess errors)
WARNING: g++.old-deja/g++.abi/vbase4.C -std=c++14 compilation failed to produce executable
FAIL: g++.old-deja/g++.abi/vbase7.C -std=c++14 (test for excess errors)
WARNING: g++.old-deja/g++.abi/vbase7.C -std=c++14 compilation failed to produce executable
FAIL: g++.old-deja/g++.abi/vmihint.C -std=c++11 (test for excess errors)
WARNING: g++.old-deja/g++.abi/vmihint.C -std=c++11 compilation failed to produce executable
FAIL: g++.old-deja/g++.abi/vmihint.C -std=c++14 (test for excess errors)
WARNING: g++.old-deja/g++.abi/vmihint.C -std=c++14 compilation failed to produce executable
FAIL: g++.old-deja/g++.abi/vmihint.C -std=c++98 (test for excess errors)
WARNING: g++.old-deja/g++.abi/vmihint.C -std=c++98 compilation failed to produce executable
FAIL: g++.old-deja/g++.brendan/delete2.C -std=c++14 (test for excess errors)
WARNING: g++.old-deja/g++.brendan/delete2.C -std=c++14 compilation failed to produce executable
FAIL: g++.old-deja/g++.brendan/dtors2.C -std=c++14 (test for excess errors)
WARNING: g++.old-deja/g++.brendan/dtors2.C -std=c++14 compilation failed to produce executable
FAIL: g++.old-deja/g++.brendan/dtors3.C -std=c++14 (test for excess errors)
WARNING: g++.old-deja/g++.brendan/dtors3.C -std=c++14 compilation failed to produce executable
FAIL: g++.old-deja/g++.brendan/new3.C -std=gnu++14 (test for excess errors)
WARNING: g++.old-deja/g++.brendan/new3.C -std=gnu++14 compilation failed to produce executable
FAIL: g++.old-deja/g++.eh/catch11.C -std=c++11 execution test
FAIL: g++.old-deja/g++.eh/catch11.C -std=c++14 execution test
FAIL: g++.old-deja/g++.eh/catch11.C -std=c++98 execution test
FAIL: g++.old-deja/g++.eh/catch12.C -std=c++11 execution test
FAIL: g++.old-deja/g++.eh/catch12.C -std=c++14 execution test
FAIL: g++.old-deja/g++.eh/catch12.C -std=c++98 execution test
FAIL: g++.old-deja/g++.eh/catch3.C -std=gnu++11 execution test
FAIL: g++.old-deja/g++.eh/catch3.C -std=gnu++14 execution test
FAIL: g++.old-deja/g++.eh/catch3.C -std=gnu++98 execution test
FAIL: g++.old-deja/g++.eh/catch3p.C -std=gnu++11 execution test
FAIL: g++.old-deja/g++.eh/catch3p.C -std=gnu++14 (test for excess errors)
WARNING: g++.old-deja/g++.eh/catch3p.C -std=gnu++14 compilation failed to produce executable
FAIL: g++.old-deja/g++.eh/catch3p.C -std=gnu++98 execution test
FAIL: g++.old-deja/g++.eh/catch4p.C -std=gnu++14 (test for excess errors)
WARNING: g++.old-deja/g++.eh/catch4p.C -std=gnu++14 compilation failed to produce executable
FAIL: g++.old-deja/g++.eh/catch5.C -std=gnu++11 execution test
FAIL: g++.old-deja/g++.eh/catch5.C -std=gnu++14 execution test
FAIL: g++.old-deja/g++.eh/catch5.C -std=gnu++98 execution test
FAIL: g++.old-deja/g++.eh/catch5p.C -std=gnu++11 execution test
FAIL: g++.old-deja/g++.eh/catch5p.C -std=gnu++14 (test for excess errors)
WARNING: g++.old-deja/g++.eh/catch5p.C -std=gnu++14 compilation failed to produce executable
FAIL: g++.old-deja/g++.eh/catch5p.C -std=gnu++98 execution test
FAIL: g++.old-deja/g++.eh/catch6.C -std=gnu++11 execution test
FAIL: g++.old-deja/g++.eh/catch6.C -std=gnu++14 execution test
FAIL: g++.old-deja/g++.eh/catch6.C -std=gnu++98 execution test
FAIL: g++.old-deja/g++.eh/catch6p.C -std=gnu++11 execution test
FAIL: g++.old-deja/g++.eh/catch6p.C -std=gnu++14 (test for excess errors)
WARNING: g++.old-deja/g++.eh/catch6p.C -std=gnu++14 compilation failed to produce executable
FAIL: g++.old-deja/g++.eh/catch6p.C -std=gnu++98 execution test
FAIL: g++.old-deja/g++.eh/catch7.C -std=gnu++11 execution test
FAIL: g++.old-deja/g++.eh/catch7.C -std=gnu++14 execution test
FAIL: g++.old-deja/g++.eh/catch7.C -std=gnu++98 execution test
FAIL: g++.old-deja/g++.eh/catch7p.C -std=gnu++11 execution test
FAIL: g++.old-deja/g++.eh/catch7p.C -std=gnu++14 (test for excess errors)
WARNING: g++.old-deja/g++.eh/catch7p.C -std=gnu++14 compilation failed to produce executable
FAIL: g++.old-deja/g++.eh/catch7p.C -std=gnu++98 execution test
FAIL: g++.old-deja/g++.eh/catch8p.C -std=gnu++14 (test for excess errors)
WARNING: g++.old-deja/g++.eh/catch8p.C -std=gnu++14 compilation failed to produce executable
FAIL: g++.old-deja/g++.eh/catch9.C -std=gnu++11 execution test
FAIL: g++.old-deja/g++.eh/catch9.C -std=gnu++14 execution test
FAIL: g++.old-deja/g++.eh/catch9.C -std=gnu++98 execution test
FAIL: g++.old-deja/g++.eh/catch9p.C -std=gnu++11 execution test
FAIL: g++.old-deja/g++.eh/catch9p.C -std=gnu++14 (test for excess errors)
WARNING: g++.old-deja/g++.eh/catch9p.C -std=gnu++14 compilation failed to produce executable
FAIL: g++.old-deja/g++.eh/catch9p.C -std=gnu++98 execution test
FAIL: g++.old-deja/g++.eh/catchptr1.C -std=c++11 execution test
FAIL: g++.old-deja/g++.eh/catchptr1.C -std=c++14 execution test
FAIL: g++.old-deja/g++.eh/catchptr1.C -std=c++98 execution test
FAIL: g++.old-deja/g++.eh/new2.C -std=gnu++14 (test for excess errors)
WARNING: g++.old-deja/g++.eh/new2.C -std=gnu++14 compilation failed to produce executable
FAIL: g++.old-deja/g++.eh/vbase4.C -std=c++14 (test for excess errors)
WARNING: g++.old-deja/g++.eh/vbase4.C -std=c++14 compilation failed to produce executable
FAIL: g++.old-deja/g++.jason/2371.C -std=gnu++14 (test for excess errors)
WARNING: g++.old-deja/g++.jason/2371.C -std=gnu++14 compilation failed to produce executable
FAIL: g++.old-deja/g++.jason/init3.C -std=c++14 (test for excess errors)
WARNING: g++.old-deja/g++.jason/init3.C -std=c++14 compilation failed to produce executable
FAIL: g++.old-deja/g++.jason/new5.C -std=c++14 (test for excess errors)
WARNING: g++.old-deja/g++.jason/new5.C -std=c++14 compilation failed to produce executable
FAIL: g++.old-deja/g++.jason/overload13.C -std=c++14 (test for excess errors)
WARNING: g++.old-deja/g++.jason/overload13.C -std=c++14 compilation failed to produce executable
FAIL: g++.old-deja/g++.jason/rvalue1.C -std=c++14 (test for excess errors)
WARNING: g++.old-deja/g++.jason/rvalue1.C -std=c++14 compilation failed to produce executable
FAIL: g++.old-deja/g++.jason/template40.C -std=c++11 (test for excess errors)
WARNING: g++.old-deja/g++.jason/template40.C -std=c++11 compilation failed to produce executable
FAIL: g++.old-deja/g++.jason/template40.C -std=c++14 (test for excess errors)
WARNING: g++.old-deja/g++.jason/template40.C -std=c++14 compilation failed to produce executable
FAIL: g++.old-deja/g++.law/code-gen5.C -std=c++11 (test for excess errors)
WARNING: g++.old-deja/g++.law/code-gen5.C -std=c++11 compilation failed to produce executable
FAIL: g++.old-deja/g++.law/code-gen5.C -std=c++14 (test for excess errors)
WARNING: g++.old-deja/g++.law/code-gen5.C -std=c++14 compilation failed to produce executable
FAIL: g++.old-deja/g++.law/ctors15.C -std=c++14 (test for excess errors)
WARNING: g++.old-deja/g++.law/ctors15.C -std=c++14 compilation failed to produce executable
FAIL: g++.old-deja/g++.law/cvt2.C -std=c++14 (test for excess errors)
WARNING: g++.old-deja/g++.law/cvt2.C -std=c++14 compilation failed to produce executable
FAIL: g++.old-deja/g++.law/operators15.C -std=c++14 (test for excess errors)
WARNING: g++.old-deja/g++.law/operators15.C -std=c++14 compilation failed to produce executable
FAIL: g++.old-deja/g++.law/scope2.C -std=c++14 (test for excess errors)
WARNING: g++.old-deja/g++.law/scope2.C -std=c++14 compilation failed to produce executable
FAIL: g++.old-deja/g++.law/virtual3.C -std=c++11 (test for excess errors)
WARNING: g++.old-deja/g++.law/virtual3.C -std=c++11 compilation failed to produce executable
FAIL: g++.old-deja/g++.law/virtual3.C -std=c++14 (test for excess errors)
WARNING: g++.old-deja/g++.law/virtual3.C -std=c++14 compilation failed to produce executable
FAIL: g++.old-deja/g++.law/virtual3.C -std=c++98 (test for excess errors)
WARNING: g++.old-deja/g++.law/virtual3.C -std=c++98 compilation failed to produce executable
FAIL: g++.old-deja/g++.mike/dyncast8.C -std=c++14 (test for excess errors)
WARNING: g++.old-deja/g++.mike/dyncast8.C -std=c++14 compilation failed to produce executable
FAIL: g++.old-deja/g++.mike/eh2.C -std=gnu++11 (test for excess errors)
WARNING: g++.old-deja/g++.mike/eh2.C -std=gnu++11 compilation failed to produce executable
FAIL: g++.old-deja/g++.mike/eh2.C -std=gnu++14 (test for excess errors)
WARNING: g++.old-deja/g++.mike/eh2.C -std=gnu++14 compilation failed to produce executable
FAIL: g++.old-deja/g++.mike/eh44.C -std=gnu++14 (test for excess errors)
WARNING: g++.old-deja/g++.mike/eh44.C -std=gnu++14 compilation failed to produce executable
FAIL: g++.old-deja/g++.mike/eh45.C -std=c++14 (test for excess errors)
WARNING: g++.old-deja/g++.mike/eh45.C -std=c++14 compilation failed to produce executable
FAIL: g++.old-deja/g++.mike/mi1.C -std=gnu++14 (test for excess errors)
WARNING: g++.old-deja/g++.mike/mi1.C -std=gnu++14 compilation failed to produce executable
FAIL: g++.old-deja/g++.mike/mi2.C -std=c++14 (test for excess errors)
WARNING: g++.old-deja/g++.mike/mi2.C -std=c++14 compilation failed to produce executable
FAIL: g++.old-deja/g++.mike/misc13.C -std=c++14 (test for excess errors)
WARNING: g++.old-deja/g++.mike/misc13.C -std=c++14 compilation failed to produce executable
FAIL: g++.old-deja/g++.mike/misc14.C -std=c++14 (test for excess errors)
WARNING: g++.old-deja/g++.mike/misc14.C -std=c++14 compilation failed to produce executable
FAIL: g++.old-deja/g++.mike/p11667.C -std=gnu++11 (test for excess errors)
WARNING: g++.old-deja/g++.mike/p11667.C -std=gnu++11 compilation failed to produce executable
FAIL: g++.old-deja/g++.mike/p11667.C -std=gnu++14 (test for excess errors)
WARNING: g++.old-deja/g++.mike/p11667.C -std=gnu++14 compilation failed to produce executable
FAIL: g++.old-deja/g++.mike/p1248.C -std=c++14 (test for excess errors)
WARNING: g++.old-deja/g++.mike/p1248.C -std=c++14 compilation failed to produce executable
FAIL: g++.old-deja/g++.mike/p16146.C -std=c++14 (test for excess errors)
WARNING: g++.old-deja/g++.mike/p16146.C -std=c++14 compilation failed to produce executable
FAIL: g++.old-deja/g++.mike/p1862.C -std=c++14 (test for excess errors)
WARNING: g++.old-deja/g++.mike/p1862.C -std=c++14 compilation failed to produce executable
FAIL: g++.old-deja/g++.mike/p2846.C -std=c++14 (test for excess errors)
WARNING: g++.old-deja/g++.mike/p2846.C -std=c++14 compilation failed to produce executable
FAIL: g++.old-deja/g++.mike/p2960.C -std=c++14 (test for excess errors)
WARNING: g++.old-deja/g++.mike/p2960.C -std=c++14 compilation failed to produce executable
FAIL: g++.old-deja/g++.mike/p3068.C -std=c++14 (test for excess errors)
WARNING: g++.old-deja/g++.mike/p3068.C -std=c++14 compilation failed to produce executable
FAIL: g++.old-deja/g++.mike/p3708.C -std=c++14 (test for excess errors)
WARNING: g++.old-deja/g++.mike/p3708.C -std=c++14 compilation failed to produce executable
FAIL: g++.old-deja/g++.mike/p3708a.C -std=c++14 (test for excess errors)
WARNING: g++.old-deja/g++.mike/p3708a.C -std=c++14 compilation failed to produce executable
FAIL: g++.old-deja/g++.mike/p3708b.C -std=c++14 (test for excess errors)
WARNING: g++.old-deja/g++.mike/p3708b.C -std=c++14 compilation failed to produce executable
FAIL: g++.old-deja/g++.mike/p4246.C -std=c++14 (test for excess errors)
WARNING: g++.old-deja/g++.mike/p4246.C -std=c++14 compilation failed to produce executable
FAIL: g++.old-deja/g++.mike/p4736c.C -std=c++14 (test for excess errors)
WARNING: g++.old-deja/g++.mike/p4736c.C -std=c++14 compilation failed to produce executable
FAIL: g++.old-deja/g++.mike/p5571.C -std=c++14 (test for excess errors)
WARNING: g++.old-deja/g++.mike/p5571.C -std=c++14 compilation failed to produce executable
FAIL: g++.old-deja/g++.mike/p755.C -std=c++14 (test for excess errors)
WARNING: g++.old-deja/g++.mike/p755.C -std=c++14 compilation failed to produce executable
FAIL: g++.old-deja/g++.mike/p755a.C -std=c++14 (test for excess errors)
WARNING: g++.old-deja/g++.mike/p755a.C -std=c++14 compilation failed to produce executable
FAIL: g++.old-deja/g++.mike/p789a.C -std=c++14 (test for excess errors)
WARNING: g++.old-deja/g++.mike/p789a.C -std=c++14 compilation failed to produce executable
FAIL: g++.old-deja/g++.mike/p8018.C -std=c++14 (test for excess errors)
WARNING: g++.old-deja/g++.mike/p8018.C -std=c++14 compilation failed to produce executable
FAIL: g++.old-deja/g++.mike/pmf2.C -std=c++14 (test for excess errors)
WARNING: g++.old-deja/g++.mike/pmf2.C -std=c++14 compilation failed to produce executable
FAIL: g++.old-deja/g++.mike/rtti3.C -std=c++14 (test for excess errors)
WARNING: g++.old-deja/g++.mike/rtti3.C -std=c++14 compilation failed to produce executable
FAIL: g++.old-deja/g++.mike/thunk2.C -std=c++14 (test for excess errors)
WARNING: g++.old-deja/g++.mike/thunk2.C -std=c++14 compilation failed to produce executable
FAIL: g++.old-deja/g++.mike/thunk3.C -std=c++14 (test for excess errors)
WARNING: g++.old-deja/g++.mike/thunk3.C -std=c++14 compilation failed to produce executable
FAIL: g++.old-deja/g++.mike/virt5.C -std=c++14 (test for excess errors)
WARNING: g++.old-deja/g++.mike/virt5.C -std=c++14 compilation failed to produce executable
FAIL: g++.old-deja/g++.ns/template9.C -std=c++11 (test for excess errors)
WARNING: g++.old-deja/g++.ns/template9.C -std=c++11 compilation failed to produce executable
FAIL: g++.old-deja/g++.ns/template9.C -std=c++14 (test for excess errors)
WARNING: g++.old-deja/g++.ns/template9.C -std=c++14 compilation failed to produce executable
FAIL: g++.old-deja/g++.oliva/delete2.C -std=c++14 (test for excess errors)
WARNING: g++.old-deja/g++.oliva/delete2.C -std=c++14 compilation failed to produce executable
FAIL: g++.old-deja/g++.oliva/delete3.C -std=c++14 (test for excess errors)
WARNING: g++.old-deja/g++.oliva/delete3.C -std=c++14 compilation failed to produce executable
FAIL: g++.old-deja/g++.other/delete3.C -std=c++14 (test for excess errors)
WARNING: g++.old-deja/g++.other/delete3.C -std=c++14 compilation failed to produce executable
FAIL: g++.old-deja/g++.other/delete8.C -std=c++14 (test for excess errors)
WARNING: g++.old-deja/g++.other/delete8.C -std=c++14 compilation failed to produce executable
FAIL: g++.old-deja/g++.other/dtor9.C -std=c++14 (test for excess errors)
WARNING: g++.old-deja/g++.other/dtor9.C -std=c++14 compilation failed to produce executable
FAIL: g++.old-deja/g++.other/dyncast1.C -std=c++14 (test for excess errors)
WARNING: g++.old-deja/g++.other/dyncast1.C -std=c++14 compilation failed to produce executable
FAIL: g++.old-deja/g++.other/dyncast2.C -std=c++14 (test for excess errors)
WARNING: g++.old-deja/g++.other/dyncast2.C -std=c++14 compilation failed to produce executable
FAIL: g++.old-deja/g++.other/dyncast3.C -std=c++14 (test for excess errors)
WARNING: g++.old-deja/g++.other/dyncast3.C -std=c++14 compilation failed to produce executable
FAIL: g++.old-deja/g++.other/dyncast4.C -std=c++14 (test for excess errors)
WARNING: g++.old-deja/g++.other/dyncast4.C -std=c++14 compilation failed to produce executable
FAIL: g++.old-deja/g++.other/dyncast5.C -std=c++14 (test for excess errors)
WARNING: g++.old-deja/g++.other/dyncast5.C -std=c++14 compilation failed to produce executable
FAIL: g++.old-deja/g++.other/inline7.C -std=gnu++11 (test for excess errors)
WARNING: g++.old-deja/g++.other/inline7.C -std=gnu++11 compilation failed to produce executable
FAIL: g++.old-deja/g++.other/inline7.C -std=gnu++14 (test for excess errors)
WARNING: g++.old-deja/g++.other/inline7.C -std=gnu++14 compilation failed to produce executable
FAIL: g++.old-deja/g++.other/inline7.C -std=gnu++98 (test for excess errors)
WARNING: g++.old-deja/g++.other/inline7.C -std=gnu++98 compilation failed to produce executable
FAIL: g++.old-deja/g++.other/local1.C -std=c++14 (test for excess errors)
FAIL: g++.old-deja/g++.other/new3.C -std=c++14 (test for excess errors)
WARNING: g++.old-deja/g++.other/new3.C -std=c++14 compilation failed to produce executable
FAIL: g++.old-deja/g++.other/pmf4.C -std=c++14 (test for excess errors)
WARNING: g++.old-deja/g++.other/pmf4.C -std=c++14 compilation failed to produce executable
FAIL: g++.old-deja/g++.other/pmf5.C -std=c++14 (test for excess errors)
WARNING: g++.old-deja/g++.other/pmf5.C -std=c++14 compilation failed to produce executable
FAIL: g++.old-deja/g++.other/store-expr1.C -std=gnu++14 (test for excess errors)
WARNING: g++.old-deja/g++.other/store-expr1.C -std=gnu++14 compilation failed to produce executable
FAIL: g++.old-deja/g++.other/store-expr2.C -std=gnu++14 (test for excess errors)
WARNING: g++.old-deja/g++.other/store-expr2.C -std=gnu++14 compilation failed to produce executable
FAIL: g++.old-deja/g++.other/thunk1.C -std=c++14 (test for excess errors)
WARNING: g++.old-deja/g++.other/thunk1.C -std=c++14 compilation failed to produce executable
FAIL: g++.old-deja/g++.other/unchanging1.C -std=gnu++11 (test for excess errors)
WARNING: g++.old-deja/g++.other/unchanging1.C -std=gnu++11 compilation failed to produce executable
FAIL: g++.old-deja/g++.other/unchanging1.C -std=gnu++14 (test for excess errors)
WARNING: g++.old-deja/g++.other/unchanging1.C -std=gnu++14 compilation failed to produce executable
FAIL: g++.old-deja/g++.other/unchanging1.C -std=gnu++98 (test for excess errors)
WARNING: g++.old-deja/g++.other/unchanging1.C -std=gnu++98 compilation failed to produce executable
FAIL: g++.old-deja/g++.other/vbase5.C -std=c++14 (test for excess errors)
WARNING: g++.old-deja/g++.other/vbase5.C -std=c++14 compilation failed to produce executable
FAIL: g++.old-deja/g++.other/vtbl2.C -std=c++14 (test for excess errors)
WARNING: g++.old-deja/g++.other/vtbl2.C -std=c++14 compilation failed to produce executable
FAIL: g++.old-deja/g++.pt/explicit74.C -std=c++14 (test for excess errors)
WARNING: g++.old-deja/g++.pt/explicit74.C -std=c++14 compilation failed to produce executable
FAIL: g++.old-deja/g++.pt/expr1.C -std=c++14 (test for excess errors)
WARNING: g++.old-deja/g++.pt/expr1.C -std=c++14 compilation failed to produce executable
FAIL: g++.old-deja/g++.pt/mi1.C -std=c++14 (test for excess errors)
WARNING: g++.old-deja/g++.pt/mi1.C -std=c++14 compilation failed to produce executable
FAIL: g++.old-deja/g++.pt/repo1.C -std=gnu++14 (test for excess errors)
FAIL: g++.old-deja/g++.pt/repo3.C -std=gnu++14 (test for excess errors)
FAIL: g++.old-deja/g++.pt/virtual1.C -std=c++14 (test for excess errors)
WARNING: g++.old-deja/g++.pt/virtual1.C -std=c++14 compilation failed to produce executable
FAIL: g++.old-deja/g++.robertl/eb21.C -std=c++11 (test for excess errors)
WARNING: g++.old-deja/g++.robertl/eb21.C -std=c++11 compilation failed to produce executable
FAIL: g++.old-deja/g++.robertl/eb21.C -std=c++14 (test for excess errors)
WARNING: g++.old-deja/g++.robertl/eb21.C -std=c++14 compilation failed to produce executable
FAIL: g++.old-deja/g++.robertl/eb21.C -std=c++98 (test for excess errors)
WARNING: g++.old-deja/g++.robertl/eb21.C -std=c++98 compilation failed to produce executable
FAIL: g++.old-deja/g++.robertl/eb41.C -std=c++11 (test for excess errors)
WARNING: g++.old-deja/g++.robertl/eb41.C -std=c++11 compilation failed to produce executable
FAIL: g++.old-deja/g++.robertl/eb41.C -std=c++14 (test for excess errors)
WARNING: g++.old-deja/g++.robertl/eb41.C -std=c++14 compilation failed to produce executable
FAIL: g++.old-deja/g++.robertl/eb41.C -std=c++98 (test for excess errors)
WARNING: g++.old-deja/g++.robertl/eb41.C -std=c++98 compilation failed to produce executable
FAIL: g++.old-deja/g++.robertl/eb73.C -std=gnu++11 (test for excess errors)
WARNING: g++.old-deja/g++.robertl/eb73.C -std=gnu++11 compilation failed to produce executable
FAIL: g++.old-deja/g++.robertl/eb73.C -std=gnu++14 (test for excess errors)
WARNING: g++.old-deja/g++.robertl/eb73.C -std=gnu++14 compilation failed to produce executable
FAIL: g++.old-deja/g++.robertl/eb73.C -std=gnu++98 (test for excess errors)
WARNING: g++.old-deja/g++.robertl/eb73.C -std=gnu++98 compilation failed to produce executable
FAIL: g++.old-deja/g++.robertl/eb77.C -std=c++11 (test for excess errors)
WARNING: g++.old-deja/g++.robertl/eb77.C -std=c++11 compilation failed to produce executable
FAIL: g++.old-deja/g++.robertl/eb77.C -std=c++14 (test for excess errors)
WARNING: g++.old-deja/g++.robertl/eb77.C -std=c++14 compilation failed to produce executable
FAIL: g++.old-deja/g++.robertl/eb77.C -std=c++98 (test for excess errors)
WARNING: g++.old-deja/g++.robertl/eb77.C -std=c++98 compilation failed to produce executable
=== g++ Summary for unix/-m32 ===
# of expected passes 78121
# of unexpected failures 285
# of unexpected successes 2
# of expected failures 239
# of unsupported tests 3128
Running target unix/-m64
FAIL: g++.dg/debug/dwarf2/imported-decl-2.C -std=gnu++11 scan-assembler-times ascii "AAAA\\\\\\\\0".*ascii "BBBB\\\\\\\\0".*DIE .0x[0-9a-f]*. DW_TAG_imported_declaration 1
FAIL: g++.dg/debug/dwarf2/imported-decl-2.C -std=gnu++14 scan-assembler-times ascii "AAAA\\\\\\\\0".*ascii "BBBB\\\\\\\\0".*DIE .0x[0-9a-f]*. DW_TAG_imported_declaration 1
FAIL: g++.dg/debug/dwarf2/imported-decl-2.C -std=gnu++98 scan-assembler-times ascii "AAAA\\\\\\\\0".*ascii "BBBB\\\\\\\\0".*DIE .0x[0-9a-f]*. DW_TAG_imported_declaration 1
FAIL: g++.dg/abi/covariant4.C -std=c++14 (test for excess errors)
WARNING: g++.dg/abi/covariant4.C -std=c++14 compilation failed to produce executable
FAIL: g++.dg/abi/vthunk1.C -std=c++14 (test for excess errors)
FAIL: g++.dg/cpp0x/bad_array_new1.C -std=c++11 (test for excess errors)
WARNING: g++.dg/cpp0x/bad_array_new1.C -std=c++11 compilation failed to produce executable
FAIL: g++.dg/cpp0x/bad_array_new1.C -std=c++14 (test for excess errors)
WARNING: g++.dg/cpp0x/bad_array_new1.C -std=c++14 compilation failed to produce executable
FAIL: g++.dg/cpp0x/bad_array_new2.C -std=c++11 (test for excess errors)
WARNING: g++.dg/cpp0x/bad_array_new2.C -std=c++11 compilation failed to produce executable
FAIL: g++.dg/cpp0x/bad_array_new2.C -std=c++14 (test for excess errors)
WARNING: g++.dg/cpp0x/bad_array_new2.C -std=c++14 compilation failed to produce executable
FAIL: g++.dg/cpp0x/constexpr-base4.C -std=c++14 (test for excess errors)
WARNING: g++.dg/cpp0x/constexpr-base4.C -std=c++14 compilation failed to produce executable
FAIL: g++.dg/cpp0x/constexpr-tuple.C -std=c++14 (test for excess errors)
WARNING: g++.dg/cpp0x/constexpr-tuple.C -std=c++14 compilation failed to produce executable
FAIL: g++.dg/cpp0x/defaulted22.C -std=c++14 (test for excess errors)
WARNING: g++.dg/cpp0x/defaulted22.C -std=c++14 compilation failed to produce executable
FAIL: g++.dg/cpp0x/initlist25.C -std=c++11 (test for excess errors)
WARNING: g++.dg/cpp0x/initlist25.C -std=c++11 compilation failed to produce executable
FAIL: g++.dg/cpp0x/initlist25.C -std=c++14 (test for excess errors)
WARNING: g++.dg/cpp0x/initlist25.C -std=c++14 compilation failed to produce executable
FAIL: g++.dg/cpp0x/lambda/lambda-eh2.C -std=gnu++11 (test for excess errors)
WARNING: g++.dg/cpp0x/lambda/lambda-eh2.C -std=gnu++11 compilation failed to produce executable
FAIL: g++.dg/cpp0x/lambda/lambda-eh2.C -std=gnu++14 (test for excess errors)
WARNING: g++.dg/cpp0x/lambda/lambda-eh2.C -std=gnu++14 compilation failed to produce executable
FAIL: g++.dg/cpp0x/lambda/lambda-recursive.C -std=c++11 (test for excess errors)
WARNING: g++.dg/cpp0x/lambda/lambda-recursive.C -std=c++11 compilation failed to produce executable
FAIL: g++.dg/cpp0x/lambda/lambda-recursive.C -std=c++14 (test for excess errors)
WARNING: g++.dg/cpp0x/lambda/lambda-recursive.C -std=c++14 compilation failed to produce executable
FAIL: g++.dg/cpp0x/lambda/lambda-std-function.C -std=c++11 (test for excess errors)
WARNING: g++.dg/cpp0x/lambda/lambda-std-function.C -std=c++11 compilation failed to produce executable
FAIL: g++.dg/cpp0x/lambda/lambda-std-function.C -std=c++14 (test for excess errors)
WARNING: g++.dg/cpp0x/lambda/lambda-std-function.C -std=c++14 compilation failed to produce executable
FAIL: g++.dg/cpp0x/lambda/lambda-template4.C -std=c++14 (test for excess errors)
WARNING: g++.dg/cpp0x/lambda/lambda-template4.C -std=c++14 compilation failed to produce executable
FAIL: g++.dg/cpp0x/lambda/lambda-this8.C -std=c++11 (test for excess errors)
WARNING: g++.dg/cpp0x/lambda/lambda-this8.C -std=c++11 compilation failed to produce executable
FAIL: g++.dg/cpp0x/lambda/lambda-this8.C -std=c++14 (test for excess errors)
WARNING: g++.dg/cpp0x/lambda/lambda-this8.C -std=c++14 compilation failed to produce executable
FAIL: g++.dg/cpp0x/nullptr13.C -std=c++11 (test for excess errors)
WARNING: g++.dg/cpp0x/nullptr13.C -std=c++11 compilation failed to produce executable
FAIL: g++.dg/cpp0x/nullptr13.C -std=c++14 (test for excess errors)
WARNING: g++.dg/cpp0x/nullptr13.C -std=c++14 compilation failed to produce executable
FAIL: g++.dg/cpp0x/nullptr21.C -std=c++11 (test for excess errors)
WARNING: g++.dg/cpp0x/nullptr21.C -std=c++11 compilation failed to produce executable
FAIL: g++.dg/cpp0x/nullptr21.C -std=c++14 (test for excess errors)
WARNING: g++.dg/cpp0x/nullptr21.C -std=c++14 compilation failed to produce executable
FAIL: g++.dg/cpp0x/udlit-general.C -std=c++11 (test for excess errors)
WARNING: g++.dg/cpp0x/udlit-general.C -std=c++11 compilation failed to produce executable
FAIL: g++.dg/cpp0x/udlit-general.C -std=c++14 (test for excess errors)
WARNING: g++.dg/cpp0x/udlit-general.C -std=c++14 compilation failed to produce executable
FAIL: g++.dg/cpp0x/variadic-function.C -std=c++14 (test for excess errors)
WARNING: g++.dg/cpp0x/variadic-function.C -std=c++14 compilation failed to produce executable
FAIL: g++.dg/cpp0x/variadic-tuple.C -std=c++11 (test for excess errors)
WARNING: g++.dg/cpp0x/variadic-tuple.C -std=c++11 compilation failed to produce executable
FAIL: g++.dg/cpp0x/variadic-tuple.C -std=c++14 (test for excess errors)
WARNING: g++.dg/cpp0x/variadic-tuple.C -std=c++14 compilation failed to produce executable
FAIL: g++.dg/cpp1y/vla-initlist1.C -std=gnu++11 (test for excess errors)
WARNING: g++.dg/cpp1y/vla-initlist1.C -std=gnu++11 compilation failed to produce executable
FAIL: g++.dg/cpp1y/vla-initlist1.C -std=gnu++14 (test for excess errors)
WARNING: g++.dg/cpp1y/vla-initlist1.C -std=gnu++14 compilation failed to produce executable
FAIL: g++.dg/eh/crossjump1.C -std=gnu++14 (test for excess errors)
WARNING: g++.dg/eh/crossjump1.C -std=gnu++14 compilation failed to produce executable
FAIL: g++.dg/eh/ctor2.C -std=c++14 (test for excess errors)
WARNING: g++.dg/eh/ctor2.C -std=c++14 compilation failed to produce executable
FAIL: g++.dg/eh/forced1.C -std=c++11 execution test
FAIL: g++.dg/eh/forced1.C -std=c++14 execution test
FAIL: g++.dg/eh/forced1.C -std=c++98 execution test
FAIL: g++.dg/eh/forced2.C -std=c++11 execution test
FAIL: g++.dg/eh/forced2.C -std=c++14 execution test
FAIL: g++.dg/eh/forced2.C -std=c++98 execution test
FAIL: g++.dg/eh/forced3.C -std=c++11 execution test
FAIL: g++.dg/eh/forced3.C -std=c++14 execution test
FAIL: g++.dg/eh/forced3.C -std=c++98 execution test
FAIL: g++.dg/eh/forced4.C -std=c++11 execution test
FAIL: g++.dg/eh/forced4.C -std=c++14 execution test
FAIL: g++.dg/eh/forced4.C -std=c++98 execution test
FAIL: g++.dg/eh/ia64-2.C -std=gnu++14 (test for excess errors)
WARNING: g++.dg/eh/ia64-2.C -std=gnu++14 compilation failed to produce executable
FAIL: g++.dg/eh/new1.C -std=c++14 (test for excess errors)
WARNING: g++.dg/eh/new1.C -std=c++14 compilation failed to produce executable
FAIL: g++.dg/expr/anew1.C -std=c++11 (test for excess errors)
WARNING: g++.dg/expr/anew1.C -std=c++11 compilation failed to produce executable
FAIL: g++.dg/expr/anew1.C -std=c++14 (test for excess errors)
WARNING: g++.dg/expr/anew1.C -std=c++14 compilation failed to produce executable
FAIL: g++.dg/expr/anew2.C -std=c++11 (test for excess errors)
WARNING: g++.dg/expr/anew2.C -std=c++11 compilation failed to produce executable
FAIL: g++.dg/expr/anew2.C -std=c++14 (test for excess errors)
WARNING: g++.dg/expr/anew2.C -std=c++14 compilation failed to produce executable
FAIL: g++.dg/expr/anew3.C -std=c++11 (test for excess errors)
WARNING: g++.dg/expr/anew3.C -std=c++11 compilation failed to produce executable
FAIL: g++.dg/expr/anew3.C -std=c++14 (test for excess errors)
WARNING: g++.dg/expr/anew3.C -std=c++14 compilation failed to produce executable
FAIL: g++.dg/expr/anew4.C -std=c++11 (test for excess errors)
WARNING: g++.dg/expr/anew4.C -std=c++11 compilation failed to produce executable
FAIL: g++.dg/expr/anew4.C -std=c++14 (test for excess errors)
WARNING: g++.dg/expr/anew4.C -std=c++14 compilation failed to produce executable
FAIL: g++.dg/expr/cast4.C -std=c++14 (test for excess errors)
WARNING: g++.dg/expr/cast4.C -std=c++14 compilation failed to produce executable
FAIL: g++.dg/ext/complex8.C -std=c++14 (test for excess errors)
WARNING: g++.dg/ext/complex8.C -std=c++14 compilation failed to produce executable
FAIL: g++.dg/ext/sync-4.C -std=gnu++11 execution test
FAIL: g++.dg/ext/sync-4.C -std=gnu++14 execution test
FAIL: g++.dg/ext/sync-4.C -std=gnu++98 execution test
FAIL: g++.dg/ext/utf-rtti.C -std=c++11 (test for excess errors)
FAIL: g++.dg/ext/utf-rtti.C -std=c++14 (test for excess errors)
FAIL: g++.dg/inherit/covariant17.C -std=c++14 (test for excess errors)
WARNING: g++.dg/inherit/covariant17.C -std=c++14 compilation failed to produce executable
FAIL: g++.dg/inherit/covariant18.C -std=c++14 (test for excess errors)
WARNING: g++.dg/inherit/covariant18.C -std=c++14 compilation failed to produce executable
FAIL: g++.dg/inherit/covariant4.C -std=c++14 (test for excess errors)
WARNING: g++.dg/inherit/covariant4.C -std=c++14 compilation failed to produce executable
FAIL: g++.dg/inherit/thunk11.C -std=gnu++14 (test for excess errors)
FAIL: g++.dg/inherit/using2.C -std=c++14 (test for excess errors)
WARNING: g++.dg/inherit/using2.C -std=c++14 compilation failed to produce executable
FAIL: g++.dg/inherit/virtual8.C -std=c++14 (test for excess errors)
WARNING: g++.dg/inherit/virtual8.C -std=c++14 compilation failed to produce executable
FAIL: g++.dg/init/delete2.C -std=c++14 (test for excess errors)
WARNING: g++.dg/init/delete2.C -std=c++14 compilation failed to produce executable
FAIL: g++.dg/init/init-ref3.C -std=c++14 (test for excess errors)
FAIL: g++.dg/init/new26.C -std=gnu++14 (test for excess errors)
WARNING: g++.dg/init/new26.C -std=gnu++14 compilation failed to produce executable
FAIL: g++.dg/init/new36.C -std=c++14 (test for excess errors)
WARNING: g++.dg/init/new36.C -std=c++14 compilation failed to produce executable
FAIL: g++.dg/init/new39.C -std=c++11 (test for excess errors)
WARNING: g++.dg/init/new39.C -std=c++11 compilation failed to produce executable
FAIL: g++.dg/init/new39.C -std=c++14 (test for excess errors)
WARNING: g++.dg/init/new39.C -std=c++14 compilation failed to produce executable
FAIL: g++.dg/init/ref9.C -std=c++14 (test for excess errors)
WARNING: g++.dg/init/ref9.C -std=c++14 compilation failed to produce executable
FAIL: g++.dg/init/value10.C -std=c++14 (test for excess errors)
WARNING: g++.dg/init/value10.C -std=c++14 compilation failed to produce executable
FAIL: g++.dg/ipa/devirt-21.C -std=gnu++14 (test for excess errors)
WARNING: g++.dg/ipa/devirt-21.C -std=gnu++14 compilation failed to produce executable
FAIL: g++.dg/ipa/devirt-23.C -std=gnu++14 (test for excess errors)
WARNING: g++.dg/ipa/devirt-23.C -std=gnu++14 compilation failed to produce executable
FAIL: g++.dg/ipa/devirt-29.C -std=gnu++14 (test for excess errors)
WARNING: g++.dg/ipa/devirt-29.C -std=gnu++14 compilation failed to produce executable
FAIL: g++.dg/ipa/devirt-33.C (test for excess errors)
WARNING: g++.dg/ipa/devirt-33.C compilation failed to produce executable
FAIL: g++.dg/ipa/devirt-6.C -std=gnu++14 (test for excess errors)
WARNING: g++.dg/ipa/devirt-6.C -std=gnu++14 compilation failed to produce executable
FAIL: g++.dg/opt/anchor1.C -std=gnu++14 (test for excess errors)
WARNING: g++.dg/opt/anchor1.C -std=gnu++14 compilation failed to produce executable
FAIL: g++.dg/opt/cleanup1.C -std=gnu++14 (test for excess errors)
WARNING: g++.dg/opt/cleanup1.C -std=gnu++14 compilation failed to produce executable
FAIL: g++.dg/opt/const1.C -std=gnu++14 (test for excess errors)
WARNING: g++.dg/opt/const1.C -std=gnu++14 compilation failed to produce executable
FAIL: g++.dg/opt/covariant1.C -std=gnu++14 (test for excess errors)
WARNING: g++.dg/opt/covariant1.C -std=gnu++14 compilation failed to produce executable
FAIL: g++.dg/opt/dtor2.C -std=gnu++14 (test for excess errors)
FAIL: g++.dg/opt/pr15551.C -std=gnu++14 (test for excess errors)
WARNING: g++.dg/opt/pr15551.C -std=gnu++14 compilation failed to produce executable
FAIL: g++.dg/opt/pr23478.C -std=gnu++14 (test for excess errors)
WARNING: g++.dg/opt/pr23478.C -std=gnu++14 compilation failed to produce executable
FAIL: g++.dg/opt/pr36185.C -std=gnu++14 (test for excess errors)
WARNING: g++.dg/opt/pr36185.C -std=gnu++14 compilation failed to produce executable
FAIL: g++.dg/opt/pr42508.C -std=gnu++14 (test for excess errors)
WARNING: g++.dg/opt/pr42508.C -std=gnu++14 compilation failed to produce executable
FAIL: g++.dg/opt/preinc1.C -std=gnu++14 (test for excess errors)
WARNING: g++.dg/opt/preinc1.C -std=gnu++14 compilation failed to produce executable
FAIL: g++.dg/opt/reg-stack.C -std=gnu++14 (test for excess errors)
WARNING: g++.dg/opt/reg-stack.C -std=gnu++14 compilation failed to produce executable
FAIL: g++.dg/opt/rtti1.C -std=gnu++14 (test for excess errors)
WARNING: g++.dg/opt/rtti1.C -std=gnu++14 compilation failed to produce executable
FAIL: g++.dg/opt/thunk2.C -std=gnu++14 (test for excess errors)
WARNING: g++.dg/opt/thunk2.C -std=gnu++14 compilation failed to produce executable
FAIL: g++.dg/opt/typeinfo1.C -std=gnu++14 (test for excess errors)
WARNING: g++.dg/opt/typeinfo1.C -std=gnu++14 compilation failed to produce executable
FAIL: g++.dg/opt/unroll1.C -std=gnu++14 (test for excess errors)
WARNING: g++.dg/opt/unroll1.C -std=gnu++14 compilation failed to produce executable
FAIL: g++.dg/other/pr47218.C -std=gnu++14 (test for excess errors)
FAIL: g++.dg/other/profile1.C -std=gnu++11 (test for excess errors)
WARNING: g++.dg/other/profile1.C -std=gnu++11 compilation failed to produce executable
FAIL: g++.dg/other/profile1.C -std=gnu++14 (test for excess errors)
WARNING: g++.dg/other/profile1.C -std=gnu++14 compilation failed to produce executable
FAIL: g++.dg/other/profile1.C -std=gnu++98 (test for excess errors)
WARNING: g++.dg/other/profile1.C -std=gnu++98 compilation failed to produce executable
FAIL: g++.dg/overload/virtual2.C -std=c++14 (test for excess errors)
WARNING: g++.dg/overload/virtual2.C -std=c++14 compilation failed to produce executable
FAIL: g++.dg/pr59695.C -std=gnu++14 (test for excess errors)
WARNING: g++.dg/pr59695.C -std=gnu++14 compilation failed to produce executable
FAIL: g++.dg/pr61289-2.C -std=gnu++14 (test for excess errors)
WARNING: g++.dg/pr61289-2.C -std=gnu++14 compilation failed to produce executable
FAIL: g++.dg/pr61289.C -std=gnu++14 (test for excess errors)
WARNING: g++.dg/pr61289.C -std=gnu++14 compilation failed to produce executable
FAIL: g++.dg/rtti/dyncast2.C -std=c++14 (test for excess errors)
WARNING: g++.dg/rtti/dyncast2.C -std=c++14 compilation failed to produce executable
FAIL: g++.dg/rtti/dyncast3.C -std=c++11 execution test
FAIL: g++.dg/rtti/dyncast3.C -std=c++14 (test for excess errors)
WARNING: g++.dg/rtti/dyncast3.C -std=c++14 compilation failed to produce executable
FAIL: g++.dg/rtti/dyncast3.C -std=c++98 execution test
FAIL: g++.dg/rtti/dyncast7.C -std=c++14 (test for excess errors)
WARNING: g++.dg/rtti/dyncast7.C -std=c++14 compilation failed to produce executable
FAIL: g++.dg/rtti/typeid4.C -std=gnu++11 (test for excess errors)
WARNING: g++.dg/rtti/typeid4.C -std=gnu++11 compilation failed to produce executable
FAIL: g++.dg/rtti/typeid4.C -std=gnu++14 (test for excess errors)
WARNING: g++.dg/rtti/typeid4.C -std=gnu++14 compilation failed to produce executable
FAIL: g++.dg/rtti/typeid4.C -std=gnu++98 (test for excess errors)
WARNING: g++.dg/rtti/typeid4.C -std=gnu++98 compilation failed to produce executable
FAIL: g++.dg/template/repo10.C -std=gnu++14 (test for excess errors)
FAIL: g++.dg/tree-ssa/pr20458.C -std=gnu++14 (test for excess errors)
WARNING: g++.dg/tree-ssa/pr20458.C -std=gnu++14 compilation failed to produce executable
FAIL: g++.dg/tree-ssa/pr63841.C -std=gnu++11 (test for excess errors)
WARNING: g++.dg/tree-ssa/pr63841.C -std=gnu++11 compilation failed to produce executable
FAIL: g++.dg/tree-ssa/pr63841.C -std=gnu++14 (test for excess errors)
WARNING: g++.dg/tree-ssa/pr63841.C -std=gnu++14 compilation failed to produce executable
FAIL: g++.dg/tree-ssa/pr63841.C -std=gnu++98 (test for excess errors)
WARNING: g++.dg/tree-ssa/pr63841.C -std=gnu++98 compilation failed to produce executable
FAIL: g++.dg/gcov/gcov-14.C -std=gnu++11 gcov failed: gcov-14.C.gov does not exist
FAIL: g++.dg/gcov/gcov-14.C -std=gnu++11 (test for excess errors)
WARNING: g++.dg/gcov/gcov-14.C -std=gnu++11 compilation failed to produce executable
FAIL: g++.dg/gcov/gcov-14.C -std=gnu++14 gcov failed: gcov-14.C.gov does not exist
FAIL: g++.dg/gcov/gcov-14.C -std=gnu++14 (test for excess errors)
WARNING: g++.dg/gcov/gcov-14.C -std=gnu++14 compilation failed to produce executable
FAIL: g++.dg/gcov/gcov-14.C -std=gnu++98 gcov failed: gcov-14.C.gov does not exist
FAIL: g++.dg/gcov/gcov-14.C -std=gnu++98 (test for excess errors)
WARNING: g++.dg/gcov/gcov-14.C -std=gnu++98 compilation failed to produce executable
XPASS: g++.dg/tls/thread_local-order2.C -std=c++11 execution test
XPASS: g++.dg/tls/thread_local-order2.C -std=c++14 execution test
FAIL: g++.dg/tm/pr47573.C -std=gnu++11 (test for excess errors)
FAIL: g++.dg/tm/pr47573.C -std=gnu++14 (test for excess errors)
FAIL: g++.dg/tm/pr47573.C -std=gnu++98 (test for excess errors)
FAIL: g++.dg/torture/pr60750.C -O0 (test for excess errors)
WARNING: g++.dg/torture/pr60750.C -O0 compilation failed to produce executable
FAIL: g++.dg/torture/pr60750.C -O1 (test for excess errors)
WARNING: g++.dg/torture/pr60750.C -O1 compilation failed to produce executable
FAIL: g++.dg/torture/pr60750.C -O2 (test for excess errors)
WARNING: g++.dg/torture/pr60750.C -O2 compilation failed to produce executable
FAIL: g++.dg/torture/pr60750.C -O3 -fomit-frame-pointer (test for excess errors)
WARNING: g++.dg/torture/pr60750.C -O3 -fomit-frame-pointer compilation failed to produce executable
FAIL: g++.dg/torture/pr60750.C -O3 -g (test for excess errors)
WARNING: g++.dg/torture/pr60750.C -O3 -g compilation failed to produce executable
FAIL: g++.dg/torture/pr60750.C -Os (test for excess errors)
WARNING: g++.dg/torture/pr60750.C -Os compilation failed to produce executable
FAIL: g++.dg/tree-prof/partition1.C compilation, -fprofile-use -D_PROFILE_USE
UNRESOLVED: g++.dg/tree-prof/partition1.C execution, -fprofile-use -D_PROFILE_USE
FAIL: g++.dg/tree-prof/pr57451.C compilation, -fprofile-use -D_PROFILE_USE
UNRESOLVED: g++.dg/tree-prof/pr57451.C execution, -fprofile-use -D_PROFILE_USE
FAIL: g++.old-deja/g++.abi/ptrflags.C -std=c++11 (test for excess errors)
WARNING: g++.old-deja/g++.abi/ptrflags.C -std=c++11 compilation failed to produce executable
FAIL: g++.old-deja/g++.abi/ptrflags.C -std=c++14 (test for excess errors)
WARNING: g++.old-deja/g++.abi/ptrflags.C -std=c++14 compilation failed to produce executable
FAIL: g++.old-deja/g++.abi/ptrflags.C -std=c++98 (test for excess errors)
WARNING: g++.old-deja/g++.abi/ptrflags.C -std=c++98 compilation failed to produce executable
FAIL: g++.old-deja/g++.abi/vbase1.C -std=c++14 (test for excess errors)
WARNING: g++.old-deja/g++.abi/vbase1.C -std=c++14 compilation failed to produce executable
FAIL: g++.old-deja/g++.abi/vbase2.C -std=c++14 (test for excess errors)
WARNING: g++.old-deja/g++.abi/vbase2.C -std=c++14 compilation failed to produce executable
FAIL: g++.old-deja/g++.abi/vbase4.C -std=c++14 (test for excess errors)
WARNING: g++.old-deja/g++.abi/vbase4.C -std=c++14 compilation failed to produce executable
FAIL: g++.old-deja/g++.abi/vbase7.C -std=c++14 (test for excess errors)
WARNING: g++.old-deja/g++.abi/vbase7.C -std=c++14 compilation failed to produce executable
FAIL: g++.old-deja/g++.abi/vmihint.C -std=c++11 (test for excess errors)
WARNING: g++.old-deja/g++.abi/vmihint.C -std=c++11 compilation failed to produce executable
FAIL: g++.old-deja/g++.abi/vmihint.C -std=c++14 (test for excess errors)
WARNING: g++.old-deja/g++.abi/vmihint.C -std=c++14 compilation failed to produce executable
FAIL: g++.old-deja/g++.abi/vmihint.C -std=c++98 (test for excess errors)
WARNING: g++.old-deja/g++.abi/vmihint.C -std=c++98 compilation failed to produce executable
FAIL: g++.old-deja/g++.brendan/delete2.C -std=c++14 (test for excess errors)
WARNING: g++.old-deja/g++.brendan/delete2.C -std=c++14 compilation failed to produce executable
FAIL: g++.old-deja/g++.brendan/dtors2.C -std=c++14 (test for excess errors)
WARNING: g++.old-deja/g++.brendan/dtors2.C -std=c++14 compilation failed to produce executable
FAIL: g++.old-deja/g++.brendan/dtors3.C -std=c++14 (test for excess errors)
WARNING: g++.old-deja/g++.brendan/dtors3.C -std=c++14 compilation failed to produce executable
FAIL: g++.old-deja/g++.brendan/new3.C -std=gnu++14 (test for excess errors)
WARNING: g++.old-deja/g++.brendan/new3.C -std=gnu++14 compilation failed to produce executable
FAIL: g++.old-deja/g++.eh/catch11.C -std=c++11 execution test
FAIL: g++.old-deja/g++.eh/catch11.C -std=c++14 execution test
FAIL: g++.old-deja/g++.eh/catch11.C -std=c++98 execution test
FAIL: g++.old-deja/g++.eh/catch12.C -std=c++11 execution test
FAIL: g++.old-deja/g++.eh/catch12.C -std=c++14 execution test
FAIL: g++.old-deja/g++.eh/catch12.C -std=c++98 execution test
FAIL: g++.old-deja/g++.eh/catch3.C -std=gnu++11 execution test
FAIL: g++.old-deja/g++.eh/catch3.C -std=gnu++14 execution test
FAIL: g++.old-deja/g++.eh/catch3.C -std=gnu++98 execution test
FAIL: g++.old-deja/g++.eh/catch3p.C -std=gnu++11 execution test
FAIL: g++.old-deja/g++.eh/catch3p.C -std=gnu++14 (test for excess errors)
WARNING: g++.old-deja/g++.eh/catch3p.C -std=gnu++14 compilation failed to produce executable
FAIL: g++.old-deja/g++.eh/catch3p.C -std=gnu++98 execution test
FAIL: g++.old-deja/g++.eh/catch4p.C -std=gnu++14 (test for excess errors)
WARNING: g++.old-deja/g++.eh/catch4p.C -std=gnu++14 compilation failed to produce executable
FAIL: g++.old-deja/g++.eh/catch5.C -std=gnu++11 execution test
FAIL: g++.old-deja/g++.eh/catch5.C -std=gnu++14 execution test
FAIL: g++.old-deja/g++.eh/catch5.C -std=gnu++98 execution test
FAIL: g++.old-deja/g++.eh/catch5p.C -std=gnu++11 execution test
FAIL: g++.old-deja/g++.eh/catch5p.C -std=gnu++14 (test for excess errors)
WARNING: g++.old-deja/g++.eh/catch5p.C -std=gnu++14 compilation failed to produce executable
FAIL: g++.old-deja/g++.eh/catch5p.C -std=gnu++98 execution test
FAIL: g++.old-deja/g++.eh/catch6.C -std=gnu++11 execution test
FAIL: g++.old-deja/g++.eh/catch6.C -std=gnu++14 execution test
FAIL: g++.old-deja/g++.eh/catch6.C -std=gnu++98 execution test
FAIL: g++.old-deja/g++.eh/catch6p.C -std=gnu++11 execution test
FAIL: g++.old-deja/g++.eh/catch6p.C -std=gnu++14 (test for excess errors)
WARNING: g++.old-deja/g++.eh/catch6p.C -std=gnu++14 compilation failed to produce executable
FAIL: g++.old-deja/g++.eh/catch6p.C -std=gnu++98 execution test
FAIL: g++.old-deja/g++.eh/catch7.C -std=gnu++11 execution test
FAIL: g++.old-deja/g++.eh/catch7.C -std=gnu++14 execution test
FAIL: g++.old-deja/g++.eh/catch7.C -std=gnu++98 execution test
FAIL: g++.old-deja/g++.eh/catch7p.C -std=gnu++11 execution test
FAIL: g++.old-deja/g++.eh/catch7p.C -std=gnu++14 (test for excess errors)
WARNING: g++.old-deja/g++.eh/catch7p.C -std=gnu++14 compilation failed to produce executable
FAIL: g++.old-deja/g++.eh/catch7p.C -std=gnu++98 execution test
FAIL: g++.old-deja/g++.eh/catch8p.C -std=gnu++14 (test for excess errors)
WARNING: g++.old-deja/g++.eh/catch8p.C -std=gnu++14 compilation failed to produce executable
FAIL: g++.old-deja/g++.eh/catch9.C -std=gnu++11 execution test
FAIL: g++.old-deja/g++.eh/catch9.C -std=gnu++14 execution test
FAIL: g++.old-deja/g++.eh/catch9.C -std=gnu++98 execution test
FAIL: g++.old-deja/g++.eh/catch9p.C -std=gnu++11 execution test
FAIL: g++.old-deja/g++.eh/catch9p.C -std=gnu++14 (test for excess errors)
WARNING: g++.old-deja/g++.eh/catch9p.C -std=gnu++14 compilation failed to produce executable
FAIL: g++.old-deja/g++.eh/catch9p.C -std=gnu++98 execution test
FAIL: g++.old-deja/g++.eh/catchptr1.C -std=c++11 execution test
FAIL: g++.old-deja/g++.eh/catchptr1.C -std=c++14 execution test
FAIL: g++.old-deja/g++.eh/catchptr1.C -std=c++98 execution test
FAIL: g++.old-deja/g++.eh/new2.C -std=gnu++14 (test for excess errors)
WARNING: g++.old-deja/g++.eh/new2.C -std=gnu++14 compilation failed to produce executable
FAIL: g++.old-deja/g++.eh/vbase4.C -std=c++14 (test for excess errors)
WARNING: g++.old-deja/g++.eh/vbase4.C -std=c++14 compilation failed to produce executable
FAIL: g++.old-deja/g++.jason/2371.C -std=gnu++14 (test for excess errors)
WARNING: g++.old-deja/g++.jason/2371.C -std=gnu++14 compilation failed to produce executable
FAIL: g++.old-deja/g++.jason/init3.C -std=c++14 (test for excess errors)
WARNING: g++.old-deja/g++.jason/init3.C -std=c++14 compilation failed to produce executable
FAIL: g++.old-deja/g++.jason/new5.C -std=c++14 (test for excess errors)
WARNING: g++.old-deja/g++.jason/new5.C -std=c++14 compilation failed to produce executable
FAIL: g++.old-deja/g++.jason/overload13.C -std=c++14 (test for excess errors)
WARNING: g++.old-deja/g++.jason/overload13.C -std=c++14 compilation failed to produce executable
FAIL: g++.old-deja/g++.jason/rvalue1.C -std=c++14 (test for excess errors)
WARNING: g++.old-deja/g++.jason/rvalue1.C -std=c++14 compilation failed to produce executable
FAIL: g++.old-deja/g++.jason/template40.C -std=c++11 (test for excess errors)
WARNING: g++.old-deja/g++.jason/template40.C -std=c++11 compilation failed to produce executable
FAIL: g++.old-deja/g++.jason/template40.C -std=c++14 (test for excess errors)
WARNING: g++.old-deja/g++.jason/template40.C -std=c++14 compilation failed to produce executable
FAIL: g++.old-deja/g++.law/code-gen5.C -std=c++11 (test for excess errors)
WARNING: g++.old-deja/g++.law/code-gen5.C -std=c++11 compilation failed to produce executable
FAIL: g++.old-deja/g++.law/code-gen5.C -std=c++14 (test for excess errors)
WARNING: g++.old-deja/g++.law/code-gen5.C -std=c++14 compilation failed to produce executable
FAIL: g++.old-deja/g++.law/ctors15.C -std=c++14 (test for excess errors)
WARNING: g++.old-deja/g++.law/ctors15.C -std=c++14 compilation failed to produce executable
FAIL: g++.old-deja/g++.law/cvt2.C -std=c++14 (test for excess errors)
WARNING: g++.old-deja/g++.law/cvt2.C -std=c++14 compilation failed to produce executable
FAIL: g++.old-deja/g++.law/cvt2.C -std=c++98 (test for excess errors)
FAIL: g++.old-deja/g++.law/operators15.C -std=c++14 (test for excess errors)
WARNING: g++.old-deja/g++.law/operators15.C -std=c++14 compilation failed to produce executable
FAIL: g++.old-deja/g++.law/scope2.C -std=c++14 (test for excess errors)
WARNING: g++.old-deja/g++.law/scope2.C -std=c++14 compilation failed to produce executable
FAIL: g++.old-deja/g++.law/virtual3.C -std=c++11 (test for excess errors)
WARNING: g++.old-deja/g++.law/virtual3.C -std=c++11 compilation failed to produce executable
FAIL: g++.old-deja/g++.law/virtual3.C -std=c++14 (test for excess errors)
WARNING: g++.old-deja/g++.law/virtual3.C -std=c++14 compilation failed to produce executable
FAIL: g++.old-deja/g++.law/virtual3.C -std=c++98 (test for excess errors)
WARNING: g++.old-deja/g++.law/virtual3.C -std=c++98 compilation failed to produce executable
FAIL: g++.old-deja/g++.mike/dyncast8.C -std=c++14 (test for excess errors)
WARNING: g++.old-deja/g++.mike/dyncast8.C -std=c++14 compilation failed to produce executable
FAIL: g++.old-deja/g++.mike/eh2.C -std=gnu++11 (test for excess errors)
WARNING: g++.old-deja/g++.mike/eh2.C -std=gnu++11 compilation failed to produce executable
FAIL: g++.old-deja/g++.mike/eh2.C -std=gnu++14 (test for excess errors)
WARNING: g++.old-deja/g++.mike/eh2.C -std=gnu++14 compilation failed to produce executable
FAIL: g++.old-deja/g++.mike/eh44.C -std=gnu++14 (test for excess errors)
WARNING: g++.old-deja/g++.mike/eh44.C -std=gnu++14 compilation failed to produce executable
FAIL: g++.old-deja/g++.mike/eh45.C -std=c++14 (test for excess errors)
WARNING: g++.old-deja/g++.mike/eh45.C -std=c++14 compilation failed to produce executable
FAIL: g++.old-deja/g++.mike/mi1.C -std=gnu++14 (test for excess errors)
WARNING: g++.old-deja/g++.mike/mi1.C -std=gnu++14 compilation failed to produce executable
FAIL: g++.old-deja/g++.mike/mi2.C -std=c++14 (test for excess errors)
WARNING: g++.old-deja/g++.mike/mi2.C -std=c++14 compilation failed to produce executable
FAIL: g++.old-deja/g++.mike/misc13.C -std=c++14 (test for excess errors)
WARNING: g++.old-deja/g++.mike/misc13.C -std=c++14 compilation failed to produce executable
FAIL: g++.old-deja/g++.mike/misc14.C -std=c++14 (test for excess errors)
WARNING: g++.old-deja/g++.mike/misc14.C -std=c++14 compilation failed to produce executable
FAIL: g++.old-deja/g++.mike/p11667.C -std=gnu++11 (test for excess errors)
WARNING: g++.old-deja/g++.mike/p11667.C -std=gnu++11 compilation failed to produce executable
FAIL: g++.old-deja/g++.mike/p11667.C -std=gnu++14 (test for excess errors)
WARNING: g++.old-deja/g++.mike/p11667.C -std=gnu++14 compilation failed to produce executable
FAIL: g++.old-deja/g++.mike/p1248.C -std=c++14 (test for excess errors)
WARNING: g++.old-deja/g++.mike/p1248.C -std=c++14 compilation failed to produce executable
FAIL: g++.old-deja/g++.mike/p16146.C -std=c++14 (test for excess errors)
WARNING: g++.old-deja/g++.mike/p16146.C -std=c++14 compilation failed to produce executable
FAIL: g++.old-deja/g++.mike/p1862.C -std=c++14 (test for excess errors)
WARNING: g++.old-deja/g++.mike/p1862.C -std=c++14 compilation failed to produce executable
FAIL: g++.old-deja/g++.mike/p2846.C -std=c++14 (test for excess errors)
WARNING: g++.old-deja/g++.mike/p2846.C -std=c++14 compilation failed to produce executable
FAIL: g++.old-deja/g++.mike/p2960.C -std=c++14 (test for excess errors)
WARNING: g++.old-deja/g++.mike/p2960.C -std=c++14 compilation failed to produce executable
FAIL: g++.old-deja/g++.mike/p3068.C -std=c++14 (test for excess errors)
WARNING: g++.old-deja/g++.mike/p3068.C -std=c++14 compilation failed to produce executable
FAIL: g++.old-deja/g++.mike/p3708.C -std=c++14 (test for excess errors)
WARNING: g++.old-deja/g++.mike/p3708.C -std=c++14 compilation failed to produce executable
FAIL: g++.old-deja/g++.mike/p3708a.C -std=c++14 (test for excess errors)
WARNING: g++.old-deja/g++.mike/p3708a.C -std=c++14 compilation failed to produce executable
FAIL: g++.old-deja/g++.mike/p3708b.C -std=c++14 (test for excess errors)
WARNING: g++.old-deja/g++.mike/p3708b.C -std=c++14 compilation failed to produce executable
FAIL: g++.old-deja/g++.mike/p4246.C -std=c++14 (test for excess errors)
WARNING: g++.old-deja/g++.mike/p4246.C -std=c++14 compilation failed to produce executable
FAIL: g++.old-deja/g++.mike/p4736c.C -std=c++14 (test for excess errors)
WARNING: g++.old-deja/g++.mike/p4736c.C -std=c++14 compilation failed to produce executable
FAIL: g++.old-deja/g++.mike/p5571.C -std=c++14 (test for excess errors)
WARNING: g++.old-deja/g++.mike/p5571.C -std=c++14 compilation failed to produce executable
FAIL: g++.old-deja/g++.mike/p755.C -std=c++14 (test for excess errors)
WARNING: g++.old-deja/g++.mike/p755.C -std=c++14 compilation failed to produce executable
FAIL: g++.old-deja/g++.mike/p755a.C -std=c++14 (test for excess errors)
WARNING: g++.old-deja/g++.mike/p755a.C -std=c++14 compilation failed to produce executable
FAIL: g++.old-deja/g++.mike/p789a.C -std=c++14 (test for excess errors)
WARNING: g++.old-deja/g++.mike/p789a.C -std=c++14 compilation failed to produce executable
FAIL: g++.old-deja/g++.mike/p8018.C -std=c++14 (test for excess errors)
WARNING: g++.old-deja/g++.mike/p8018.C -std=c++14 compilation failed to produce executable
FAIL: g++.old-deja/g++.mike/pmf2.C -std=c++14 (test for excess errors)
WARNING: g++.old-deja/g++.mike/pmf2.C -std=c++14 compilation failed to produce executable
FAIL: g++.old-deja/g++.mike/rtti3.C -std=c++14 (test for excess errors)
WARNING: g++.old-deja/g++.mike/rtti3.C -std=c++14 compilation failed to produce executable
FAIL: g++.old-deja/g++.mike/thunk2.C -std=c++14 (test for excess errors)
WARNING: g++.old-deja/g++.mike/thunk2.C -std=c++14 compilation failed to produce executable
FAIL: g++.old-deja/g++.mike/thunk3.C -std=c++14 (test for excess errors)
WARNING: g++.old-deja/g++.mike/thunk3.C -std=c++14 compilation failed to produce executable
FAIL: g++.old-deja/g++.mike/virt5.C -std=c++14 (test for excess errors)
WARNING: g++.old-deja/g++.mike/virt5.C -std=c++14 compilation failed to produce executable
FAIL: g++.old-deja/g++.ns/template9.C -std=c++11 (test for excess errors)
WARNING: g++.old-deja/g++.ns/template9.C -std=c++11 compilation failed to produce executable
FAIL: g++.old-deja/g++.ns/template9.C -std=c++14 (test for excess errors)
WARNING: g++.old-deja/g++.ns/template9.C -std=c++14 compilation failed to produce executable
FAIL: g++.old-deja/g++.oliva/delete2.C -std=c++14 (test for excess errors)
WARNING: g++.old-deja/g++.oliva/delete2.C -std=c++14 compilation failed to produce executable
FAIL: g++.old-deja/g++.oliva/delete3.C -std=c++14 (test for excess errors)
WARNING: g++.old-deja/g++.oliva/delete3.C -std=c++14 compilation failed to produce executable
FAIL: g++.old-deja/g++.other/delete3.C -std=c++14 (test for excess errors)
WARNING: g++.old-deja/g++.other/delete3.C -std=c++14 compilation failed to produce executable
FAIL: g++.old-deja/g++.other/delete8.C -std=c++14 (test for excess errors)
WARNING: g++.old-deja/g++.other/delete8.C -std=c++14 compilation failed to produce executable
FAIL: g++.old-deja/g++.other/dtor9.C -std=c++14 (test for excess errors)
WARNING: g++.old-deja/g++.other/dtor9.C -std=c++14 compilation failed to produce executable
FAIL: g++.old-deja/g++.other/dyncast1.C -std=c++14 (test for excess errors)
WARNING: g++.old-deja/g++.other/dyncast1.C -std=c++14 compilation failed to produce executable
FAIL: g++.old-deja/g++.other/dyncast2.C -std=c++14 (test for excess errors)
WARNING: g++.old-deja/g++.other/dyncast2.C -std=c++14 compilation failed to produce executable
FAIL: g++.old-deja/g++.other/dyncast3.C -std=c++14 (test for excess errors)
WARNING: g++.old-deja/g++.other/dyncast3.C -std=c++14 compilation failed to produce executable
FAIL: g++.old-deja/g++.other/dyncast4.C -std=c++14 (test for excess errors)
WARNING: g++.old-deja/g++.other/dyncast4.C -std=c++14 compilation failed to produce executable
FAIL: g++.old-deja/g++.other/dyncast5.C -std=c++14 (test for excess errors)
WARNING: g++.old-deja/g++.other/dyncast5.C -std=c++14 compilation failed to produce executable
FAIL: g++.old-deja/g++.other/inline7.C -std=gnu++11 (test for excess errors)
WARNING: g++.old-deja/g++.other/inline7.C -std=gnu++11 compilation failed to produce executable
FAIL: g++.old-deja/g++.other/inline7.C -std=gnu++14 (test for excess errors)
WARNING: g++.old-deja/g++.other/inline7.C -std=gnu++14 compilation failed to produce executable
FAIL: g++.old-deja/g++.other/inline7.C -std=gnu++98 (test for excess errors)
WARNING: g++.old-deja/g++.other/inline7.C -std=gnu++98 compilation failed to produce executable
FAIL: g++.old-deja/g++.other/local1.C -std=c++14 (test for excess errors)
FAIL: g++.old-deja/g++.other/new3.C -std=c++14 (test for excess errors)
WARNING: g++.old-deja/g++.other/new3.C -std=c++14 compilation failed to produce executable
FAIL: g++.old-deja/g++.other/pmf4.C -std=c++14 (test for excess errors)
WARNING: g++.old-deja/g++.other/pmf4.C -std=c++14 compilation failed to produce executable
FAIL: g++.old-deja/g++.other/pmf5.C -std=c++14 (test for excess errors)
WARNING: g++.old-deja/g++.other/pmf5.C -std=c++14 compilation failed to produce executable
FAIL: g++.old-deja/g++.other/thunk1.C -std=c++14 (test for excess errors)
WARNING: g++.old-deja/g++.other/thunk1.C -std=c++14 compilation failed to produce executable
FAIL: g++.old-deja/g++.other/unchanging1.C -std=gnu++11 (test for excess errors)
WARNING: g++.old-deja/g++.other/unchanging1.C -std=gnu++11 compilation failed to produce executable
FAIL: g++.old-deja/g++.other/unchanging1.C -std=gnu++14 (test for excess errors)
WARNING: g++.old-deja/g++.other/unchanging1.C -std=gnu++14 compilation failed to produce executable
FAIL: g++.old-deja/g++.other/unchanging1.C -std=gnu++98 (test for excess errors)
WARNING: g++.old-deja/g++.other/unchanging1.C -std=gnu++98 compilation failed to produce executable
FAIL: g++.old-deja/g++.other/vbase5.C -std=c++14 (test for excess errors)
WARNING: g++.old-deja/g++.other/vbase5.C -std=c++14 compilation failed to produce executable
FAIL: g++.old-deja/g++.other/vtbl2.C -std=c++14 (test for excess errors)
WARNING: g++.old-deja/g++.other/vtbl2.C -std=c++14 compilation failed to produce executable
FAIL: g++.old-deja/g++.pt/explicit74.C -std=c++14 (test for excess errors)
WARNING: g++.old-deja/g++.pt/explicit74.C -std=c++14 compilation failed to produce executable
FAIL: g++.old-deja/g++.pt/expr1.C -std=c++14 (test for excess errors)
WARNING: g++.old-deja/g++.pt/expr1.C -std=c++14 compilation failed to produce executable
FAIL: g++.old-deja/g++.pt/mi1.C -std=c++14 (test for excess errors)
WARNING: g++.old-deja/g++.pt/mi1.C -std=c++14 compilation failed to produce executable
FAIL: g++.old-deja/g++.pt/repo1.C -std=gnu++14 (test for excess errors)
FAIL: g++.old-deja/g++.pt/repo3.C -std=gnu++14 (test for excess errors)
FAIL: g++.old-deja/g++.pt/virtual1.C -std=c++14 (test for excess errors)
WARNING: g++.old-deja/g++.pt/virtual1.C -std=c++14 compilation failed to produce executable
FAIL: g++.old-deja/g++.robertl/eb21.C -std=c++11 (test for excess errors)
WARNING: g++.old-deja/g++.robertl/eb21.C -std=c++11 compilation failed to produce executable
FAIL: g++.old-deja/g++.robertl/eb21.C -std=c++14 (test for excess errors)
WARNING: g++.old-deja/g++.robertl/eb21.C -std=c++14 compilation failed to produce executable
FAIL: g++.old-deja/g++.robertl/eb21.C -std=c++98 (test for excess errors)
WARNING: g++.old-deja/g++.robertl/eb21.C -std=c++98 compilation failed to produce executable
FAIL: g++.old-deja/g++.robertl/eb41.C -std=c++11 (test for excess errors)
WARNING: g++.old-deja/g++.robertl/eb41.C -std=c++11 compilation failed to produce executable
FAIL: g++.old-deja/g++.robertl/eb41.C -std=c++14 (test for excess errors)
WARNING: g++.old-deja/g++.robertl/eb41.C -std=c++14 compilation failed to produce executable
FAIL: g++.old-deja/g++.robertl/eb41.C -std=c++98 (test for excess errors)
WARNING: g++.old-deja/g++.robertl/eb41.C -std=c++98 compilation failed to produce executable
FAIL: g++.old-deja/g++.robertl/eb73.C -std=gnu++11 (test for excess errors)
WARNING: g++.old-deja/g++.robertl/eb73.C -std=gnu++11 compilation failed to produce executable
FAIL: g++.old-deja/g++.robertl/eb73.C -std=gnu++14 (test for excess errors)
WARNING: g++.old-deja/g++.robertl/eb73.C -std=gnu++14 compilation failed to produce executable
FAIL: g++.old-deja/g++.robertl/eb73.C -std=gnu++98 (test for excess errors)
WARNING: g++.old-deja/g++.robertl/eb73.C -std=gnu++98 compilation failed to produce executable
FAIL: g++.old-deja/g++.robertl/eb77.C -std=c++11 (test for excess errors)
WARNING: g++.old-deja/g++.robertl/eb77.C -std=c++11 compilation failed to produce executable
FAIL: g++.old-deja/g++.robertl/eb77.C -std=c++14 (test for excess errors)
WARNING: g++.old-deja/g++.robertl/eb77.C -std=c++14 compilation failed to produce executable
FAIL: g++.old-deja/g++.robertl/eb77.C -std=c++98 (test for excess errors)
WARNING: g++.old-deja/g++.robertl/eb77.C -std=c++98 compilation failed to produce executable
=== g++ Summary for unix/-m64 ===
# of expected passes 79520
# of unexpected failures 286
# of unexpected successes 2
# of expected failures 239
# of unresolved testcases 2
# of unsupported tests 3355
=== g++ Summary ===
# of expected passes 157641
# of unexpected failures 571
# of unexpected successes 4
# of expected failures 478
# of unresolved testcases 2
# of unsupported tests 6483
/Users/fx/autobuilds/builds/gcc-trunk-219041/gcc/testsuite/g++/../../xg++ version 5.0.0 20141223 (experimental) [trunk revision 219041] (GCC)
=== gcc tests ===
Running target unix/-m32
FAIL: gcc.dg/cpp/trad/include.c (test for excess errors)
FAIL: gcc.dg/20021014-1.c execution test
FAIL: gcc.dg/darwin-weakimport-3.c scan-assembler-not coalesced
FAIL: gcc.dg/framework-1.c (test for excess errors)
FAIL: gcc.dg/pr43643.c execution test
FAIL: gcc.dg/pr61053.c (test for excess errors)
FAIL: gcc.dg/sibcall-3.c execution test
FAIL: gcc.dg/undefined-loop-2.c (test for warnings, line 18)
FAIL: gcc.dg/pch/save-temps-1.c -O3 -fomit-frame-pointer -I. -Dwith_PCH (test for excess errors)
FAIL: gcc.dg/pch/save-temps-1.c -O3 -fomit-frame-pointer assembly comparison
WARNING: program timed out.
FAIL: gcc.dg/torture/builtin-self.c -O0 scan-assembler-not \\tcall
FAIL: gcc.dg/torture/ftrapv-1.c -O0 execution test
FAIL: gcc.dg/torture/ftrapv-1.c -O1 execution test
FAIL: gcc.dg/torture/ftrapv-1.c -O2 execution test
FAIL: gcc.dg/torture/ftrapv-1.c -O3 -fomit-frame-pointer execution test
FAIL: gcc.dg/torture/ftrapv-1.c -O3 -fomit-frame-pointer -funroll-all-loops -finline-functions execution test
FAIL: gcc.dg/torture/ftrapv-1.c -O3 -fomit-frame-pointer -funroll-loops execution test
FAIL: gcc.dg/torture/ftrapv-1.c -O3 -g execution test
FAIL: gcc.dg/torture/ftrapv-1.c -Os execution test
FAIL: gcc.dg/tree-prof/crossmodule-indircall-1a.c compilation, -fprofile-generate -D_PROFILE_GENERATE
UNRESOLVED: gcc.dg/tree-prof/crossmodule-indircall-1a.c compilation, -fprofile-use -D_PROFILE_USE
UNRESOLVED: gcc.dg/tree-prof/crossmodule-indircall-1a.c execution, -fprofile-generate -D_PROFILE_GENERATE
UNRESOLVED: gcc.dg/tree-prof/crossmodule-indircall-1a.c execution, -fprofile-use -D_PROFILE_USE
FAIL: gcc.target/i386/avx512bw-vpbroadcastb-1.c (internal compiler error)
FAIL: gcc.target/i386/avx512bw-vpbroadcastb-1.c (test for excess errors)
UNRESOLVED: gcc.target/i386/avx512bw-vpbroadcastb-1.c scan-assembler-times vpbroadcastb[ \\\\t]+[^{\\n]*%xmm[0-9]+{%k[1-7]}(?:\\n|[ \\\\t]+#) 2
UNRESOLVED: gcc.target/i386/avx512bw-vpbroadcastb-1.c scan-assembler-times vpbroadcastb[ \\\\t]+[^{\\n]*%xmm[0-9]+{%k[1-7]}{z}(?:\\n|[ \\\\t]+#) 2
UNRESOLVED: gcc.target/i386/avx512bw-vpbroadcastb-1.c scan-assembler-times vpbroadcastb[ \\\\t]+[^{\\n]*%ymm[0-9]+{%k[1-7]}(?:\\n|[ \\\\t]+#) 2
UNRESOLVED: gcc.target/i386/avx512bw-vpbroadcastb-1.c scan-assembler-times vpbroadcastb[ \\\\t]+[^{\\n]*%ymm[0-9]+{%k[1-7]}{z}(?:\\n|[ \\\\t]+#) 2
UNRESOLVED: gcc.target/i386/avx512bw-vpbroadcastb-1.c scan-assembler-times vpbroadcastb[ \\\\t]+[^{\\n]*%zmm[0-9]+(?:\\n|[ \\\\t]+#) 2
UNRESOLVED: gcc.target/i386/avx512bw-vpbroadcastb-1.c scan-assembler-times vpbroadcastb[ \\\\t]+[^{\\n]*%zmm[0-9]+{%k[1-7]}(?:\\n|[ \\\\t]+#) 2
UNRESOLVED: gcc.target/i386/avx512bw-vpbroadcastb-1.c scan-assembler-times vpbroadcastb[ \\\\t]+[^{\\n]*%zmm[0-9]+{%k[1-7]}{z}(?:\\n|[ \\\\t]+#) 2
FAIL: gcc.target/i386/avx512bw-vpbroadcastw-1.c (internal compiler error)
FAIL: gcc.target/i386/avx512bw-vpbroadcastw-1.c (test for excess errors)
UNRESOLVED: gcc.target/i386/avx512bw-vpbroadcastw-1.c scan-assembler-times vpbroadcastw[ \\\\t]+[^{\\n]*%xmm[0-9]+{%k[1-7]}(?:\\n|[ \\\\t]+#) 2
UNRESOLVED: gcc.target/i386/avx512bw-vpbroadcastw-1.c scan-assembler-times vpbroadcastw[ \\\\t]+[^{\\n]*%xmm[0-9]+{%k[1-7]}{z}(?:\\n|[ \\\\t]+#) 2
UNRESOLVED: gcc.target/i386/avx512bw-vpbroadcastw-1.c scan-assembler-times vpbroadcastw[ \\\\t]+[^{\\n]*%ymm[0-9]+{%k[1-7]}(?:\\n|[ \\\\t]+#) 2
UNRESOLVED: gcc.target/i386/avx512bw-vpbroadcastw-1.c scan-assembler-times vpbroadcastw[ \\\\t]+[^{\\n]*%ymm[0-9]+{%k[1-7]}{z}(?:\\n|[ \\\\t]+#) 2
UNRESOLVED: gcc.target/i386/avx512bw-vpbroadcastw-1.c scan-assembler-times vpbroadcastw[ \\\\t]+[^{\\n]*%zmm[0-9]+(?:\\n|[ \\\\t]+#) 2
UNRESOLVED: gcc.target/i386/avx512bw-vpbroadcastw-1.c scan-assembler-times vpbroadcastw[ \\\\t]+[^{\\n]*%zmm[0-9]+{%k[1-7]}(?:\\n|[ \\\\t]+#) 2
UNRESOLVED: gcc.target/i386/avx512bw-vpbroadcastw-1.c scan-assembler-times vpbroadcastw[ \\\\t]+[^{\\n]*%zmm[0-9]+{%k[1-7]}{z}(?:\\n|[ \\\\t]+#) 2
FAIL: gcc.target/i386/avx512f-kandnw-1.c scan-assembler-times kandnw[ \\\\t]+[^{\\n]*%k[0-7](?:\\n|[ \\\\t]+#) 1
FAIL: gcc.target/i386/funcspec-5.c (test for excess errors)
FAIL: gcc.target/i386/fuse-caller-save-rec.c scan-assembler-not pop
FAIL: gcc.target/i386/fuse-caller-save-rec.c scan-assembler-not push
FAIL: gcc.target/i386/fuse-caller-save-rec.c scan-assembler-times addl\\t%[re]?dx, %[re]?ax 1
FAIL: gcc.target/i386/fuse-caller-save-xmm.c scan-assembler-times addpd\\t%xmm1, %xmm0 1
FAIL: gcc.target/i386/fuse-caller-save-xmm.c scan-assembler-times movapd\\t%xmm0, %xmm1 1
FAIL: gcc.target/i386/fuse-caller-save.c scan-assembler-not pop
FAIL: gcc.target/i386/fuse-caller-save.c scan-assembler-not push
FAIL: gcc.target/i386/fuse-caller-save.c scan-assembler-times addl\\t%[re]?d[ix], %[re]?ax 1
FAIL: gcc.target/i386/memcpy-strategy-3.c scan-assembler-times memcpy 2
FAIL: gcc.target/i386/memset-strategy-1.c scan-assembler-times memset 2
FAIL: gcc.target/i386/pr49095.c scan-assembler-not test[lq]
FAIL: gcc.target/i386/pr64291-1.c (test for excess errors)
FAIL: gcc.target/i386/pr64291-1.c execution test
=== gcc Summary for unix/-m32 ===
# of expected passes 83645
# of unexpected failures 39
# of expected failures 185
# of unresolved testcases 17
# of unsupported tests 3130
Running target unix/-m64
FAIL: gcc.dg/cpp/trad/include.c (test for excess errors)
FAIL: gcc.dg/framework-1.c (test for excess errors)
FAIL: gcc.dg/pr44194-1.c scan-rtl-dump dse1 "global deletions = (2|3)"
FAIL: gcc.dg/pr44194-1.c scan-rtl-dump-not final "insn[: ][^\\n]*set \\\\(mem(?![^\\n]*scratch)"
FAIL: gcc.dg/undefined-loop-2.c (test for warnings, line 18)
FAIL: gcc.dg/torture/ftrapv-1.c -O0 execution test
FAIL: gcc.dg/torture/ftrapv-1.c -O1 execution test
FAIL: gcc.dg/torture/ftrapv-1.c -O2 execution test
FAIL: gcc.dg/torture/ftrapv-1.c -O3 -fomit-frame-pointer execution test
FAIL: gcc.dg/torture/ftrapv-1.c -O3 -fomit-frame-pointer -funroll-all-loops -finline-functions execution test
FAIL: gcc.dg/torture/ftrapv-1.c -O3 -fomit-frame-pointer -funroll-loops execution test
FAIL: gcc.dg/torture/ftrapv-1.c -O3 -g execution test
FAIL: gcc.dg/torture/ftrapv-1.c -Os execution test
FAIL: gcc.dg/tree-prof/20041218-1.c compilation, -fprofile-use -D_PROFILE_USE
UNRESOLVED: gcc.dg/tree-prof/20041218-1.c execution, -fprofile-use -D_PROFILE_USE
FAIL: gcc.dg/tree-prof/crossmodule-indircall-1a.c compilation, -fprofile-generate -D_PROFILE_GENERATE
UNRESOLVED: gcc.dg/tree-prof/crossmodule-indircall-1a.c compilation, -fprofile-use -D_PROFILE_USE
UNRESOLVED: gcc.dg/tree-prof/crossmodule-indircall-1a.c execution, -fprofile-generate -D_PROFILE_GENERATE
UNRESOLVED: gcc.dg/tree-prof/crossmodule-indircall-1a.c execution, -fprofile-use -D_PROFILE_USE
FAIL: gcc.dg/tree-prof/pr34999.c compilation, -fprofile-use -D_PROFILE_USE
UNRESOLVED: gcc.dg/tree-prof/pr34999.c execution, -fprofile-use -D_PROFILE_USE
FAIL: gcc.dg/tree-prof/pr45354.c compilation, -fprofile-use -D_PROFILE_USE
UNRESOLVED: gcc.dg/tree-prof/pr45354.c execution, -fprofile-use -D_PROFILE_USE
FAIL: gcc.dg/tree-prof/pr49299-1.c compilation, -fprofile-use -D_PROFILE_USE
UNRESOLVED: gcc.dg/tree-prof/pr49299-1.c execution, -fprofile-use -D_PROFILE_USE
FAIL: gcc.dg/tree-prof/pr49299-2.c compilation, -fprofile-use -D_PROFILE_USE
UNRESOLVED: gcc.dg/tree-prof/pr49299-2.c execution, -fprofile-use -D_PROFILE_USE
FAIL: gcc.dg/tree-prof/pr50907.c compilation, -fprofile-use -D_PROFILE_USE
UNRESOLVED: gcc.dg/tree-prof/pr50907.c execution, -fprofile-use -D_PROFILE_USE
FAIL: gcc.target/i386/memcpy-strategy-3.c scan-assembler-times memcpy 2
FAIL: gcc.target/i386/memset-strategy-1.c scan-assembler-times memset 2
FAIL: gcc.target/i386/pr49866.c (test for excess errors)
FAIL: gcc.target/i386/pr61599-1.c (test for excess errors)
WARNING: gcc.target/i386/pr61599-1.c compilation failed to produce executable
FAIL: gcc.target/i386/pr63538.c scan-assembler movabs
FAIL: gcc.target/i386/pr64291-1.c execution test
=== gcc Summary for unix/-m64 ===
# of expected passes 84544
# of unexpected failures 26
# of expected failures 188
# of unresolved testcases 9
# of unsupported tests 3299
=== gcc Summary ===
# of expected passes 168189
# of unexpected failures 65
# of expected failures 373
# of unresolved testcases 26
# of unsupported tests 6429
/Users/fx/autobuilds/builds/gcc-trunk-219041/gcc/xgcc version 5.0.0 20141223 (experimental) [trunk revision 219041] (GCC)
Compiler version: 5.0.0 20141223 (experimental) [trunk revision 219041] (GCC)
Platform: x86_64-apple-darwin14.0.0
configure flags: --prefix=/tmp/gcc-trunk-219041 --with-gmp=/opt/gcc-deps/gmp --enable-languages=c,c++,objc,obj-c++,fortran,java,lto