This is the mail archive of the
gcc-testresults@gcc.gnu.org
mailing list for the GCC project.
Results for 5.0.0 20141218 (experimental) (GCC) testsuite on x86_64-unknown-cygwin
- From: Tim Prince <n8tm at aol dot com>
- To: gcc-testresults at gcc dot gnu dot org
- Date: Thu, 18 Dec 2014 22:27:56 -0500
- Subject: Results for 5.0.0 20141218 (experimental) (GCC) testsuite on x86_64-unknown-cygwin
- Authentication-results: sourceware.org; auth=none
- Reply-to: tprince at computer dot org
Native configuration is x86_64-unknown-cygwin
=== g++ tests ===
Running target unix
FAIL: g++.dg/debug/const1.C -gstabs1 (test for excess errors)
FAIL: g++.dg/debug/const1.C -gstabs1 -O2 (test for excess errors)
FAIL: g++.dg/debug/const1.C -gstabs1 -O3 (test for excess errors)
FAIL: g++.dg/debug/const1.C -gstabs (test for excess errors)
FAIL: g++.dg/debug/const1.C -gstabs -O2 (test for excess errors)
FAIL: g++.dg/debug/const1.C -gstabs -O3 (test for excess errors)
FAIL: g++.dg/debug/const1.C -gstabs3 (test for excess errors)
FAIL: g++.dg/debug/const1.C -gstabs3 -O2 (test for excess errors)
FAIL: g++.dg/debug/const1.C -gstabs3 -O3 (test for excess errors)
FAIL: g++.dg/debug/const1.C -gstabs+1 (test for excess errors)
FAIL: g++.dg/debug/const1.C -gstabs+1 -O2 (test for excess errors)
FAIL: g++.dg/debug/const1.C -gstabs+1 -O3 (test for excess errors)
FAIL: g++.dg/debug/const1.C -gstabs+ (test for excess errors)
FAIL: g++.dg/debug/const1.C -gstabs+ -O2 (test for excess errors)
FAIL: g++.dg/debug/const1.C -gstabs+ -O3 (test for excess errors)
FAIL: g++.dg/debug/const1.C -gstabs+3 (test for excess errors)
FAIL: g++.dg/debug/const1.C -gstabs+3 -O2 (test for excess errors)
FAIL: g++.dg/debug/const1.C -gstabs+3 -O3 (test for excess errors)
FAIL: g++.dg/debug/debug4.C -gstabs1 (test for excess errors)
FAIL: g++.dg/debug/debug4.C -gstabs1 -O2 (test for excess errors)
FAIL: g++.dg/debug/debug4.C -gstabs1 -O3 (test for excess errors)
FAIL: g++.dg/debug/debug4.C -gstabs (test for excess errors)
FAIL: g++.dg/debug/debug4.C -gstabs -O2 (test for excess errors)
FAIL: g++.dg/debug/debug4.C -gstabs -O3 (test for excess errors)
FAIL: g++.dg/debug/debug4.C -gstabs3 (test for excess errors)
FAIL: g++.dg/debug/debug4.C -gstabs3 -O2 (test for excess errors)
FAIL: g++.dg/debug/debug4.C -gstabs3 -O3 (test for excess errors)
FAIL: g++.dg/debug/debug4.C -gstabs+1 (test for excess errors)
FAIL: g++.dg/debug/debug4.C -gstabs+1 -O2 (test for excess errors)
FAIL: g++.dg/debug/debug4.C -gstabs+1 -O3 (test for excess errors)
FAIL: g++.dg/debug/debug4.C -gstabs+ (test for excess errors)
FAIL: g++.dg/debug/debug4.C -gstabs+ -O2 (test for excess errors)
FAIL: g++.dg/debug/debug4.C -gstabs+ -O3 (test for excess errors)
FAIL: g++.dg/debug/debug4.C -gstabs+3 (test for excess errors)
FAIL: g++.dg/debug/debug4.C -gstabs+3 -O2 (test for excess errors)
FAIL: g++.dg/debug/debug4.C -gstabs+3 -O3 (test for excess errors)
FAIL: g++.dg/debug/pr27657.C -gstabs1 (test for excess errors)
FAIL: g++.dg/debug/pr27657.C -gstabs1 -O2 (test for excess errors)
FAIL: g++.dg/debug/pr27657.C -gstabs1 -O3 (test for excess errors)
FAIL: g++.dg/debug/pr27657.C -gstabs (test for excess errors)
FAIL: g++.dg/debug/pr27657.C -gstabs -O2 (test for excess errors)
FAIL: g++.dg/debug/pr27657.C -gstabs -O3 (test for excess errors)
FAIL: g++.dg/debug/pr27657.C -gstabs3 (test for excess errors)
FAIL: g++.dg/debug/pr27657.C -gstabs3 -O2 (test for excess errors)
FAIL: g++.dg/debug/pr27657.C -gstabs3 -O3 (test for excess errors)
FAIL: g++.dg/debug/pr27657.C -gstabs+1 (test for excess errors)
FAIL: g++.dg/debug/pr27657.C -gstabs+1 -O2 (test for excess errors)
FAIL: g++.dg/debug/pr27657.C -gstabs+1 -O3 (test for excess errors)
FAIL: g++.dg/debug/pr27657.C -gstabs+ (test for excess errors)
FAIL: g++.dg/debug/pr27657.C -gstabs+ -O2 (test for excess errors)
FAIL: g++.dg/debug/pr27657.C -gstabs+ -O3 (test for excess errors)
FAIL: g++.dg/debug/pr27657.C -gstabs+3 (test for excess errors)
FAIL: g++.dg/debug/pr27657.C -gstabs+3 -O2 (test for excess errors)
FAIL: g++.dg/debug/pr27657.C -gstabs+3 -O3 (test for excess errors)
FAIL: g++.dg/debug/trivial.C -gstabs1 (test for excess errors)
UNRESOLVED: g++.dg/debug/trivial.C -gstabs1 compilation failed to
produce executable
FAIL: g++.dg/debug/trivial.C -gstabs1 -O2 (test for excess errors)
UNRESOLVED: g++.dg/debug/trivial.C -gstabs1 -O2 compilation failed to
produce executable
FAIL: g++.dg/debug/trivial.C -gstabs1 -O3 (test for excess errors)
UNRESOLVED: g++.dg/debug/trivial.C -gstabs1 -O3 compilation failed to
produce executable
FAIL: g++.dg/debug/trivial.C -gstabs (test for excess errors)
UNRESOLVED: g++.dg/debug/trivial.C -gstabs compilation failed to produce
executable
FAIL: g++.dg/debug/trivial.C -gstabs -O2 (test for excess errors)
UNRESOLVED: g++.dg/debug/trivial.C -gstabs -O2 compilation failed to
produce executable
FAIL: g++.dg/debug/trivial.C -gstabs -O3 (test for excess errors)
UNRESOLVED: g++.dg/debug/trivial.C -gstabs -O3 compilation failed to
produce executable
FAIL: g++.dg/debug/trivial.C -gstabs3 (test for excess errors)
UNRESOLVED: g++.dg/debug/trivial.C -gstabs3 compilation failed to
produce executable
FAIL: g++.dg/debug/trivial.C -gstabs3 -O2 (test for excess errors)
UNRESOLVED: g++.dg/debug/trivial.C -gstabs3 -O2 compilation failed to
produce executable
FAIL: g++.dg/debug/trivial.C -gstabs3 -O3 (test for excess errors)
UNRESOLVED: g++.dg/debug/trivial.C -gstabs3 -O3 compilation failed to
produce executable
FAIL: g++.dg/debug/trivial.C -gstabs+1 (test for excess errors)
UNRESOLVED: g++.dg/debug/trivial.C -gstabs+1 compilation failed to
produce executable
FAIL: g++.dg/debug/trivial.C -gstabs+1 -O2 (test for excess errors)
UNRESOLVED: g++.dg/debug/trivial.C -gstabs+1 -O2 compilation failed to
produce executable
FAIL: g++.dg/debug/trivial.C -gstabs+1 -O3 (test for excess errors)
UNRESOLVED: g++.dg/debug/trivial.C -gstabs+1 -O3 compilation failed to
produce executable
FAIL: g++.dg/debug/trivial.C -gstabs+ (test for excess errors)
UNRESOLVED: g++.dg/debug/trivial.C -gstabs+ compilation failed to
produce executable
FAIL: g++.dg/debug/trivial.C -gstabs+ -O2 (test for excess errors)
UNRESOLVED: g++.dg/debug/trivial.C -gstabs+ -O2 compilation failed to
produce executable
FAIL: g++.dg/debug/trivial.C -gstabs+ -O3 (test for excess errors)
UNRESOLVED: g++.dg/debug/trivial.C -gstabs+ -O3 compilation failed to
produce executable
FAIL: g++.dg/debug/trivial.C -gstabs+3 (test for excess errors)
UNRESOLVED: g++.dg/debug/trivial.C -gstabs+3 compilation failed to
produce executable
FAIL: g++.dg/debug/trivial.C -gstabs+3 -O2 (test for excess errors)
UNRESOLVED: g++.dg/debug/trivial.C -gstabs+3 -O2 compilation failed to
produce executable
FAIL: g++.dg/debug/trivial.C -gstabs+3 -O3 (test for excess errors)
UNRESOLVED: g++.dg/debug/trivial.C -gstabs+3 -O3 compilation failed to
produce executable
FAIL: g++.dg/debug/dwarf2/nested-4.C -std=gnu++98 scan-assembler-times
debug_types 2
FAIL: g++.dg/debug/dwarf2/nested-4.C -std=gnu++11 scan-assembler-times
debug_types 2
FAIL: g++.dg/debug/dwarf2/nested-4.C -std=gnu++14 scan-assembler-times
debug_types 2
FAIL: g++.dg/abi/anon2.C -std=c++11 scan-assembler
.weak(_definition)?[ \\t]_?_ZN2N11D1C3fn1ENS0_1BE
FAIL: g++.dg/abi/anon2.C -std=c++11 scan-assembler
.weak(_definition)?[ \\t]_?_ZN2N11D1C3fn2ES1_
FAIL: g++.dg/abi/anon2.C -std=c++11 scan-assembler
.weak(_definition)?[ \\t]_?_ZN2N31D1CIiE3fn1ENS0_1BE
FAIL: g++.dg/abi/anon2.C -std=c++11 scan-assembler
.weak(_definition)?[ \\t]_?_ZN2N31D1CIiE3fn2ES2_
FAIL: g++.dg/abi/anon2.C -std=c++14 scan-assembler
.weak(_definition)?[ \\t]_?_ZN2N11D1C3fn1ENS0_1BE
FAIL: g++.dg/abi/anon2.C -std=c++14 scan-assembler
.weak(_definition)?[ \\t]_?_ZN2N11D1C3fn2ES1_
FAIL: g++.dg/abi/anon2.C -std=c++14 scan-assembler
.weak(_definition)?[ \\t]_?_ZN2N31D1CIiE3fn1ENS0_1BE
FAIL: g++.dg/abi/anon2.C -std=c++14 scan-assembler
.weak(_definition)?[ \\t]_?_ZN2N31D1CIiE3fn2ES2_
FAIL: g++.dg/abi/anon3.C -std=c++98 scan-assembler
.weak(_definition)?[ \\t]_?_ZN4Heya4blahEv
FAIL: g++.dg/abi/anon3.C -std=c++98 scan-assembler
.weak(_definition)?[ \\t]_?_ZTI4Heya
FAIL: g++.dg/abi/anon3.C -std=c++98 scan-assembler
.weak(_definition)?[ \\t]_?_ZTV4Heya
FAIL: g++.dg/abi/anon3.C -std=c++98 scan-assembler
.weak(_definition)?[ \\t]_?_ZN4Heya1A1fEv
FAIL: g++.dg/abi/anon3.C -std=c++98 scan-assembler
.weak(_definition)?[ \\t]_?_ZTIN4Heya1AE
FAIL: g++.dg/abi/anon3.C -std=c++98 scan-assembler
.weak(_definition)?[ \\t]_?_ZTVN4Heya1AE
FAIL: g++.dg/abi/anon3.C -std=c++11 scan-assembler
.weak(_definition)?[ \\t]_?_ZN4Heya4blahEv
FAIL: g++.dg/abi/anon3.C -std=c++11 scan-assembler
.weak(_definition)?[ \\t]_?_ZTI4Heya
FAIL: g++.dg/abi/anon3.C -std=c++11 scan-assembler
.weak(_definition)?[ \\t]_?_ZTV4Heya
FAIL: g++.dg/abi/anon3.C -std=c++11 scan-assembler
.weak(_definition)?[ \\t]_?_ZN4Heya1A1fEv
FAIL: g++.dg/abi/anon3.C -std=c++11 scan-assembler
.weak(_definition)?[ \\t]_?_ZTIN4Heya1AE
FAIL: g++.dg/abi/anon3.C -std=c++11 scan-assembler
.weak(_definition)?[ \\t]_?_ZTVN4Heya1AE
FAIL: g++.dg/abi/anon3.C -std=c++14 scan-assembler
.weak(_definition)?[ \\t]_?_ZN4Heya4blahEv
FAIL: g++.dg/abi/anon3.C -std=c++14 scan-assembler
.weak(_definition)?[ \\t]_?_ZTI4Heya
FAIL: g++.dg/abi/anon3.C -std=c++14 scan-assembler
.weak(_definition)?[ \\t]_?_ZTV4Heya
FAIL: g++.dg/abi/anon3.C -std=c++14 scan-assembler
.weak(_definition)?[ \\t]_?_ZN4Heya1A1fEv
FAIL: g++.dg/abi/anon3.C -std=c++14 scan-assembler
.weak(_definition)?[ \\t]_?_ZTIN4Heya1AE
FAIL: g++.dg/abi/anon3.C -std=c++14 scan-assembler
.weak(_definition)?[ \\t]_?_ZTVN4Heya1AE
FAIL: g++.dg/abi/rtti1.C -std=c++98 scan-assembler-dem-not
\\\\ntypeinfo for A[: \\\\t\\\\n]
FAIL: g++.dg/abi/rtti1.C -std=c++11 scan-assembler-dem-not
\\\\ntypeinfo for A[: \\\\t\\\\n]
FAIL: g++.dg/abi/rtti1.C -std=c++14 scan-assembler-dem-not
\\\\ntypeinfo for A[: \\\\t\\\\n]
FAIL: g++.dg/abi/thunk5.C -std=c++98 scan-assembler weak.*ZTv
FAIL: g++.dg/abi/thunk5.C -std=c++11 scan-assembler weak.*ZTv
FAIL: g++.dg/abi/thunk5.C -std=c++14 scan-assembler weak.*ZTv
FAIL: g++.dg/cpp0x/auto27.C -std=c++98 no type (test for errors, line 3)
FAIL: g++.dg/cpp0x/decltype31.C -std=c++11 (test for errors, line 11)
FAIL: g++.dg/cpp0x/decltype31.C -std=c++14 (test for errors, line 11)
FAIL: g++.dg/cpp0x/decltype50.C -std=c++11 (test for errors, line 7)
FAIL: g++.dg/cpp0x/decltype50.C -std=c++11 (test for errors, line 9)
FAIL: g++.dg/cpp0x/decltype50.C -std=c++11 (test for errors, line 12)
FAIL: g++.dg/cpp0x/decltype50.C -std=c++11 (test for errors, line 16)
FAIL: g++.dg/cpp0x/decltype50.C -std=c++11 (test for excess errors)
FAIL: g++.dg/cpp0x/decltype50.C -std=c++14 (test for errors, line 7)
FAIL: g++.dg/cpp0x/decltype50.C -std=c++14 (test for errors, line 9)
FAIL: g++.dg/cpp0x/decltype50.C -std=c++14 (test for errors, line 12)
FAIL: g++.dg/cpp0x/decltype50.C -std=c++14 (test for errors, line 16)
FAIL: g++.dg/cpp0x/decltype50.C -std=c++14 (test for excess errors)
FAIL: g++.dg/cpp0x/lambda/lambda-eh2.C -std=gnu++11 (test for excess
errors)
UNRESOLVED: g++.dg/cpp0x/lambda/lambda-eh2.C -std=gnu++11 compilation
failed to produce executable
FAIL: g++.dg/cpp0x/lambda/lambda-eh2.C -std=gnu++14 (test for excess
errors)
UNRESOLVED: g++.dg/cpp0x/lambda/lambda-eh2.C -std=gnu++14 compilation
failed to produce executable
FAIL: g++.dg/cpp0x/static_assert9.C -std=c++11 (test for errors, line 7)
FAIL: g++.dg/cpp0x/static_assert9.C -std=c++14 (test for errors, line 7)
FAIL: g++.dg/cpp1y/pr58708.C -std=c++14 (test for excess errors)
UNRESOLVED: g++.dg/cpp1y/pr58708.C -std=c++14 compilation failed to
produce executable
FAIL: g++.dg/diagnostic/bitfld2.C -std=c++98 declaration (test for
errors, line 6)
FAIL: g++.dg/diagnostic/bitfld2.C -std=c++11 declaration (test for
errors, line 6)
FAIL: g++.dg/diagnostic/bitfld2.C -std=c++14 declaration (test for
errors, line 6)
FAIL: g++.dg/eh/forced1.C -std=c++98 execution test
FAIL: g++.dg/eh/forced1.C -std=c++11 execution test
FAIL: g++.dg/eh/forced1.C -std=c++14 execution test
FAIL: g++.dg/expr/bound-mem-fun.C -std=c++98 (test for errors, line 16)
FAIL: g++.dg/expr/bound-mem-fun.C -std=c++98 (test for excess errors)
FAIL: g++.dg/expr/bound-mem-fun.C -std=c++11 (test for errors, line 16)
FAIL: g++.dg/expr/bound-mem-fun.C -std=c++11 (test for excess errors)
FAIL: g++.dg/expr/bound-mem-fun.C -std=c++14 (test for errors, line 16)
FAIL: g++.dg/expr/bound-mem-fun.C -std=c++14 (test for excess errors)
FAIL: g++.dg/expr/pmf-1.C -std=c++98 (test for warnings, line 10)
FAIL: g++.dg/expr/pmf-1.C -std=c++98 (test for errors, line 16)
FAIL: g++.dg/expr/pmf-1.C -std=c++98 (test for errors, line 17)
FAIL: g++.dg/expr/pmf-1.C -std=c++11 (test for warnings, line 10)
FAIL: g++.dg/expr/pmf-1.C -std=c++11 (test for errors, line 16)
FAIL: g++.dg/expr/pmf-1.C -std=c++11 (test for errors, line 17)
FAIL: g++.dg/expr/pmf-1.C -std=c++14 (test for warnings, line 10)
FAIL: g++.dg/expr/pmf-1.C -std=c++14 (test for errors, line 16)
FAIL: g++.dg/expr/pmf-1.C -std=c++14 (test for errors, line 17)
FAIL: g++.dg/expr/ptrmem5.C -std=c++98 (internal compiler error)
FAIL: g++.dg/expr/ptrmem5.C -std=c++98 (test for errors, line 7)
FAIL: g++.dg/expr/ptrmem5.C -std=c++98 (test for excess errors)
FAIL: g++.dg/expr/ptrmem5.C -std=c++11 (internal compiler error)
FAIL: g++.dg/expr/ptrmem5.C -std=c++11 (test for errors, line 7)
FAIL: g++.dg/expr/ptrmem5.C -std=c++11 (test for excess errors)
FAIL: g++.dg/expr/ptrmem5.C -std=c++14 (internal compiler error)
FAIL: g++.dg/expr/ptrmem5.C -std=c++14 (test for errors, line 7)
FAIL: g++.dg/expr/ptrmem5.C -std=c++14 (test for excess errors)
XPASS: g++.dg/ext/dllexport4.C -std=gnu++98 (test for excess errors)
XPASS: g++.dg/ext/dllexport4.C -std=gnu++11 (test for excess errors)
XPASS: g++.dg/ext/dllexport4.C -std=gnu++14 (test for excess errors)
FAIL: g++.dg/ext/uow-3.C -std=gnu++98 (test for errors, line 4)
FAIL: g++.dg/ext/uow-3.C -std=gnu++98 (test for errors, line 6)
FAIL: g++.dg/ext/uow-3.C -std=gnu++11 (test for errors, line 4)
FAIL: g++.dg/ext/uow-3.C -std=gnu++11 (test for errors, line 6)
FAIL: g++.dg/ext/uow-3.C -std=gnu++14 (test for errors, line 4)
FAIL: g++.dg/ext/uow-3.C -std=gnu++14 (test for errors, line 6)
FAIL: g++.dg/ext/uow-4.C -std=gnu++98 (test for errors, line 6)
FAIL: g++.dg/ext/uow-4.C -std=gnu++98 (test for errors, line 8)
FAIL: g++.dg/ext/uow-4.C -std=gnu++11 (test for errors, line 6)
FAIL: g++.dg/ext/uow-4.C -std=gnu++11 (test for errors, line 8)
FAIL: g++.dg/ext/uow-4.C -std=gnu++14 (test for errors, line 6)
FAIL: g++.dg/ext/uow-4.C -std=gnu++14 (test for errors, line 8)
FAIL: g++.dg/ipa/pr64146.C -std=gnu++98 scan-ipa-dump-times icf
"Declaration does not bind to currect definition." 2
FAIL: g++.dg/ipa/pr64146.C -std=gnu++11 scan-ipa-dump-times icf
"Declaration does not bind to currect definition." 2
FAIL: g++.dg/ipa/pr64146.C -std=gnu++14 scan-ipa-dump-times icf
"Declaration does not bind to currect definition." 2
FAIL: g++.dg/lookup/name-clash7.C -std=c++98 (test for errors, line 3)
FAIL: g++.dg/lookup/name-clash7.C -std=c++98 (test for errors, line 10)
FAIL: g++.dg/lookup/name-clash7.C -std=c++11 (test for errors, line 3)
FAIL: g++.dg/lookup/name-clash7.C -std=c++11 (test for errors, line 10)
FAIL: g++.dg/lookup/name-clash7.C -std=c++14 (test for errors, line 3)
FAIL: g++.dg/lookup/name-clash7.C -std=c++14 (test for errors, line 10)
FAIL: g++.dg/lookup/redecl1.C -std=c++98 (test for errors, line 3)
FAIL: g++.dg/lookup/redecl1.C -std=c++98 (test for errors, line 5)
FAIL: g++.dg/lookup/redecl1.C -std=c++11 (test for errors, line 3)
FAIL: g++.dg/lookup/redecl1.C -std=c++11 (test for errors, line 5)
FAIL: g++.dg/lookup/redecl1.C -std=c++14 (test for errors, line 3)
FAIL: g++.dg/lookup/redecl1.C -std=c++14 (test for errors, line 5)
FAIL: g++.dg/opt/devirt2.C -std=gnu++98 scan-assembler-times xyzzy 2
FAIL: g++.dg/opt/devirt2.C -std=gnu++11 scan-assembler-times xyzzy 2
FAIL: g++.dg/opt/devirt2.C -std=gnu++14 scan-assembler-times xyzzy 2
FAIL: g++.dg/other/error34.C -std=gnu++98 decl (test for errors, line 5)
FAIL: g++.dg/other/error34.C -std=gnu++11 decl (test for errors, line 5)
FAIL: g++.dg/other/error34.C -std=gnu++14 decl (test for errors, line 5)
FAIL: g++.dg/other/i386-9.C -std=gnu++98 (test for excess errors)
UNRESOLVED: g++.dg/other/i386-9.C -std=gnu++98 compilation failed to
produce executable
FAIL: g++.dg/other/i386-9.C -std=gnu++11 (test for excess errors)
UNRESOLVED: g++.dg/other/i386-9.C -std=gnu++11 compilation failed to
produce executable
FAIL: g++.dg/other/i386-9.C -std=gnu++14 (test for excess errors)
UNRESOLVED: g++.dg/other/i386-9.C -std=gnu++14 compilation failed to
produce executable
FAIL: g++.dg/other/ptrmem8.C -std=c++98 (internal compiler error)
FAIL: g++.dg/other/ptrmem8.C -std=c++98 (test for errors, line 9)
FAIL: g++.dg/other/ptrmem8.C -std=c++98 (test for errors, line 15)
FAIL: g++.dg/other/ptrmem8.C -std=c++98 (test for excess errors)
FAIL: g++.dg/other/ptrmem8.C -std=c++11 (internal compiler error)
FAIL: g++.dg/other/ptrmem8.C -std=c++11 (test for errors, line 9)
FAIL: g++.dg/other/ptrmem8.C -std=c++11 (test for errors, line 15)
FAIL: g++.dg/other/ptrmem8.C -std=c++11 (test for excess errors)
FAIL: g++.dg/other/ptrmem8.C -std=c++14 (internal compiler error)
FAIL: g++.dg/other/ptrmem8.C -std=c++14 (test for errors, line 9)
FAIL: g++.dg/other/ptrmem8.C -std=c++14 (test for errors, line 15)
FAIL: g++.dg/other/ptrmem8.C -std=c++14 (test for excess errors)
FAIL: g++.dg/parse/error43.C -std=gnu++98 (test for excess errors)
FAIL: g++.dg/parse/error43.C -std=gnu++11 (test for excess errors)
FAIL: g++.dg/parse/error43.C -std=gnu++14 (test for excess errors)
FAIL: g++.dg/parse/error45.C -std=c++98 (test for errors, line 8)
FAIL: g++.dg/parse/error45.C -std=c++98 (test for excess errors)
FAIL: g++.dg/parse/error45.C -std=c++11 (test for errors, line 8)
FAIL: g++.dg/parse/error45.C -std=c++11 (test for excess errors)
FAIL: g++.dg/parse/error45.C -std=c++14 (test for errors, line 8)
FAIL: g++.dg/parse/error45.C -std=c++14 (test for excess errors)
FAIL: g++.dg/pr49718.C -std=gnu++98 scan-assembler-times
__cyg_profile_func_enter 1
FAIL: g++.dg/pr49718.C -std=gnu++11 scan-assembler-times
__cyg_profile_func_enter 1
FAIL: g++.dg/pr49718.C -std=gnu++14 scan-assembler-times
__cyg_profile_func_enter 1
FAIL: g++.dg/rtti/typeid8.C -std=c++98 (test for errors, line 25)
FAIL: g++.dg/rtti/typeid8.C -std=c++11 (test for errors, line 25)
FAIL: g++.dg/rtti/typeid8.C -std=c++14 (test for errors, line 25)
FAIL: g++.dg/template/crash37.C -std=c++98 (test for errors, line 23)
FAIL: g++.dg/template/crash37.C -std=c++11 (test for errors, line 23)
FAIL: g++.dg/template/crash37.C -std=c++14 (test for errors, line 23)
FAIL: g++.dg/template/crash51.C -std=c++98 (test for errors, line 10)
FAIL: g++.dg/template/crash51.C -std=c++98 (test for excess errors)
FAIL: g++.dg/template/crash51.C -std=c++11 (test for errors, line 10)
FAIL: g++.dg/template/crash51.C -std=c++11 (test for excess errors)
FAIL: g++.dg/template/crash51.C -std=c++14 (test for errors, line 10)
FAIL: g++.dg/template/crash51.C -std=c++14 (test for excess errors)
FAIL: g++.dg/template/crash72.C -std=c++98 (test for errors, line 16)
FAIL: g++.dg/template/crash72.C -std=c++98 (test for excess errors)
FAIL: g++.dg/template/crash72.C -std=c++11 (test for errors, line 16)
FAIL: g++.dg/template/crash72.C -std=c++11 (test for excess errors)
FAIL: g++.dg/template/crash72.C -std=c++14 (test for errors, line 16)
FAIL: g++.dg/template/crash72.C -std=c++14 (test for excess errors)
FAIL: g++.dg/template/dependent-expr5.C -std=c++98 (test for warnings,
line 9)
FAIL: g++.dg/template/dependent-expr5.C -std=c++98 (test for warnings,
line 10)
FAIL: g++.dg/template/dependent-expr5.C -std=c++98 (test for errors,
line 47)
FAIL: g++.dg/template/dependent-expr5.C -std=c++98 candidate note (test
for warnings, line 47)
FAIL: g++.dg/template/dependent-expr5.C -std=c++98 (test for errors,
line 63)
FAIL: g++.dg/template/dependent-expr5.C -std=c++98 candidate note (test
for warnings, line 63)
FAIL: g++.dg/template/dependent-expr5.C -std=c++98 (test for errors,
line 99)
FAIL: g++.dg/template/dependent-expr5.C -std=c++98 candidate note (test
for warnings, line 99)
FAIL: g++.dg/template/dependent-expr5.C -std=c++98 (test for errors,
line 115)
FAIL: g++.dg/template/dependent-expr5.C -std=c++98 candidate note (test
for warnings, line 115)
FAIL: g++.dg/template/dependent-expr5.C -std=c++98 (test for excess errors)
FAIL: g++.dg/template/dependent-expr5.C -std=c++11 (test for warnings,
line 9)
FAIL: g++.dg/template/dependent-expr5.C -std=c++11 (test for warnings,
line 10)
FAIL: g++.dg/template/dependent-expr5.C -std=c++11 (test for errors,
line 47)
FAIL: g++.dg/template/dependent-expr5.C -std=c++11 candidate note (test
for warnings, line 47)
FAIL: g++.dg/template/dependent-expr5.C -std=c++11 (test for errors,
line 63)
FAIL: g++.dg/template/dependent-expr5.C -std=c++11 candidate note (test
for warnings, line 63)
FAIL: g++.dg/template/dependent-expr5.C -std=c++11 (test for errors,
line 99)
FAIL: g++.dg/template/dependent-expr5.C -std=c++11 candidate note (test
for warnings, line 99)
FAIL: g++.dg/template/dependent-expr5.C -std=c++11 (test for errors,
line 115)
FAIL: g++.dg/template/dependent-expr5.C -std=c++11 candidate note (test
for warnings, line 115)
FAIL: g++.dg/template/dependent-expr5.C -std=c++11 (test for excess errors)
FAIL: g++.dg/template/dependent-expr5.C -std=c++14 (test for warnings,
line 9)
FAIL: g++.dg/template/dependent-expr5.C -std=c++14 (test for warnings,
line 10)
FAIL: g++.dg/template/dependent-expr5.C -std=c++14 (test for errors,
line 47)
FAIL: g++.dg/template/dependent-expr5.C -std=c++14 candidate note (test
for warnings, line 47)
FAIL: g++.dg/template/dependent-expr5.C -std=c++14 (test for errors,
line 63)
FAIL: g++.dg/template/dependent-expr5.C -std=c++14 candidate note (test
for warnings, line 63)
FAIL: g++.dg/template/dependent-expr5.C -std=c++14 (test for errors,
line 99)
FAIL: g++.dg/template/dependent-expr5.C -std=c++14 candidate note (test
for warnings, line 99)
FAIL: g++.dg/template/dependent-expr5.C -std=c++14 (test for errors,
line 115)
FAIL: g++.dg/template/dependent-expr5.C -std=c++14 candidate note (test
for warnings, line 115)
FAIL: g++.dg/template/dependent-expr5.C -std=c++14 (test for excess errors)
FAIL: g++.dg/template/dtor6.C -std=c++98 (test for errors, line 8)
FAIL: g++.dg/template/dtor6.C -std=c++98 (test for errors, line 14)
FAIL: g++.dg/template/dtor6.C -std=c++98 (test for excess errors)
FAIL: g++.dg/template/dtor6.C -std=c++11 (test for errors, line 8)
FAIL: g++.dg/template/dtor6.C -std=c++11 (test for errors, line 14)
FAIL: g++.dg/template/dtor6.C -std=c++11 (test for excess errors)
FAIL: g++.dg/template/dtor6.C -std=c++14 (test for errors, line 8)
FAIL: g++.dg/template/dtor6.C -std=c++14 (test for errors, line 14)
FAIL: g++.dg/template/dtor6.C -std=c++14 (test for excess errors)
FAIL: g++.dg/template/overload6.C -std=c++98 (test for errors, line 16)
FAIL: g++.dg/template/overload6.C -std=c++98 (test for excess errors)
FAIL: g++.dg/template/overload6.C -std=c++11 (test for errors, line 16)
FAIL: g++.dg/template/overload6.C -std=c++11 (test for excess errors)
FAIL: g++.dg/template/overload6.C -std=c++14 (test for errors, line 16)
FAIL: g++.dg/template/overload6.C -std=c++14 (test for excess errors)
FAIL: g++.dg/warn/changes-meaning.C -std=gnu++98 (test for warnings,
line 4)
FAIL: g++.dg/warn/changes-meaning.C -std=gnu++98 (test for warnings,
line 9)
FAIL: g++.dg/warn/changes-meaning.C -std=gnu++11 (test for warnings,
line 4)
FAIL: g++.dg/warn/changes-meaning.C -std=gnu++11 (test for warnings,
line 9)
FAIL: g++.dg/warn/changes-meaning.C -std=gnu++14 (test for warnings,
line 4)
FAIL: g++.dg/warn/changes-meaning.C -std=gnu++14 (test for warnings,
line 9)
FAIL: g++.dg/warn/pmf1.C -std=c++98 (test for errors, line 17)
FAIL: g++.dg/warn/pmf1.C -std=c++11 (test for errors, line 17)
FAIL: g++.dg/warn/pmf1.C -std=c++14 (test for errors, line 17)
FAIL: g++.dg/warn/weak1.C -std=c++98 (test for excess errors)
UNRESOLVED: g++.dg/warn/weak1.C -std=c++98 compilation failed to
produce executable
FAIL: g++.dg/warn/weak1.C -std=c++11 (test for excess errors)
UNRESOLVED: g++.dg/warn/weak1.C -std=c++11 compilation failed to
produce executable
FAIL: g++.dg/warn/weak1.C -std=c++14 (test for excess errors)
UNRESOLVED: g++.dg/warn/weak1.C -std=c++14 compilation failed to
produce executable
FAIL: g++.dg/guality/pr55665.C -O2 line 23 p == 40
FAIL: g++.dg/guality/pr55665.C -O3 -fomit-frame-pointer line 23 p == 40
FAIL: g++.dg/guality/pr55665.C -O3 -g line 23 p == 40
FAIL: g++.dg/torture/pr58252.C -O0 (test for warnings, line 17)
FAIL: g++.dg/torture/pr58252.C -O1 (test for warnings, line 17)
FAIL: g++.dg/torture/pr58252.C -O2 (test for warnings, line 17)
FAIL: g++.dg/torture/pr58252.C -O3 -fomit-frame-pointer (test for
warnings, line 17)
FAIL: g++.dg/torture/pr58252.C -O3 -fomit-frame-pointer
-funroll-loops (test for warnings, line 17)
FAIL: g++.dg/torture/pr58252.C -O3 -fomit-frame-pointer
-funroll-all-loops -finline-functions (test for warnings, line 17)
FAIL: g++.dg/torture/pr58252.C -O3 -g (test for warnings, line 17)
FAIL: g++.dg/torture/pr58252.C -Os (test for warnings, line 17)
FAIL: g++.dg/torture/pr58252.C -O2 -flto -fno-use-linker-plugin
-flto-partition=none (test for warnings, line 17)
FAIL: g++.dg/torture/pr58252.C -O2 -flto -fuse-linker-plugin
-fno-fat-lto-objects (test for warnings, line 17)
FAIL: g++.dg/torture/pr58555.C -Os (internal compiler error)
FAIL: g++.dg/torture/pr58555.C -Os (test for excess errors)
FAIL: g++.old-deja/g++.benjamin/13908.C -std=c++98 (internal compiler
error)
FAIL: g++.old-deja/g++.benjamin/13908.C -std=c++98 (test for errors,
line 20)
FAIL: g++.old-deja/g++.benjamin/13908.C -std=c++98 (test for excess errors)
FAIL: g++.old-deja/g++.benjamin/13908.C -std=c++11 (internal compiler
error)
FAIL: g++.old-deja/g++.benjamin/13908.C -std=c++11 (test for errors,
line 20)
FAIL: g++.old-deja/g++.benjamin/13908.C -std=c++11 (test for excess errors)
FAIL: g++.old-deja/g++.benjamin/13908.C -std=c++14 (internal compiler
error)
FAIL: g++.old-deja/g++.benjamin/13908.C -std=c++14 (test for errors,
line 20)
FAIL: g++.old-deja/g++.benjamin/13908.C -std=c++14 (test for excess errors)
FAIL: g++.old-deja/g++.brendan/arm3.C -std=c++98 (test for errors, line 7)
FAIL: g++.old-deja/g++.brendan/arm3.C -std=c++11 (test for errors, line 7)
FAIL: g++.old-deja/g++.brendan/arm3.C -std=c++14 (test for errors, line 7)
FAIL: g++.old-deja/g++.brendan/prepost1.C -std=c++98 (test for errors,
line 5)
FAIL: g++.old-deja/g++.brendan/prepost1.C -std=c++11 (test for errors,
line 5)
FAIL: g++.old-deja/g++.brendan/prepost1.C -std=c++14 (test for errors,
line 5)
FAIL: g++.old-deja/g++.brendan/prepost2.C -std=c++98 (test for errors,
line 5)
FAIL: g++.old-deja/g++.brendan/prepost2.C -std=c++98 (test for errors,
line 6)
FAIL: g++.old-deja/g++.brendan/prepost2.C -std=c++11 (test for errors,
line 5)
FAIL: g++.old-deja/g++.brendan/prepost2.C -std=c++11 (test for errors,
line 6)
FAIL: g++.old-deja/g++.brendan/prepost2.C -std=c++14 (test for errors,
line 5)
FAIL: g++.old-deja/g++.brendan/prepost2.C -std=c++14 (test for errors,
line 6)
FAIL: g++.old-deja/g++.bugs/900213_03.C -std=c++98 (test for errors,
line 24)
FAIL: g++.old-deja/g++.bugs/900213_03.C -std=c++11 (test for errors,
line 24)
FAIL: g++.old-deja/g++.bugs/900213_03.C -std=c++14 (test for errors,
line 24)
FAIL: g++.old-deja/g++.jason/member.C -std=c++98 (test for errors,
line 28)
FAIL: g++.old-deja/g++.jason/member.C -std=c++98 (test for errors,
line 34)
FAIL: g++.old-deja/g++.jason/member.C -std=c++11 (test for errors,
line 28)
FAIL: g++.old-deja/g++.jason/member.C -std=c++11 (test for errors,
line 34)
FAIL: g++.old-deja/g++.jason/member.C -std=c++14 (test for errors,
line 28)
FAIL: g++.old-deja/g++.jason/member.C -std=c++14 (test for errors,
line 34)
FAIL: g++.old-deja/g++.jason/pmf2.C -std=c++98 (test for errors, line 12)
FAIL: g++.old-deja/g++.jason/pmf2.C -std=c++11 (test for errors, line 12)
FAIL: g++.old-deja/g++.jason/pmf2.C -std=c++14 (test for errors, line 12)
FAIL: g++.old-deja/g++.jason/pmf5.C -std=gnu++98 assuming (test for
errors, line 18)
FAIL: g++.old-deja/g++.jason/pmf5.C -std=gnu++98 note (test for
warnings, line 18)
FAIL: g++.old-deja/g++.jason/pmf5.C -std=gnu++11 assuming (test for
errors, line 18)
FAIL: g++.old-deja/g++.jason/pmf5.C -std=gnu++11 note (test for
warnings, line 18)
FAIL: g++.old-deja/g++.jason/pmf5.C -std=gnu++14 assuming (test for
errors, line 18)
FAIL: g++.old-deja/g++.jason/pmf5.C -std=gnu++14 note (test for
warnings, line 18)
FAIL: g++.old-deja/g++.jason/scoping8.C -std=c++98 (test for errors,
line 4)
FAIL: g++.old-deja/g++.jason/scoping8.C -std=c++98 (test for errors,
line 7)
FAIL: g++.old-deja/g++.jason/scoping8.C -std=c++11 (test for errors,
line 4)
FAIL: g++.old-deja/g++.jason/scoping8.C -std=c++11 (test for errors,
line 7)
FAIL: g++.old-deja/g++.jason/scoping8.C -std=c++14 (test for errors,
line 4)
FAIL: g++.old-deja/g++.jason/scoping8.C -std=c++14 (test for errors,
line 7)
FAIL: g++.old-deja/g++.jason/typeid1.C -std=c++98 (test for errors,
line 11)
FAIL: g++.old-deja/g++.jason/typeid1.C -std=c++11 (test for errors,
line 11)
FAIL: g++.old-deja/g++.jason/typeid1.C -std=c++14 (test for errors,
line 11)
FAIL: g++.old-deja/g++.law/arm16.C -std=gnu++98 (test for errors, line 14)
FAIL: g++.old-deja/g++.law/arm16.C -std=gnu++11 (test for errors, line 14)
FAIL: g++.old-deja/g++.law/arm16.C -std=gnu++14 (test for errors, line 14)
FAIL: g++.old-deja/g++.law/nest1.C -std=c++98 (test for errors, line 9)
FAIL: g++.old-deja/g++.law/nest1.C -std=c++98 (test for errors, line 13)
FAIL: g++.old-deja/g++.law/nest1.C -std=c++11 (test for errors, line 9)
FAIL: g++.old-deja/g++.law/nest1.C -std=c++11 (test for errors, line 13)
FAIL: g++.old-deja/g++.law/nest1.C -std=c++14 (test for errors, line 9)
FAIL: g++.old-deja/g++.law/nest1.C -std=c++14 (test for errors, line 13)
FAIL: g++.old-deja/g++.law/operators9.C -std=c++98 (test for errors,
line 12)
FAIL: g++.old-deja/g++.law/operators9.C -std=c++11 (test for errors,
line 12)
FAIL: g++.old-deja/g++.law/operators9.C -std=c++14 (test for errors,
line 12)
FAIL: g++.old-deja/g++.mike/net31.C -std=c++98 (test for errors, line 65)
FAIL: g++.old-deja/g++.mike/net31.C -std=c++11 (test for errors, line 65)
FAIL: g++.old-deja/g++.mike/net31.C -std=c++14 (test for errors, line 65)
FAIL: g++.old-deja/g++.mike/net36.C -std=c++98 (test for errors, line 18)
FAIL: g++.old-deja/g++.mike/net36.C -std=c++11 (test for errors, line 18)
FAIL: g++.old-deja/g++.mike/net36.C -std=c++14 (test for errors, line 18)
FAIL: g++.old-deja/g++.mike/p11110.C -std=c++98 (test for errors, line 20)
FAIL: g++.old-deja/g++.mike/p11110.C -std=c++98 (test for excess errors)
FAIL: g++.old-deja/g++.mike/p11110.C -std=c++11 (test for errors, line 20)
FAIL: g++.old-deja/g++.mike/p11110.C -std=c++11 (test for excess errors)
FAIL: g++.old-deja/g++.mike/p11110.C -std=c++14 (test for errors, line 20)
FAIL: g++.old-deja/g++.mike/p11110.C -std=c++14 (test for excess errors)
FAIL: g++.old-deja/g++.mike/p646.C -std=gnu++98 (test for warnings,
line 135)
FAIL: g++.old-deja/g++.mike/p646.C -std=gnu++11 (test for warnings,
line 135)
FAIL: g++.old-deja/g++.mike/p646.C -std=gnu++14 (test for warnings,
line 135)
FAIL: g++.old-deja/g++.oliva/overload1.C -std=c++98 (test for errors,
line 16)
FAIL: g++.old-deja/g++.oliva/overload1.C -std=c++98 note (test for
warnings, line 16)
FAIL: g++.old-deja/g++.oliva/overload1.C -std=c++11 (test for errors,
line 16)
FAIL: g++.old-deja/g++.oliva/overload1.C -std=c++11 note (test for
warnings, line 16)
FAIL: g++.old-deja/g++.oliva/overload1.C -std=c++14 (test for errors,
line 16)
FAIL: g++.old-deja/g++.oliva/overload1.C -std=c++14 note (test for
warnings, line 16)
FAIL: g++.old-deja/g++.other/decl6.C -std=c++98 (test for errors, line 12)
FAIL: g++.old-deja/g++.other/decl6.C -std=c++11 (test for errors, line 12)
FAIL: g++.old-deja/g++.other/decl6.C -std=c++14 (test for errors, line 12)
FAIL: g++.old-deja/g++.other/pmf2.C -std=c++98 (test for errors, line 17)
FAIL: g++.old-deja/g++.other/pmf2.C -std=c++11 (test for errors, line 17)
FAIL: g++.old-deja/g++.other/pmf2.C -std=c++14 (test for errors, line 17)
FAIL: g++.old-deja/g++.other/pmf3.C -std=c++98 (test for errors, line 23)
FAIL: g++.old-deja/g++.other/pmf3.C -std=c++98 (test for errors, line 24)
FAIL: g++.old-deja/g++.other/pmf3.C -std=c++11 (test for errors, line 23)
FAIL: g++.old-deja/g++.other/pmf3.C -std=c++11 (test for errors, line 24)
FAIL: g++.old-deja/g++.other/pmf3.C -std=c++14 (test for errors, line 23)
FAIL: g++.old-deja/g++.other/pmf3.C -std=c++14 (test for errors, line 24)
FAIL: g++.old-deja/g++.other/pmf7.C -std=c++98 (test for errors, line 15)
FAIL: g++.old-deja/g++.other/pmf7.C -std=c++11 (test for errors, line 15)
FAIL: g++.old-deja/g++.other/pmf7.C -std=c++14 (test for errors, line 15)
FAIL: g++.old-deja/g++.other/ptrmem7.C -std=c++98 err (test for errors,
line 23)
FAIL: g++.old-deja/g++.other/ptrmem7.C -std=c++98 note (test for
warnings, line 23)
FAIL: g++.old-deja/g++.other/ptrmem7.C -std=c++98 err (test for errors,
line 25)
FAIL: g++.old-deja/g++.other/ptrmem7.C -std=c++98 err (test for errors,
line 26)
FAIL: g++.old-deja/g++.other/ptrmem7.C -std=c++98 (test for errors,
line 34)
FAIL: g++.old-deja/g++.other/ptrmem7.C -std=c++98 (test for errors,
line 35)
FAIL: g++.old-deja/g++.other/ptrmem7.C -std=c++98 (test for errors,
line 36)
FAIL: g++.old-deja/g++.other/ptrmem7.C -std=c++98 (test for errors,
line 38)
FAIL: g++.old-deja/g++.other/ptrmem7.C -std=c++98 (test for errors,
line 39)
FAIL: g++.old-deja/g++.other/ptrmem7.C -std=c++11 err (test for errors,
line 23)
FAIL: g++.old-deja/g++.other/ptrmem7.C -std=c++11 note (test for
warnings, line 23)
FAIL: g++.old-deja/g++.other/ptrmem7.C -std=c++11 err (test for errors,
line 25)
FAIL: g++.old-deja/g++.other/ptrmem7.C -std=c++11 err (test for errors,
line 26)
FAIL: g++.old-deja/g++.other/ptrmem7.C -std=c++11 (test for errors,
line 34)
FAIL: g++.old-deja/g++.other/ptrmem7.C -std=c++11 (test for errors,
line 35)
FAIL: g++.old-deja/g++.other/ptrmem7.C -std=c++11 (test for errors,
line 36)
FAIL: g++.old-deja/g++.other/ptrmem7.C -std=c++11 (test for errors,
line 38)
FAIL: g++.old-deja/g++.other/ptrmem7.C -std=c++11 (test for errors,
line 39)
FAIL: g++.old-deja/g++.other/ptrmem7.C -std=c++14 err (test for errors,
line 23)
FAIL: g++.old-deja/g++.other/ptrmem7.C -std=c++14 note (test for
warnings, line 23)
FAIL: g++.old-deja/g++.other/ptrmem7.C -std=c++14 err (test for errors,
line 25)
FAIL: g++.old-deja/g++.other/ptrmem7.C -std=c++14 err (test for errors,
line 26)
FAIL: g++.old-deja/g++.other/ptrmem7.C -std=c++14 (test for errors,
line 34)
FAIL: g++.old-deja/g++.other/ptrmem7.C -std=c++14 (test for errors,
line 35)
FAIL: g++.old-deja/g++.other/ptrmem7.C -std=c++14 (test for errors,
line 36)
FAIL: g++.old-deja/g++.other/ptrmem7.C -std=c++14 (test for errors,
line 38)
FAIL: g++.old-deja/g++.other/ptrmem7.C -std=c++14 (test for errors,
line 39)
FAIL: g++.old-deja/g++.pt/ptrmem10.C -std=c++98 (test for excess errors)
FAIL: g++.old-deja/g++.pt/ptrmem10.C -std=c++11 (test for excess errors)
FAIL: g++.old-deja/g++.pt/ptrmem10.C -std=c++14 (test for excess errors)
FAIL: g++.old-deja/g++.robertl/eb131.C -std=c++98 (test for warnings,
line 13)
FAIL: g++.old-deja/g++.robertl/eb131.C -std=c++98 (test for errors,
line 18)
FAIL: g++.old-deja/g++.robertl/eb131.C -std=c++98 (test for errors,
line 19)
FAIL: g++.old-deja/g++.robertl/eb131.C -std=c++11 (test for warnings,
line 13)
FAIL: g++.old-deja/g++.robertl/eb131.C -std=c++11 (test for errors,
line 18)
FAIL: g++.old-deja/g++.robertl/eb131.C -std=c++11 (test for errors,
line 19)
FAIL: g++.old-deja/g++.robertl/eb131.C -std=c++14 (test for warnings,
line 13)
FAIL: g++.old-deja/g++.robertl/eb131.C -std=c++14 (test for errors,
line 18)
FAIL: g++.old-deja/g++.robertl/eb131.C -std=c++14 (test for errors,
line 19)
FAIL: g++.old-deja/g++.robertl/eb8.C -std=c++98 (test for errors, line 5)
FAIL: g++.old-deja/g++.robertl/eb8.C -std=c++98 (test for errors, line 6)
FAIL: g++.old-deja/g++.robertl/eb8.C -std=c++11 (test for errors, line 5)
FAIL: g++.old-deja/g++.robertl/eb8.C -std=c++11 (test for errors, line 6)
FAIL: g++.old-deja/g++.robertl/eb8.C -std=c++14 (test for errors, line 5)
FAIL: g++.old-deja/g++.robertl/eb8.C -std=c++14 (test for errors, line 6)
=== g++ Summary ===
# of expected passes 82280
# of unexpected failures 449
# of unexpected successes 3
# of expected failures 240
# of unresolved testcases 27
# of unsupported tests 3615
/cygdrive/c/users/tim/tim/tim/src/gnu/gcc2/cyg64/gcc/testsuite/g++/../../xg++
version 5.0.0 20141218 (experimental) (GCC)
=== gcc tests ===
Running target unix
=== gfortran tests ===
Running target unix
FAIL: gfortran.dg/bind_c_array_params_2.f90 -O scan-assembler-times
[ \\t][\$,_0-9]*myBindC 1
XPASS: gfortran.dg/default_format_denormal_1.f90 -O0 execution test
XPASS: gfortran.dg/default_format_denormal_1.f90 -O1 execution test
XPASS: gfortran.dg/default_format_denormal_1.f90 -O2 execution test
XPASS: gfortran.dg/default_format_denormal_1.f90 -O3
-fomit-frame-pointer execution test
XPASS: gfortran.dg/default_format_denormal_1.f90 -O3
-fomit-frame-pointer -funroll-loops execution test
XPASS: gfortran.dg/default_format_denormal_1.f90 -O3
-fomit-frame-pointer -funroll-all-loops -finline-functions execution test
XPASS: gfortran.dg/default_format_denormal_1.f90 -O3 -g execution test
XPASS: gfortran.dg/default_format_denormal_1.f90 -Os execution test
FAIL: gfortran.dg/internal_dummy_2.f08 -O0 execution test
FAIL: gfortran.dg/internal_dummy_2.f08 -O1 execution test
FAIL: gfortran.dg/internal_dummy_2.f08 -O2 execution test
FAIL: gfortran.dg/internal_dummy_2.f08 -O3 -fomit-frame-pointer
execution test
FAIL: gfortran.dg/internal_dummy_2.f08 -O3 -fomit-frame-pointer
-funroll-loops execution test
FAIL: gfortran.dg/internal_dummy_2.f08 -O3 -fomit-frame-pointer
-funroll-all-loops -finline-functions execution test
FAIL: gfortran.dg/internal_dummy_2.f08 -O3 -g execution test
FAIL: gfortran.dg/internal_dummy_2.f08 -Os execution test
FAIL: gfortran.dg/internal_dummy_3.f08 -O0 execution test
FAIL: gfortran.dg/internal_dummy_3.f08 -O1 execution test
FAIL: gfortran.dg/internal_dummy_3.f08 -O2 execution test
FAIL: gfortran.dg/internal_dummy_3.f08 -O3 -fomit-frame-pointer
execution test
FAIL: gfortran.dg/internal_dummy_3.f08 -O3 -fomit-frame-pointer
-funroll-loops execution test
FAIL: gfortran.dg/internal_dummy_3.f08 -O3 -fomit-frame-pointer
-funroll-all-loops -finline-functions execution test
FAIL: gfortran.dg/internal_dummy_3.f08 -O3 -g execution test
FAIL: gfortran.dg/internal_dummy_3.f08 -Os execution test
FAIL: gfortran.dg/internal_dummy_4.f08 -O0 execution test
FAIL: gfortran.dg/pointer_check_1.f90 -O0 output pattern test, is
FAIL: gfortran.dg/pointer_check_2.f90 -O0 output pattern test, is
FAIL: gfortran.dg/pointer_check_3.f90 -O0 output pattern test, is
FAIL: gfortran.dg/pointer_check_4.f90 -O0 output pattern test, is
FAIL: gfortran.dg/pr46804.f90 -O0 (test for excess errors)
FAIL: gfortran.dg/pr46804.f90 -O1 (test for excess errors)
FAIL: gfortran.dg/pr46804.f90 -O2 (test for excess errors)
FAIL: gfortran.dg/pr46804.f90 -O3 -fomit-frame-pointer (test for
excess errors)
FAIL: gfortran.dg/pr46804.f90 -O3 -fomit-frame-pointer -funroll-loops
(test for excess errors)
FAIL: gfortran.dg/pr46804.f90 -O3 -fomit-frame-pointer
-funroll-all-loops -finline-functions (test for excess errors)
FAIL: gfortran.dg/pr46804.f90 -O3 -g (test for excess errors)
FAIL: gfortran.dg/pr46804.f90 -Os (test for excess errors)
FAIL: gfortran.dg/pr55330.f90 -O (test for excess errors)
FAIL: gfortran.dg/proc_ptr_18.f90 -O0 execution test
FAIL: gfortran.dg/proc_ptr_19.f90 -O0 execution test
FAIL: gfortran.dg/proc_ptr_20.f90 -O0 execution test
FAIL: gfortran.dg/proc_ptr_21.f90 -O0 execution test
FAIL: gfortran.dg/proc_ptr_23.f90 -O0 execution test
FAIL: gfortran.dg/proc_ptr_25.f90 -O0 execution test
FAIL: gfortran.dg/proc_ptr_5.f90 -O0 execution test
FAIL: gfortran.dg/proc_ptr_7.f90 -O0 execution test
FAIL: gfortran.dg/proc_ptr_comp_1.f90 -O0 execution test
FAIL: gfortran.dg/proc_ptr_comp_11.f90 -O0 execution test
FAIL: gfortran.dg/proc_ptr_comp_13.f90 -O0 execution test
FAIL: gfortran.dg/proc_ptr_comp_14.f90 -O0 execution test
FAIL: gfortran.dg/proc_ptr_comp_18.f90 -O0 execution test
FAIL: gfortran.dg/proc_ptr_comp_19.f90 -O0 execution test
FAIL: gfortran.dg/proc_ptr_comp_2.f90 -O0 execution test
FAIL: gfortran.dg/proc_ptr_comp_29.f90 -O0 execution test
FAIL: gfortran.dg/proc_ptr_comp_34.f90 -O0 execution test
FAIL: gfortran.dg/proc_ptr_comp_5.f90 -O0 execution test
FAIL: gfortran.dg/proc_ptr_comp_8.f90 -O0 execution test
FAIL: gfortran.dg/proc_ptr_comp_9.f90 -O0 execution test
FAIL: gfortran.dg/proc_ptr_comp_pass_3.f90 -O0 execution test
FAIL: gfortran.dg/proc_ptr_result_7.f90 -O0 execution test
FAIL: gfortran.dg/round_4.f90 -O0 (test for excess errors)
UNRESOLVED: gfortran.dg/round_4.f90 -O0 compilation failed to produce
executable
FAIL: gfortran.dg/round_4.f90 -O1 (test for excess errors)
UNRESOLVED: gfortran.dg/round_4.f90 -O1 compilation failed to produce
executable
FAIL: gfortran.dg/round_4.f90 -O2 (test for excess errors)
UNRESOLVED: gfortran.dg/round_4.f90 -O2 compilation failed to produce
executable
FAIL: gfortran.dg/round_4.f90 -O3 -fomit-frame-pointer (test for
excess errors)
UNRESOLVED: gfortran.dg/round_4.f90 -O3 -fomit-frame-pointer
compilation failed to produce executable
FAIL: gfortran.dg/round_4.f90 -O3 -fomit-frame-pointer -funroll-loops
(test for excess errors)
UNRESOLVED: gfortran.dg/round_4.f90 -O3 -fomit-frame-pointer
-funroll-loops compilation failed to produce executable
FAIL: gfortran.dg/round_4.f90 -O3 -fomit-frame-pointer
-funroll-all-loops -finline-functions (test for excess errors)
UNRESOLVED: gfortran.dg/round_4.f90 -O3 -fomit-frame-pointer
-funroll-all-loops -finline-functions compilation failed to produce
executable
FAIL: gfortran.dg/round_4.f90 -O3 -g (test for excess errors)
UNRESOLVED: gfortran.dg/round_4.f90 -O3 -g compilation failed to
produce executable
FAIL: gfortran.dg/round_4.f90 -Os (test for excess errors)
UNRESOLVED: gfortran.dg/round_4.f90 -Os compilation failed to produce
executable
FAIL: gfortran.dg/structure_constructor_11.f90 -O0 execution test
FAIL: gfortran.dg/structure_constructor_11.f90 -O1 execution test
FAIL: gfortran.dg/structure_constructor_11.f90 -O2 execution test
FAIL: gfortran.dg/structure_constructor_11.f90 -O3
-fomit-frame-pointer execution test
FAIL: gfortran.dg/structure_constructor_11.f90 -O3
-fomit-frame-pointer -funroll-loops execution test
FAIL: gfortran.dg/structure_constructor_11.f90 -O3
-fomit-frame-pointer -funroll-all-loops -finline-functions execution test
FAIL: gfortran.dg/structure_constructor_11.f90 -O3 -g execution test
FAIL: gfortran.dg/structure_constructor_11.f90 -Os execution test
FAIL: gfortran.dg/lto/20091016-1 f_lto_20091016-1_0.o assemble, -flto -g
-fPIC -r -nostdlib
FAIL: gfortran.dg/lto/20091016-1 f_lto_20091016-1_0.o assemble, -O -flto
-g -fPIC -r -nostdlib
=== gfortran Summary ===
# of expected passes 46433
# of unexpected failures 71
# of unexpected successes 8
# of expected failures 47
# of unresolved testcases 8
# of unsupported tests 268
/cygdrive/c/users/tim/tim/tim/src/gnu/gcc2/cyg64/gcc/testsuite/gfortran/../../gfortran
version 5.0.0 20141218 (experimental) (GCC)
=== libgomp tests ===
Running target unix
=== libstdc++ tests ===
Running target unix
ERROR: tcl error sourcing
/cygdrive/c/users/tim/tim/tim/src/gnu/gcc2/libstdc++-v3/testsuite/libstdc++-abi/abi.exp.
ERROR: couldn't open "config.ii": no such file or directory
ERROR: tcl error sourcing
/cygdrive/c/users/tim/tim/tim/src/gnu/gcc2/libstdc++-v3/testsuite/libstdc++-dg/conformance.exp.
ERROR: couldn't open "config.ii": no such file or directory
ERROR: tcl error sourcing
/cygdrive/c/users/tim/tim/tim/src/gnu/gcc2/libstdc++-v3/testsuite/libstdc++-prettyprinters/prettyprinters.exp.
ERROR: couldn't open "config.ii": no such file or directory
ERROR: tcl error sourcing
/cygdrive/c/users/tim/tim/tim/src/gnu/gcc2/libstdc++-v3/testsuite/libstdc++-xmethods/xmethods.exp.
ERROR: couldn't open "config.ii": no such file or directory
=== libstdc++ Summary ===
Compiler version: 5.0.0 20141218 (experimental) (GCC)
Platform: x86_64-unknown-cygwin
configure flags: --prefix=/usr/local/gcc5.0 --enable-languages='c c++
fortran' --enable-libgomp --enable-threads=posix --with-dwarf2
--without-libiconv-prefix --without-libintl-prefix --with-system-zlib
--disable-werror --without-cloog --without-isl
--enable-languages=c,c++,fortran,lto --no-create --no-recursion
--
Tim Prince