This is the mail archive of the
gcc-testresults@gcc.gnu.org
mailing list for the GCC project.
Results for 5.0.0 20141215 (experimental) [trunk revision 218765] (GCC) testsuite on armv6hf-unknown-freebsd11.0
- From: "Andreas Tobler" <andreast at fgznet dot ch>
- To: gcc-testresults at gcc dot gnu dot org
- Date: Tue, 16 Dec 2014 20:50:57 +0100
- Subject: Results for 5.0.0 20141215 (experimental) [trunk revision 218765] (GCC) testsuite on armv6hf-unknown-freebsd11.0
- Authentication-results: sourceware.org; auth=none
LAST_UPDATED: Mon Dec 15 22:08:35 UTC 2014 (revision 218765)
Native configuration is armv6hf-unknown-freebsd11.0
=== libatomic tests ===
Running target unix
=== libatomic Summary ===
# of expected passes 44
# of unsupported tests 5
=== libgomp tests ===
Running target unix
WARNING: program timed out.
FAIL: libgomp.c/appendix-a/a.16.1.c execution test
WARNING: program timed out.
FAIL: libgomp.c/atomic-1.c execution test
WARNING: program timed out.
FAIL: libgomp.c/atomic-10.c execution test
WARNING: program timed out.
FAIL: libgomp.c/atomic-11.c execution test
FAIL: libgomp.c/atomic-12.c execution test
WARNING: program timed out.
FAIL: libgomp.c/atomic-13.c execution test
FAIL: libgomp.c/atomic-14.c execution test
WARNING: program timed out.
FAIL: libgomp.c/atomic-15.c execution test
WARNING: program timed out.
FAIL: libgomp.c/atomic-16.c execution test
WARNING: program timed out.
FAIL: libgomp.c/atomic-17.c execution test
WARNING: program timed out.
FAIL: libgomp.c/atomic-2.c execution test
WARNING: program timed out.
FAIL: libgomp.c/atomic-3.c execution test
WARNING: program timed out.
FAIL: libgomp.c/atomic-4.c execution test
WARNING: program timed out.
FAIL: libgomp.c/atomic-5.c execution test
WARNING: program timed out.
FAIL: libgomp.c/atomic-6.c execution test
WARNING: program timed out.
FAIL: libgomp.c/copyin-3.c execution test
WARNING: program timed out.
FAIL: libgomp.c/examples-4/e.53.4.c execution test
WARNING: program timed out.
FAIL: libgomp.c/examples-4/e.54.2.c execution test
WARNING: program timed out.
FAIL: libgomp.c/examples-4/e.54.3.c execution test
WARNING: program timed out.
FAIL: libgomp.c/examples-4/e.54.4.c execution test
WARNING: program timed out.
FAIL: libgomp.c/omp_orphan.c execution test
WARNING: program timed out.
FAIL: libgomp.c/omp_reduction.c execution test
WARNING: program timed out.
FAIL: libgomp.c/target-1.c execution test
WARNING: program timed out.
FAIL: libgomp.c/target-2.c execution test
WARNING: program timed out.
FAIL: libgomp.c++/atomic-1.C execution test
WARNING: program timed out.
FAIL: libgomp.c++/atomic-10.C execution test
WARNING: program timed out.
FAIL: libgomp.c++/atomic-11.C execution test
WARNING: program timed out.
FAIL: libgomp.c++/atomic-12.C execution test
WARNING: program timed out.
FAIL: libgomp.c++/atomic-13.C execution test
WARNING: program timed out.
FAIL: libgomp.c++/atomic-14.C execution test
WARNING: program timed out.
FAIL: libgomp.c++/atomic-15.C execution test
WARNING: program timed out.
FAIL: libgomp.c++/atomic-2.C execution test
WARNING: program timed out.
FAIL: libgomp.c++/atomic-4.C execution test
WARNING: program timed out.
FAIL: libgomp.c++/atomic-5.C execution test
WARNING: program timed out.
FAIL: libgomp.c++/atomic-6.C execution test
WARNING: program timed out.
FAIL: libgomp.c++/atomic-7.C execution test
WARNING: program timed out.
FAIL: libgomp.c++/atomic-8.C execution test
WARNING: program timed out.
FAIL: libgomp.c++/atomic-9.C execution test
WARNING: program timed out.
FAIL: libgomp.c++/copyin-1.C execution test
WARNING: program timed out.
FAIL: libgomp.c++/copyin-2.C execution test
WARNING: program timed out.
FAIL: libgomp.c++/target-1.C execution test
WARNING: program timed out.
FAIL: libgomp.c++/target-2.C execution test
WARNING: program timed out.
FAIL: libgomp.c++/target-3.C execution test
=== libgomp Summary ===
# of expected passes 684
# of unexpected failures 43
# of unsupported tests 17
=== libitm tests ===
Running target unix
=== libitm Summary ===
# of expected passes 26
# of expected failures 3
# of unsupported tests 1
=== libstdc++ tests ===
Running target unix
FAIL: 20_util/unique_ptr/creation/single.cc (test for excess errors)
UNRESOLVED: 20_util/unique_ptr/creation/single.cc compilation failed to produce executable
FAIL: 22_locale/locale/cons/12438.cc execution test
FAIL: 26_numerics/headers/cmath/c99_classification_macros_c.cc (test for excess errors)
FAIL: 27_io/manipulators/standard/char/dr2344.cc (test for excess errors)
UNRESOLVED: 27_io/manipulators/standard/char/dr2344.cc compilation failed to produce executable
FAIL: 27_io/manipulators/standard/char/quoted.cc (test for excess errors)
UNRESOLVED: 27_io/manipulators/standard/char/quoted.cc compilation failed to produce executable
FAIL: 27_io/manipulators/standard/wchar_t/dr2344.cc (test for excess errors)
UNRESOLVED: 27_io/manipulators/standard/wchar_t/dr2344.cc compilation failed to produce executable
FAIL: 27_io/manipulators/standard/wchar_t/quoted.cc (test for excess errors)
UNRESOLVED: 27_io/manipulators/standard/wchar_t/quoted.cc compilation failed to produce executable
FAIL: 30_threads/async/42819.cc execution test
FAIL: 30_threads/async/49668.cc execution test
FAIL: 30_threads/async/54297.cc execution test
FAIL: 30_threads/async/any.cc execution test
FAIL: 30_threads/async/async.cc execution test
FAIL: 30_threads/async/sync.cc execution test
FAIL: 30_threads/call_once/39909.cc execution test
FAIL: 30_threads/call_once/49668.cc execution test
FAIL: 30_threads/call_once/call_once1.cc execution test
FAIL: 30_threads/future/members/45133.cc execution test
FAIL: 30_threads/future/members/get.cc execution test
FAIL: 30_threads/future/members/get2.cc execution test
FAIL: 30_threads/future/members/share.cc execution test
FAIL: 30_threads/future/members/valid.cc execution test
FAIL: 30_threads/future/members/wait.cc execution test
FAIL: 30_threads/future/members/wait_for.cc execution test
FAIL: 30_threads/future/members/wait_until.cc execution test
FAIL: 30_threads/packaged_task/49668.cc execution test
FAIL: 30_threads/packaged_task/cons/3.cc execution test
FAIL: 30_threads/packaged_task/cons/alloc.cc execution test
FAIL: 30_threads/packaged_task/members/at_thread_exit.cc execution test
FAIL: 30_threads/packaged_task/members/get_future.cc execution test
FAIL: 30_threads/packaged_task/members/invoke.cc execution test
FAIL: 30_threads/packaged_task/members/invoke2.cc execution test
FAIL: 30_threads/packaged_task/members/invoke3.cc execution test
FAIL: 30_threads/packaged_task/members/invoke4.cc execution test
FAIL: 30_threads/packaged_task/members/invoke5.cc execution test
FAIL: 30_threads/packaged_task/members/reset2.cc execution test
FAIL: 30_threads/promise/60966.cc execution test
FAIL: 30_threads/promise/cons/alloc.cc execution test
FAIL: 30_threads/promise/cons/move.cc execution test
FAIL: 30_threads/promise/cons/move_assign.cc execution test
FAIL: 30_threads/promise/members/at_thread_exit.cc execution test
FAIL: 30_threads/promise/members/get_future.cc execution test
FAIL: 30_threads/promise/members/set_exception.cc execution test
FAIL: 30_threads/promise/members/set_exception2.cc execution test
FAIL: 30_threads/promise/members/set_value.cc execution test
FAIL: 30_threads/promise/members/set_value2.cc execution test
FAIL: 30_threads/promise/members/set_value3.cc execution test
FAIL: 30_threads/promise/members/swap.cc execution test
FAIL: 30_threads/shared_future/members/get.cc execution test
FAIL: 30_threads/shared_future/members/get2.cc execution test
FAIL: 30_threads/shared_future/members/valid.cc execution test
FAIL: 30_threads/shared_future/members/wait.cc execution test
FAIL: 30_threads/shared_future/members/wait_for.cc execution test
FAIL: 30_threads/shared_future/members/wait_until.cc execution test
FAIL: 30_threads/shared_timed_mutex/try_lock/2.cc (test for excess errors)
UNRESOLVED: 30_threads/shared_timed_mutex/try_lock/2.cc compilation failed to produce executable
FAIL: experimental/algorithm/sample.cc (test for excess errors)
UNRESOLVED: experimental/algorithm/sample.cc compilation failed to produce executable
FAIL: experimental/any/assign/2.cc (test for excess errors)
UNRESOLVED: experimental/any/assign/2.cc compilation failed to produce executable
FAIL: experimental/any/cons/2.cc (test for excess errors)
UNRESOLVED: experimental/any/cons/2.cc compilation failed to produce executable
FAIL: experimental/any/misc/any_cast.cc (test for excess errors)
UNRESOLVED: experimental/any/misc/any_cast.cc compilation failed to produce executable
FAIL: experimental/any/misc/any_cast_no_rtti.cc (test for excess errors)
UNRESOLVED: experimental/any/misc/any_cast_no_rtti.cc compilation failed to produce executable
FAIL: experimental/optional/observers/3.cc (test for excess errors)
UNRESOLVED: experimental/optional/observers/3.cc compilation failed to produce executable
FAIL: experimental/string_view/inserters/char/1.cc (test for excess errors)
UNRESOLVED: experimental/string_view/inserters/char/1.cc compilation failed to produce executable
FAIL: experimental/string_view/inserters/char/3.cc (test for excess errors)
UNRESOLVED: experimental/string_view/inserters/char/3.cc compilation failed to produce executable
FAIL: experimental/string_view/inserters/pod/10081-out.cc (test for excess errors)
UNRESOLVED: experimental/string_view/inserters/pod/10081-out.cc compilation failed to produce executable
FAIL: experimental/string_view/inserters/wchar_t/1.cc (test for excess errors)
UNRESOLVED: experimental/string_view/inserters/wchar_t/1.cc compilation failed to produce executable
FAIL: experimental/string_view/inserters/wchar_t/3.cc (test for excess errors)
UNRESOLVED: experimental/string_view/inserters/wchar_t/3.cc compilation failed to produce executable
=== libstdc++ Summary ===
# of expected passes 9111
# of unexpected failures 65
# of expected failures 67
# of unresolved testcases 17
# of unsupported tests 652
=== g++ tests ===
Running target unix
FAIL: g++.dg/abi/covariant4.C -std=c++14 (test for excess errors)
UNRESOLVED: g++.dg/abi/covariant4.C -std=c++14 compilation failed to produce executable
FAIL: g++.dg/abi/mangle-arm-crypto.C -std=c++98 (test for excess errors)
UNRESOLVED: g++.dg/abi/mangle-arm-crypto.C -std=c++98 scan-assembler _Z2f0y:
UNRESOLVED: g++.dg/abi/mangle-arm-crypto.C -std=c++98 scan-assembler _Z2f1o:
UNRESOLVED: g++.dg/abi/mangle-arm-crypto.C -std=c++98 scan-assembler _Z2f2Dv2_y:
FAIL: g++.dg/abi/mangle-arm-crypto.C -std=c++11 (test for excess errors)
UNRESOLVED: g++.dg/abi/mangle-arm-crypto.C -std=c++11 scan-assembler _Z2f0y:
UNRESOLVED: g++.dg/abi/mangle-arm-crypto.C -std=c++11 scan-assembler _Z2f1o:
UNRESOLVED: g++.dg/abi/mangle-arm-crypto.C -std=c++11 scan-assembler _Z2f2Dv2_y:
FAIL: g++.dg/abi/mangle-arm-crypto.C -std=c++14 (test for excess errors)
UNRESOLVED: g++.dg/abi/mangle-arm-crypto.C -std=c++14 scan-assembler _Z2f0y:
UNRESOLVED: g++.dg/abi/mangle-arm-crypto.C -std=c++14 scan-assembler _Z2f1o:
UNRESOLVED: g++.dg/abi/mangle-arm-crypto.C -std=c++14 scan-assembler _Z2f2Dv2_y:
FAIL: g++.dg/abi/vthunk1.C -std=c++14 (test for excess errors)
FAIL: g++.dg/cpp0x/constexpr-base4.C -std=c++14 (test for excess errors)
UNRESOLVED: g++.dg/cpp0x/constexpr-base4.C -std=c++14 compilation failed to produce executable
FAIL: g++.dg/cpp0x/constexpr-tuple.C -std=c++14 (test for excess errors)
UNRESOLVED: g++.dg/cpp0x/constexpr-tuple.C -std=c++14 compilation failed to produce executable
FAIL: g++.dg/cpp0x/defaulted22.C -std=c++14 (test for excess errors)
UNRESOLVED: g++.dg/cpp0x/defaulted22.C -std=c++14 compilation failed to produce executable
FAIL: g++.dg/cpp0x/lambda/lambda-recursive.C -std=c++14 (test for excess errors)
UNRESOLVED: g++.dg/cpp0x/lambda/lambda-recursive.C -std=c++14 compilation failed to produce executable
FAIL: g++.dg/cpp0x/lambda/lambda-template4.C -std=c++14 (test for excess errors)
UNRESOLVED: g++.dg/cpp0x/lambda/lambda-template4.C -std=c++14 compilation failed to produce executable
FAIL: g++.dg/cpp0x/lambda/lambda-this8.C -std=c++14 (test for excess errors)
UNRESOLVED: g++.dg/cpp0x/lambda/lambda-this8.C -std=c++14 compilation failed to produce executable
FAIL: g++.dg/cpp0x/variadic-function.C -std=c++14 (test for excess errors)
UNRESOLVED: g++.dg/cpp0x/variadic-function.C -std=c++14 compilation failed to produce executable
FAIL: g++.dg/eh/crossjump1.C -std=gnu++14 (test for excess errors)
UNRESOLVED: g++.dg/eh/crossjump1.C -std=gnu++14 compilation failed to produce executable
FAIL: g++.dg/eh/ctor2.C -std=c++14 (test for excess errors)
UNRESOLVED: g++.dg/eh/ctor2.C -std=c++14 compilation failed to produce executable
FAIL: g++.dg/eh/ia64-2.C -std=gnu++14 (test for excess errors)
UNRESOLVED: g++.dg/eh/ia64-2.C -std=gnu++14 compilation failed to produce executable
FAIL: g++.dg/eh/new1.C -std=c++14 (test for excess errors)
UNRESOLVED: g++.dg/eh/new1.C -std=c++14 compilation failed to produce executable
FAIL: g++.dg/expr/cast4.C -std=c++14 (test for excess errors)
UNRESOLVED: g++.dg/expr/cast4.C -std=c++14 compilation failed to produce executable
FAIL: g++.dg/ext/complex8.C -std=c++14 (test for excess errors)
UNRESOLVED: g++.dg/ext/complex8.C -std=c++14 compilation failed to produce executable
FAIL: g++.dg/inherit/covariant17.C -std=c++14 (test for excess errors)
UNRESOLVED: g++.dg/inherit/covariant17.C -std=c++14 compilation failed to produce executable
FAIL: g++.dg/inherit/covariant18.C -std=c++14 (test for excess errors)
UNRESOLVED: g++.dg/inherit/covariant18.C -std=c++14 compilation failed to produce executable
FAIL: g++.dg/inherit/covariant4.C -std=c++14 (test for excess errors)
UNRESOLVED: g++.dg/inherit/covariant4.C -std=c++14 compilation failed to produce executable
FAIL: g++.dg/inherit/thunk10.C -std=gnu++98 (test for excess errors)
UNRESOLVED: g++.dg/inherit/thunk10.C -std=gnu++98 compilation failed to produce executable
FAIL: g++.dg/inherit/thunk10.C -std=gnu++11 (test for excess errors)
UNRESOLVED: g++.dg/inherit/thunk10.C -std=gnu++11 compilation failed to produce executable
FAIL: g++.dg/inherit/thunk10.C -std=gnu++14 (test for excess errors)
UNRESOLVED: g++.dg/inherit/thunk10.C -std=gnu++14 compilation failed to produce executable
FAIL: g++.dg/inherit/using2.C -std=c++14 (test for excess errors)
UNRESOLVED: g++.dg/inherit/using2.C -std=c++14 compilation failed to produce executable
FAIL: g++.dg/inherit/virtual8.C -std=c++14 (test for excess errors)
UNRESOLVED: g++.dg/inherit/virtual8.C -std=c++14 compilation failed to produce executable
FAIL: g++.dg/init/delete2.C -std=c++14 (test for excess errors)
UNRESOLVED: g++.dg/init/delete2.C -std=c++14 compilation failed to produce executable
FAIL: g++.dg/init/init-ref3.C -std=c++14 (test for excess errors)
FAIL: g++.dg/init/new26.C -std=gnu++14 (test for excess errors)
UNRESOLVED: g++.dg/init/new26.C -std=gnu++14 compilation failed to produce executable
FAIL: g++.dg/init/new36.C -std=c++14 (test for excess errors)
UNRESOLVED: g++.dg/init/new36.C -std=c++14 compilation failed to produce executable
FAIL: g++.dg/init/ref9.C -std=c++14 (test for excess errors)
UNRESOLVED: g++.dg/init/ref9.C -std=c++14 compilation failed to produce executable
FAIL: g++.dg/init/value10.C -std=c++14 (test for excess errors)
UNRESOLVED: g++.dg/init/value10.C -std=c++14 compilation failed to produce executable
FAIL: g++.dg/ipa/devirt-21.C -std=gnu++14 (test for excess errors)
UNRESOLVED: g++.dg/ipa/devirt-21.C -std=gnu++14 compilation failed to produce executable
FAIL: g++.dg/ipa/devirt-23.C -std=gnu++14 (test for excess errors)
UNRESOLVED: g++.dg/ipa/devirt-23.C -std=gnu++14 compilation failed to produce executable
FAIL: g++.dg/ipa/devirt-29.C -std=gnu++14 (test for excess errors)
UNRESOLVED: g++.dg/ipa/devirt-29.C -std=gnu++14 compilation failed to produce executable
FAIL: g++.dg/ipa/devirt-6.C -std=gnu++14 (test for excess errors)
UNRESOLVED: g++.dg/ipa/devirt-6.C -std=gnu++14 compilation failed to produce executable
FAIL: g++.dg/opt/anchor1.C -std=gnu++14 (test for excess errors)
UNRESOLVED: g++.dg/opt/anchor1.C -std=gnu++14 compilation failed to produce executable
FAIL: g++.dg/opt/cleanup1.C -std=gnu++14 (test for excess errors)
UNRESOLVED: g++.dg/opt/cleanup1.C -std=gnu++14 compilation failed to produce executable
FAIL: g++.dg/opt/const1.C -std=gnu++14 (test for excess errors)
UNRESOLVED: g++.dg/opt/const1.C -std=gnu++14 compilation failed to produce executable
FAIL: g++.dg/opt/covariant1.C -std=gnu++14 (test for excess errors)
UNRESOLVED: g++.dg/opt/covariant1.C -std=gnu++14 compilation failed to produce executable
FAIL: g++.dg/opt/dtor2.C -std=gnu++14 (test for excess errors)
FAIL: g++.dg/opt/pr15551.C -std=gnu++14 (test for excess errors)
UNRESOLVED: g++.dg/opt/pr15551.C -std=gnu++14 compilation failed to produce executable
FAIL: g++.dg/opt/pr23478.C -std=gnu++14 (test for excess errors)
UNRESOLVED: g++.dg/opt/pr23478.C -std=gnu++14 compilation failed to produce executable
FAIL: g++.dg/opt/pr36185.C -std=gnu++14 (test for excess errors)
UNRESOLVED: g++.dg/opt/pr36185.C -std=gnu++14 compilation failed to produce executable
FAIL: g++.dg/opt/pr42508.C -std=gnu++14 (test for excess errors)
UNRESOLVED: g++.dg/opt/pr42508.C -std=gnu++14 compilation failed to produce executable
FAIL: g++.dg/opt/preinc1.C -std=gnu++14 (test for excess errors)
UNRESOLVED: g++.dg/opt/preinc1.C -std=gnu++14 compilation failed to produce executable
FAIL: g++.dg/opt/reg-stack.C -std=gnu++14 (test for excess errors)
UNRESOLVED: g++.dg/opt/reg-stack.C -std=gnu++14 compilation failed to produce executable
FAIL: g++.dg/opt/rtti1.C -std=gnu++14 (test for excess errors)
UNRESOLVED: g++.dg/opt/rtti1.C -std=gnu++14 compilation failed to produce executable
FAIL: g++.dg/opt/thunk2.C -std=gnu++14 (test for excess errors)
UNRESOLVED: g++.dg/opt/thunk2.C -std=gnu++14 compilation failed to produce executable
FAIL: g++.dg/opt/typeinfo1.C -std=gnu++14 (test for excess errors)
UNRESOLVED: g++.dg/opt/typeinfo1.C -std=gnu++14 compilation failed to produce executable
FAIL: g++.dg/opt/unroll1.C -std=gnu++14 (test for excess errors)
UNRESOLVED: g++.dg/opt/unroll1.C -std=gnu++14 compilation failed to produce executable
FAIL: g++.dg/other/pr47218.C -std=gnu++14 (test for excess errors)
FAIL: g++.dg/overload/virtual2.C -std=c++14 (test for excess errors)
UNRESOLVED: g++.dg/overload/virtual2.C -std=c++14 compilation failed to produce executable
FAIL: g++.dg/pr59695.C -std=gnu++14 (test for excess errors)
UNRESOLVED: g++.dg/pr59695.C -std=gnu++14 compilation failed to produce executable
FAIL: g++.dg/pr61289-2.C -std=gnu++14 (test for excess errors)
UNRESOLVED: g++.dg/pr61289-2.C -std=gnu++14 compilation failed to produce executable
FAIL: g++.dg/pr61289.C -std=gnu++14 (test for excess errors)
UNRESOLVED: g++.dg/pr61289.C -std=gnu++14 compilation failed to produce executable
FAIL: g++.dg/rtti/dyncast2.C -std=c++14 (test for excess errors)
UNRESOLVED: g++.dg/rtti/dyncast2.C -std=c++14 compilation failed to produce executable
FAIL: g++.dg/rtti/dyncast3.C -std=c++14 (test for excess errors)
UNRESOLVED: g++.dg/rtti/dyncast3.C -std=c++14 compilation failed to produce executable
FAIL: g++.dg/rtti/dyncast7.C -std=c++14 (test for excess errors)
UNRESOLVED: g++.dg/rtti/dyncast7.C -std=c++14 compilation failed to produce executable
FAIL: g++.dg/rtti/typeid4.C -std=gnu++14 (test for excess errors)
UNRESOLVED: g++.dg/rtti/typeid4.C -std=gnu++14 compilation failed to produce executable
FAIL: g++.dg/template/repo10.C -std=gnu++14 (test for excess errors)
FAIL: g++.dg/tree-ssa/pr20458.C -std=gnu++14 (test for excess errors)
UNRESOLVED: g++.dg/tree-ssa/pr20458.C -std=gnu++14 compilation failed to produce executable
FAIL: g++.dg/tls/static-1.C -std=gnu++98 execution test
FAIL: g++.dg/tls/static-1.C -std=gnu++11 execution test
FAIL: g++.dg/tls/static-1.C -std=gnu++14 execution test
FAIL: g++.dg/torture/type-generic-1.C -O0 execution test
FAIL: g++.dg/torture/type-generic-1.C -O1 execution test
FAIL: g++.dg/torture/type-generic-1.C -O2 execution test
FAIL: g++.dg/torture/type-generic-1.C -O3 -fomit-frame-pointer execution test
FAIL: g++.dg/torture/type-generic-1.C -O3 -g execution test
FAIL: g++.dg/torture/type-generic-1.C -Os execution test
FAIL: g++.dg/torture/type-generic-1.C -O2 -flto -fno-use-linker-plugin -flto-partition=none execution test
FAIL: g++.dg/torture/type-generic-1.C -O2 -flto -fuse-linker-plugin -fno-fat-lto-objects execution test
FAIL: g++.dg/tree-prof/indir-call-prof.C scan-ipa-dump profile "Indirect call -> direct call.* AA transformation on insn"
FAIL: g++.dg/tree-prof/morefunc.C scan-ipa-dump-times profile "Indirect call -> direct call" 2
FAIL: g++.dg/tree-prof/pr35545.C scan-ipa-dump profile_estimate "Indirect call -> direct call"
FAIL: g++.dg/tree-prof/reorder.C scan-ipa-dump-times profile "Indirect call -> direct call" 2
FAIL: g++.old-deja/g++.abi/vbase1.C -std=c++14 (test for excess errors)
UNRESOLVED: g++.old-deja/g++.abi/vbase1.C -std=c++14 compilation failed to produce executable
FAIL: g++.old-deja/g++.abi/vbase2.C -std=c++14 (test for excess errors)
UNRESOLVED: g++.old-deja/g++.abi/vbase2.C -std=c++14 compilation failed to produce executable
FAIL: g++.old-deja/g++.abi/vbase4.C -std=c++14 (test for excess errors)
UNRESOLVED: g++.old-deja/g++.abi/vbase4.C -std=c++14 compilation failed to produce executable
FAIL: g++.old-deja/g++.abi/vbase7.C -std=c++14 (test for excess errors)
UNRESOLVED: g++.old-deja/g++.abi/vbase7.C -std=c++14 compilation failed to produce executable
FAIL: g++.old-deja/g++.brendan/delete2.C -std=c++14 (test for excess errors)
UNRESOLVED: g++.old-deja/g++.brendan/delete2.C -std=c++14 compilation failed to produce executable
FAIL: g++.old-deja/g++.brendan/dtors2.C -std=c++14 (test for excess errors)
UNRESOLVED: g++.old-deja/g++.brendan/dtors2.C -std=c++14 compilation failed to produce executable
FAIL: g++.old-deja/g++.brendan/dtors3.C -std=c++14 (test for excess errors)
UNRESOLVED: g++.old-deja/g++.brendan/dtors3.C -std=c++14 compilation failed to produce executable
FAIL: g++.old-deja/g++.brendan/new3.C -std=gnu++14 (test for excess errors)
UNRESOLVED: g++.old-deja/g++.brendan/new3.C -std=gnu++14 compilation failed to produce executable
FAIL: g++.old-deja/g++.eh/catch3p.C -std=gnu++14 (test for excess errors)
UNRESOLVED: g++.old-deja/g++.eh/catch3p.C -std=gnu++14 compilation failed to produce executable
FAIL: g++.old-deja/g++.eh/catch4p.C -std=gnu++14 (test for excess errors)
UNRESOLVED: g++.old-deja/g++.eh/catch4p.C -std=gnu++14 compilation failed to produce executable
FAIL: g++.old-deja/g++.eh/catch5p.C -std=gnu++14 (test for excess errors)
UNRESOLVED: g++.old-deja/g++.eh/catch5p.C -std=gnu++14 compilation failed to produce executable
FAIL: g++.old-deja/g++.eh/catch6p.C -std=gnu++14 (test for excess errors)
UNRESOLVED: g++.old-deja/g++.eh/catch6p.C -std=gnu++14 compilation failed to produce executable
FAIL: g++.old-deja/g++.eh/catch7p.C -std=gnu++14 (test for excess errors)
UNRESOLVED: g++.old-deja/g++.eh/catch7p.C -std=gnu++14 compilation failed to produce executable
FAIL: g++.old-deja/g++.eh/catch8p.C -std=gnu++14 (test for excess errors)
UNRESOLVED: g++.old-deja/g++.eh/catch8p.C -std=gnu++14 compilation failed to produce executable
FAIL: g++.old-deja/g++.eh/catch9p.C -std=gnu++14 (test for excess errors)
UNRESOLVED: g++.old-deja/g++.eh/catch9p.C -std=gnu++14 compilation failed to produce executable
FAIL: g++.old-deja/g++.eh/new2.C -std=gnu++14 (test for excess errors)
UNRESOLVED: g++.old-deja/g++.eh/new2.C -std=gnu++14 compilation failed to produce executable
FAIL: g++.old-deja/g++.eh/vbase4.C -std=c++14 (test for excess errors)
UNRESOLVED: g++.old-deja/g++.eh/vbase4.C -std=c++14 compilation failed to produce executable
FAIL: g++.old-deja/g++.jason/2371.C -std=gnu++14 (test for excess errors)
UNRESOLVED: g++.old-deja/g++.jason/2371.C -std=gnu++14 compilation failed to produce executable
FAIL: g++.old-deja/g++.jason/init3.C -std=c++14 (test for excess errors)
UNRESOLVED: g++.old-deja/g++.jason/init3.C -std=c++14 compilation failed to produce executable
FAIL: g++.old-deja/g++.jason/new5.C -std=c++14 (test for excess errors)
UNRESOLVED: g++.old-deja/g++.jason/new5.C -std=c++14 compilation failed to produce executable
FAIL: g++.old-deja/g++.jason/overload13.C -std=c++14 (test for excess errors)
UNRESOLVED: g++.old-deja/g++.jason/overload13.C -std=c++14 compilation failed to produce executable
FAIL: g++.old-deja/g++.jason/rvalue1.C -std=c++14 (test for excess errors)
UNRESOLVED: g++.old-deja/g++.jason/rvalue1.C -std=c++14 compilation failed to produce executable
FAIL: g++.old-deja/g++.law/code-gen5.C -std=c++14 (test for excess errors)
UNRESOLVED: g++.old-deja/g++.law/code-gen5.C -std=c++14 compilation failed to produce executable
FAIL: g++.old-deja/g++.law/ctors15.C -std=c++14 (test for excess errors)
UNRESOLVED: g++.old-deja/g++.law/ctors15.C -std=c++14 compilation failed to produce executable
FAIL: g++.old-deja/g++.law/cvt2.C -std=c++14 (test for excess errors)
UNRESOLVED: g++.old-deja/g++.law/cvt2.C -std=c++14 compilation failed to produce executable
FAIL: g++.old-deja/g++.law/operators15.C -std=c++14 (test for excess errors)
UNRESOLVED: g++.old-deja/g++.law/operators15.C -std=c++14 compilation failed to produce executable
FAIL: g++.old-deja/g++.law/profile1.C -std=gnu++98 (test for excess errors)
UNRESOLVED: g++.old-deja/g++.law/profile1.C -std=gnu++98 compilation failed to produce executable
FAIL: g++.old-deja/g++.law/profile1.C -std=gnu++11 (test for excess errors)
UNRESOLVED: g++.old-deja/g++.law/profile1.C -std=gnu++11 compilation failed to produce executable
FAIL: g++.old-deja/g++.law/profile1.C -std=gnu++14 (test for excess errors)
UNRESOLVED: g++.old-deja/g++.law/profile1.C -std=gnu++14 compilation failed to produce executable
FAIL: g++.old-deja/g++.law/scope2.C -std=c++14 (test for excess errors)
UNRESOLVED: g++.old-deja/g++.law/scope2.C -std=c++14 compilation failed to produce executable
FAIL: g++.old-deja/g++.law/virtual3.C -std=c++14 (test for excess errors)
UNRESOLVED: g++.old-deja/g++.law/virtual3.C -std=c++14 compilation failed to produce executable
FAIL: g++.old-deja/g++.mike/dyncast8.C -std=c++14 (test for excess errors)
UNRESOLVED: g++.old-deja/g++.mike/dyncast8.C -std=c++14 compilation failed to produce executable
FAIL: g++.old-deja/g++.mike/eh44.C -std=gnu++14 (test for excess errors)
UNRESOLVED: g++.old-deja/g++.mike/eh44.C -std=gnu++14 compilation failed to produce executable
FAIL: g++.old-deja/g++.mike/eh45.C -std=c++14 (test for excess errors)
UNRESOLVED: g++.old-deja/g++.mike/eh45.C -std=c++14 compilation failed to produce executable
FAIL: g++.old-deja/g++.mike/mi1.C -std=gnu++14 (test for excess errors)
UNRESOLVED: g++.old-deja/g++.mike/mi1.C -std=gnu++14 compilation failed to produce executable
FAIL: g++.old-deja/g++.mike/mi2.C -std=c++14 (test for excess errors)
UNRESOLVED: g++.old-deja/g++.mike/mi2.C -std=c++14 compilation failed to produce executable
FAIL: g++.old-deja/g++.mike/misc13.C -std=c++14 (test for excess errors)
UNRESOLVED: g++.old-deja/g++.mike/misc13.C -std=c++14 compilation failed to produce executable
FAIL: g++.old-deja/g++.mike/misc14.C -std=c++14 (test for excess errors)
UNRESOLVED: g++.old-deja/g++.mike/misc14.C -std=c++14 compilation failed to produce executable
FAIL: g++.old-deja/g++.mike/p1248.C -std=c++14 (test for excess errors)
UNRESOLVED: g++.old-deja/g++.mike/p1248.C -std=c++14 compilation failed to produce executable
FAIL: g++.old-deja/g++.mike/p16146.C -std=c++14 (test for excess errors)
UNRESOLVED: g++.old-deja/g++.mike/p16146.C -std=c++14 compilation failed to produce executable
FAIL: g++.old-deja/g++.mike/p1862.C -std=c++14 (test for excess errors)
UNRESOLVED: g++.old-deja/g++.mike/p1862.C -std=c++14 compilation failed to produce executable
FAIL: g++.old-deja/g++.mike/p2846.C -std=c++14 (test for excess errors)
UNRESOLVED: g++.old-deja/g++.mike/p2846.C -std=c++14 compilation failed to produce executable
FAIL: g++.old-deja/g++.mike/p2960.C -std=c++14 (test for excess errors)
UNRESOLVED: g++.old-deja/g++.mike/p2960.C -std=c++14 compilation failed to produce executable
FAIL: g++.old-deja/g++.mike/p3068.C -std=c++14 (test for excess errors)
UNRESOLVED: g++.old-deja/g++.mike/p3068.C -std=c++14 compilation failed to produce executable
FAIL: g++.old-deja/g++.mike/p3708.C -std=c++14 (test for excess errors)
UNRESOLVED: g++.old-deja/g++.mike/p3708.C -std=c++14 compilation failed to produce executable
FAIL: g++.old-deja/g++.mike/p3708a.C -std=c++14 (test for excess errors)
UNRESOLVED: g++.old-deja/g++.mike/p3708a.C -std=c++14 compilation failed to produce executable
FAIL: g++.old-deja/g++.mike/p3708b.C -std=c++14 (test for excess errors)
UNRESOLVED: g++.old-deja/g++.mike/p3708b.C -std=c++14 compilation failed to produce executable
FAIL: g++.old-deja/g++.mike/p4246.C -std=c++14 (test for excess errors)
UNRESOLVED: g++.old-deja/g++.mike/p4246.C -std=c++14 compilation failed to produce executable
FAIL: g++.old-deja/g++.mike/p4736c.C -std=c++14 (test for excess errors)
UNRESOLVED: g++.old-deja/g++.mike/p4736c.C -std=c++14 compilation failed to produce executable
FAIL: g++.old-deja/g++.mike/p5571.C -std=c++14 (test for excess errors)
UNRESOLVED: g++.old-deja/g++.mike/p5571.C -std=c++14 compilation failed to produce executable
FAIL: g++.old-deja/g++.mike/p755.C -std=c++14 (test for excess errors)
UNRESOLVED: g++.old-deja/g++.mike/p755.C -std=c++14 compilation failed to produce executable
FAIL: g++.old-deja/g++.mike/p755a.C -std=c++14 (test for excess errors)
UNRESOLVED: g++.old-deja/g++.mike/p755a.C -std=c++14 compilation failed to produce executable
FAIL: g++.old-deja/g++.mike/p789a.C -std=c++14 (test for excess errors)
UNRESOLVED: g++.old-deja/g++.mike/p789a.C -std=c++14 compilation failed to produce executable
FAIL: g++.old-deja/g++.mike/p8018.C -std=c++14 (test for excess errors)
UNRESOLVED: g++.old-deja/g++.mike/p8018.C -std=c++14 compilation failed to produce executable
FAIL: g++.old-deja/g++.mike/pmf2.C -std=c++14 (test for excess errors)
UNRESOLVED: g++.old-deja/g++.mike/pmf2.C -std=c++14 compilation failed to produce executable
FAIL: g++.old-deja/g++.mike/rtti3.C -std=c++14 (test for excess errors)
UNRESOLVED: g++.old-deja/g++.mike/rtti3.C -std=c++14 compilation failed to produce executable
FAIL: g++.old-deja/g++.mike/thunk2.C -std=c++14 (test for excess errors)
UNRESOLVED: g++.old-deja/g++.mike/thunk2.C -std=c++14 compilation failed to produce executable
FAIL: g++.old-deja/g++.mike/thunk3.C -std=c++14 (test for excess errors)
UNRESOLVED: g++.old-deja/g++.mike/thunk3.C -std=c++14 compilation failed to produce executable
FAIL: g++.old-deja/g++.mike/virt5.C -std=c++14 (test for excess errors)
UNRESOLVED: g++.old-deja/g++.mike/virt5.C -std=c++14 compilation failed to produce executable
FAIL: g++.old-deja/g++.oliva/delete2.C -std=c++14 (test for excess errors)
UNRESOLVED: g++.old-deja/g++.oliva/delete2.C -std=c++14 compilation failed to produce executable
FAIL: g++.old-deja/g++.oliva/delete3.C -std=c++14 (test for excess errors)
UNRESOLVED: g++.old-deja/g++.oliva/delete3.C -std=c++14 compilation failed to produce executable
FAIL: g++.old-deja/g++.other/delete3.C -std=c++14 (test for excess errors)
UNRESOLVED: g++.old-deja/g++.other/delete3.C -std=c++14 compilation failed to produce executable
FAIL: g++.old-deja/g++.other/delete8.C -std=c++14 (test for excess errors)
UNRESOLVED: g++.old-deja/g++.other/delete8.C -std=c++14 compilation failed to produce executable
FAIL: g++.old-deja/g++.other/dtor9.C -std=c++14 (test for excess errors)
UNRESOLVED: g++.old-deja/g++.other/dtor9.C -std=c++14 compilation failed to produce executable
FAIL: g++.old-deja/g++.other/dyncast1.C -std=c++14 (test for excess errors)
UNRESOLVED: g++.old-deja/g++.other/dyncast1.C -std=c++14 compilation failed to produce executable
FAIL: g++.old-deja/g++.other/dyncast2.C -std=c++14 (test for excess errors)
UNRESOLVED: g++.old-deja/g++.other/dyncast2.C -std=c++14 compilation failed to produce executable
FAIL: g++.old-deja/g++.other/dyncast3.C -std=c++14 (test for excess errors)
UNRESOLVED: g++.old-deja/g++.other/dyncast3.C -std=c++14 compilation failed to produce executable
FAIL: g++.old-deja/g++.other/dyncast4.C -std=c++14 (test for excess errors)
UNRESOLVED: g++.old-deja/g++.other/dyncast4.C -std=c++14 compilation failed to produce executable
FAIL: g++.old-deja/g++.other/dyncast5.C -std=c++14 (test for excess errors)
UNRESOLVED: g++.old-deja/g++.other/dyncast5.C -std=c++14 compilation failed to produce executable
FAIL: g++.old-deja/g++.other/init18.C -std=c++98 execution test
FAIL: g++.old-deja/g++.other/init18.C -std=c++11 execution test
FAIL: g++.old-deja/g++.other/init18.C -std=c++14 execution test
FAIL: g++.old-deja/g++.other/init19.C -std=c++98 execution test
FAIL: g++.old-deja/g++.other/init19.C -std=c++11 execution test
FAIL: g++.old-deja/g++.other/init19.C -std=c++14 execution test
FAIL: g++.old-deja/g++.other/local1.C -std=c++14 (test for excess errors)
FAIL: g++.old-deja/g++.other/new3.C -std=c++14 (test for excess errors)
UNRESOLVED: g++.old-deja/g++.other/new3.C -std=c++14 compilation failed to produce executable
FAIL: g++.old-deja/g++.other/pmf4.C -std=c++14 (test for excess errors)
UNRESOLVED: g++.old-deja/g++.other/pmf4.C -std=c++14 compilation failed to produce executable
FAIL: g++.old-deja/g++.other/pmf5.C -std=c++14 (test for excess errors)
UNRESOLVED: g++.old-deja/g++.other/pmf5.C -std=c++14 compilation failed to produce executable
FAIL: g++.old-deja/g++.other/thunk1.C -std=c++14 (test for excess errors)
UNRESOLVED: g++.old-deja/g++.other/thunk1.C -std=c++14 compilation failed to produce executable
FAIL: g++.old-deja/g++.other/unchanging1.C -std=gnu++14 (test for excess errors)
UNRESOLVED: g++.old-deja/g++.other/unchanging1.C -std=gnu++14 compilation failed to produce executable
FAIL: g++.old-deja/g++.other/vbase5.C -std=c++14 (test for excess errors)
UNRESOLVED: g++.old-deja/g++.other/vbase5.C -std=c++14 compilation failed to produce executable
FAIL: g++.old-deja/g++.other/vtbl2.C -std=c++14 (test for excess errors)
UNRESOLVED: g++.old-deja/g++.other/vtbl2.C -std=c++14 compilation failed to produce executable
FAIL: g++.old-deja/g++.pt/explicit74.C -std=c++14 (test for excess errors)
UNRESOLVED: g++.old-deja/g++.pt/explicit74.C -std=c++14 compilation failed to produce executable
FAIL: g++.old-deja/g++.pt/expr1.C -std=c++14 (test for excess errors)
UNRESOLVED: g++.old-deja/g++.pt/expr1.C -std=c++14 compilation failed to produce executable
FAIL: g++.old-deja/g++.pt/mi1.C -std=c++14 (test for excess errors)
UNRESOLVED: g++.old-deja/g++.pt/mi1.C -std=c++14 compilation failed to produce executable
FAIL: g++.old-deja/g++.pt/repo1.C -std=gnu++14 (test for excess errors)
FAIL: g++.old-deja/g++.pt/repo3.C -std=gnu++14 (test for excess errors)
FAIL: g++.old-deja/g++.pt/virtual1.C -std=c++14 (test for excess errors)
UNRESOLVED: g++.old-deja/g++.pt/virtual1.C -std=c++14 compilation failed to produce executable
=== g++ Summary ===
# of expected passes 79895
# of unexpected failures 166
# of expected failures 248
# of unresolved testcases 143
# of unsupported tests 3487
/build/gcc/objdir_armv6hf/gcc/testsuite/g++/../../xg++ version 5.0.0 20141215 (experimental) [trunk revision 218765] (GCC)
=== gcc tests ===
Running target unix
FAIL: gcc.c-torture/compile/limits-exprparen.c -O0 (internal compiler error)
FAIL: gcc.c-torture/compile/limits-exprparen.c -O0 (test for excess errors)
FAIL: gcc.c-torture/compile/limits-exprparen.c -O1 (internal compiler error)
FAIL: gcc.c-torture/compile/limits-exprparen.c -O1 (test for excess errors)
FAIL: gcc.c-torture/compile/limits-exprparen.c -O2 (internal compiler error)
FAIL: gcc.c-torture/compile/limits-exprparen.c -O2 (test for excess errors)
FAIL: gcc.c-torture/compile/limits-exprparen.c -O3 -fomit-frame-pointer (internal compiler error)
FAIL: gcc.c-torture/compile/limits-exprparen.c -O3 -fomit-frame-pointer (test for excess errors)
FAIL: gcc.c-torture/compile/limits-exprparen.c -O3 -g (internal compiler error)
FAIL: gcc.c-torture/compile/limits-exprparen.c -O3 -g (test for excess errors)
FAIL: gcc.c-torture/compile/limits-exprparen.c -Os (internal compiler error)
FAIL: gcc.c-torture/compile/limits-exprparen.c -Os (test for excess errors)
FAIL: gcc.c-torture/compile/limits-exprparen.c -O2 -flto -fno-use-linker-plugin -flto-partition=none (internal compiler error)
FAIL: gcc.c-torture/compile/limits-exprparen.c -O2 -flto -fno-use-linker-plugin -flto-partition=none (test for excess errors)
FAIL: gcc.c-torture/compile/limits-exprparen.c -O2 -flto -fuse-linker-plugin -fno-fat-lto-objects (internal compiler error)
FAIL: gcc.c-torture/compile/limits-exprparen.c -O2 -flto -fuse-linker-plugin -fno-fat-lto-objects (test for excess errors)
FAIL: gcc.c-torture/compile/limits-fndefn.c -O2 -flto -fno-use-linker-plugin -flto-partition=none (internal compiler error)
FAIL: gcc.c-torture/compile/limits-fndefn.c -O2 -flto -fno-use-linker-plugin -flto-partition=none (test for excess errors)
FAIL: gcc.c-torture/compile/limits-fndefn.c -O2 -flto -fuse-linker-plugin -fno-fat-lto-objects (internal compiler error)
FAIL: gcc.c-torture/compile/limits-fndefn.c -O2 -flto -fuse-linker-plugin -fno-fat-lto-objects (test for excess errors)
FAIL: gcc.c-torture/execute/20030125-1.c -O1 execution test
FAIL: gcc.c-torture/execute/20030125-1.c -O2 execution test
FAIL: gcc.c-torture/execute/20030125-1.c -O3 -fomit-frame-pointer execution test
FAIL: gcc.c-torture/execute/20030125-1.c -O3 -g execution test
FAIL: gcc.c-torture/execute/20030125-1.c -Os execution test
FAIL: gcc.c-torture/execute/20030125-1.c -O2 -flto -fno-use-linker-plugin -flto-partition=none execution test
FAIL: gcc.c-torture/execute/20030125-1.c -O2 -flto -fuse-linker-plugin -fno-fat-lto-objects execution test
FAIL: gcc.c-torture/execute/nestfunc-3.c -O0 execution test
FAIL: gcc.c-torture/execute/ieee/20000320-1.c execution, -O0
FAIL: gcc.c-torture/execute/ieee/20000320-1.c execution, -O1
FAIL: gcc.c-torture/execute/ieee/20000320-1.c execution, -O2
FAIL: gcc.c-torture/execute/ieee/20000320-1.c execution, -O3 -fomit-frame-pointer
FAIL: gcc.c-torture/execute/ieee/20000320-1.c execution, -O3 -g
FAIL: gcc.c-torture/execute/ieee/20000320-1.c execution, -Os
FAIL: gcc.c-torture/execute/ieee/20000320-1.c execution, -Og -g
FAIL: gcc.c-torture/execute/ieee/20000320-1.c execution, -O2 -flto -fno-use-linker-plugin -flto-partition=none
FAIL: gcc.c-torture/execute/ieee/20000320-1.c execution, -O2 -flto -fuse-linker-plugin -fno-fat-lto-objects
FAIL: gcc.c-torture/execute/ieee/mul-subnormal-single-1.c execution, -O0
FAIL: gcc.c-torture/execute/ieee/mul-subnormal-single-1.c execution, -O1
FAIL: gcc.c-torture/execute/ieee/mul-subnormal-single-1.c execution, -O2
FAIL: gcc.c-torture/execute/ieee/mul-subnormal-single-1.c execution, -O3 -fomit-frame-pointer
FAIL: gcc.c-torture/execute/ieee/mul-subnormal-single-1.c execution, -O3 -fomit-frame-pointer -funroll-loops
FAIL: gcc.c-torture/execute/ieee/mul-subnormal-single-1.c execution, -O3 -fomit-frame-pointer -funroll-all-loops -finline-functions
FAIL: gcc.c-torture/execute/ieee/mul-subnormal-single-1.c execution, -O3 -g
FAIL: gcc.c-torture/execute/ieee/mul-subnormal-single-1.c execution, -Os
FAIL: gcc.c-torture/execute/ieee/mul-subnormal-single-1.c execution, -Og -g
FAIL: gcc.c-torture/execute/ieee/mul-subnormal-single-1.c execution, -O2 -flto -fno-use-linker-plugin -flto-partition=none
FAIL: gcc.c-torture/execute/ieee/mul-subnormal-single-1.c execution, -O2 -flto -fuse-linker-plugin -fno-fat-lto-objects
FAIL: gcc.dg/atomic/c11-atomic-exec-5.c -O0 execution test
FAIL: gcc.dg/atomic/c11-atomic-exec-5.c -O1 execution test
FAIL: gcc.dg/atomic/c11-atomic-exec-5.c -O2 execution test
FAIL: gcc.dg/atomic/c11-atomic-exec-5.c -O3 -fomit-frame-pointer execution test
FAIL: gcc.dg/atomic/c11-atomic-exec-5.c -O3 -fomit-frame-pointer -funroll-loops execution test
FAIL: gcc.dg/atomic/c11-atomic-exec-5.c -O3 -fomit-frame-pointer -funroll-all-loops -finline-functions execution test
FAIL: gcc.dg/atomic/c11-atomic-exec-5.c -O3 -g execution test
FAIL: gcc.dg/atomic/c11-atomic-exec-5.c -Os execution test
FAIL: gcc.dg/atomic/c11-atomic-exec-5.c -O2 -flto -fno-use-linker-plugin -flto-partition=none execution test
FAIL: gcc.dg/atomic/c11-atomic-exec-5.c -O2 -flto -fuse-linker-plugin -fno-fat-lto-objects execution test
FAIL: gcc.dg/cpp/trad/include.c (test for excess errors)
FAIL: gcc.dg/builtins-20.c (test for excess errors)
FAIL: gcc.dg/builtins-57.c (test for excess errors)
FAIL: gcc.dg/builtins-58.c scan-assembler-not pow
FAIL: gcc.dg/builtins-59.c scan-tree-dump gimple "__builtin_cexpi"
FAIL: gcc.dg/builtins-59.c scan-tree-dump-not gimple "sincos"
FAIL: gcc.dg/builtins-61.c scan-tree-dump optimized "cexpi"
FAIL: gcc.dg/builtins-61.c scan-tree-dump optimized "sin"
FAIL: gcc.dg/builtins-61.c scan-tree-dump optimized "cos"
FAIL: gcc.dg/builtins-61.c scan-tree-dump optimized "return 0.0"
FAIL: gcc.dg/builtins-62.c scan-tree-dump-times optimized "cexpi" 3
FAIL: gcc.dg/builtins-65.c (test for excess errors)
FAIL: gcc.dg/c11-true_min-1.c execution test
FAIL: gcc.dg/c99-stdint-5.c (test for excess errors)
FAIL: gcc.dg/c99-stdint-6.c (test for excess errors)
FAIL: gcc.dg/c99-stdint-7.c (test for excess errors)
FAIL: gcc.dg/c99-tgmath-4.c (test for excess errors)
UNRESOLVED: gcc.dg/c99-tgmath-4.c scan-assembler cpowf
FAIL: gcc.dg/nest.c (test for excess errors)
UNRESOLVED: gcc.dg/nest.c compilation failed to produce executable
FAIL: gcc.dg/nested-func-4.c (test for excess errors)
UNRESOLVED: gcc.dg/nested-func-4.c compilation failed to produce executable
FAIL: gcc.dg/pr32450.c (test for excess errors)
UNRESOLVED: gcc.dg/pr32450.c compilation failed to produce executable
FAIL: gcc.dg/pr43643.c (test for excess errors)
UNRESOLVED: gcc.dg/pr43643.c compilation failed to produce executable
FAIL: gcc.dg/undefined-loop-2.c (test for warnings, line 18)
FAIL: gcc.dg/utf-array-short-wchar.c (test for errors, line 41)
FAIL: gcc.dg/utf-array-short-wchar.c (test for excess errors)
FAIL: gcc.dg/fixed-point/binary.c (test for excess errors)
UNRESOLVED: gcc.dg/fixed-point/binary.c compilation failed to produce executable
FAIL: c-c++-common/gomp/single1.c (internal compiler error)
FAIL: c-c++-common/gomp/single1.c (test for errors, line 13)
FAIL: c-c++-common/gomp/single1.c (test for excess errors)
FAIL: gcc.dg/pch/largefile.c -O0 -g assembly comparison
FAIL: gcc.dg/pch/largefile.c -O0 assembly comparison
FAIL: gcc.dg/pch/largefile.c -O1 assembly comparison
FAIL: gcc.dg/pch/largefile.c -O2 assembly comparison
FAIL: gcc.dg/pch/largefile.c -O3 -fomit-frame-pointer assembly comparison
FAIL: gcc.dg/pch/largefile.c -O3 -g assembly comparison
FAIL: gcc.dg/pch/largefile.c -Os assembly comparison
FAIL: largefile.c -O0 -g -I. -Dwith_PCH (internal compiler error)
FAIL: largefile.c -O0 -g -I. -Dwith_PCH (test for excess errors)
FAIL: largefile.c -O0 -I. -Dwith_PCH (internal compiler error)
FAIL: largefile.c -O0 -I. -Dwith_PCH (test for excess errors)
FAIL: largefile.c -O1 -I. -Dwith_PCH (internal compiler error)
FAIL: largefile.c -O1 -I. -Dwith_PCH (test for excess errors)
FAIL: largefile.c -O2 -I. -Dwith_PCH (internal compiler error)
FAIL: largefile.c -O2 -I. -Dwith_PCH (test for excess errors)
FAIL: largefile.c -O3 -fomit-frame-pointer -I. -Dwith_PCH (internal compiler error)
FAIL: largefile.c -O3 -fomit-frame-pointer -I. -Dwith_PCH (test for excess errors)
FAIL: largefile.c -O3 -g -I. -Dwith_PCH (internal compiler error)
FAIL: largefile.c -O3 -g -I. -Dwith_PCH (test for excess errors)
FAIL: largefile.c -Os -I. -Dwith_PCH (internal compiler error)
FAIL: largefile.c -Os -I. -Dwith_PCH (test for excess errors)
FAIL: gcc.dg/torture/builtin-convert-1.c -O1 (test for excess errors)
FAIL: gcc.dg/torture/builtin-convert-1.c -O2 (test for excess errors)
FAIL: gcc.dg/torture/builtin-convert-1.c -O3 -fomit-frame-pointer (test for excess errors)
FAIL: gcc.dg/torture/builtin-convert-1.c -O3 -g (test for excess errors)
FAIL: gcc.dg/torture/builtin-convert-1.c -Os (test for excess errors)
FAIL: gcc.dg/torture/builtin-convert-1.c -O2 -flto -fno-use-linker-plugin -flto-partition=none (test for excess errors)
FAIL: gcc.dg/torture/builtin-convert-2.c -O1 (test for excess errors)
FAIL: gcc.dg/torture/builtin-convert-2.c -O2 (test for excess errors)
FAIL: gcc.dg/torture/builtin-convert-2.c -O3 -fomit-frame-pointer (test for excess errors)
FAIL: gcc.dg/torture/builtin-convert-2.c -O3 -g (test for excess errors)
FAIL: gcc.dg/torture/builtin-convert-2.c -Os (test for excess errors)
FAIL: gcc.dg/torture/builtin-convert-2.c -O2 -flto -fno-use-linker-plugin -flto-partition=none (test for excess errors)
FAIL: gcc.dg/torture/builtin-convert-3.c -O1 (test for excess errors)
FAIL: gcc.dg/torture/builtin-convert-3.c -O2 (test for excess errors)
FAIL: gcc.dg/torture/builtin-convert-3.c -O3 -fomit-frame-pointer (test for excess errors)
FAIL: gcc.dg/torture/builtin-convert-3.c -O3 -g (test for excess errors)
FAIL: gcc.dg/torture/builtin-convert-3.c -Os (test for excess errors)
FAIL: gcc.dg/torture/builtin-convert-3.c -O2 -flto -fno-use-linker-plugin -flto-partition=none (test for excess errors)
FAIL: gcc.dg/torture/builtin-explog-1.c -O1 (test for excess errors)
FAIL: gcc.dg/torture/builtin-explog-1.c -O2 (test for excess errors)
FAIL: gcc.dg/torture/builtin-explog-1.c -O3 -fomit-frame-pointer (test for excess errors)
FAIL: gcc.dg/torture/builtin-explog-1.c -O3 -g (test for excess errors)
FAIL: gcc.dg/torture/builtin-explog-1.c -Os (test for excess errors)
FAIL: gcc.dg/torture/builtin-explog-1.c -O2 -flto -fno-use-linker-plugin -flto-partition=none (test for excess errors)
FAIL: gcc.dg/torture/builtin-power-1.c -O1 (test for excess errors)
FAIL: gcc.dg/torture/builtin-power-1.c -O2 (test for excess errors)
FAIL: gcc.dg/torture/builtin-power-1.c -O3 -fomit-frame-pointer (test for excess errors)
FAIL: gcc.dg/torture/builtin-power-1.c -O3 -g (test for excess errors)
FAIL: gcc.dg/torture/builtin-power-1.c -Os (test for excess errors)
FAIL: gcc.dg/torture/builtin-power-1.c -O2 -flto -fno-use-linker-plugin -flto-partition=none (test for excess errors)
FAIL: gcc.dg/torture/type-generic-1.c -O0 execution test
FAIL: gcc.dg/torture/type-generic-1.c -O1 execution test
FAIL: gcc.dg/torture/type-generic-1.c -O2 execution test
FAIL: gcc.dg/torture/type-generic-1.c -O3 -fomit-frame-pointer execution test
FAIL: gcc.dg/torture/type-generic-1.c -O3 -g execution test
FAIL: gcc.dg/torture/type-generic-1.c -Os execution test
FAIL: gcc.dg/torture/type-generic-1.c -O2 -flto -fno-use-linker-plugin -flto-partition=none execution test
FAIL: gcc.dg/torture/type-generic-1.c -O2 -flto -fuse-linker-plugin -fno-fat-lto-objects execution test
FAIL: gcc.dg/torture/tls/run-ie.c -O0 execution test
FAIL: gcc.dg/torture/tls/run-ie.c -O0 -fpic execution test
FAIL: gcc.dg/torture/tls/run-ie.c -O1 -fpic execution test
FAIL: gcc.dg/torture/tls/run-ie.c -O2 -fpic execution test
FAIL: gcc.dg/torture/tls/run-ie.c -O3 -fomit-frame-pointer -fpic execution test
FAIL: gcc.dg/torture/tls/run-ie.c -O3 -g -fpic execution test
FAIL: gcc.dg/torture/tls/run-ie.c -Os -fpic execution test
FAIL: gcc.dg/torture/tls/run-ie.c -O0 -fPIC execution test
FAIL: gcc.dg/torture/tls/run-ie.c -O1 -fPIC execution test
FAIL: gcc.dg/torture/tls/run-ie.c -O2 -fPIC execution test
FAIL: gcc.dg/torture/tls/run-ie.c -O3 -fomit-frame-pointer -fPIC execution test
FAIL: gcc.dg/torture/tls/run-ie.c -O3 -g -fPIC execution test
FAIL: gcc.dg/torture/tls/run-ie.c -Os -fPIC execution test
FAIL: gcc.dg/tree-prof/ic-misattribution-1.c scan-ipa-dump profile "hist->count 1 hist->all 1"
FAIL: gcc.dg/tree-prof/indir-call-prof.c scan-ipa-dump profile "Indirect call -> direct call.* a1 transformation on insn"
FAIL: gcc.dg/tree-ssa/sra-12.c scan-tree-dump-times release_ssa "l;" 0
FAIL: gcc.dg/tree-ssa/ssa-dom-cse-2.c scan-tree-dump optimized "return 28;"
FAIL: gcc.dg/vect/bb-slp-26.c -flto -ffat-lto-objects scan-tree-dump-times slp1 "basic block vectorized" 1
FAIL: gcc.dg/vect/bb-slp-26.c scan-tree-dump-times slp1 "basic block vectorized" 1
XPASS: gcc.dg/vect/if-cvt-stores-vect-ifcvt-18.c scan-tree-dump-times vect "vectorized 1 loops" 1
FAIL: gcc.dg/vect/no-vfa-vect-depend-1.c scan-tree-dump-times vect "dependence distance negative" 1
FAIL: gcc.dg/vect/no-vfa-vect-depend-2.c scan-tree-dump-times vect "dependence distance negative" 1
FAIL: gcc.dg/vect/no-vfa-vect-depend-3.c scan-tree-dump-times vect "dependence distance negative" 4
XPASS: gcc.dg/vect/pr33804.c scan-tree-dump-times vect "vectorized 1 loops" 1
XPASS: gcc.dg/vect/pr33804.c scan-tree-dump-times vect "vectorizing stmts using SLP" 1
XPASS: gcc.dg/vect/pr33804.c -flto -ffat-lto-objects scan-tree-dump-times vect "vectorized 1 loops" 1
XPASS: gcc.dg/vect/pr33804.c -flto -ffat-lto-objects scan-tree-dump-times vect "vectorizing stmts using SLP" 1
XPASS: gcc.dg/vect/pr33953.c scan-tree-dump-times vect "vectorized 1 loops" 1
XPASS: gcc.dg/vect/pr33953.c scan-tree-dump-times vect "vectorizing stmts using SLP" 1
XPASS: gcc.dg/vect/pr33953.c -flto -ffat-lto-objects scan-tree-dump-times vect "vectorized 1 loops" 1
XPASS: gcc.dg/vect/pr33953.c -flto -ffat-lto-objects scan-tree-dump-times vect "vectorizing stmts using SLP" 1
XPASS: gcc.dg/vect/pr58508.c -flto -ffat-lto-objects scan-tree-dump-times vect "hoist" 3
XPASS: gcc.dg/vect/pr58508.c scan-tree-dump-times vect "hoist" 3
XPASS: gcc.dg/vect/slp-24-big-array.c -flto -ffat-lto-objects scan-tree-dump-times vect "vectorized 1 loops" 1
XPASS: gcc.dg/vect/slp-24-big-array.c -flto -ffat-lto-objects scan-tree-dump-times vect "vectorizing stmts using SLP" 2
XPASS: gcc.dg/vect/slp-24-big-array.c scan-tree-dump-times vect "vectorized 1 loops" 1
XPASS: gcc.dg/vect/slp-24-big-array.c scan-tree-dump-times vect "vectorizing stmts using SLP" 2
XPASS: gcc.dg/vect/slp-24.c -flto -ffat-lto-objects scan-tree-dump-times vect "vectorized 1 loops" 1
XPASS: gcc.dg/vect/slp-24.c -flto -ffat-lto-objects scan-tree-dump-times vect "vectorizing stmts using SLP" 2
XPASS: gcc.dg/vect/slp-24.c scan-tree-dump-times vect "vectorized 1 loops" 1
XPASS: gcc.dg/vect/slp-24.c scan-tree-dump-times vect "vectorizing stmts using SLP" 2
FAIL: gcc.dg/vect/vect-33.c scan-tree-dump vect "Alignment of access forced using peeling"
FAIL: gcc.dg/vect/vect-33.c -flto -ffat-lto-objects scan-tree-dump vect "Alignment of access forced using peeling"
XPASS: gcc.dg/vect/vect-cselim-1.c scan-tree-dump-times vect "vectorized 1 loops" 1
XPASS: gcc.dg/vect/vect-cselim-1.c -flto -ffat-lto-objects scan-tree-dump-times vect "vectorized 1 loops" 1
FAIL: gcc.dg/vect/vect-outer-3a-big-array.c -flto -ffat-lto-objects scan-tree-dump-times vect "step doesn't divide the vector-size" 1
FAIL: gcc.dg/vect/vect-outer-3a-big-array.c scan-tree-dump-times vect "step doesn't divide the vector-size" 1
FAIL: gcc.dg/vect/vect-outer-3a.c scan-tree-dump-times vect "step doesn't divide the vector-size" 1
FAIL: gcc.dg/vect/vect-outer-3a.c -flto -ffat-lto-objects scan-tree-dump-times vect "step doesn't divide the vector-size" 1
XPASS: gcc.dg/vect/vect-outer-5.c scan-tree-dump vect "zero step in outer loop."
XPASS: gcc.dg/vect/vect-outer-5.c -flto -ffat-lto-objects scan-tree-dump vect "zero step in outer loop."
FAIL: gcc.target/aarch64/advsimd-intrinsics/vfma.c compilation, -O0
UNRESOLVED: gcc.target/aarch64/advsimd-intrinsics/vfma.c execution, -O0
FAIL: gcc.target/aarch64/advsimd-intrinsics/vfma.c compilation, -O1
UNRESOLVED: gcc.target/aarch64/advsimd-intrinsics/vfma.c execution, -O1
FAIL: gcc.target/aarch64/advsimd-intrinsics/vfma.c compilation, -O2
UNRESOLVED: gcc.target/aarch64/advsimd-intrinsics/vfma.c execution, -O2
FAIL: gcc.target/aarch64/advsimd-intrinsics/vfma.c compilation, -O3 -fomit-frame-pointer
UNRESOLVED: gcc.target/aarch64/advsimd-intrinsics/vfma.c execution, -O3 -fomit-frame-pointer
FAIL: gcc.target/aarch64/advsimd-intrinsics/vfma.c compilation, -O3 -g
UNRESOLVED: gcc.target/aarch64/advsimd-intrinsics/vfma.c execution, -O3 -g
FAIL: gcc.target/aarch64/advsimd-intrinsics/vfma.c compilation, -Os
UNRESOLVED: gcc.target/aarch64/advsimd-intrinsics/vfma.c execution, -Os
FAIL: gcc.target/aarch64/advsimd-intrinsics/vfma.c compilation, -Og -g
UNRESOLVED: gcc.target/aarch64/advsimd-intrinsics/vfma.c execution, -Og -g
FAIL: gcc.target/aarch64/advsimd-intrinsics/vfma.c compilation, -O2 -flto -fno-use-linker-plugin -flto-partition=none
UNRESOLVED: gcc.target/aarch64/advsimd-intrinsics/vfma.c execution, -O2 -flto -fno-use-linker-plugin -flto-partition=none
FAIL: gcc.target/aarch64/advsimd-intrinsics/vfma.c compilation, -O2 -flto -fuse-linker-plugin -fno-fat-lto-objects
UNRESOLVED: gcc.target/aarch64/advsimd-intrinsics/vfma.c execution, -O2 -flto -fuse-linker-plugin -fno-fat-lto-objects
FAIL: gcc.target/aarch64/advsimd-intrinsics/vfma.c -O0 (test for excess errors)
FAIL: gcc.target/aarch64/advsimd-intrinsics/vfma.c -O1 (test for excess errors)
FAIL: gcc.target/aarch64/advsimd-intrinsics/vfma.c -O2 (test for excess errors)
FAIL: gcc.target/aarch64/advsimd-intrinsics/vfma.c -O3 -fomit-frame-pointer (test for excess errors)
FAIL: gcc.target/aarch64/advsimd-intrinsics/vfma.c -O3 -g (test for excess errors)
FAIL: gcc.target/aarch64/advsimd-intrinsics/vfma.c -Os (test for excess errors)
FAIL: gcc.target/aarch64/advsimd-intrinsics/vfma.c -Og -g (test for excess errors)
FAIL: gcc.target/aarch64/advsimd-intrinsics/vfma.c -O2 -flto -fno-use-linker-plugin -flto-partition=none (test for excess errors)
FAIL: gcc.target/aarch64/advsimd-intrinsics/vfma.c -O2 -flto -fuse-linker-plugin -fno-fat-lto-objects (test for excess errors)
FAIL: gcc.target/aarch64/advsimd-intrinsics/vfma_n.c compilation, -O0
UNRESOLVED: gcc.target/aarch64/advsimd-intrinsics/vfma_n.c execution, -O0
FAIL: gcc.target/aarch64/advsimd-intrinsics/vfma_n.c compilation, -O1
UNRESOLVED: gcc.target/aarch64/advsimd-intrinsics/vfma_n.c execution, -O1
FAIL: gcc.target/aarch64/advsimd-intrinsics/vfma_n.c compilation, -O2
UNRESOLVED: gcc.target/aarch64/advsimd-intrinsics/vfma_n.c execution, -O2
FAIL: gcc.target/aarch64/advsimd-intrinsics/vfma_n.c compilation, -O3 -fomit-frame-pointer
UNRESOLVED: gcc.target/aarch64/advsimd-intrinsics/vfma_n.c execution, -O3 -fomit-frame-pointer
FAIL: gcc.target/aarch64/advsimd-intrinsics/vfma_n.c compilation, -O3 -g
UNRESOLVED: gcc.target/aarch64/advsimd-intrinsics/vfma_n.c execution, -O3 -g
FAIL: gcc.target/aarch64/advsimd-intrinsics/vfma_n.c compilation, -Os
UNRESOLVED: gcc.target/aarch64/advsimd-intrinsics/vfma_n.c execution, -Os
FAIL: gcc.target/aarch64/advsimd-intrinsics/vfma_n.c compilation, -Og -g
UNRESOLVED: gcc.target/aarch64/advsimd-intrinsics/vfma_n.c execution, -Og -g
FAIL: gcc.target/aarch64/advsimd-intrinsics/vfma_n.c compilation, -O2 -flto -fno-use-linker-plugin -flto-partition=none
UNRESOLVED: gcc.target/aarch64/advsimd-intrinsics/vfma_n.c execution, -O2 -flto -fno-use-linker-plugin -flto-partition=none
FAIL: gcc.target/aarch64/advsimd-intrinsics/vfma_n.c compilation, -O2 -flto -fuse-linker-plugin -fno-fat-lto-objects
UNRESOLVED: gcc.target/aarch64/advsimd-intrinsics/vfma_n.c execution, -O2 -flto -fuse-linker-plugin -fno-fat-lto-objects
FAIL: gcc.target/aarch64/advsimd-intrinsics/vfma_n.c -O0 (test for excess errors)
FAIL: gcc.target/aarch64/advsimd-intrinsics/vfma_n.c -O1 (test for excess errors)
FAIL: gcc.target/aarch64/advsimd-intrinsics/vfma_n.c -O2 (test for excess errors)
FAIL: gcc.target/aarch64/advsimd-intrinsics/vfma_n.c -O3 -fomit-frame-pointer (test for excess errors)
FAIL: gcc.target/aarch64/advsimd-intrinsics/vfma_n.c -O3 -g (test for excess errors)
FAIL: gcc.target/aarch64/advsimd-intrinsics/vfma_n.c -Os (test for excess errors)
FAIL: gcc.target/aarch64/advsimd-intrinsics/vfma_n.c -Og -g (test for excess errors)
FAIL: gcc.target/aarch64/advsimd-intrinsics/vfma_n.c -O2 -flto -fno-use-linker-plugin -flto-partition=none (test for excess errors)
FAIL: gcc.target/aarch64/advsimd-intrinsics/vfma_n.c -O2 -flto -fuse-linker-plugin -fno-fat-lto-objects (test for excess errors)
FAIL: gcc.target/aarch64/advsimd-intrinsics/vfms.c compilation, -O0
UNRESOLVED: gcc.target/aarch64/advsimd-intrinsics/vfms.c execution, -O0
FAIL: gcc.target/aarch64/advsimd-intrinsics/vfms.c compilation, -O1
UNRESOLVED: gcc.target/aarch64/advsimd-intrinsics/vfms.c execution, -O1
FAIL: gcc.target/aarch64/advsimd-intrinsics/vfms.c compilation, -O2
UNRESOLVED: gcc.target/aarch64/advsimd-intrinsics/vfms.c execution, -O2
FAIL: gcc.target/aarch64/advsimd-intrinsics/vfms.c compilation, -O3 -fomit-frame-pointer
UNRESOLVED: gcc.target/aarch64/advsimd-intrinsics/vfms.c execution, -O3 -fomit-frame-pointer
FAIL: gcc.target/aarch64/advsimd-intrinsics/vfms.c compilation, -O3 -g
UNRESOLVED: gcc.target/aarch64/advsimd-intrinsics/vfms.c execution, -O3 -g
FAIL: gcc.target/aarch64/advsimd-intrinsics/vfms.c compilation, -Os
UNRESOLVED: gcc.target/aarch64/advsimd-intrinsics/vfms.c execution, -Os
FAIL: gcc.target/aarch64/advsimd-intrinsics/vfms.c compilation, -Og -g
UNRESOLVED: gcc.target/aarch64/advsimd-intrinsics/vfms.c execution, -Og -g
FAIL: gcc.target/aarch64/advsimd-intrinsics/vfms.c compilation, -O2 -flto -fno-use-linker-plugin -flto-partition=none
UNRESOLVED: gcc.target/aarch64/advsimd-intrinsics/vfms.c execution, -O2 -flto -fno-use-linker-plugin -flto-partition=none
FAIL: gcc.target/aarch64/advsimd-intrinsics/vfms.c compilation, -O2 -flto -fuse-linker-plugin -fno-fat-lto-objects
UNRESOLVED: gcc.target/aarch64/advsimd-intrinsics/vfms.c execution, -O2 -flto -fuse-linker-plugin -fno-fat-lto-objects
FAIL: gcc.target/aarch64/advsimd-intrinsics/vfms.c -O0 (test for excess errors)
FAIL: gcc.target/aarch64/advsimd-intrinsics/vfms.c -O1 (test for excess errors)
FAIL: gcc.target/aarch64/advsimd-intrinsics/vfms.c -O2 (test for excess errors)
FAIL: gcc.target/aarch64/advsimd-intrinsics/vfms.c -O3 -fomit-frame-pointer (test for excess errors)
FAIL: gcc.target/aarch64/advsimd-intrinsics/vfms.c -O3 -g (test for excess errors)
FAIL: gcc.target/aarch64/advsimd-intrinsics/vfms.c -Os (test for excess errors)
FAIL: gcc.target/aarch64/advsimd-intrinsics/vfms.c -Og -g (test for excess errors)
FAIL: gcc.target/aarch64/advsimd-intrinsics/vfms.c -O2 -flto -fno-use-linker-plugin -flto-partition=none (test for excess errors)
FAIL: gcc.target/aarch64/advsimd-intrinsics/vfms.c -O2 -flto -fuse-linker-plugin -fno-fat-lto-objects (test for excess errors)
FAIL: gcc.target/arm/fixed-point-exec.c (test for excess errors)
UNRESOLVED: gcc.target/arm/fixed-point-exec.c compilation failed to produce executable
FAIL: gcc.target/arm/ftest-armv6-arm.c (test for excess errors)
FAIL: gcc.target/arm/ftest-armv6-thumb.c (test for excess errors)
FAIL: gcc.target/arm/ftest-armv6k-arm.c (test for excess errors)
FAIL: gcc.target/arm/ftest-armv6k-thumb.c (test for excess errors)
FAIL: gcc.target/arm/ftest-armv6t2-arm.c (test for excess errors)
FAIL: gcc.target/arm/ftest-armv6t2-thumb.c (test for excess errors)
FAIL: gcc.target/arm/ftest-armv6z-arm.c (test for excess errors)
FAIL: gcc.target/arm/ftest-armv6z-thumb.c (test for excess errors)
FAIL: gcc.target/arm/ftest-armv7a-arm.c (test for excess errors)
FAIL: gcc.target/arm/ftest-armv7a-thumb.c (test for excess errors)
FAIL: gcc.target/arm/ftest-armv7em-thumb.c (test for excess errors)
FAIL: gcc.target/arm/ftest-armv7m-thumb.c (test for excess errors)
FAIL: gcc.target/arm/ftest-armv7r-arm.c (test for excess errors)
FAIL: gcc.target/arm/ftest-armv7r-thumb.c (test for excess errors)
FAIL: gcc.target/arm/ftest-armv7ve-arm.c (test for excess errors)
FAIL: gcc.target/arm/ftest-armv7ve-thumb.c (test for excess errors)
FAIL: gcc.target/arm/ftest-armv8a-arm.c (test for excess errors)
FAIL: gcc.target/arm/ftest-armv8a-thumb.c (test for excess errors)
FAIL: gcc.target/arm/neon-vfma-1.c scan-assembler vfma\\\\.f32[\\t]+[dDqQ]
FAIL: gcc.target/arm/neon-vfms-1.c scan-assembler vfms\\\\.f32[\\t]+[dDqQ]
FAIL: gcc.target/arm/neon-vlshr-imm-1.c scan-assembler vshr.u32.*#3
FAIL: gcc.target/arm/neon-vmla-1.c scan-assembler vmla\\\\.i32
FAIL: gcc.target/arm/neon-vmls-1.c scan-assembler vmls\\\\.i32
FAIL: gcc.target/arm/neon-vorn-vbic.c scan-assembler vorn\\\\t
FAIL: gcc.target/arm/neon-vorn-vbic.c scan-assembler vbic\\\\t
FAIL: gcc.target/arm/neon-vshl-imm-1.c scan-assembler vshl.i32.*#3
FAIL: gcc.target/arm/neon-vshr-imm-1.c scan-assembler vshr.s32.*#3
FAIL: gcc.target/arm/pr42172-1.c scan-assembler-times ldr 1
FAIL: gcc.target/arm/pr42575.c scan-assembler-not mov
FAIL: gcc.target/arm/scd42-1.c scan-assembler movs[ \\t].*17
FAIL: gcc.target/arm/vect-copysignf.c scan-tree-dump-times vect "vectorized 1 loops" 1
FAIL: gcc.target/arm/neon/vect-vcvt.c scan-tree-dump-times vect "vectorized 2 loops" 1
FAIL: gcc.target/arm/neon/vect-vcvtq.c scan-tree-dump-times vect "vectorized 2 loops" 1
=== gcc Summary ===
# of expected passes 96182
# of unexpected failures 261
# of unexpected successes 23
# of expected failures 338
# of unresolved testcases 34
# of unsupported tests 1802
/build/gcc/objdir_armv6hf/gcc/xgcc version 5.0.0 20141215 (experimental) [trunk revision 218765] (GCC)
Compiler version: 5.0.0 20141215 (experimental) [trunk revision 218765] (GCC)
Platform: armv6hf-unknown-freebsd11.0
configure flags: --with-gmp=/usr/local --disable-nls --with-ld=/usr/local/bin/ld --with-as=/usr/local/bin/as --prefix=/build/gcc/testbin_armv6hf --enable-languages=c,c++