This is the mail archive of the
gcc-testresults@gcc.gnu.org
mailing list for the GCC project.
Results for 4.8.3 (GCC) testsuite on x86_64-apple-darwin14.0.0
- From: fx at einstein dot local (FX)
- To: gcc-testresults at gcc dot gnu dot org
- Date: Mon, 15 Dec 2014 17:23:09 +0100 (CET)
- Subject: Results for 4.8.3 (GCC) testsuite on x86_64-apple-darwin14.0.0
- Authentication-results: sourceware.org; auth=none
LAST_UPDATED: Obtained from SVN: tags/gcc_4_8_3_release revision 210800
Native configuration is x86_64-apple-darwin14.0.0
=== g++ tests ===
Running target unix/-m32
WARNING: g++.dg/ext/label13.C -std=gnu++98 compilation failed to produce executable
WARNING: g++.dg/ext/label13.C -std=gnu++11 compilation failed to produce executable
WARNING: program timed out.
FAIL: g++.dg/pch/pch.C -O2 -g -I. -Dwith_PCH (test for excess errors)
FAIL: g++.dg/pch/pch.C -O2 -g assembly comparison
FAIL: g++.dg/tree-prof/pr59255.C compilation, -fprofile-generate
UNRESOLVED: g++.dg/tree-prof/pr59255.C execution, -fprofile-generate
UNRESOLVED: g++.dg/tree-prof/pr59255.C compilation, -fprofile-use
UNRESOLVED: g++.dg/tree-prof/pr59255.C execution, -fprofile-use
=== g++ Summary for unix/-m32 ===
# of expected passes 51591
# of unexpected failures 3
# of expected failures 292
# of unresolved testcases 3
# of unsupported tests 827
Running target unix/-m64
WARNING: g++.dg/ext/label13.C -std=gnu++98 compilation failed to produce executable
WARNING: g++.dg/ext/label13.C -std=gnu++11 compilation failed to produce executable
FAIL: g++.dg/tree-prof/pr59255.C compilation, -fprofile-generate
UNRESOLVED: g++.dg/tree-prof/pr59255.C execution, -fprofile-generate
UNRESOLVED: g++.dg/tree-prof/pr59255.C compilation, -fprofile-use
UNRESOLVED: g++.dg/tree-prof/pr59255.C execution, -fprofile-use
=== g++ Summary for unix/-m64 ===
# of expected passes 52384
# of unexpected failures 1
# of expected failures 292
# of unresolved testcases 3
# of unsupported tests 1053
=== g++ Summary ===
# of expected passes 103975
# of unexpected failures 4
# of expected failures 584
# of unresolved testcases 6
# of unsupported tests 1880
/Users/fx/Downloads/ibin48/gcc/testsuite/g++/../../xg++ version 4.8.3 (GCC)
=== gcc tests ===
Running target unix/-m32
FAIL: c-c++-common/asan/strncpy-overflow-1.c -O0 execution test
FAIL: gcc.dg/framework-1.c (test for excess errors)
FAIL: gcc.dg/pch/save-temps-1.c -O0 -I. -Dwith_PCH (test for excess errors)
FAIL: gcc.dg/pch/save-temps-1.c -O0 assembly comparison
WARNING: program timed out.
FAIL: gcc.dg/pch/save-temps-1.c -O2 -I. -Dwith_PCH (test for excess errors)
FAIL: gcc.dg/pch/save-temps-1.c -O2 assembly comparison
FAIL: gcc.dg/tree-prof/pr52027.c compilation, -fprofile-use -D_PROFILE_USE
UNRESOLVED: gcc.dg/tree-prof/pr52027.c execution, -fprofile-use -D_PROFILE_USE
=== gcc Summary for unix/-m32 ===
# of expected passes 91097
# of unexpected failures 7
# of expected failures 256
# of unresolved testcases 1
# of unsupported tests 2158
Running target unix/-m64
FAIL: c-c++-common/asan/strncpy-overflow-1.c -O0 execution test
FAIL: gcc.dg/framework-1.c (test for excess errors)
FAIL: gcc.dg/tree-prof/pr34999.c compilation, -fprofile-use -D_PROFILE_USE
UNRESOLVED: gcc.dg/tree-prof/pr34999.c execution, -fprofile-use -D_PROFILE_USE
FAIL: gcc.dg/tree-prof/pr45354.c compilation, -fprofile-use -D_PROFILE_USE
UNRESOLVED: gcc.dg/tree-prof/pr45354.c execution, -fprofile-use -D_PROFILE_USE
FAIL: gcc.dg/tree-prof/pr50907.c compilation, -fprofile-use -D_PROFILE_USE
UNRESOLVED: gcc.dg/tree-prof/pr50907.c execution, -fprofile-use -D_PROFILE_USE
FAIL: gcc.dg/tree-prof/pr52027.c compilation, -fprofile-use -D_PROFILE_USE
UNRESOLVED: gcc.dg/tree-prof/pr52027.c execution, -fprofile-use -D_PROFILE_USE
FAIL: gcc.target/i386/pr49866.c (test for excess errors)
=== gcc Summary for unix/-m64 ===
# of expected passes 91448
# of unexpected failures 7
# of expected failures 259
# of unresolved testcases 4
# of unsupported tests 2445
=== gcc Summary ===
# of expected passes 182545
# of unexpected failures 14
# of expected failures 515
# of unresolved testcases 5
# of unsupported tests 4603
/Users/fx/Downloads/ibin48/gcc/xgcc version 4.8.3 (GCC)
=== gfortran tests ===
Running target unix/-m32
=== gfortran Summary for unix/-m32 ===
# of expected passes 43479
# of expected failures 42
# of unsupported tests 210
Running target unix/-m64
=== gfortran Summary for unix/-m64 ===
# of expected passes 43768
# of expected failures 42
# of unsupported tests 70
=== gfortran Summary ===
# of expected passes 87247
# of expected failures 84
# of unsupported tests 280
/Users/fx/Downloads/ibin48/gcc/testsuite/gfortran/../../gfortran version 4.8.3 (GCC)
=== obj-c++ tests ===
Running target unix/-m32
FAIL: obj-c++.dg/cxx-ivars-3.mm -fnext-runtime (test for excess errors)
WARNING: obj-c++.dg/cxx-ivars-3.mm -fnext-runtime compilation failed to produce executable
FAIL: obj-c++.dg/gnu-api-2-objc.mm -fnext-runtime execution test
FAIL: obj-c++.dg/proto-lossage-7.mm -fnext-runtime (test for excess errors)
FAIL: obj-c++.dg/syntax-error-1.mm -fnext-runtime (test for excess errors)
FAIL: obj-c++.dg/strings/const-cfstring-2.mm -fnext-runtime (test for excess errors)
FAIL: obj-c++.dg/strings/const-cfstring-5.mm -fnext-runtime (test for excess errors)
FAIL: obj-c++.dg/strings/const-str-12.mm -fnext-runtime (test for excess errors)
FAIL: obj-c++.dg/torture/strings/const-cfstring-1.mm -O0 -fnext-runtime (test for excess errors)
WARNING: obj-c++.dg/torture/strings/const-cfstring-1.mm -O0 -fnext-runtime compilation failed to produce executable
FAIL: obj-c++.dg/torture/strings/const-cfstring-1.mm -O1 -fnext-runtime (test for excess errors)
WARNING: obj-c++.dg/torture/strings/const-cfstring-1.mm -O1 -fnext-runtime compilation failed to produce executable
FAIL: obj-c++.dg/torture/strings/const-cfstring-1.mm -O2 -fnext-runtime (test for excess errors)
WARNING: obj-c++.dg/torture/strings/const-cfstring-1.mm -O2 -fnext-runtime compilation failed to produce executable
FAIL: obj-c++.dg/torture/strings/const-cfstring-1.mm -O3 -fomit-frame-pointer -fnext-runtime (test for excess errors)
WARNING: obj-c++.dg/torture/strings/const-cfstring-1.mm -O3 -fomit-frame-pointer -fnext-runtime compilation failed to produce executable
FAIL: obj-c++.dg/torture/strings/const-cfstring-1.mm -O3 -g -fnext-runtime (test for excess errors)
WARNING: obj-c++.dg/torture/strings/const-cfstring-1.mm -O3 -g -fnext-runtime compilation failed to produce executable
FAIL: obj-c++.dg/torture/strings/const-cfstring-1.mm -Os -fnext-runtime (test for excess errors)
WARNING: obj-c++.dg/torture/strings/const-cfstring-1.mm -Os -fnext-runtime compilation failed to produce executable
FAIL: obj-c++.dg/torture/strings/const-cfstring-1.mm -O2 -flto -flto-partition=none -fnext-runtime (test for excess errors)
WARNING: obj-c++.dg/torture/strings/const-cfstring-1.mm -O2 -flto -flto-partition=none -fnext-runtime compilation failed to produce executable
FAIL: obj-c++.dg/torture/strings/const-cfstring-1.mm -O2 -flto -fnext-runtime (test for excess errors)
WARNING: obj-c++.dg/torture/strings/const-cfstring-1.mm -O2 -flto -fnext-runtime compilation failed to produce executable
FAIL: obj-c++.dg/torture/strings/const-str-10.mm -O0 -fnext-runtime (test for excess errors)
UNRESOLVED: obj-c++.dg/torture/strings/const-str-10.mm -O0 -fnext-runtime scan-assembler .section __OBJC, __cstring_object
UNRESOLVED: obj-c++.dg/torture/strings/const-str-10.mm -O0 -fnext-runtime scan-assembler .long\\t__NSConstantStringClassReference\\n\\t.long\\t.*\\n\\t.long\\t5\\n\\t.data
FAIL: obj-c++.dg/torture/strings/const-str-10.mm -O1 -fnext-runtime (test for excess errors)
UNRESOLVED: obj-c++.dg/torture/strings/const-str-10.mm -O1 -fnext-runtime scan-assembler .section __OBJC, __cstring_object
UNRESOLVED: obj-c++.dg/torture/strings/const-str-10.mm -O1 -fnext-runtime scan-assembler .long\\t__NSConstantStringClassReference\\n\\t.long\\t.*\\n\\t.long\\t5\\n\\t.data
FAIL: obj-c++.dg/torture/strings/const-str-10.mm -O2 -fnext-runtime (test for excess errors)
UNRESOLVED: obj-c++.dg/torture/strings/const-str-10.mm -O2 -fnext-runtime scan-assembler .section __OBJC, __cstring_object
UNRESOLVED: obj-c++.dg/torture/strings/const-str-10.mm -O2 -fnext-runtime scan-assembler .long\\t__NSConstantStringClassReference\\n\\t.long\\t.*\\n\\t.long\\t5\\n\\t.data
FAIL: obj-c++.dg/torture/strings/const-str-10.mm -O3 -fomit-frame-pointer -fnext-runtime (test for excess errors)
UNRESOLVED: obj-c++.dg/torture/strings/const-str-10.mm -O3 -fomit-frame-pointer -fnext-runtime scan-assembler .section __OBJC, __cstring_object
UNRESOLVED: obj-c++.dg/torture/strings/const-str-10.mm -O3 -fomit-frame-pointer -fnext-runtime scan-assembler .long\\t__NSConstantStringClassReference\\n\\t.long\\t.*\\n\\t.long\\t5\\n\\t.data
FAIL: obj-c++.dg/torture/strings/const-str-10.mm -O3 -g -fnext-runtime (test for excess errors)
UNRESOLVED: obj-c++.dg/torture/strings/const-str-10.mm -O3 -g -fnext-runtime scan-assembler .section __OBJC, __cstring_object
UNRESOLVED: obj-c++.dg/torture/strings/const-str-10.mm -O3 -g -fnext-runtime scan-assembler .long\\t__NSConstantStringClassReference\\n\\t.long\\t.*\\n\\t.long\\t5\\n\\t.data
FAIL: obj-c++.dg/torture/strings/const-str-10.mm -Os -fnext-runtime (test for excess errors)
UNRESOLVED: obj-c++.dg/torture/strings/const-str-10.mm -Os -fnext-runtime scan-assembler .section __OBJC, __cstring_object
UNRESOLVED: obj-c++.dg/torture/strings/const-str-10.mm -Os -fnext-runtime scan-assembler .long\\t__NSConstantStringClassReference\\n\\t.long\\t.*\\n\\t.long\\t5\\n\\t.data
FAIL: obj-c++.dg/torture/strings/const-str-10.mm -O2 -flto -flto-partition=none -fnext-runtime (test for excess errors)
UNRESOLVED: obj-c++.dg/torture/strings/const-str-10.mm -O2 -flto -flto-partition=none -fnext-runtime scan-assembler .section __OBJC, __cstring_object
UNRESOLVED: obj-c++.dg/torture/strings/const-str-10.mm -O2 -flto -flto-partition=none -fnext-runtime scan-assembler .long\\t__NSConstantStringClassReference\\n\\t.long\\t.*\\n\\t.long\\t5\\n\\t.data
FAIL: obj-c++.dg/torture/strings/const-str-10.mm -O2 -flto -fnext-runtime (test for excess errors)
UNRESOLVED: obj-c++.dg/torture/strings/const-str-10.mm -O2 -flto -fnext-runtime scan-assembler .section __OBJC, __cstring_object
UNRESOLVED: obj-c++.dg/torture/strings/const-str-10.mm -O2 -flto -fnext-runtime scan-assembler .long\\t__NSConstantStringClassReference\\n\\t.long\\t.*\\n\\t.long\\t5\\n\\t.data
FAIL: obj-c++.dg/torture/strings/const-str-11.mm -O0 -fnext-runtime (test for excess errors)
UNRESOLVED: obj-c++.dg/torture/strings/const-str-11.mm -O0 -fnext-runtime scan-assembler .section __OBJC, __cstring_object
UNRESOLVED: obj-c++.dg/torture/strings/const-str-11.mm -O0 -fnext-runtime scan-assembler .long\\t__XStrClassReference\\n\\t.long\\t.*\\n\\t.long\\t5\\n\\t.data
FAIL: obj-c++.dg/torture/strings/const-str-11.mm -O1 -fnext-runtime (test for excess errors)
UNRESOLVED: obj-c++.dg/torture/strings/const-str-11.mm -O1 -fnext-runtime scan-assembler .section __OBJC, __cstring_object
UNRESOLVED: obj-c++.dg/torture/strings/const-str-11.mm -O1 -fnext-runtime scan-assembler .long\\t__XStrClassReference\\n\\t.long\\t.*\\n\\t.long\\t5\\n\\t.data
FAIL: obj-c++.dg/torture/strings/const-str-11.mm -O2 -fnext-runtime (test for excess errors)
UNRESOLVED: obj-c++.dg/torture/strings/const-str-11.mm -O2 -fnext-runtime scan-assembler .section __OBJC, __cstring_object
UNRESOLVED: obj-c++.dg/torture/strings/const-str-11.mm -O2 -fnext-runtime scan-assembler .long\\t__XStrClassReference\\n\\t.long\\t.*\\n\\t.long\\t5\\n\\t.data
FAIL: obj-c++.dg/torture/strings/const-str-11.mm -O3 -fomit-frame-pointer -fnext-runtime (test for excess errors)
UNRESOLVED: obj-c++.dg/torture/strings/const-str-11.mm -O3 -fomit-frame-pointer -fnext-runtime scan-assembler .section __OBJC, __cstring_object
UNRESOLVED: obj-c++.dg/torture/strings/const-str-11.mm -O3 -fomit-frame-pointer -fnext-runtime scan-assembler .long\\t__XStrClassReference\\n\\t.long\\t.*\\n\\t.long\\t5\\n\\t.data
FAIL: obj-c++.dg/torture/strings/const-str-11.mm -O3 -g -fnext-runtime (test for excess errors)
UNRESOLVED: obj-c++.dg/torture/strings/const-str-11.mm -O3 -g -fnext-runtime scan-assembler .section __OBJC, __cstring_object
UNRESOLVED: obj-c++.dg/torture/strings/const-str-11.mm -O3 -g -fnext-runtime scan-assembler .long\\t__XStrClassReference\\n\\t.long\\t.*\\n\\t.long\\t5\\n\\t.data
FAIL: obj-c++.dg/torture/strings/const-str-11.mm -Os -fnext-runtime (test for excess errors)
UNRESOLVED: obj-c++.dg/torture/strings/const-str-11.mm -Os -fnext-runtime scan-assembler .section __OBJC, __cstring_object
UNRESOLVED: obj-c++.dg/torture/strings/const-str-11.mm -Os -fnext-runtime scan-assembler .long\\t__XStrClassReference\\n\\t.long\\t.*\\n\\t.long\\t5\\n\\t.data
FAIL: obj-c++.dg/torture/strings/const-str-11.mm -O2 -flto -flto-partition=none -fnext-runtime (test for excess errors)
UNRESOLVED: obj-c++.dg/torture/strings/const-str-11.mm -O2 -flto -flto-partition=none -fnext-runtime scan-assembler .section __OBJC, __cstring_object
UNRESOLVED: obj-c++.dg/torture/strings/const-str-11.mm -O2 -flto -flto-partition=none -fnext-runtime scan-assembler .long\\t__XStrClassReference\\n\\t.long\\t.*\\n\\t.long\\t5\\n\\t.data
FAIL: obj-c++.dg/torture/strings/const-str-11.mm -O2 -flto -fnext-runtime (test for excess errors)
UNRESOLVED: obj-c++.dg/torture/strings/const-str-11.mm -O2 -flto -fnext-runtime scan-assembler .section __OBJC, __cstring_object
UNRESOLVED: obj-c++.dg/torture/strings/const-str-11.mm -O2 -flto -fnext-runtime scan-assembler .long\\t__XStrClassReference\\n\\t.long\\t.*\\n\\t.long\\t5\\n\\t.data
FAIL: obj-c++.dg/torture/strings/const-str-9.mm -O0 -fnext-runtime (test for excess errors)
UNRESOLVED: obj-c++.dg/torture/strings/const-str-9.mm -O0 -fnext-runtime scan-assembler .section __OBJC, __cstring_object
UNRESOLVED: obj-c++.dg/torture/strings/const-str-9.mm -O0 -fnext-runtime scan-assembler .long\\t__NSConstantStringClassReference\\n\\t.long\\t.*\\n\\t.long\\t5\\n\\t.data
FAIL: obj-c++.dg/torture/strings/const-str-9.mm -O1 -fnext-runtime (test for excess errors)
UNRESOLVED: obj-c++.dg/torture/strings/const-str-9.mm -O1 -fnext-runtime scan-assembler .section __OBJC, __cstring_object
UNRESOLVED: obj-c++.dg/torture/strings/const-str-9.mm -O1 -fnext-runtime scan-assembler .long\\t__NSConstantStringClassReference\\n\\t.long\\t.*\\n\\t.long\\t5\\n\\t.data
FAIL: obj-c++.dg/torture/strings/const-str-9.mm -O2 -fnext-runtime (test for excess errors)
UNRESOLVED: obj-c++.dg/torture/strings/const-str-9.mm -O2 -fnext-runtime scan-assembler .section __OBJC, __cstring_object
UNRESOLVED: obj-c++.dg/torture/strings/const-str-9.mm -O2 -fnext-runtime scan-assembler .long\\t__NSConstantStringClassReference\\n\\t.long\\t.*\\n\\t.long\\t5\\n\\t.data
FAIL: obj-c++.dg/torture/strings/const-str-9.mm -O3 -fomit-frame-pointer -fnext-runtime (test for excess errors)
UNRESOLVED: obj-c++.dg/torture/strings/const-str-9.mm -O3 -fomit-frame-pointer -fnext-runtime scan-assembler .section __OBJC, __cstring_object
UNRESOLVED: obj-c++.dg/torture/strings/const-str-9.mm -O3 -fomit-frame-pointer -fnext-runtime scan-assembler .long\\t__NSConstantStringClassReference\\n\\t.long\\t.*\\n\\t.long\\t5\\n\\t.data
FAIL: obj-c++.dg/torture/strings/const-str-9.mm -O3 -g -fnext-runtime (test for excess errors)
UNRESOLVED: obj-c++.dg/torture/strings/const-str-9.mm -O3 -g -fnext-runtime scan-assembler .section __OBJC, __cstring_object
UNRESOLVED: obj-c++.dg/torture/strings/const-str-9.mm -O3 -g -fnext-runtime scan-assembler .long\\t__NSConstantStringClassReference\\n\\t.long\\t.*\\n\\t.long\\t5\\n\\t.data
FAIL: obj-c++.dg/torture/strings/const-str-9.mm -Os -fnext-runtime (test for excess errors)
UNRESOLVED: obj-c++.dg/torture/strings/const-str-9.mm -Os -fnext-runtime scan-assembler .section __OBJC, __cstring_object
UNRESOLVED: obj-c++.dg/torture/strings/const-str-9.mm -Os -fnext-runtime scan-assembler .long\\t__NSConstantStringClassReference\\n\\t.long\\t.*\\n\\t.long\\t5\\n\\t.data
FAIL: obj-c++.dg/torture/strings/const-str-9.mm -O2 -flto -flto-partition=none -fnext-runtime (test for excess errors)
UNRESOLVED: obj-c++.dg/torture/strings/const-str-9.mm -O2 -flto -flto-partition=none -fnext-runtime scan-assembler .section __OBJC, __cstring_object
UNRESOLVED: obj-c++.dg/torture/strings/const-str-9.mm -O2 -flto -flto-partition=none -fnext-runtime scan-assembler .long\\t__NSConstantStringClassReference\\n\\t.long\\t.*\\n\\t.long\\t5\\n\\t.data
FAIL: obj-c++.dg/torture/strings/const-str-9.mm -O2 -flto -fnext-runtime (test for excess errors)
UNRESOLVED: obj-c++.dg/torture/strings/const-str-9.mm -O2 -flto -fnext-runtime scan-assembler .section __OBJC, __cstring_object
UNRESOLVED: obj-c++.dg/torture/strings/const-str-9.mm -O2 -flto -fnext-runtime scan-assembler .long\\t__NSConstantStringClassReference\\n\\t.long\\t.*\\n\\t.long\\t5\\n\\t.data
=== obj-c++ Summary for unix/-m32 ===
# of expected passes 3063
# of unexpected failures 39
# of expected failures 2
# of unresolved testcases 48
# of unsupported tests 68
Running target unix/-m64
FAIL: obj-c++.dg/cxx-ivars-3.mm -fnext-runtime (test for excess errors)
WARNING: obj-c++.dg/cxx-ivars-3.mm -fnext-runtime compilation failed to produce executable
FAIL: obj-c++.dg/encode-5.mm -fnext-runtime (test for excess errors)
WARNING: obj-c++.dg/encode-5.mm -fnext-runtime compilation failed to produce executable
FAIL: obj-c++.dg/gnu-api-2-objc.mm -fnext-runtime execution test
FAIL: obj-c++.dg/isa-field-1.mm -fnext-runtime (test for excess errors)
FAIL: obj-c++.dg/proto-lossage-3.mm -fnext-runtime (test for excess errors)
WARNING: obj-c++.dg/proto-lossage-3.mm -fnext-runtime compilation failed to produce executable
FAIL: obj-c++.dg/proto-lossage-7.mm -fnext-runtime (test for excess errors)
FAIL: obj-c++.dg/proto-qual-1.mm -fnext-runtime (test for excess errors)
WARNING: obj-c++.dg/proto-qual-1.mm -fnext-runtime compilation failed to produce executable
FAIL: obj-c++.dg/syntax-error-1.mm -fnext-runtime (test for excess errors)
FAIL: obj-c++.dg/try-catch-2.mm -fnext-runtime execution test
FAIL: obj-c++.dg/try-catch-9.mm -fnext-runtime execution test
FAIL: obj-c++.dg/strings/const-cfstring-2.mm -fnext-runtime (test for excess errors)
FAIL: obj-c++.dg/strings/const-cfstring-5.mm -fnext-runtime (test for excess errors)
FAIL: obj-c++.dg/strings/const-str-12.mm -fnext-runtime (test for excess errors)
FAIL: obj-c++.dg/torture/strings/const-cfstring-1.mm -O0 -fnext-runtime (test for excess errors)
WARNING: obj-c++.dg/torture/strings/const-cfstring-1.mm -O0 -fnext-runtime compilation failed to produce executable
FAIL: obj-c++.dg/torture/strings/const-cfstring-1.mm -O1 -fnext-runtime (test for excess errors)
WARNING: obj-c++.dg/torture/strings/const-cfstring-1.mm -O1 -fnext-runtime compilation failed to produce executable
FAIL: obj-c++.dg/torture/strings/const-cfstring-1.mm -O2 -fnext-runtime (test for excess errors)
WARNING: obj-c++.dg/torture/strings/const-cfstring-1.mm -O2 -fnext-runtime compilation failed to produce executable
FAIL: obj-c++.dg/torture/strings/const-cfstring-1.mm -O3 -fomit-frame-pointer -fnext-runtime (test for excess errors)
WARNING: obj-c++.dg/torture/strings/const-cfstring-1.mm -O3 -fomit-frame-pointer -fnext-runtime compilation failed to produce executable
FAIL: obj-c++.dg/torture/strings/const-cfstring-1.mm -O3 -g -fnext-runtime (test for excess errors)
WARNING: obj-c++.dg/torture/strings/const-cfstring-1.mm -O3 -g -fnext-runtime compilation failed to produce executable
FAIL: obj-c++.dg/torture/strings/const-cfstring-1.mm -Os -fnext-runtime (test for excess errors)
WARNING: obj-c++.dg/torture/strings/const-cfstring-1.mm -Os -fnext-runtime compilation failed to produce executable
FAIL: obj-c++.dg/torture/strings/const-cfstring-1.mm -O2 -flto -flto-partition=none -fnext-runtime (test for excess errors)
WARNING: obj-c++.dg/torture/strings/const-cfstring-1.mm -O2 -flto -flto-partition=none -fnext-runtime compilation failed to produce executable
FAIL: obj-c++.dg/torture/strings/const-cfstring-1.mm -O2 -flto -fnext-runtime (test for excess errors)
WARNING: obj-c++.dg/torture/strings/const-cfstring-1.mm -O2 -flto -fnext-runtime compilation failed to produce executable
FAIL: obj-c++.dg/torture/strings/const-str-10.mm -O0 -fnext-runtime (test for excess errors)
UNRESOLVED: obj-c++.dg/torture/strings/const-str-10.mm -O0 -fnext-runtime scan-assembler .section __DATA, __objc_stringobj
UNRESOLVED: obj-c++.dg/torture/strings/const-str-10.mm -O0 -fnext-runtime scan-assembler .quad\\t_OBJC_CLASS_._NSConstantString\\n\\t.quad\\t.*\\n\\t.long\\t5\\n\\t.space
FAIL: obj-c++.dg/torture/strings/const-str-10.mm -O1 -fnext-runtime (test for excess errors)
UNRESOLVED: obj-c++.dg/torture/strings/const-str-10.mm -O1 -fnext-runtime scan-assembler .section __DATA, __objc_stringobj
UNRESOLVED: obj-c++.dg/torture/strings/const-str-10.mm -O1 -fnext-runtime scan-assembler .quad\\t_OBJC_CLASS_._NSConstantString\\n\\t.quad\\t.*\\n\\t.long\\t5\\n\\t.space
FAIL: obj-c++.dg/torture/strings/const-str-10.mm -O2 -fnext-runtime (test for excess errors)
UNRESOLVED: obj-c++.dg/torture/strings/const-str-10.mm -O2 -fnext-runtime scan-assembler .section __DATA, __objc_stringobj
UNRESOLVED: obj-c++.dg/torture/strings/const-str-10.mm -O2 -fnext-runtime scan-assembler .quad\\t_OBJC_CLASS_._NSConstantString\\n\\t.quad\\t.*\\n\\t.long\\t5\\n\\t.space
FAIL: obj-c++.dg/torture/strings/const-str-10.mm -O3 -fomit-frame-pointer -fnext-runtime (test for excess errors)
UNRESOLVED: obj-c++.dg/torture/strings/const-str-10.mm -O3 -fomit-frame-pointer -fnext-runtime scan-assembler .section __DATA, __objc_stringobj
UNRESOLVED: obj-c++.dg/torture/strings/const-str-10.mm -O3 -fomit-frame-pointer -fnext-runtime scan-assembler .quad\\t_OBJC_CLASS_._NSConstantString\\n\\t.quad\\t.*\\n\\t.long\\t5\\n\\t.space
FAIL: obj-c++.dg/torture/strings/const-str-10.mm -O3 -g -fnext-runtime (test for excess errors)
UNRESOLVED: obj-c++.dg/torture/strings/const-str-10.mm -O3 -g -fnext-runtime scan-assembler .section __DATA, __objc_stringobj
UNRESOLVED: obj-c++.dg/torture/strings/const-str-10.mm -O3 -g -fnext-runtime scan-assembler .quad\\t_OBJC_CLASS_._NSConstantString\\n\\t.quad\\t.*\\n\\t.long\\t5\\n\\t.space
FAIL: obj-c++.dg/torture/strings/const-str-10.mm -Os -fnext-runtime (test for excess errors)
UNRESOLVED: obj-c++.dg/torture/strings/const-str-10.mm -Os -fnext-runtime scan-assembler .section __DATA, __objc_stringobj
UNRESOLVED: obj-c++.dg/torture/strings/const-str-10.mm -Os -fnext-runtime scan-assembler .quad\\t_OBJC_CLASS_._NSConstantString\\n\\t.quad\\t.*\\n\\t.long\\t5\\n\\t.space
FAIL: obj-c++.dg/torture/strings/const-str-10.mm -O2 -flto -flto-partition=none -fnext-runtime (test for excess errors)
UNRESOLVED: obj-c++.dg/torture/strings/const-str-10.mm -O2 -flto -flto-partition=none -fnext-runtime scan-assembler .section __DATA, __objc_stringobj
UNRESOLVED: obj-c++.dg/torture/strings/const-str-10.mm -O2 -flto -flto-partition=none -fnext-runtime scan-assembler .quad\\t_OBJC_CLASS_._NSConstantString\\n\\t.quad\\t.*\\n\\t.long\\t5\\n\\t.space
FAIL: obj-c++.dg/torture/strings/const-str-10.mm -O2 -flto -fnext-runtime (test for excess errors)
UNRESOLVED: obj-c++.dg/torture/strings/const-str-10.mm -O2 -flto -fnext-runtime scan-assembler .section __DATA, __objc_stringobj
UNRESOLVED: obj-c++.dg/torture/strings/const-str-10.mm -O2 -flto -fnext-runtime scan-assembler .quad\\t_OBJC_CLASS_._NSConstantString\\n\\t.quad\\t.*\\n\\t.long\\t5\\n\\t.space
FAIL: obj-c++.dg/torture/strings/const-str-11.mm -O0 -fnext-runtime (test for excess errors)
UNRESOLVED: obj-c++.dg/torture/strings/const-str-11.mm -O0 -fnext-runtime scan-assembler .section __DATA, __objc_stringobj
UNRESOLVED: obj-c++.dg/torture/strings/const-str-11.mm -O0 -fnext-runtime scan-assembler .quad\\t_OBJC_CLASS_._XStr\\n\\t.quad\\t.*\\n\\t.long\\t5\\n\\t.space
FAIL: obj-c++.dg/torture/strings/const-str-11.mm -O1 -fnext-runtime (test for excess errors)
UNRESOLVED: obj-c++.dg/torture/strings/const-str-11.mm -O1 -fnext-runtime scan-assembler .section __DATA, __objc_stringobj
UNRESOLVED: obj-c++.dg/torture/strings/const-str-11.mm -O1 -fnext-runtime scan-assembler .quad\\t_OBJC_CLASS_._XStr\\n\\t.quad\\t.*\\n\\t.long\\t5\\n\\t.space
FAIL: obj-c++.dg/torture/strings/const-str-11.mm -O2 -fnext-runtime (test for excess errors)
UNRESOLVED: obj-c++.dg/torture/strings/const-str-11.mm -O2 -fnext-runtime scan-assembler .section __DATA, __objc_stringobj
UNRESOLVED: obj-c++.dg/torture/strings/const-str-11.mm -O2 -fnext-runtime scan-assembler .quad\\t_OBJC_CLASS_._XStr\\n\\t.quad\\t.*\\n\\t.long\\t5\\n\\t.space
FAIL: obj-c++.dg/torture/strings/const-str-11.mm -O3 -fomit-frame-pointer -fnext-runtime (test for excess errors)
UNRESOLVED: obj-c++.dg/torture/strings/const-str-11.mm -O3 -fomit-frame-pointer -fnext-runtime scan-assembler .section __DATA, __objc_stringobj
UNRESOLVED: obj-c++.dg/torture/strings/const-str-11.mm -O3 -fomit-frame-pointer -fnext-runtime scan-assembler .quad\\t_OBJC_CLASS_._XStr\\n\\t.quad\\t.*\\n\\t.long\\t5\\n\\t.space
FAIL: obj-c++.dg/torture/strings/const-str-11.mm -O3 -g -fnext-runtime (test for excess errors)
UNRESOLVED: obj-c++.dg/torture/strings/const-str-11.mm -O3 -g -fnext-runtime scan-assembler .section __DATA, __objc_stringobj
UNRESOLVED: obj-c++.dg/torture/strings/const-str-11.mm -O3 -g -fnext-runtime scan-assembler .quad\\t_OBJC_CLASS_._XStr\\n\\t.quad\\t.*\\n\\t.long\\t5\\n\\t.space
FAIL: obj-c++.dg/torture/strings/const-str-11.mm -Os -fnext-runtime (test for excess errors)
UNRESOLVED: obj-c++.dg/torture/strings/const-str-11.mm -Os -fnext-runtime scan-assembler .section __DATA, __objc_stringobj
UNRESOLVED: obj-c++.dg/torture/strings/const-str-11.mm -Os -fnext-runtime scan-assembler .quad\\t_OBJC_CLASS_._XStr\\n\\t.quad\\t.*\\n\\t.long\\t5\\n\\t.space
FAIL: obj-c++.dg/torture/strings/const-str-11.mm -O2 -flto -flto-partition=none -fnext-runtime (test for excess errors)
UNRESOLVED: obj-c++.dg/torture/strings/const-str-11.mm -O2 -flto -flto-partition=none -fnext-runtime scan-assembler .section __DATA, __objc_stringobj
UNRESOLVED: obj-c++.dg/torture/strings/const-str-11.mm -O2 -flto -flto-partition=none -fnext-runtime scan-assembler .quad\\t_OBJC_CLASS_._XStr\\n\\t.quad\\t.*\\n\\t.long\\t5\\n\\t.space
FAIL: obj-c++.dg/torture/strings/const-str-11.mm -O2 -flto -fnext-runtime (test for excess errors)
UNRESOLVED: obj-c++.dg/torture/strings/const-str-11.mm -O2 -flto -fnext-runtime scan-assembler .section __DATA, __objc_stringobj
UNRESOLVED: obj-c++.dg/torture/strings/const-str-11.mm -O2 -flto -fnext-runtime scan-assembler .quad\\t_OBJC_CLASS_._XStr\\n\\t.quad\\t.*\\n\\t.long\\t5\\n\\t.space
FAIL: obj-c++.dg/torture/strings/const-str-9.mm -O0 -fnext-runtime (test for excess errors)
UNRESOLVED: obj-c++.dg/torture/strings/const-str-9.mm -O0 -fnext-runtime scan-assembler .section __DATA, __objc_stringobj
UNRESOLVED: obj-c++.dg/torture/strings/const-str-9.mm -O0 -fnext-runtime scan-assembler .quad\\t_OBJC_CLASS_._NSConstantString\\n\\t.quad\\t.*\\n\\t.long\\t5\\n\\t.space
FAIL: obj-c++.dg/torture/strings/const-str-9.mm -O1 -fnext-runtime (test for excess errors)
UNRESOLVED: obj-c++.dg/torture/strings/const-str-9.mm -O1 -fnext-runtime scan-assembler .section __DATA, __objc_stringobj
UNRESOLVED: obj-c++.dg/torture/strings/const-str-9.mm -O1 -fnext-runtime scan-assembler .quad\\t_OBJC_CLASS_._NSConstantString\\n\\t.quad\\t.*\\n\\t.long\\t5\\n\\t.space
FAIL: obj-c++.dg/torture/strings/const-str-9.mm -O2 -fnext-runtime (test for excess errors)
UNRESOLVED: obj-c++.dg/torture/strings/const-str-9.mm -O2 -fnext-runtime scan-assembler .section __DATA, __objc_stringobj
UNRESOLVED: obj-c++.dg/torture/strings/const-str-9.mm -O2 -fnext-runtime scan-assembler .quad\\t_OBJC_CLASS_._NSConstantString\\n\\t.quad\\t.*\\n\\t.long\\t5\\n\\t.space
FAIL: obj-c++.dg/torture/strings/const-str-9.mm -O3 -fomit-frame-pointer -fnext-runtime (test for excess errors)
UNRESOLVED: obj-c++.dg/torture/strings/const-str-9.mm -O3 -fomit-frame-pointer -fnext-runtime scan-assembler .section __DATA, __objc_stringobj
UNRESOLVED: obj-c++.dg/torture/strings/const-str-9.mm -O3 -fomit-frame-pointer -fnext-runtime scan-assembler .quad\\t_OBJC_CLASS_._NSConstantString\\n\\t.quad\\t.*\\n\\t.long\\t5\\n\\t.space
FAIL: obj-c++.dg/torture/strings/const-str-9.mm -O3 -g -fnext-runtime (test for excess errors)
UNRESOLVED: obj-c++.dg/torture/strings/const-str-9.mm -O3 -g -fnext-runtime scan-assembler .section __DATA, __objc_stringobj
UNRESOLVED: obj-c++.dg/torture/strings/const-str-9.mm -O3 -g -fnext-runtime scan-assembler .quad\\t_OBJC_CLASS_._NSConstantString\\n\\t.quad\\t.*\\n\\t.long\\t5\\n\\t.space
FAIL: obj-c++.dg/torture/strings/const-str-9.mm -Os -fnext-runtime (test for excess errors)
UNRESOLVED: obj-c++.dg/torture/strings/const-str-9.mm -Os -fnext-runtime scan-assembler .section __DATA, __objc_stringobj
UNRESOLVED: obj-c++.dg/torture/strings/const-str-9.mm -Os -fnext-runtime scan-assembler .quad\\t_OBJC_CLASS_._NSConstantString\\n\\t.quad\\t.*\\n\\t.long\\t5\\n\\t.space
FAIL: obj-c++.dg/torture/strings/const-str-9.mm -O2 -flto -flto-partition=none -fnext-runtime (test for excess errors)
UNRESOLVED: obj-c++.dg/torture/strings/const-str-9.mm -O2 -flto -flto-partition=none -fnext-runtime scan-assembler .section __DATA, __objc_stringobj
UNRESOLVED: obj-c++.dg/torture/strings/const-str-9.mm -O2 -flto -flto-partition=none -fnext-runtime scan-assembler .quad\\t_OBJC_CLASS_._NSConstantString\\n\\t.quad\\t.*\\n\\t.long\\t5\\n\\t.space
FAIL: obj-c++.dg/torture/strings/const-str-9.mm -O2 -flto -fnext-runtime (test for excess errors)
UNRESOLVED: obj-c++.dg/torture/strings/const-str-9.mm -O2 -flto -fnext-runtime scan-assembler .section __DATA, __objc_stringobj
UNRESOLVED: obj-c++.dg/torture/strings/const-str-9.mm -O2 -flto -fnext-runtime scan-assembler .quad\\t_OBJC_CLASS_._NSConstantString\\n\\t.quad\\t.*\\n\\t.long\\t5\\n\\t.space
=== obj-c++ Summary for unix/-m64 ===
# of expected passes 2996
# of unexpected failures 45
# of expected failures 18
# of unresolved testcases 48
# of unsupported tests 74
=== obj-c++ Summary ===
# of expected passes 6059
# of unexpected failures 84
# of expected failures 20
# of unresolved testcases 96
# of unsupported tests 142
/Users/fx/Downloads/ibin48/gcc/testsuite/obj-c++/../../xg++ version 4.8.3 (GCC)
=== objc tests ===
Running target unix/-m32
FAIL: objc.dg/call-super-2.m -fnext-runtime (test for warnings, line 74)
FAIL: objc.dg/call-super-2.m -fnext-runtime (test for warnings, line 104)
FAIL: objc.dg/gnu-api-2-objc.m -fnext-runtime execution test
FAIL: objc.dg/headers.m -fnext-runtime (test for excess errors)
FAIL: objc.dg/image-info.m -fnext-runtime (test for excess errors)
UNRESOLVED: objc.dg/image-info.m -fnext-runtime scan-assembler \\t.section __OBJC, __image_info.*\\n\\t.align.*\\nL_OBJC_ImageInfo.*:\\n\\t.long\\t0\\n\\t.long\\t1
FAIL: objc.dg/method-6.m -fnext-runtime (test for excess errors)
FAIL: objc.dg/no-extra-load.m -fnext-runtime (test for excess errors)
UNRESOLVED: objc.dg/no-extra-load.m -fnext-runtime scan-assembler-not L_objc_msgSend\\\\\$non_lazy_ptr
FAIL: objc.dg/objc-foreach-4.m -fnext-runtime (test for excess errors)
WARNING: objc.dg/objc-foreach-4.m -fnext-runtime compilation failed to produce executable
FAIL: objc.dg/objc-foreach-5.m -fnext-runtime (test for excess errors)
UNRESOLVED: objc.dg/objc-foreach-5.m -fnext-runtime scan-assembler _addStuffUp:
FAIL: objc.dg/proto-lossage-7.m -fnext-runtime (test for excess errors)
FAIL: objc.dg/symtab-1.m -fnext-runtime (test for excess errors)
UNRESOLVED: objc.dg/symtab-1.m -fnext-runtime scan-assembler L_OBJC_Symbols.*:\\n\\t.long\\t0\\n\\t.long\\t0\\n\\t.word\\t2\\n\\t.word\\t0\\n\\t.long\\tL_OBJC_Class_Derived.*\\n\\t.long\\tL_OBJC_Class_Base.*\\n
FAIL: objc.dg/zero-link-1.m -fnext-runtime (test for excess errors)
UNRESOLVED: objc.dg/zero-link-1.m -fnext-runtime scan-assembler-not _OBJC_ClassRefs_0
UNRESOLVED: objc.dg/zero-link-1.m -fnext-runtime scan-assembler objc_getClass
FAIL: objc.dg/zero-link-2.m -fnext-runtime (test for excess errors)
UNRESOLVED: objc.dg/zero-link-2.m -fnext-runtime scan-assembler _OBJC_ClassRefs_0
UNRESOLVED: objc.dg/zero-link-2.m -fnext-runtime scan-assembler-not objc_getClass
FAIL: objc.dg/zero-link-3.m -fnext-runtime (test for excess errors)
WARNING: objc.dg/zero-link-3.m -fnext-runtime compilation failed to produce executable
FAIL: objc.dg/strings/const-cfstring-2.m -fnext-runtime (test for excess errors)
FAIL: objc.dg/strings/const-cfstring-5.m -fnext-runtime (test for excess errors)
FAIL: objc.dg/strings/const-str-12b.m -fnext-runtime (test for excess errors)
FAIL: objc.dg/torture/strings/const-cfstring-1.m -O0 -fnext-runtime (test for excess errors)
WARNING: objc.dg/torture/strings/const-cfstring-1.m -O0 -fnext-runtime compilation failed to produce executable
FAIL: objc.dg/torture/strings/const-cfstring-1.m -O1 -fnext-runtime (test for excess errors)
WARNING: objc.dg/torture/strings/const-cfstring-1.m -O1 -fnext-runtime compilation failed to produce executable
FAIL: objc.dg/torture/strings/const-cfstring-1.m -O2 -fnext-runtime (test for excess errors)
WARNING: objc.dg/torture/strings/const-cfstring-1.m -O2 -fnext-runtime compilation failed to produce executable
FAIL: objc.dg/torture/strings/const-cfstring-1.m -O3 -fomit-frame-pointer -fnext-runtime (test for excess errors)
WARNING: objc.dg/torture/strings/const-cfstring-1.m -O3 -fomit-frame-pointer -fnext-runtime compilation failed to produce executable
FAIL: objc.dg/torture/strings/const-cfstring-1.m -O3 -g -fnext-runtime (test for excess errors)
WARNING: objc.dg/torture/strings/const-cfstring-1.m -O3 -g -fnext-runtime compilation failed to produce executable
FAIL: objc.dg/torture/strings/const-cfstring-1.m -Os -fnext-runtime (test for excess errors)
WARNING: objc.dg/torture/strings/const-cfstring-1.m -Os -fnext-runtime compilation failed to produce executable
FAIL: objc.dg/torture/strings/const-cfstring-1.m -O2 -flto -flto-partition=none -fnext-runtime (test for excess errors)
WARNING: objc.dg/torture/strings/const-cfstring-1.m -O2 -flto -flto-partition=none -fnext-runtime compilation failed to produce executable
FAIL: objc.dg/torture/strings/const-cfstring-1.m -O2 -flto -fnext-runtime (test for excess errors)
WARNING: objc.dg/torture/strings/const-cfstring-1.m -O2 -flto -fnext-runtime compilation failed to produce executable
FAIL: objc.dg/torture/strings/const-str-10.m -O0 -fnext-runtime (test for excess errors)
UNRESOLVED: objc.dg/torture/strings/const-str-10.m -O0 -fnext-runtime scan-assembler .section __OBJC, __cstring_object
UNRESOLVED: objc.dg/torture/strings/const-str-10.m -O0 -fnext-runtime scan-assembler .long\\t__NSConstantStringClassReference\\n\\t.long\\t.*\\n\\t.long\\t5\\n\\t.data
FAIL: objc.dg/torture/strings/const-str-10.m -O1 -fnext-runtime (test for excess errors)
UNRESOLVED: objc.dg/torture/strings/const-str-10.m -O1 -fnext-runtime scan-assembler .section __OBJC, __cstring_object
UNRESOLVED: objc.dg/torture/strings/const-str-10.m -O1 -fnext-runtime scan-assembler .long\\t__NSConstantStringClassReference\\n\\t.long\\t.*\\n\\t.long\\t5\\n\\t.data
FAIL: objc.dg/torture/strings/const-str-10.m -O2 -fnext-runtime (test for excess errors)
UNRESOLVED: objc.dg/torture/strings/const-str-10.m -O2 -fnext-runtime scan-assembler .section __OBJC, __cstring_object
UNRESOLVED: objc.dg/torture/strings/const-str-10.m -O2 -fnext-runtime scan-assembler .long\\t__NSConstantStringClassReference\\n\\t.long\\t.*\\n\\t.long\\t5\\n\\t.data
FAIL: objc.dg/torture/strings/const-str-10.m -O3 -fomit-frame-pointer -fnext-runtime (test for excess errors)
UNRESOLVED: objc.dg/torture/strings/const-str-10.m -O3 -fomit-frame-pointer -fnext-runtime scan-assembler .section __OBJC, __cstring_object
UNRESOLVED: objc.dg/torture/strings/const-str-10.m -O3 -fomit-frame-pointer -fnext-runtime scan-assembler .long\\t__NSConstantStringClassReference\\n\\t.long\\t.*\\n\\t.long\\t5\\n\\t.data
FAIL: objc.dg/torture/strings/const-str-10.m -O3 -g -fnext-runtime (test for excess errors)
UNRESOLVED: objc.dg/torture/strings/const-str-10.m -O3 -g -fnext-runtime scan-assembler .section __OBJC, __cstring_object
UNRESOLVED: objc.dg/torture/strings/const-str-10.m -O3 -g -fnext-runtime scan-assembler .long\\t__NSConstantStringClassReference\\n\\t.long\\t.*\\n\\t.long\\t5\\n\\t.data
FAIL: objc.dg/torture/strings/const-str-10.m -Os -fnext-runtime (test for excess errors)
UNRESOLVED: objc.dg/torture/strings/const-str-10.m -Os -fnext-runtime scan-assembler .section __OBJC, __cstring_object
UNRESOLVED: objc.dg/torture/strings/const-str-10.m -Os -fnext-runtime scan-assembler .long\\t__NSConstantStringClassReference\\n\\t.long\\t.*\\n\\t.long\\t5\\n\\t.data
FAIL: objc.dg/torture/strings/const-str-10.m -O2 -flto -flto-partition=none -fnext-runtime (test for excess errors)
UNRESOLVED: objc.dg/torture/strings/const-str-10.m -O2 -flto -flto-partition=none -fnext-runtime scan-assembler .section __OBJC, __cstring_object
UNRESOLVED: objc.dg/torture/strings/const-str-10.m -O2 -flto -flto-partition=none -fnext-runtime scan-assembler .long\\t__NSConstantStringClassReference\\n\\t.long\\t.*\\n\\t.long\\t5\\n\\t.data
FAIL: objc.dg/torture/strings/const-str-10.m -O2 -flto -fnext-runtime (test for excess errors)
UNRESOLVED: objc.dg/torture/strings/const-str-10.m -O2 -flto -fnext-runtime scan-assembler .section __OBJC, __cstring_object
UNRESOLVED: objc.dg/torture/strings/const-str-10.m -O2 -flto -fnext-runtime scan-assembler .long\\t__NSConstantStringClassReference\\n\\t.long\\t.*\\n\\t.long\\t5\\n\\t.data
FAIL: objc.dg/torture/strings/const-str-11.m -O0 -fnext-runtime (test for excess errors)
UNRESOLVED: objc.dg/torture/strings/const-str-11.m -O0 -fnext-runtime scan-assembler .section __OBJC, __cstring_object
UNRESOLVED: objc.dg/torture/strings/const-str-11.m -O0 -fnext-runtime scan-assembler .long\\t__XStrClassReference\\n\\t.long\\t.*\\n\\t.long\\t5\\n\\t.data
FAIL: objc.dg/torture/strings/const-str-11.m -O1 -fnext-runtime (test for excess errors)
UNRESOLVED: objc.dg/torture/strings/const-str-11.m -O1 -fnext-runtime scan-assembler .section __OBJC, __cstring_object
UNRESOLVED: objc.dg/torture/strings/const-str-11.m -O1 -fnext-runtime scan-assembler .long\\t__XStrClassReference\\n\\t.long\\t.*\\n\\t.long\\t5\\n\\t.data
FAIL: objc.dg/torture/strings/const-str-11.m -O2 -fnext-runtime (test for excess errors)
UNRESOLVED: objc.dg/torture/strings/const-str-11.m -O2 -fnext-runtime scan-assembler .section __OBJC, __cstring_object
UNRESOLVED: objc.dg/torture/strings/const-str-11.m -O2 -fnext-runtime scan-assembler .long\\t__XStrClassReference\\n\\t.long\\t.*\\n\\t.long\\t5\\n\\t.data
FAIL: objc.dg/torture/strings/const-str-11.m -O3 -fomit-frame-pointer -fnext-runtime (test for excess errors)
UNRESOLVED: objc.dg/torture/strings/const-str-11.m -O3 -fomit-frame-pointer -fnext-runtime scan-assembler .section __OBJC, __cstring_object
UNRESOLVED: objc.dg/torture/strings/const-str-11.m -O3 -fomit-frame-pointer -fnext-runtime scan-assembler .long\\t__XStrClassReference\\n\\t.long\\t.*\\n\\t.long\\t5\\n\\t.data
FAIL: objc.dg/torture/strings/const-str-11.m -O3 -g -fnext-runtime (test for excess errors)
UNRESOLVED: objc.dg/torture/strings/const-str-11.m -O3 -g -fnext-runtime scan-assembler .section __OBJC, __cstring_object
UNRESOLVED: objc.dg/torture/strings/const-str-11.m -O3 -g -fnext-runtime scan-assembler .long\\t__XStrClassReference\\n\\t.long\\t.*\\n\\t.long\\t5\\n\\t.data
FAIL: objc.dg/torture/strings/const-str-11.m -Os -fnext-runtime (test for excess errors)
UNRESOLVED: objc.dg/torture/strings/const-str-11.m -Os -fnext-runtime scan-assembler .section __OBJC, __cstring_object
UNRESOLVED: objc.dg/torture/strings/const-str-11.m -Os -fnext-runtime scan-assembler .long\\t__XStrClassReference\\n\\t.long\\t.*\\n\\t.long\\t5\\n\\t.data
FAIL: objc.dg/torture/strings/const-str-11.m -O2 -flto -flto-partition=none -fnext-runtime (test for excess errors)
UNRESOLVED: objc.dg/torture/strings/const-str-11.m -O2 -flto -flto-partition=none -fnext-runtime scan-assembler .section __OBJC, __cstring_object
UNRESOLVED: objc.dg/torture/strings/const-str-11.m -O2 -flto -flto-partition=none -fnext-runtime scan-assembler .long\\t__XStrClassReference\\n\\t.long\\t.*\\n\\t.long\\t5\\n\\t.data
FAIL: objc.dg/torture/strings/const-str-11.m -O2 -flto -fnext-runtime (test for excess errors)
UNRESOLVED: objc.dg/torture/strings/const-str-11.m -O2 -flto -fnext-runtime scan-assembler .section __OBJC, __cstring_object
UNRESOLVED: objc.dg/torture/strings/const-str-11.m -O2 -flto -fnext-runtime scan-assembler .long\\t__XStrClassReference\\n\\t.long\\t.*\\n\\t.long\\t5\\n\\t.data
FAIL: objc.dg/torture/strings/const-str-9.m -O0 -fnext-runtime (test for excess errors)
UNRESOLVED: objc.dg/torture/strings/const-str-9.m -O0 -fnext-runtime scan-assembler .section __OBJC, __cstring_object
UNRESOLVED: objc.dg/torture/strings/const-str-9.m -O0 -fnext-runtime scan-assembler .long\\t__NSConstantStringClassReference\\n\\t.long\\t.*\\n\\t.long\\t5\\n\\t.data
FAIL: objc.dg/torture/strings/const-str-9.m -O1 -fnext-runtime (test for excess errors)
UNRESOLVED: objc.dg/torture/strings/const-str-9.m -O1 -fnext-runtime scan-assembler .section __OBJC, __cstring_object
UNRESOLVED: objc.dg/torture/strings/const-str-9.m -O1 -fnext-runtime scan-assembler .long\\t__NSConstantStringClassReference\\n\\t.long\\t.*\\n\\t.long\\t5\\n\\t.data
FAIL: objc.dg/torture/strings/const-str-9.m -O2 -fnext-runtime (test for excess errors)
UNRESOLVED: objc.dg/torture/strings/const-str-9.m -O2 -fnext-runtime scan-assembler .section __OBJC, __cstring_object
UNRESOLVED: objc.dg/torture/strings/const-str-9.m -O2 -fnext-runtime scan-assembler .long\\t__NSConstantStringClassReference\\n\\t.long\\t.*\\n\\t.long\\t5\\n\\t.data
FAIL: objc.dg/torture/strings/const-str-9.m -O3 -fomit-frame-pointer -fnext-runtime (test for excess errors)
UNRESOLVED: objc.dg/torture/strings/const-str-9.m -O3 -fomit-frame-pointer -fnext-runtime scan-assembler .section __OBJC, __cstring_object
UNRESOLVED: objc.dg/torture/strings/const-str-9.m -O3 -fomit-frame-pointer -fnext-runtime scan-assembler .long\\t__NSConstantStringClassReference\\n\\t.long\\t.*\\n\\t.long\\t5\\n\\t.data
FAIL: objc.dg/torture/strings/const-str-9.m -O3 -g -fnext-runtime (test for excess errors)
UNRESOLVED: objc.dg/torture/strings/const-str-9.m -O3 -g -fnext-runtime scan-assembler .section __OBJC, __cstring_object
UNRESOLVED: objc.dg/torture/strings/const-str-9.m -O3 -g -fnext-runtime scan-assembler .long\\t__NSConstantStringClassReference\\n\\t.long\\t.*\\n\\t.long\\t5\\n\\t.data
FAIL: objc.dg/torture/strings/const-str-9.m -Os -fnext-runtime (test for excess errors)
UNRESOLVED: objc.dg/torture/strings/const-str-9.m -Os -fnext-runtime scan-assembler .section __OBJC, __cstring_object
UNRESOLVED: objc.dg/torture/strings/const-str-9.m -Os -fnext-runtime scan-assembler .long\\t__NSConstantStringClassReference\\n\\t.long\\t.*\\n\\t.long\\t5\\n\\t.data
FAIL: objc.dg/torture/strings/const-str-9.m -O2 -flto -flto-partition=none -fnext-runtime (test for excess errors)
UNRESOLVED: objc.dg/torture/strings/const-str-9.m -O2 -flto -flto-partition=none -fnext-runtime scan-assembler .section __OBJC, __cstring_object
UNRESOLVED: objc.dg/torture/strings/const-str-9.m -O2 -flto -flto-partition=none -fnext-runtime scan-assembler .long\\t__NSConstantStringClassReference\\n\\t.long\\t.*\\n\\t.long\\t5\\n\\t.data
FAIL: objc.dg/torture/strings/const-str-9.m -O2 -flto -fnext-runtime (test for excess errors)
UNRESOLVED: objc.dg/torture/strings/const-str-9.m -O2 -flto -fnext-runtime scan-assembler .section __OBJC, __cstring_object
UNRESOLVED: objc.dg/torture/strings/const-str-9.m -O2 -flto -fnext-runtime scan-assembler .long\\t__NSConstantStringClassReference\\n\\t.long\\t.*\\n\\t.long\\t5\\n\\t.data
=== objc Summary for unix/-m32 ===
# of expected passes 5985
# of unexpected failures 49
# of expected failures 6
# of unresolved testcases 56
# of unsupported tests 85
Running target unix/-m64
FAIL: objc.dg/call-super-2.m -fnext-runtime (test for warnings, line 74)
FAIL: objc.dg/call-super-2.m -fnext-runtime (test for warnings, line 104)
FAIL: objc.dg/encode-7-next-64bit.m -fnext-runtime (test for excess errors)
WARNING: objc.dg/encode-7-next-64bit.m -fnext-runtime compilation failed to produce executable
FAIL: objc.dg/exceptions-2.m -fnext-runtime execution test
FAIL: objc.dg/gnu-api-2-objc.m -fnext-runtime execution test
FAIL: objc.dg/headers.m -fnext-runtime (test for excess errors)
FAIL: objc.dg/image-info.m -fnext-runtime (test for excess errors)
UNRESOLVED: objc.dg/image-info.m -fnext-runtime scan-assembler \\t.section __DATA, __objc_imageinfo.*\\n\\t.align.*\\nL_OBJC_ImageInfo.*:\\n\\t.long\\t0\\n\\t.long\\t17
FAIL: objc.dg/isa-field-1.m -fnext-runtime (test for excess errors)
FAIL: objc.dg/method-6.m -fnext-runtime (test for excess errors)
FAIL: objc.dg/no-extra-load.m -fnext-runtime (test for excess errors)
UNRESOLVED: objc.dg/no-extra-load.m -fnext-runtime scan-assembler-not L_objc_msgSend\\\\\$non_lazy_ptr
FAIL: objc.dg/objc-foreach-4.m -fnext-runtime (test for excess errors)
WARNING: objc.dg/objc-foreach-4.m -fnext-runtime compilation failed to produce executable
FAIL: objc.dg/objc-foreach-5.m -fnext-runtime (test for excess errors)
UNRESOLVED: objc.dg/objc-foreach-5.m -fnext-runtime scan-assembler _addStuffUp:
FAIL: objc.dg/pr23214.m -fnext-runtime (test for excess errors)
WARNING: objc.dg/pr23214.m -fnext-runtime compilation failed to produce executable
FAIL: objc.dg/proto-lossage-7.m -fnext-runtime (test for excess errors)
FAIL: objc.dg/proto-qual-1.m -fnext-runtime (test for excess errors)
WARNING: objc.dg/proto-qual-1.m -fnext-runtime compilation failed to produce executable
FAIL: objc.dg/symtab-1.m -fnext-runtime (test for excess errors)
UNRESOLVED: objc.dg/symtab-1.m -fnext-runtime scan-assembler-not L_OBJC_Symbols
FAIL: objc.dg/zero-link-1.m -fnext-runtime (test for excess errors)
UNRESOLVED: objc.dg/zero-link-1.m -fnext-runtime scan-assembler-not _OBJC_ClassRef_Base
UNRESOLVED: objc.dg/zero-link-1.m -fnext-runtime scan-assembler objc_getClass
FAIL: objc.dg/zero-link-2.m -fnext-runtime (test for excess errors)
UNRESOLVED: objc.dg/zero-link-2.m -fnext-runtime scan-assembler _OBJC_ClassRef_Base
UNRESOLVED: objc.dg/zero-link-2.m -fnext-runtime scan-assembler-not objc_getClass
FAIL: objc.dg/zero-link-3.m -fnext-runtime (test for excess errors)
WARNING: objc.dg/zero-link-3.m -fnext-runtime compilation failed to produce executable
FAIL: objc.dg/strings/const-cfstring-2.m -fnext-runtime (test for excess errors)
FAIL: objc.dg/strings/const-cfstring-5.m -fnext-runtime (test for excess errors)
FAIL: objc.dg/strings/const-str-12b.m -fnext-runtime (test for excess errors)
FAIL: objc.dg/torture/forward-1.m -O0 -fnext-runtime execution test
FAIL: objc.dg/torture/forward-1.m -O1 -fnext-runtime execution test
FAIL: objc.dg/torture/forward-1.m -O2 -fnext-runtime execution test
FAIL: objc.dg/torture/forward-1.m -O3 -fomit-frame-pointer -fnext-runtime execution test
FAIL: objc.dg/torture/forward-1.m -O3 -fomit-frame-pointer -funroll-loops -fnext-runtime execution test
FAIL: objc.dg/torture/forward-1.m -O3 -fomit-frame-pointer -funroll-all-loops -finline-functions -fnext-runtime execution test
FAIL: objc.dg/torture/forward-1.m -O3 -g -fnext-runtime execution test
FAIL: objc.dg/torture/forward-1.m -Os -fnext-runtime execution test
FAIL: objc.dg/torture/forward-1.m -O2 -flto -flto-partition=none -fnext-runtime execution test
FAIL: objc.dg/torture/forward-1.m -O2 -flto -fnext-runtime execution test
FAIL: objc.dg/torture/strings/const-cfstring-1.m -O0 -fnext-runtime (test for excess errors)
WARNING: objc.dg/torture/strings/const-cfstring-1.m -O0 -fnext-runtime compilation failed to produce executable
FAIL: objc.dg/torture/strings/const-cfstring-1.m -O1 -fnext-runtime (test for excess errors)
WARNING: objc.dg/torture/strings/const-cfstring-1.m -O1 -fnext-runtime compilation failed to produce executable
FAIL: objc.dg/torture/strings/const-cfstring-1.m -O2 -fnext-runtime (test for excess errors)
WARNING: objc.dg/torture/strings/const-cfstring-1.m -O2 -fnext-runtime compilation failed to produce executable
FAIL: objc.dg/torture/strings/const-cfstring-1.m -O3 -fomit-frame-pointer -fnext-runtime (test for excess errors)
WARNING: objc.dg/torture/strings/const-cfstring-1.m -O3 -fomit-frame-pointer -fnext-runtime compilation failed to produce executable
FAIL: objc.dg/torture/strings/const-cfstring-1.m -O3 -g -fnext-runtime (test for excess errors)
WARNING: objc.dg/torture/strings/const-cfstring-1.m -O3 -g -fnext-runtime compilation failed to produce executable
FAIL: objc.dg/torture/strings/const-cfstring-1.m -Os -fnext-runtime (test for excess errors)
WARNING: objc.dg/torture/strings/const-cfstring-1.m -Os -fnext-runtime compilation failed to produce executable
FAIL: objc.dg/torture/strings/const-cfstring-1.m -O2 -flto -flto-partition=none -fnext-runtime (test for excess errors)
WARNING: objc.dg/torture/strings/const-cfstring-1.m -O2 -flto -flto-partition=none -fnext-runtime compilation failed to produce executable
FAIL: objc.dg/torture/strings/const-cfstring-1.m -O2 -flto -fnext-runtime (test for excess errors)
WARNING: objc.dg/torture/strings/const-cfstring-1.m -O2 -flto -fnext-runtime compilation failed to produce executable
FAIL: objc.dg/torture/strings/const-str-10.m -O0 -fnext-runtime (test for excess errors)
UNRESOLVED: objc.dg/torture/strings/const-str-10.m -O0 -fnext-runtime scan-assembler .section __DATA, __objc_stringobj
UNRESOLVED: objc.dg/torture/strings/const-str-10.m -O0 -fnext-runtime scan-assembler .quad\\t_OBJC_CLASS_._NSConstantString\\n\\t.quad\\t.*\\n\\t.long\\t5\\n\\t.space
FAIL: objc.dg/torture/strings/const-str-10.m -O1 -fnext-runtime (test for excess errors)
UNRESOLVED: objc.dg/torture/strings/const-str-10.m -O1 -fnext-runtime scan-assembler .section __DATA, __objc_stringobj
UNRESOLVED: objc.dg/torture/strings/const-str-10.m -O1 -fnext-runtime scan-assembler .quad\\t_OBJC_CLASS_._NSConstantString\\n\\t.quad\\t.*\\n\\t.long\\t5\\n\\t.space
FAIL: objc.dg/torture/strings/const-str-10.m -O2 -fnext-runtime (test for excess errors)
UNRESOLVED: objc.dg/torture/strings/const-str-10.m -O2 -fnext-runtime scan-assembler .section __DATA, __objc_stringobj
UNRESOLVED: objc.dg/torture/strings/const-str-10.m -O2 -fnext-runtime scan-assembler .quad\\t_OBJC_CLASS_._NSConstantString\\n\\t.quad\\t.*\\n\\t.long\\t5\\n\\t.space
FAIL: objc.dg/torture/strings/const-str-10.m -O3 -fomit-frame-pointer -fnext-runtime (test for excess errors)
UNRESOLVED: objc.dg/torture/strings/const-str-10.m -O3 -fomit-frame-pointer -fnext-runtime scan-assembler .section __DATA, __objc_stringobj
UNRESOLVED: objc.dg/torture/strings/const-str-10.m -O3 -fomit-frame-pointer -fnext-runtime scan-assembler .quad\\t_OBJC_CLASS_._NSConstantString\\n\\t.quad\\t.*\\n\\t.long\\t5\\n\\t.space
FAIL: objc.dg/torture/strings/const-str-10.m -O3 -g -fnext-runtime (test for excess errors)
UNRESOLVED: objc.dg/torture/strings/const-str-10.m -O3 -g -fnext-runtime scan-assembler .section __DATA, __objc_stringobj
UNRESOLVED: objc.dg/torture/strings/const-str-10.m -O3 -g -fnext-runtime scan-assembler .quad\\t_OBJC_CLASS_._NSConstantString\\n\\t.quad\\t.*\\n\\t.long\\t5\\n\\t.space
FAIL: objc.dg/torture/strings/const-str-10.m -Os -fnext-runtime (test for excess errors)
UNRESOLVED: objc.dg/torture/strings/const-str-10.m -Os -fnext-runtime scan-assembler .section __DATA, __objc_stringobj
UNRESOLVED: objc.dg/torture/strings/const-str-10.m -Os -fnext-runtime scan-assembler .quad\\t_OBJC_CLASS_._NSConstantString\\n\\t.quad\\t.*\\n\\t.long\\t5\\n\\t.space
FAIL: objc.dg/torture/strings/const-str-10.m -O2 -flto -flto-partition=none -fnext-runtime (test for excess errors)
UNRESOLVED: objc.dg/torture/strings/const-str-10.m -O2 -flto -flto-partition=none -fnext-runtime scan-assembler .section __DATA, __objc_stringobj
UNRESOLVED: objc.dg/torture/strings/const-str-10.m -O2 -flto -flto-partition=none -fnext-runtime scan-assembler .quad\\t_OBJC_CLASS_._NSConstantString\\n\\t.quad\\t.*\\n\\t.long\\t5\\n\\t.space
FAIL: objc.dg/torture/strings/const-str-10.m -O2 -flto -fnext-runtime (test for excess errors)
UNRESOLVED: objc.dg/torture/strings/const-str-10.m -O2 -flto -fnext-runtime scan-assembler .section __DATA, __objc_stringobj
UNRESOLVED: objc.dg/torture/strings/const-str-10.m -O2 -flto -fnext-runtime scan-assembler .quad\\t_OBJC_CLASS_._NSConstantString\\n\\t.quad\\t.*\\n\\t.long\\t5\\n\\t.space
FAIL: objc.dg/torture/strings/const-str-11.m -O0 -fnext-runtime (test for excess errors)
UNRESOLVED: objc.dg/torture/strings/const-str-11.m -O0 -fnext-runtime scan-assembler .section __DATA, __objc_stringobj
UNRESOLVED: objc.dg/torture/strings/const-str-11.m -O0 -fnext-runtime scan-assembler .quad\\t_OBJC_CLASS_._XStr\\n\\t.quad\\t.*\\n\\t.long\\t5\\n\\t.space
FAIL: objc.dg/torture/strings/const-str-11.m -O1 -fnext-runtime (test for excess errors)
UNRESOLVED: objc.dg/torture/strings/const-str-11.m -O1 -fnext-runtime scan-assembler .section __DATA, __objc_stringobj
UNRESOLVED: objc.dg/torture/strings/const-str-11.m -O1 -fnext-runtime scan-assembler .quad\\t_OBJC_CLASS_._XStr\\n\\t.quad\\t.*\\n\\t.long\\t5\\n\\t.space
FAIL: objc.dg/torture/strings/const-str-11.m -O2 -fnext-runtime (test for excess errors)
UNRESOLVED: objc.dg/torture/strings/const-str-11.m -O2 -fnext-runtime scan-assembler .section __DATA, __objc_stringobj
UNRESOLVED: objc.dg/torture/strings/const-str-11.m -O2 -fnext-runtime scan-assembler .quad\\t_OBJC_CLASS_._XStr\\n\\t.quad\\t.*\\n\\t.long\\t5\\n\\t.space
FAIL: objc.dg/torture/strings/const-str-11.m -O3 -fomit-frame-pointer -fnext-runtime (test for excess errors)
UNRESOLVED: objc.dg/torture/strings/const-str-11.m -O3 -fomit-frame-pointer -fnext-runtime scan-assembler .section __DATA, __objc_stringobj
UNRESOLVED: objc.dg/torture/strings/const-str-11.m -O3 -fomit-frame-pointer -fnext-runtime scan-assembler .quad\\t_OBJC_CLASS_._XStr\\n\\t.quad\\t.*\\n\\t.long\\t5\\n\\t.space
FAIL: objc.dg/torture/strings/const-str-11.m -O3 -g -fnext-runtime (test for excess errors)
UNRESOLVED: objc.dg/torture/strings/const-str-11.m -O3 -g -fnext-runtime scan-assembler .section __DATA, __objc_stringobj
UNRESOLVED: objc.dg/torture/strings/const-str-11.m -O3 -g -fnext-runtime scan-assembler .quad\\t_OBJC_CLASS_._XStr\\n\\t.quad\\t.*\\n\\t.long\\t5\\n\\t.space
FAIL: objc.dg/torture/strings/const-str-11.m -Os -fnext-runtime (test for excess errors)
UNRESOLVED: objc.dg/torture/strings/const-str-11.m -Os -fnext-runtime scan-assembler .section __DATA, __objc_stringobj
UNRESOLVED: objc.dg/torture/strings/const-str-11.m -Os -fnext-runtime scan-assembler .quad\\t_OBJC_CLASS_._XStr\\n\\t.quad\\t.*\\n\\t.long\\t5\\n\\t.space
FAIL: objc.dg/torture/strings/const-str-11.m -O2 -flto -flto-partition=none -fnext-runtime (test for excess errors)
UNRESOLVED: objc.dg/torture/strings/const-str-11.m -O2 -flto -flto-partition=none -fnext-runtime scan-assembler .section __DATA, __objc_stringobj
UNRESOLVED: objc.dg/torture/strings/const-str-11.m -O2 -flto -flto-partition=none -fnext-runtime scan-assembler .quad\\t_OBJC_CLASS_._XStr\\n\\t.quad\\t.*\\n\\t.long\\t5\\n\\t.space
FAIL: objc.dg/torture/strings/const-str-11.m -O2 -flto -fnext-runtime (test for excess errors)
UNRESOLVED: objc.dg/torture/strings/const-str-11.m -O2 -flto -fnext-runtime scan-assembler .section __DATA, __objc_stringobj
UNRESOLVED: objc.dg/torture/strings/const-str-11.m -O2 -flto -fnext-runtime scan-assembler .quad\\t_OBJC_CLASS_._XStr\\n\\t.quad\\t.*\\n\\t.long\\t5\\n\\t.space
FAIL: objc.dg/torture/strings/const-str-9.m -O0 -fnext-runtime (test for excess errors)
UNRESOLVED: objc.dg/torture/strings/const-str-9.m -O0 -fnext-runtime scan-assembler .section __DATA, __objc_stringobj
UNRESOLVED: objc.dg/torture/strings/const-str-9.m -O0 -fnext-runtime scan-assembler .quad\\t_OBJC_CLASS_._NSConstantString\\n\\t.quad\\t.*\\n\\t.long\\t5\\n\\t.space
FAIL: objc.dg/torture/strings/const-str-9.m -O1 -fnext-runtime (test for excess errors)
UNRESOLVED: objc.dg/torture/strings/const-str-9.m -O1 -fnext-runtime scan-assembler .section __DATA, __objc_stringobj
UNRESOLVED: objc.dg/torture/strings/const-str-9.m -O1 -fnext-runtime scan-assembler .quad\\t_OBJC_CLASS_._NSConstantString\\n\\t.quad\\t.*\\n\\t.long\\t5\\n\\t.space
FAIL: objc.dg/torture/strings/const-str-9.m -O2 -fnext-runtime (test for excess errors)
UNRESOLVED: objc.dg/torture/strings/const-str-9.m -O2 -fnext-runtime scan-assembler .section __DATA, __objc_stringobj
UNRESOLVED: objc.dg/torture/strings/const-str-9.m -O2 -fnext-runtime scan-assembler .quad\\t_OBJC_CLASS_._NSConstantString\\n\\t.quad\\t.*\\n\\t.long\\t5\\n\\t.space
FAIL: objc.dg/torture/strings/const-str-9.m -O3 -fomit-frame-pointer -fnext-runtime (test for excess errors)
UNRESOLVED: objc.dg/torture/strings/const-str-9.m -O3 -fomit-frame-pointer -fnext-runtime scan-assembler .section __DATA, __objc_stringobj
UNRESOLVED: objc.dg/torture/strings/const-str-9.m -O3 -fomit-frame-pointer -fnext-runtime scan-assembler .quad\\t_OBJC_CLASS_._NSConstantString\\n\\t.quad\\t.*\\n\\t.long\\t5\\n\\t.space
FAIL: objc.dg/torture/strings/const-str-9.m -O3 -g -fnext-runtime (test for excess errors)
UNRESOLVED: objc.dg/torture/strings/const-str-9.m -O3 -g -fnext-runtime scan-assembler .section __DATA, __objc_stringobj
UNRESOLVED: objc.dg/torture/strings/const-str-9.m -O3 -g -fnext-runtime scan-assembler .quad\\t_OBJC_CLASS_._NSConstantString\\n\\t.quad\\t.*\\n\\t.long\\t5\\n\\t.space
FAIL: objc.dg/torture/strings/const-str-9.m -Os -fnext-runtime (test for excess errors)
UNRESOLVED: objc.dg/torture/strings/const-str-9.m -Os -fnext-runtime scan-assembler .section __DATA, __objc_stringobj
UNRESOLVED: objc.dg/torture/strings/const-str-9.m -Os -fnext-runtime scan-assembler .quad\\t_OBJC_CLASS_._NSConstantString\\n\\t.quad\\t.*\\n\\t.long\\t5\\n\\t.space
FAIL: objc.dg/torture/strings/const-str-9.m -O2 -flto -flto-partition=none -fnext-runtime (test for excess errors)
UNRESOLVED: objc.dg/torture/strings/const-str-9.m -O2 -flto -flto-partition=none -fnext-runtime scan-assembler .section __DATA, __objc_stringobj
UNRESOLVED: objc.dg/torture/strings/const-str-9.m -O2 -flto -flto-partition=none -fnext-runtime scan-assembler .quad\\t_OBJC_CLASS_._NSConstantString\\n\\t.quad\\t.*\\n\\t.long\\t5\\n\\t.space
FAIL: objc.dg/torture/strings/const-str-9.m -O2 -flto -fnext-runtime (test for excess errors)
UNRESOLVED: objc.dg/torture/strings/const-str-9.m -O2 -flto -fnext-runtime scan-assembler .section __DATA, __objc_stringobj
UNRESOLVED: objc.dg/torture/strings/const-str-9.m -O2 -flto -fnext-runtime scan-assembler .quad\\t_OBJC_CLASS_._NSConstantString\\n\\t.quad\\t.*\\n\\t.long\\t5\\n\\t.space
FAIL: objc/execute/formal_protocol-5.m compilation, -O0 -fnext-runtime
UNRESOLVED: objc/execute/formal_protocol-5.m execution, -O0 -fnext-runtime
FAIL: objc/execute/formal_protocol-5.m compilation, -O1 -fnext-runtime
UNRESOLVED: objc/execute/formal_protocol-5.m execution, -O1 -fnext-runtime
FAIL: objc/execute/formal_protocol-5.m compilation, -O2 -fnext-runtime
UNRESOLVED: objc/execute/formal_protocol-5.m execution, -O2 -fnext-runtime
FAIL: objc/execute/formal_protocol-5.m compilation, -O3 -fomit-frame-pointer -fnext-runtime
UNRESOLVED: objc/execute/formal_protocol-5.m execution, -O3 -fomit-frame-pointer -fnext-runtime
FAIL: objc/execute/formal_protocol-5.m compilation, -O3 -g -fnext-runtime
UNRESOLVED: objc/execute/formal_protocol-5.m execution, -O3 -g -fnext-runtime
FAIL: objc/execute/formal_protocol-5.m compilation, -Os -fnext-runtime
UNRESOLVED: objc/execute/formal_protocol-5.m execution, -Os -fnext-runtime
FAIL: objc/execute/formal_protocol-6.m compilation, -O0 -fnext-runtime
UNRESOLVED: objc/execute/formal_protocol-6.m execution, -O0 -fnext-runtime
FAIL: objc/execute/formal_protocol-6.m compilation, -O1 -fnext-runtime
UNRESOLVED: objc/execute/formal_protocol-6.m execution, -O1 -fnext-runtime
FAIL: objc/execute/formal_protocol-6.m compilation, -O2 -fnext-runtime
UNRESOLVED: objc/execute/formal_protocol-6.m execution, -O2 -fnext-runtime
FAIL: objc/execute/formal_protocol-6.m compilation, -O3 -fomit-frame-pointer -fnext-runtime
UNRESOLVED: objc/execute/formal_protocol-6.m execution, -O3 -fomit-frame-pointer -fnext-runtime
FAIL: objc/execute/formal_protocol-6.m compilation, -O3 -g -fnext-runtime
UNRESOLVED: objc/execute/formal_protocol-6.m execution, -O3 -g -fnext-runtime
FAIL: objc/execute/formal_protocol-6.m compilation, -Os -fnext-runtime
UNRESOLVED: objc/execute/formal_protocol-6.m execution, -Os -fnext-runtime
FAIL: objc/execute/formal_protocol-7.m compilation, -O0 -fnext-runtime
UNRESOLVED: objc/execute/formal_protocol-7.m execution, -O0 -fnext-runtime
FAIL: objc/execute/formal_protocol-7.m compilation, -O1 -fnext-runtime
UNRESOLVED: objc/execute/formal_protocol-7.m execution, -O1 -fnext-runtime
FAIL: objc/execute/formal_protocol-7.m compilation, -O2 -fnext-runtime
UNRESOLVED: objc/execute/formal_protocol-7.m execution, -O2 -fnext-runtime
FAIL: objc/execute/formal_protocol-7.m compilation, -O3 -fomit-frame-pointer -fnext-runtime
UNRESOLVED: objc/execute/formal_protocol-7.m execution, -O3 -fomit-frame-pointer -fnext-runtime
FAIL: objc/execute/formal_protocol-7.m compilation, -O3 -g -fnext-runtime
UNRESOLVED: objc/execute/formal_protocol-7.m execution, -O3 -g -fnext-runtime
FAIL: objc/execute/formal_protocol-7.m compilation, -Os -fnext-runtime
UNRESOLVED: objc/execute/formal_protocol-7.m execution, -Os -fnext-runtime
FAIL: objc/execute/protocol-isEqual-1.m compilation, -O0 -fnext-runtime
UNRESOLVED: objc/execute/protocol-isEqual-1.m execution, -O0 -fnext-runtime
FAIL: objc/execute/protocol-isEqual-1.m compilation, -O1 -fnext-runtime
UNRESOLVED: objc/execute/protocol-isEqual-1.m execution, -O1 -fnext-runtime
FAIL: objc/execute/protocol-isEqual-1.m compilation, -O2 -fnext-runtime
UNRESOLVED: objc/execute/protocol-isEqual-1.m execution, -O2 -fnext-runtime
FAIL: objc/execute/protocol-isEqual-1.m compilation, -O3 -fomit-frame-pointer -fnext-runtime
UNRESOLVED: objc/execute/protocol-isEqual-1.m execution, -O3 -fomit-frame-pointer -fnext-runtime
FAIL: objc/execute/protocol-isEqual-1.m compilation, -O3 -g -fnext-runtime
UNRESOLVED: objc/execute/protocol-isEqual-1.m execution, -O3 -g -fnext-runtime
FAIL: objc/execute/protocol-isEqual-1.m compilation, -Os -fnext-runtime
UNRESOLVED: objc/execute/protocol-isEqual-1.m execution, -Os -fnext-runtime
FAIL: objc/execute/protocol-isEqual-2.m compilation, -O0 -fnext-runtime
UNRESOLVED: objc/execute/protocol-isEqual-2.m execution, -O0 -fnext-runtime
FAIL: objc/execute/protocol-isEqual-2.m compilation, -O1 -fnext-runtime
UNRESOLVED: objc/execute/protocol-isEqual-2.m execution, -O1 -fnext-runtime
FAIL: objc/execute/protocol-isEqual-2.m compilation, -O2 -fnext-runtime
UNRESOLVED: objc/execute/protocol-isEqual-2.m execution, -O2 -fnext-runtime
FAIL: objc/execute/protocol-isEqual-2.m compilation, -O3 -fomit-frame-pointer -fnext-runtime
UNRESOLVED: objc/execute/protocol-isEqual-2.m execution, -O3 -fomit-frame-pointer -fnext-runtime
FAIL: objc/execute/protocol-isEqual-2.m compilation, -O3 -g -fnext-runtime
UNRESOLVED: objc/execute/protocol-isEqual-2.m execution, -O3 -g -fnext-runtime
FAIL: objc/execute/protocol-isEqual-2.m compilation, -Os -fnext-runtime
UNRESOLVED: objc/execute/protocol-isEqual-2.m execution, -Os -fnext-runtime
FAIL: objc/execute/protocol-isEqual-3.m compilation, -O0 -fnext-runtime
UNRESOLVED: objc/execute/protocol-isEqual-3.m execution, -O0 -fnext-runtime
FAIL: objc/execute/protocol-isEqual-3.m compilation, -O1 -fnext-runtime
UNRESOLVED: objc/execute/protocol-isEqual-3.m execution, -O1 -fnext-runtime
FAIL: objc/execute/protocol-isEqual-3.m compilation, -O2 -fnext-runtime
UNRESOLVED: objc/execute/protocol-isEqual-3.m execution, -O2 -fnext-runtime
FAIL: objc/execute/protocol-isEqual-3.m compilation, -O3 -fomit-frame-pointer -fnext-runtime
UNRESOLVED: objc/execute/protocol-isEqual-3.m execution, -O3 -fomit-frame-pointer -fnext-runtime
FAIL: objc/execute/protocol-isEqual-3.m compilation, -O3 -g -fnext-runtime
UNRESOLVED: objc/execute/protocol-isEqual-3.m execution, -O3 -g -fnext-runtime
FAIL: objc/execute/protocol-isEqual-3.m compilation, -Os -fnext-runtime
UNRESOLVED: objc/execute/protocol-isEqual-3.m execution, -Os -fnext-runtime
FAIL: objc/execute/protocol-isEqual-4.m compilation, -O0 -fnext-runtime
UNRESOLVED: objc/execute/protocol-isEqual-4.m execution, -O0 -fnext-runtime
FAIL: objc/execute/protocol-isEqual-4.m compilation, -O1 -fnext-runtime
UNRESOLVED: objc/execute/protocol-isEqual-4.m execution, -O1 -fnext-runtime
FAIL: objc/execute/protocol-isEqual-4.m compilation, -O2 -fnext-runtime
UNRESOLVED: objc/execute/protocol-isEqual-4.m execution, -O2 -fnext-runtime
FAIL: objc/execute/protocol-isEqual-4.m compilation, -O3 -fomit-frame-pointer -fnext-runtime
UNRESOLVED: objc/execute/protocol-isEqual-4.m execution, -O3 -fomit-frame-pointer -fnext-runtime
FAIL: objc/execute/protocol-isEqual-4.m compilation, -O3 -g -fnext-runtime
UNRESOLVED: objc/execute/protocol-isEqual-4.m execution, -O3 -g -fnext-runtime
FAIL: objc/execute/protocol-isEqual-4.m compilation, -Os -fnext-runtime
UNRESOLVED: objc/execute/protocol-isEqual-4.m execution, -Os -fnext-runtime
=== objc Summary for unix/-m64 ===
# of expected passes 5727
# of unexpected failures 106
# of expected failures 6
# of unresolved testcases 98
# of unsupported tests 91
=== objc Summary ===
# of expected passes 11712
# of unexpected failures 155
# of expected failures 12
# of unresolved testcases 154
# of unsupported tests 176
/Users/fx/Downloads/ibin48/gcc/xgcc version 4.8.3 (GCC)
=== boehm-gc tests ===
Running target unix/-m32
=== boehm-gc Summary for unix/-m32 ===
# of expected passes 12
# of unsupported tests 1
Running target unix/-m64
=== boehm-gc Summary for unix/-m64 ===
# of expected passes 12
# of unsupported tests 1
=== boehm-gc Summary ===
# of expected passes 24
# of unsupported tests 2
=== libffi tests ===
Running target unix/-m32
=== libffi Summary for unix/-m32 ===
# of expected passes 1819
# of unsupported tests 55
Running target unix/-m64
=== libffi Summary for unix/-m64 ===
# of expected passes 1819
# of unsupported tests 55
=== libffi Summary ===
# of expected passes 3638
# of unsupported tests 110
=== libgomp tests ===
Running target unix/-m32
=== libgomp Summary for unix/-m32 ===
# of expected passes 3001
# of unsupported tests 3
Running target unix/-m64
=== libgomp Summary for unix/-m64 ===
# of expected passes 3001
# of unsupported tests 3
=== libgomp Summary ===
# of expected passes 6002
# of unsupported tests 6
=== libjava tests ===
Running target unix/-m32
=== libjava Summary for unix/-m32 ===
# of expected passes 2582
# of expected failures 4
Running target unix/-m64
FAIL: Throw_2 execution - source compiled test
FAIL: Throw_2 -findirect-dispatch execution - source compiled test
FAIL: Throw_2 -O3 execution - source compiled test
FAIL: Throw_2 -O3 -findirect-dispatch execution - source compiled test
=== libjava Summary for unix/-m64 ===
# of expected passes 2574
# of unexpected failures 4
# of expected failures 4
# of untested testcases 4
=== libjava Summary ===
# of expected passes 5156
# of unexpected failures 4
# of expected failures 8
# of untested testcases 4
=== libstdc++ tests ===
Running target unix/-m32
=== libstdc++ Summary for unix/-m32 ===
# of expected passes 8238
# of expected failures 45
# of unsupported tests 640
Running target unix/-m64
=== libstdc++ Summary for unix/-m64 ===
# of expected passes 8236
# of expected failures 45
# of unsupported tests 641
=== libstdc++ Summary ===
# of expected passes 16474
# of expected failures 90
# of unsupported tests 1281
Compiler version: 4.8.3 (GCC)
Platform: x86_64-apple-darwin14.0.0
configure flags: --prefix=/opt/gcc-4.8.3 --with-gmp=/opt/gcc-deps/gmp --enable-languages=c,c++,fortran,java,objc,obj-c++,lto