This is the mail archive of the
gcc-testresults@gcc.gnu.org
mailing list for the GCC project.
Results for 5.0.0 20141210 (experimental) [trunk revision 218612] (GCC) testsuite on i686-pc-linux-gnu
- From: ia32corei7 at gnu-34 dot sc dot intel dot com (H.J. Lu (ia32 Core i7))
- To: gcc-testresults at gcc dot gnu dot org
- Date: Wed, 10 Dec 2014 17:00:22 -0800
- Subject: Results for 5.0.0 20141210 (experimental) [trunk revision 218612] (GCC) testsuite on i686-pc-linux-gnu
- Authentication-results: sourceware.org; auth=none
Native configuration is i686-pc-linux-gnu
=== gcc tests ===
Running target unix
FAIL: gcc.dg/undefined-loop-2.c (test for warnings, line 18)
XPASS: gcc.dg/guality/example.c -O0 execution test
XPASS: gcc.dg/guality/example.c -O1 execution test
XPASS: gcc.dg/guality/guality.c -O0 execution test
XPASS: gcc.dg/guality/guality.c -O1 execution test
XPASS: gcc.dg/guality/guality.c -O2 execution test
XPASS: gcc.dg/guality/guality.c -O2 -flto -fno-use-linker-plugin -flto-partition=none execution test
XPASS: gcc.dg/guality/guality.c -O2 -flto -fuse-linker-plugin -fno-fat-lto-objects execution test
XPASS: gcc.dg/guality/guality.c -O3 -fomit-frame-pointer execution test
XPASS: gcc.dg/guality/guality.c -O3 -g execution test
XPASS: gcc.dg/guality/guality.c -Os execution test
XPASS: gcc.dg/guality/inline-params.c -O2 execution test
XPASS: gcc.dg/guality/inline-params.c -O2 -flto -fno-use-linker-plugin -flto-partition=none execution test
XPASS: gcc.dg/guality/inline-params.c -O3 -fomit-frame-pointer execution test
XPASS: gcc.dg/guality/inline-params.c -O3 -g execution test
XPASS: gcc.dg/guality/inline-params.c -Os execution test
XPASS: gcc.dg/guality/pr41353-1.c -O0 line 28 j == 28 + 37
XPASS: gcc.dg/guality/pr41353-1.c -Os line 28 j == 28 + 37
XPASS: gcc.dg/guality/pr41447-1.c -O0 execution test
XPASS: gcc.dg/guality/pr41447-1.c -O1 execution test
XPASS: gcc.dg/guality/pr41447-1.c -O2 -flto -fuse-linker-plugin -fno-fat-lto-objects execution test
XPASS: gcc.dg/guality/pr41447-1.c -Os execution test
XPASS: gcc.dg/guality/pr41616-1.c -O0 execution test
XPASS: gcc.dg/guality/pr41616-1.c -O1 execution test
XPASS: gcc.dg/guality/pr41616-1.c -O2 execution test
XPASS: gcc.dg/guality/pr41616-1.c -O2 -flto -fno-use-linker-plugin -flto-partition=none execution test
XPASS: gcc.dg/guality/pr41616-1.c -O3 -fomit-frame-pointer execution test
XPASS: gcc.dg/guality/pr41616-1.c -O3 -g execution test
XPASS: gcc.dg/guality/pr41616-1.c -Os execution test
FAIL: gcc.dg/guality/pr43479.c -O1 line 13 h == 9
FAIL: gcc.dg/guality/pr43479.c -O1 line 18 h == 9
FAIL: gcc.dg/guality/pr43479.c -O2 line 13 h == 9
FAIL: gcc.dg/guality/pr43479.c -O2 line 18 h == 9
FAIL: gcc.dg/guality/pr43479.c -O2 -flto -fno-use-linker-plugin -flto-partition=none line 13 h == 9
FAIL: gcc.dg/guality/pr43479.c -O2 -flto -fno-use-linker-plugin -flto-partition=none line 18 h == 9
FAIL: gcc.dg/guality/pr43479.c -O2 -flto -fuse-linker-plugin -fno-fat-lto-objects line 13 h == 9
FAIL: gcc.dg/guality/pr43479.c -O2 -flto -fuse-linker-plugin -fno-fat-lto-objects line 18 h == 9
FAIL: gcc.dg/guality/pr43479.c -O3 -fomit-frame-pointer line 13 h == 9
FAIL: gcc.dg/guality/pr43479.c -O3 -fomit-frame-pointer line 18 h == 9
FAIL: gcc.dg/guality/pr43479.c -O3 -g line 13 h == 9
FAIL: gcc.dg/guality/pr43479.c -O3 -g line 18 h == 9
FAIL: gcc.dg/guality/pr43479.c -Os line 13 h == 9
FAIL: gcc.dg/guality/pr43479.c -Os line 18 h == 9
FAIL: gcc.dg/guality/pr45882.c -O2 -flto -fuse-linker-plugin -fno-fat-lto-objects line 16 d == 112
FAIL: gcc.dg/guality/pr45882.c -O2 -flto -fuse-linker-plugin -fno-fat-lto-objects line 16 e == 142
FAIL: gcc.dg/guality/pr54200.c -O2 -flto -fuse-linker-plugin -fno-fat-lto-objects line 20 z == 3
FAIL: gcc.dg/guality/pr54519-1.c -O2 -flto -fno-use-linker-plugin -flto-partition=none line 20 y == 25
FAIL: gcc.dg/guality/pr54519-1.c -O2 -flto -fno-use-linker-plugin -flto-partition=none line 20 z == 6
FAIL: gcc.dg/guality/pr54519-1.c -O2 -flto -fno-use-linker-plugin -flto-partition=none line 23 y == 117
FAIL: gcc.dg/guality/pr54519-1.c -O2 -flto -fno-use-linker-plugin -flto-partition=none line 23 z == 8
FAIL: gcc.dg/guality/pr54519-2.c -O2 -flto -fno-use-linker-plugin -flto-partition=none line 17 y == 25
FAIL: gcc.dg/guality/pr54519-2.c -O2 -flto -fuse-linker-plugin -fno-fat-lto-objects line 17 y == 25
FAIL: gcc.dg/guality/pr54519-3.c -O2 -flto -fno-use-linker-plugin -flto-partition=none line 20 y == 25
FAIL: gcc.dg/guality/pr54519-3.c -O2 -flto -fno-use-linker-plugin -flto-partition=none line 20 z == 6
FAIL: gcc.dg/guality/pr54519-3.c -O2 -flto -fno-use-linker-plugin -flto-partition=none line 23 y == 117
FAIL: gcc.dg/guality/pr54519-3.c -O2 -flto -fno-use-linker-plugin -flto-partition=none line 23 z == 8
FAIL: gcc.dg/guality/pr54519-3.c -O2 -flto -fuse-linker-plugin -fno-fat-lto-objects line 20 y == 25
FAIL: gcc.dg/guality/pr54519-3.c -O2 -flto -fuse-linker-plugin -fno-fat-lto-objects line 20 z == 6
FAIL: gcc.dg/guality/pr54519-3.c -O2 -flto -fuse-linker-plugin -fno-fat-lto-objects line 23 y == 117
FAIL: gcc.dg/guality/pr54519-3.c -O2 -flto -fuse-linker-plugin -fno-fat-lto-objects line 23 z == 8
FAIL: gcc.dg/guality/pr54519-4.c -O2 -flto -fno-use-linker-plugin -flto-partition=none line 17 y == 25
FAIL: gcc.dg/guality/pr54519-4.c -O2 -flto -fuse-linker-plugin -fno-fat-lto-objects line 17 y == 25
FAIL: gcc.dg/guality/pr54519-5.c -O2 -flto -fno-use-linker-plugin -flto-partition=none line 17 y == 25
FAIL: gcc.dg/guality/pr54519-5.c -O2 -flto -fuse-linker-plugin -fno-fat-lto-objects line 17 y == 25
FAIL: gcc.dg/guality/pr54970.c -Os line 15 a[0] == 1
FAIL: gcc.dg/guality/pr54970.c -Os line 20 a[0] == 1
FAIL: gcc.dg/guality/pr54970.c -Os line 25 a[0] == 1
FAIL: gcc.dg/guality/pr54970.c -Os line 31 a[0] == 4
FAIL: gcc.dg/guality/pr54970.c -Os line 36 a[0] == 4
FAIL: gcc.dg/guality/pr54970.c -Os line 45 a[0] == 4
FAIL: gcc.dg/guality/pr54970.c -Os line 45 p[-2] == 4
FAIL: gcc.dg/guality/pr54970.c -Os line 45 q[-1] == 4
FAIL: gcc.dg/guality/sra-1.c -O2 line 32 a[0] == 4
FAIL: gcc.dg/guality/sra-1.c -O2 line 43 a.i == 4
FAIL: gcc.dg/guality/sra-1.c -O2 -flto -fno-use-linker-plugin -flto-partition=none line 21 a.i == 4
FAIL: gcc.dg/guality/sra-1.c -O2 -flto -fno-use-linker-plugin -flto-partition=none line 43 a.i == 4
FAIL: gcc.dg/guality/sra-1.c -O2 -flto -fuse-linker-plugin -fno-fat-lto-objects line 21 a.i == 4
FAIL: gcc.dg/guality/sra-1.c -O3 -fomit-frame-pointer line 32 a[0] == 4
FAIL: gcc.dg/guality/sra-1.c -O3 -fomit-frame-pointer line 43 a.i == 4
FAIL: gcc.dg/guality/sra-1.c -O3 -g line 32 a[0] == 4
FAIL: gcc.dg/guality/sra-1.c -O3 -g line 43 a.i == 4
FAIL: gcc.dg/guality/sra-1.c -Os line 32 a[0] == 4
FAIL: gcc.dg/guality/sra-1.c -Os line 43 a.i == 4
FAIL: gcc.dg/lto/pr55113 c_lto_pr55113_0.o assemble, -flto -fshort-double -O0 (internal compiler error)
UNRESOLVED: gcc.dg/lto/pr55113 c_lto_pr55113_0.o-c_lto_pr55113_0.o execute -flto -fshort-double -O0
UNRESOLVED: gcc.dg/lto/pr55113 c_lto_pr55113_0.o-c_lto_pr55113_0.o link -flto -fshort-double -O0
FAIL: gcc.dg/torture/fp-int-convert-float128-timode.c -O0 execution test
FAIL: gcc.dg/torture/fp-int-convert-float128-timode.c -O1 execution test
FAIL: gcc.dg/torture/fp-int-convert-float128-timode.c -O2 execution test
FAIL: gcc.dg/torture/fp-int-convert-float128-timode.c -O2 -flto -fno-use-linker-plugin -flto-partition=none execution test
FAIL: gcc.dg/torture/fp-int-convert-float128-timode.c -O2 -flto -fuse-linker-plugin -fno-fat-lto-objects execution test
FAIL: gcc.dg/torture/fp-int-convert-float128-timode.c -O3 -fomit-frame-pointer execution test
FAIL: gcc.dg/torture/fp-int-convert-float128-timode.c -O3 -g execution test
FAIL: gcc.dg/torture/fp-int-convert-float128-timode.c -Os execution test
FAIL: gcc.dg/torture/fp-int-convert-float128.c -O0 execution test
FAIL: gcc.dg/torture/fp-int-convert-float128.c -O1 execution test
FAIL: gcc.dg/torture/fp-int-convert-float128.c -O2 execution test
FAIL: gcc.dg/torture/fp-int-convert-float128.c -O2 -flto -fno-use-linker-plugin -flto-partition=none execution test
FAIL: gcc.dg/torture/fp-int-convert-float128.c -O2 -flto -fuse-linker-plugin -fno-fat-lto-objects execution test
FAIL: gcc.dg/torture/fp-int-convert-float128.c -O3 -fomit-frame-pointer execution test
FAIL: gcc.dg/torture/fp-int-convert-float128.c -O3 -g execution test
FAIL: gcc.dg/torture/fp-int-convert-float128.c -Os execution test
FAIL: gcc.target/i386/funcspec-5.c (test for excess errors)
FAIL: gcc.target/i386/pr49095.c scan-assembler-not test[lq]
=== gcc Summary ===
# of expected passes 113902
# of unexpected failures 74
# of unexpected successes 28
# of expected failures 319
# of unresolved testcases 2
# of unsupported tests 1674
/export/gnu/import/git/gcc-test-ia32corei7/bld/gcc/xgcc version 5.0.0 20141210 (experimental) [trunk revision 218612] (GCC)
=== gfortran tests ===
Running target unix
FAIL: gfortran.dg/erf_3.F90 -O0 execution test
FAIL: gfortran.dg/erf_3.F90 -O1 execution test
FAIL: gfortran.dg/erf_3.F90 -O2 execution test
FAIL: gfortran.dg/erf_3.F90 -O3 -fomit-frame-pointer execution test
FAIL: gfortran.dg/erf_3.F90 -O3 -fomit-frame-pointer -funroll-all-loops -finline-functions execution test
FAIL: gfortran.dg/erf_3.F90 -O3 -fomit-frame-pointer -funroll-loops execution test
FAIL: gfortran.dg/erf_3.F90 -O3 -g execution test
FAIL: gfortran.dg/erf_3.F90 -Os execution test
=== gfortran Summary ===
# of expected passes 46585
# of unexpected failures 8
# of expected failures 47
# of unsupported tests 205
/export/gnu/import/git/gcc-test-ia32corei7/bld/gcc/testsuite/gfortran/../../gfortran version 5.0.0 20141210 (experimental) [trunk revision 218612] (GCC)
=== g++ tests ===
Running target unix
FAIL: g++.dg/ipa/pr64059.C -std=gnu++11 (internal compiler error)
FAIL: g++.dg/ipa/pr64059.C -std=gnu++11 (test for excess errors)
FAIL: g++.dg/ipa/pr64059.C -std=gnu++14 (internal compiler error)
FAIL: g++.dg/ipa/pr64059.C -std=gnu++14 (test for excess errors)
FAIL: g++.dg/ipa/pr64059.C -std=gnu++98 (internal compiler error)
FAIL: g++.dg/ipa/pr64059.C -std=gnu++98 (test for excess errors)
FAIL: g++.dg/guality/pr55665.C -O2 line 23 p == 40
FAIL: g++.dg/guality/pr55665.C -O3 -fomit-frame-pointer line 23 p == 40
FAIL: g++.dg/guality/pr55665.C -O3 -g line 23 p == 40
FAIL: g++.dg/lto/20081119 cp_lto_20081119_0.o assemble, -O0 -flto -flto-partition=1to1 -fno-use-linker-plugin (internal compiler error)
FAIL: g++.dg/lto/20081119 cp_lto_20081119_0.o assemble, -O0 -flto -flto-partition=none -fuse-linker-plugin (internal compiler error)
FAIL: g++.dg/lto/20081119 cp_lto_20081119_0.o assemble, -O0 -flto -fuse-linker-plugin -fno-fat-lto-objects (internal compiler error)
UNRESOLVED: g++.dg/lto/20081119 cp_lto_20081119_0.o-cp_lto_20081119_1.o execute -O0 -flto -flto-partition=1to1 -fno-use-linker-plugin
UNRESOLVED: g++.dg/lto/20081119 cp_lto_20081119_0.o-cp_lto_20081119_1.o execute -O0 -flto -flto-partition=none -fuse-linker-plugin
UNRESOLVED: g++.dg/lto/20081119 cp_lto_20081119_0.o-cp_lto_20081119_1.o execute -O0 -flto -fuse-linker-plugin -fno-fat-lto-objects
UNRESOLVED: g++.dg/lto/20081119 cp_lto_20081119_0.o-cp_lto_20081119_1.o link -O0 -flto -flto-partition=1to1 -fno-use-linker-plugin
UNRESOLVED: g++.dg/lto/20081119 cp_lto_20081119_0.o-cp_lto_20081119_1.o link -O0 -flto -flto-partition=none -fuse-linker-plugin
UNRESOLVED: g++.dg/lto/20081119 cp_lto_20081119_0.o-cp_lto_20081119_1.o link -O0 -flto -fuse-linker-plugin -fno-fat-lto-objects
FAIL: g++.dg/lto/20081119 cp_lto_20081119_1.o assemble, -O0 -flto -flto-partition=1to1 -fno-use-linker-plugin (internal compiler error)
FAIL: g++.dg/lto/20081119 cp_lto_20081119_1.o assemble, -O0 -flto -flto-partition=none -fuse-linker-plugin (internal compiler error)
FAIL: g++.dg/lto/20081119 cp_lto_20081119_1.o assemble, -O0 -flto -fuse-linker-plugin -fno-fat-lto-objects (internal compiler error)
FAIL: g++.dg/lto/20081211-1 cp_lto_20081211-1_0.o assemble, -O0 -flto -flto-partition=1to1 -fno-use-linker-plugin (internal compiler error)
FAIL: g++.dg/lto/20081211-1 cp_lto_20081211-1_0.o assemble, -O0 -flto -flto-partition=none -fuse-linker-plugin (internal compiler error)
FAIL: g++.dg/lto/20081211-1 cp_lto_20081211-1_0.o assemble, -O0 -flto -fuse-linker-plugin -fno-fat-lto-objects (internal compiler error)
UNRESOLVED: g++.dg/lto/20081211-1 cp_lto_20081211-1_0.o-cp_lto_20081211-1_1.o execute -O0 -flto -flto-partition=1to1 -fno-use-linker-plugin
UNRESOLVED: g++.dg/lto/20081211-1 cp_lto_20081211-1_0.o-cp_lto_20081211-1_1.o execute -O0 -flto -flto-partition=none -fuse-linker-plugin
UNRESOLVED: g++.dg/lto/20081211-1 cp_lto_20081211-1_0.o-cp_lto_20081211-1_1.o execute -O0 -flto -fuse-linker-plugin -fno-fat-lto-objects
UNRESOLVED: g++.dg/lto/20081211-1 cp_lto_20081211-1_0.o-cp_lto_20081211-1_1.o link -O0 -flto -flto-partition=1to1 -fno-use-linker-plugin
UNRESOLVED: g++.dg/lto/20081211-1 cp_lto_20081211-1_0.o-cp_lto_20081211-1_1.o link -O0 -flto -flto-partition=none -fuse-linker-plugin
UNRESOLVED: g++.dg/lto/20081211-1 cp_lto_20081211-1_0.o-cp_lto_20081211-1_1.o link -O0 -flto -fuse-linker-plugin -fno-fat-lto-objects
FAIL: g++.dg/lto/pr45621 cp_lto_pr45621_1.o assemble, -O0 -flto -flto-partition=1to1 -fno-use-linker-plugin (internal compiler error)
FAIL: g++.dg/lto/pr45621 cp_lto_pr45621_1.o assemble, -O0 -flto -flto-partition=none -fuse-linker-plugin (internal compiler error)
FAIL: g++.dg/lto/pr45621 cp_lto_pr45621_1.o assemble, -O0 -flto -fuse-linker-plugin -fno-fat-lto-objects (internal compiler error)
FAIL: g++.dg/lto/pr52605 cp_lto_pr52605_0.o assemble, -flto -g (internal compiler error)
UNRESOLVED: g++.dg/lto/pr52605 cp_lto_pr52605_0.o-cp_lto_pr52605_0.o execute -flto -g
UNRESOLVED: g++.dg/lto/pr52605 cp_lto_pr52605_0.o-cp_lto_pr52605_0.o link -flto -g
FAIL: g++.dg/lto/v1-plugin-api-not-supported cp_lto_v1-plugin-api-not-supported_0.o assemble, -O0 -flto -flto-partition=1to1 -fno-use-linker-plugin (internal compiler error)
FAIL: g++.dg/lto/v1-plugin-api-not-supported cp_lto_v1-plugin-api-not-supported_0.o assemble, -O0 -flto -flto-partition=none -fuse-linker-plugin (internal compiler error)
FAIL: g++.dg/lto/v1-plugin-api-not-supported cp_lto_v1-plugin-api-not-supported_0.o assemble, -O0 -flto -fuse-linker-plugin -fno-fat-lto-objects (internal compiler error)
UNRESOLVED: g++.dg/lto/v1-plugin-api-not-supported cp_lto_v1-plugin-api-not-supported_0.o-cp_lto_v1-plugin-api-not-supported_0.o execute -O0 -flto -flto-partition=1to1 -fno-use-linker-plugin
UNRESOLVED: g++.dg/lto/v1-plugin-api-not-supported cp_lto_v1-plugin-api-not-supported_0.o-cp_lto_v1-plugin-api-not-supported_0.o execute -O0 -flto -flto-partition=none -fuse-linker-plugin
UNRESOLVED: g++.dg/lto/v1-plugin-api-not-supported cp_lto_v1-plugin-api-not-supported_0.o-cp_lto_v1-plugin-api-not-supported_0.o execute -O0 -flto -fuse-linker-plugin -fno-fat-lto-objects
UNRESOLVED: g++.dg/lto/v1-plugin-api-not-supported cp_lto_v1-plugin-api-not-supported_0.o-cp_lto_v1-plugin-api-not-supported_0.o link -O0 -flto -flto-partition=1to1 -fno-use-linker-plugin
UNRESOLVED: g++.dg/lto/v1-plugin-api-not-supported cp_lto_v1-plugin-api-not-supported_0.o-cp_lto_v1-plugin-api-not-supported_0.o link -O0 -flto -flto-partition=none -fuse-linker-plugin
UNRESOLVED: g++.dg/lto/v1-plugin-api-not-supported cp_lto_v1-plugin-api-not-supported_0.o-cp_lto_v1-plugin-api-not-supported_0.o link -O0 -flto -fuse-linker-plugin -fno-fat-lto-objects
XPASS: g++.dg/tls/thread_local-order2.C -std=c++11 execution test
XPASS: g++.dg/tls/thread_local-order2.C -std=c++14 execution test
=== g++ Summary ===
# of expected passes 89405
# of unexpected failures 25
# of unexpected successes 2
# of expected failures 300
# of unresolved testcases 20
# of unsupported tests 3229
/export/gnu/import/git/gcc-test-ia32corei7/bld/gcc/testsuite/g++/../../xg++ version 5.0.0 20141210 (experimental) [trunk revision 218612] (GCC)
=== objc tests ===
Running target unix
=== objc Summary ===
# of expected passes 3004
# of expected failures 6
# of unsupported tests 74
/export/gnu/import/git/gcc-test-ia32corei7/bld/gcc/xgcc version 5.0.0 20141210 (experimental) [trunk revision 218612] (GCC)
=== boehm-gc tests ===
Running target unix
=== boehm-gc Summary ===
# of expected passes 12
# of unsupported tests 1
=== libatomic tests ===
Running target unix
=== libatomic Summary ===
# of expected passes 44
# of unsupported tests 5
=== libffi tests ===
Running target unix
=== libffi Summary ===
# of expected passes 1819
# of unsupported tests 55
=== libgomp tests ===
Running target unix
=== libgomp Summary ===
# of expected passes 3698
# of unsupported tests 83
=== libitm tests ===
Running target unix
=== libitm Summary ===
# of expected passes 26
# of expected failures 3
# of unsupported tests 1
=== libjava tests ===
Running target unix
=== libjava Summary ===
# of expected passes 2582
# of expected failures 4
=== libstdc++ tests ===
Running target unix
=== libstdc++ Summary ===
# of expected passes 10386
# of expected failures 68
# of unsupported tests 225
Compiler version: 5.0.0 20141210 (experimental) [trunk revision 218612] (GCC)
Platform: i686-pc-linux-gnu
configure flags: --with-arch=corei7 --with-cpu=corei7 --prefix=/usr/5.0.0 --enable-clocale=gnu --with-system-zlib --enable-shared --with-demangler-in-ld i686-linux --with-fpmath=sse --enable-languages=c,c++,fortran,java,lto,objc