This is the mail archive of the
gcc-testresults@gcc.gnu.org
mailing list for the GCC project.
Results for 4.9.2 (GCC) testsuite on i486-sun-solaris2.11
- From: Richard PALO <richard at netbsd dot org>
- To: gcc-testresults at gcc dot gnu dot org
- Date: Wed, 03 Dec 2014 21:38:21 +0100
- Subject: Results for 4.9.2 (GCC) testsuite on i486-sun-solaris2.11
- Authentication-results: sourceware.org; auth=none
-----BEGIN PGP SIGNED MESSAGE-----
Hash: SHA1
LAST_UPDATED: Obtained from SVN: tags/gcc_4_9_2_release revision 216910
Native configuration is i486-sun-solaris2.11
=== g++ tests ===
Running target unix
FAIL: g++.dg/cilk-plus/CK/catch_exc.cc -O1 -fcilkplus execution test
FAIL: g++.dg/cilk-plus/CK/catch_exc.cc -O3 -fcilkplus execution test
FAIL: g++.dg/cilk-plus/CK/catch_exc.cc -g -fcilkplus execution test
FAIL: g++.dg/cilk-plus/CK/catch_exc.cc -g -O2 -fcilkplus execution test
FAIL: g++.dg/ipa/pr61160-3.C -std=gnu++98 execution test
FAIL: g++.dg/ipa/pr61160-3.C -std=gnu++11 execution test
FAIL: g++.dg/ipa/pr61160-3.C -std=gnu++1y execution test
=== g++ Summary ===
# of expected passes 82273
# of unexpected failures 7
# of expected failures 445
# of unsupported tests 2815
/tmp/pkgsrc/lang/gcc49/work/build/gcc/testsuite/g++/../../xg++ version 4.9.2 (GCC)
=== gcc tests ===
Running target unix
FAIL: gcc.target/i386/fma4-msubXX.c execution test
FAIL: gcc.target/i386/fma4-nmaccXX.c execution test
=== gcc Summary ===
# of expected passes 102177
# of unexpected failures 2
# of expected failures 254
# of unsupported tests 1241
/tmp/pkgsrc/lang/gcc49/work/build/gcc/xgcc version 4.9.2 (GCC)
=== gfortran tests ===
Running target unix
=== gfortran Summary ===
# of expected passes 45734
# of expected failures 52
# of unsupported tests 239
/tmp/pkgsrc/lang/gcc49/work/build/gcc/testsuite/gfortran/../../gfortran version 4.9.2 (GCC)
=== go tests ===
Running target unix
FAIL: go.test/test/fixedbugs/bug347.go execution, -O0 -g
FAIL: go.test/test/fixedbugs/bug348.go execution, -O0 -g
FAIL: go.test/test/fixedbugs/issue4562.go execution, -O2 -g
FAIL: go.test/test/fixedbugs/issue6055.go execution, -O2 -g
FAIL: go.test/test/method.go execution, -O2 -g
FAIL: go.test/test/nil.go execution, -O2 -g
FAIL: go.test/test/nilptr2.go execution, -O2 -g
FAIL: go.test/test/recover3.go execution, -O2 -g
=== go Summary ===
# of expected passes 7363
# of unexpected failures 8
# of expected failures 1
# of untested testcases 9
# of unsupported tests 2
/tmp/pkgsrc/lang/gcc49/work/build/gcc/testsuite/go/../../gccgo version 4.9.2 (GCC)
=== obj-c++ tests ===
Running target unix
=== obj-c++ Summary ===
# of expected passes 1449
# of expected failures 2
# of unsupported tests 86
/tmp/pkgsrc/lang/gcc49/work/build/gcc/testsuite/obj-c++/../../xg++ version 4.9.2 (GCC)
=== objc tests ===
Running target unix
=== objc Summary ===
# of expected passes 2988
# of expected failures 6
# of unsupported tests 74
/tmp/pkgsrc/lang/gcc49/work/build/gcc/xgcc version 4.9.2 (GCC)
=== boehm-gc tests ===
Running target unix
=== boehm-gc Summary ===
# of expected passes 12
# of unsupported tests 1
=== libatomic tests ===
Running target unix
=== libatomic Summary ===
# of expected passes 44
# of unsupported tests 5
=== libffi tests ===
Running target unix
=== libffi Summary ===
# of expected passes 1819
# of unsupported tests 55
=== libgo tests ===
Running target unix
FAIL: fmt
FAIL: net
FAIL: runtime
FAIL: time
FAIL: html/template
FAIL: log/syslog
FAIL: net/http
FAIL: runtime/pprof
FAIL: sync/atomic
=== libgo Summary for unix ===
# of expected passes 113
# of unexpected failures 9
Running target unix/-m64
FAIL: math
FAIL: time
=== libgo Summary for unix/-m64 ===
# of expected passes 120
# of unexpected failures 2
=== libgo Summary ===
# of expected passes 233
# of unexpected failures 11
/tmp/pkgsrc/lang/gcc49/work/build/./gcc/gccgo version 4.9.2 (GCC)
=== libgomp tests ===
Running target unix
=== libgomp Summary ===
# of expected passes 3241
# of unsupported tests 38
=== libitm tests ===
Running target unix
=== libitm Summary ===
# of expected passes 26
# of expected failures 3
# of unsupported tests 1
=== libjava tests ===
Running target unix
FAIL: libjava.jar/TestClosureGC.jar execution - gij test
FAIL: libjava.jar/simple.jar execution - gij test
FAIL: PR15133 execution - gij test
FAIL: PR18116 execution - gij test
FAIL: PR28178 execution - gij test
FAIL: bytebuffer execution - gij test
FAIL: calls execution - gij test
FAIL: cxxtest execution - gij test
FAIL: directbuffer execution - gij test
FAIL: field execution - gij test
FAIL: final_method execution - gij test
FAIL: findclass execution - gij test
FAIL: findclass2 execution - gij test
FAIL: iface execution - gij test
FAIL: init execution - gij test
FAIL: invoke execution - gij test
FAIL: jniutf execution - gij test
FAIL: martin execution - gij test
FAIL: noclass execution - gij test
FAIL: overload execution - gij test
FAIL: pr11951 execution - gij test
FAIL: pr18278 execution - gij test
FAIL: pr23739 execution - gij test
FAIL: register execution - gij test
FAIL: register2 execution - gij test
FAIL: simple_int execution - gij test
FAIL: throwit execution - gij test
FAIL: virtual execution - gij test
FAIL: PR16923.c compilation
FAIL: pr29812 execution - gij test
FAIL: getargssize run
FAIL: getlocalvartable run
FAIL: getstacktrace run
FAIL: Throw_2 execution - source compiled test
FAIL: Throw_2 -findirect-dispatch execution - source compiled test
FAIL: Throw_2 -O3 execution - source compiled test
FAIL: Throw_2 -O3 -findirect-dispatch execution - source compiled test
=== libjava Summary ===
# of expected passes 2511
# of unexpected failures 37
# of expected failures 4
# of untested testcases 36
=== libstdc++ tests ===
Running target unix
=== libstdc++ Summary ===
# of expected passes 8997
# of expected failures 41
# of unsupported tests 598
Compiler version: 4.9.2 (GCC)
Platform: i486-sun-solaris2.11
configure flags: --enable-languages='c obj-c++ objc java go fortran c++' --enable-shared --enable-long-long --with-local-prefix=/opt/local/gcc49 --enable-libssp --enable-threads=posix --with-boot-ldflags='-static-libstdc++ -static-libgcc -Wl,-R/opt/local/lib -Wl,-zignore -Wl,-zcombreloc -Wl,-i ' --with-system-zlib --disable-nls --with-isl=/opt/local --disable-isl-version-check --with-cloog=/opt/local --with-ecj-jar=/export/pub/pkgsrc/distfiles/ecj-4.5.jar --enable-java-home --with-os-directory=solaris --with-arch-directory=i386 --with-jvm-root-dir=/opt/local/java/gcc49 --with-java-home=/opt/local/java/gcc49 --enable-__cxa_atexit --with-gxx-include-dir=/opt/local/gcc49/include/c++/ --with-gnu-as --with-as=/opt/local/bin/gas --without-gnu-ld --with-ld=/usr/bin/ld --with-libiconv-prefix=/opt/local --prefix=/opt/local/gcc49 --build=i486-sun-solaris2.11 --host=i486-sun-solaris2.11 --infodir=/opt/local/gcc49/info --mandir=/opt/local/gcc49/man
-----BEGIN PGP SIGNATURE-----
Version: GnuPG v1
Comment: Using GnuPG with Thunderbird - http://www.enigmail.net/
iQEcBAEBAgAGBQJUf3S9AAoJECAB22fHtp27iUIH/iSInKFm49EPPqAVNWqIuNNl
T0/fIw+hssKE5xJm8po/WXyvtkpi8rDskk4Ri+DB3ZVI7pft9KZWY+GKs4cm7KBp
+zGbZHNC9qWLQT9peolPWURNqSE3J3Cml2SgyzxA9jg4Ndj3QuQCdzVSGCHwBUGr
E99zBo9FybXpk3XRMvV2j/5UmJ3G3ONgl3PsFE61/aSNhgeGrMxtw31iXbJ2EB4Q
JKDIY+L3VYcA4Dx+CPDxtpdV7Hyhnj3xmA8cKugyVFGjSlshauiFyVbGPN1M3j/i
J4lGAOs/uVLjPc18mFxB8qeOl9ut59k64ytC7xS2xXjLn5bjI6AF4FKPeLE6CY4=
=Qwxn
-----END PGP SIGNATURE-----