This is the mail archive of the
gcc-testresults@gcc.gnu.org
mailing list for the GCC project.
Results for 5.0.0 20141123 (experimental) [trunk revision 217985] (GCC) testsuite on hppa2.0w-hp-hpux11.00
- From: John David Anglin <dave at hiauly2 dot hia dot nrc dot ca>
- To: dave at hiauly2 dot hia dot nrc dot ca, gcc-testresults at gcc dot gnu dot org
- Date: Tue, 2 Dec 2014 16:58:05 -0500 (EST)
- Subject: Results for 5.0.0 20141123 (experimental) [trunk revision 217985] (GCC) testsuite on hppa2.0w-hp-hpux11.00
- Authentication-results: sourceware.org; auth=none
=== acats tests ===
FAIL: c760002
FAIL: c761002
FAIL: c974008
FAIL: cc1224a
FAIL: cc3007a
FAIL: cc3007b
=== acats Summary ===
# of expected passes 2314
# of unexpected failures 6
Native configuration is hppa2.0w-hp-hpux11.00
=== g++ tests ===
Running target unix
FAIL: g++.dg/abi/anon3.C -std=c++98 scan-assembler .weak(_definition)?[ \\t]_?_ZTI4Heya
FAIL: g++.dg/abi/anon3.C -std=c++98 scan-assembler .weak(_definition)?[ \\t]_?_ZTIN4Heya1AE
FAIL: g++.dg/abi/anon3.C -std=c++11 scan-assembler .weak(_definition)?[ \\t]_?_ZTI4Heya
FAIL: g++.dg/abi/anon3.C -std=c++11 scan-assembler .weak(_definition)?[ \\t]_?_ZTIN4Heya1AE
FAIL: g++.dg/abi/anon3.C -std=c++14 scan-assembler .weak(_definition)?[ \\t]_?_ZTI4Heya
FAIL: g++.dg/abi/anon3.C -std=c++14 scan-assembler .weak(_definition)?[ \\t]_?_ZTIN4Heya1AE
FAIL: g++.dg/abi/rtti3.C -std=c++98 scan-assembler .weak[ \\t]_?_ZTSPP1A
FAIL: g++.dg/abi/rtti3.C -std=c++11 scan-assembler .weak[ \\t]_?_ZTSPP1A
FAIL: g++.dg/abi/rtti3.C -std=c++14 scan-assembler .weak[ \\t]_?_ZTSPP1A
FAIL: g++.dg/cpp0x/udlit-string-literal.C -std=c++11 (test for excess errors)
FAIL: g++.dg/cpp0x/udlit-string-literal.C -std=c++14 (test for excess errors)
FAIL: g++.dg/cpp1y/auto-fn24.C -std=gnu++14 (internal compiler error)
FAIL: g++.dg/cpp1y/auto-fn24.C -std=gnu++14 (test for excess errors)
WARNING: program timed out.
FAIL: g++.dg/torture/pr58369.C -Os (internal compiler error)
FAIL: g++.dg/torture/pr58369.C -Os (test for excess errors)
=== g++ Summary ===
# of expected passes 73729
# of unexpected failures 15
# of expected failures 247
# of unsupported tests 3826
/home/gnu/gcc/objdir/gcc/testsuite/g++/../../xg++ version 5.0.0 20141123 (experimental) [trunk revision 217985] (GCC)
=== gcc tests ===
Running target unix
WARNING: program timed out.
FAIL: gcc.c-torture/compile/limits-structnest.c -O2 (test for excess errors)
WARNING: program timed out.
FAIL: gcc.c-torture/compile/limits-structnest.c -O3 -fomit-frame-pointer (test for excess errors)
WARNING: program timed out.
FAIL: gcc.c-torture/compile/limits-structnest.c -O3 -g (test for excess errors)
WARNING: program timed out.
FAIL: gcc.c-torture/compile/limits-structnest.c -Os (test for excess errors)
WARNING: program timed out.
FAIL: gcc.dg/atomic/c11-atomic-exec-2.c -O3 -fomit-frame-pointer -funroll-all-loops -finline-functions (test for excess errors)
UNRESOLVED: gcc.dg/atomic/c11-atomic-exec-2.c -O3 -fomit-frame-pointer -funroll-all-loops -finline-functions compilation failed to produce executable
WARNING: program timed out.
FAIL: gcc.dg/atomic/c11-atomic-exec-3.c -O3 -fomit-frame-pointer -funroll-all-loops -finline-functions (test for excess errors)
UNRESOLVED: gcc.dg/atomic/c11-atomic-exec-3.c -O3 -fomit-frame-pointer -funroll-all-loops -finline-functions compilation failed to produce executable
FAIL: gcc.dg/atomic/c11-atomic-exec-5.c -O0 execution test
FAIL: gcc.dg/atomic/c11-atomic-exec-5.c -O1 execution test
FAIL: gcc.dg/atomic/c11-atomic-exec-5.c -O2 execution test
FAIL: gcc.dg/atomic/c11-atomic-exec-5.c -O3 -fomit-frame-pointer execution test
FAIL: gcc.dg/atomic/c11-atomic-exec-5.c -O3 -fomit-frame-pointer -funroll-loops execution test
FAIL: gcc.dg/atomic/c11-atomic-exec-5.c -O3 -fomit-frame-pointer -funroll-all-loops -finline-functions execution test
FAIL: gcc.dg/atomic/c11-atomic-exec-5.c -O3 -g execution test
FAIL: gcc.dg/atomic/c11-atomic-exec-5.c -Os execution test
WARNING: program timed out.
FAIL: gcc.dg/c11-atomic-2.c (test for excess errors)
WARNING: program timed out.
FAIL: gcc.dg/c99-intconst-1.c (test for excess errors)
WARNING: program timed out.
FAIL: gcc.dg/pr48141.c (test for excess errors)
FAIL: gcc.dg/pr63914.c (test for excess errors)
FAIL: gcc.dg/undefined-loop-2.c (test for warnings, line 18)
WARNING: program timed out.
FAIL: gcc.dg/ipa/ipa-icf-5.c (test for excess errors)
UNRESOLVED: gcc.dg/ipa/ipa-icf-5.c scan-ipa-dump icf "Semantic equality hit:f2->f1"
UNRESOLVED: gcc.dg/ipa/ipa-icf-5.c scan-ipa-dump icf "Equal symbols: 1"
FAIL: gcc.dg/ipa/ipa-icf-7.c (test for excess errors)
UNRESOLVED: gcc.dg/ipa/ipa-icf-7.c scan-ipa-dump icf "Semantic equality hit:foo2->foo"
UNRESOLVED: gcc.dg/ipa/ipa-icf-7.c scan-ipa-dump icf "Equal symbols: 1"
FAIL: gcc.dg/tree-prof/crossmodule-indircall-1a.c compilation, -fprofile-generate -D_PROFILE_GENERATE
UNRESOLVED: gcc.dg/tree-prof/crossmodule-indircall-1a.c execution, -fprofile-generate -D_PROFILE_GENERATE
UNRESOLVED: gcc.dg/tree-prof/crossmodule-indircall-1a.c compilation, -fprofile-use -D_PROFILE_USE
UNRESOLVED: gcc.dg/tree-prof/crossmodule-indircall-1a.c execution, -fprofile-use -D_PROFILE_USE
UNRESOLVED: gcc.dg/tree-prof/peel-1.c scan-rtl-dump loop2_unroll "Considering simply peeling loop"
FAIL: gcc.dg/tree-ssa/forwprop-29.c (test for errors, line 21)
FAIL: gcc.dg/tree-ssa/ivopts-lt-2.c scan-tree-dump-times ivopts "PHI <p_" 1
FAIL: gcc.dg/tree-ssa/ivopts-lt-2.c scan-tree-dump-times ivopts "p_[0-9]* <" 1
FAIL: gcc.dg/tree-ssa/ssa-dom-cse-2.c scan-tree-dump optimized "return 28;"
=== gcc Summary ===
# of expected passes 68574
# of unexpected failures 26
# of expected failures 117
# of unresolved testcases 10
# of unsupported tests 1826
/home/gnu/gcc/objdir/gcc/xgcc version 5.0.0 20141123 (experimental) [trunk revision 217985] (GCC)
=== gfortran tests ===
Running target unix
FAIL: gfortran.dg/coarray/alloc_comp_1.f90 -fcoarray=lib -O2 -lcaf_single (test for excess errors)
FAIL: gfortran.dg/coarray/alloc_comp_1.f90 -fcoarray=lib -O2 -lcaf_single execution test
FAIL: gfortran.dg/coarray/allocate_errgmsg.f90 -fcoarray=lib -O2 -lcaf_single (test for excess errors)
FAIL: gfortran.dg/coarray/allocate_errgmsg.f90 -fcoarray=lib -O2 -lcaf_single execution test
FAIL: gfortran.dg/coarray/atomic_1.f90 -fcoarray=lib -O2 -lcaf_single (test for excess errors)
FAIL: gfortran.dg/coarray/atomic_1.f90 -fcoarray=lib -O2 -lcaf_single execution test
FAIL: gfortran.dg/coarray/atomic_2.f90 -fcoarray=single -O2 (test for excess errors)
FAIL: gfortran.dg/coarray/atomic_2.f90 -fcoarray=single -O2 execution test
FAIL: gfortran.dg/coarray/atomic_2.f90 -fcoarray=lib -O2 -lcaf_single (test for excess errors)
FAIL: gfortran.dg/coarray/atomic_2.f90 -fcoarray=lib -O2 -lcaf_single execution test
FAIL: gfortran.dg/coarray/codimension.f90 -fcoarray=lib -O2 -lcaf_single (test for excess errors)
FAIL: gfortran.dg/coarray/codimension.f90 -fcoarray=lib -O2 -lcaf_single execution test
FAIL: gfortran.dg/coarray/coindexed_1.f90 -fcoarray=lib -O2 -lcaf_single (test for excess errors)
FAIL: gfortran.dg/coarray/coindexed_1.f90 -fcoarray=lib -O2 -lcaf_single execution test
FAIL: gfortran.dg/coarray/coindexed_3.f90 -fcoarray=lib -O2 -lcaf_single (test for excess errors)
FAIL: gfortran.dg/coarray/coindexed_3.f90 -fcoarray=lib -O2 -lcaf_single execution test
FAIL: gfortran.dg/coarray/collectives_1.f90 -fcoarray=lib -O2 -lcaf_single (test for excess errors)
FAIL: gfortran.dg/coarray/collectives_1.f90 -fcoarray=lib -O2 -lcaf_single execution test
FAIL: gfortran.dg/coarray/collectives_2.f90 -fcoarray=lib -O2 -lcaf_single (test for excess errors)
FAIL: gfortran.dg/coarray/collectives_2.f90 -fcoarray=lib -O2 -lcaf_single execution test
FAIL: gfortran.dg/coarray/collectives_3.f90 -fcoarray=lib -O2 -lcaf_single (test for excess errors)
FAIL: gfortran.dg/coarray/collectives_3.f90 -fcoarray=lib -O2 -lcaf_single execution test
FAIL: gfortran.dg/coarray/cosubscript_1.f90 -fcoarray=lib -O2 -lcaf_single (test for excess errors)
FAIL: gfortran.dg/coarray/cosubscript_1.f90 -fcoarray=lib -O2 -lcaf_single execution test
FAIL: gfortran.dg/coarray/dummy_1.f90 -fcoarray=lib -O2 -lcaf_single (test for excess errors)
FAIL: gfortran.dg/coarray/dummy_1.f90 -fcoarray=lib -O2 -lcaf_single execution test
FAIL: gfortran.dg/coarray/get_array.f90 -fcoarray=lib -O2 -lcaf_single (test for excess errors)
FAIL: gfortran.dg/coarray/get_array.f90 -fcoarray=lib -O2 -lcaf_single execution test
FAIL: gfortran.dg/coarray/image_index_1.f90 -fcoarray=lib -O2 -lcaf_single (test for excess errors)
FAIL: gfortran.dg/coarray/image_index_1.f90 -fcoarray=lib -O2 -lcaf_single execution test
FAIL: gfortran.dg/coarray/image_index_2.f90 -fcoarray=lib -O2 -lcaf_single (test for excess errors)
FAIL: gfortran.dg/coarray/image_index_2.f90 -fcoarray=lib -O2 -lcaf_single execution test
FAIL: gfortran.dg/coarray/image_index_3.f90 -fcoarray=lib -O2 -lcaf_single (test for excess errors)
FAIL: gfortran.dg/coarray/image_index_3.f90 -fcoarray=lib -O2 -lcaf_single execution test
FAIL: gfortran.dg/coarray/lib_realloc_1.f90 -fcoarray=lib -O2 -lcaf_single (test for excess errors)
FAIL: gfortran.dg/coarray/lib_realloc_1.f90 -fcoarray=lib -O2 -lcaf_single execution test
FAIL: gfortran.dg/coarray/lock_1.f90 -fcoarray=lib -O2 -lcaf_single (test for excess errors)
FAIL: gfortran.dg/coarray/lock_1.f90 -fcoarray=lib -O2 -lcaf_single execution test
FAIL: gfortran.dg/coarray/move_alloc_1.f90 -fcoarray=lib -O2 -lcaf_single (test for excess errors)
FAIL: gfortran.dg/coarray/move_alloc_1.f90 -fcoarray=lib -O2 -lcaf_single execution test
FAIL: gfortran.dg/coarray/poly_run_1.f90 -fcoarray=lib -O2 -lcaf_single (test for excess errors)
FAIL: gfortran.dg/coarray/poly_run_1.f90 -fcoarray=lib -O2 -lcaf_single execution test
FAIL: gfortran.dg/coarray/poly_run_2.f90 -fcoarray=lib -O2 -lcaf_single (test for excess errors)
FAIL: gfortran.dg/coarray/poly_run_2.f90 -fcoarray=lib -O2 -lcaf_single execution test
FAIL: gfortran.dg/coarray/poly_run_3.f90 -fcoarray=lib -O2 -lcaf_single (test for excess errors)
FAIL: gfortran.dg/coarray/poly_run_3.f90 -fcoarray=lib -O2 -lcaf_single execution test
FAIL: gfortran.dg/coarray/registering_1.f90 -fcoarray=lib -O2 -lcaf_single (test for excess errors)
FAIL: gfortran.dg/coarray/registering_1.f90 -fcoarray=lib -O2 -lcaf_single execution test
FAIL: gfortran.dg/coarray/scalar_alloc_1.f90 -fcoarray=lib -O2 -lcaf_single (test for excess errors)
FAIL: gfortran.dg/coarray/scalar_alloc_1.f90 -fcoarray=lib -O2 -lcaf_single execution test
FAIL: gfortran.dg/coarray/scalar_alloc_2.f90 -fcoarray=lib -O2 -lcaf_single (test for excess errors)
FAIL: gfortran.dg/coarray/scalar_alloc_2.f90 -fcoarray=lib -O2 -lcaf_single execution test
FAIL: gfortran.dg/coarray/send_array.f90 -fcoarray=lib -O2 -lcaf_single (test for excess errors)
FAIL: gfortran.dg/coarray/send_array.f90 -fcoarray=lib -O2 -lcaf_single execution test
FAIL: gfortran.dg/coarray/sendget_array.f90 -fcoarray=lib -O2 -lcaf_single (test for excess errors)
FAIL: gfortran.dg/coarray/sendget_array.f90 -fcoarray=lib -O2 -lcaf_single execution test
FAIL: gfortran.dg/coarray/subobject_1.f90 -fcoarray=lib -O2 -lcaf_single (test for excess errors)
FAIL: gfortran.dg/coarray/subobject_1.f90 -fcoarray=lib -O2 -lcaf_single execution test
FAIL: gfortran.dg/coarray/sync_1.f90 -fcoarray=lib -O2 -lcaf_single (test for excess errors)
FAIL: gfortran.dg/coarray/sync_1.f90 -fcoarray=lib -O2 -lcaf_single execution test
FAIL: gfortran.dg/coarray/sync_3.f90 -fcoarray=lib -O2 -lcaf_single (test for excess errors)
FAIL: gfortran.dg/coarray/sync_3.f90 -fcoarray=lib -O2 -lcaf_single output pattern test, is remote_spawn failed, should match Fortran runtime error: Invalid image number -1 in SYNC IMAGES
FAIL: gfortran.dg/coarray/this_image_1.f90 -fcoarray=lib -O2 -lcaf_single (test for excess errors)
FAIL: gfortran.dg/coarray/this_image_1.f90 -fcoarray=lib -O2 -lcaf_single execution test
FAIL: gfortran.dg/coarray/this_image_2.f90 -fcoarray=lib -O2 -lcaf_single (test for excess errors)
FAIL: gfortran.dg/coarray/this_image_2.f90 -fcoarray=lib -O2 -lcaf_single execution test
FAIL: gfortran.dg/assumed_rank_8.f90 -O2 execution test
FAIL: gfortran.dg/assumed_rank_8.f90 -O3 -fomit-frame-pointer execution test
FAIL: gfortran.dg/assumed_rank_8.f90 -O3 -fomit-frame-pointer -funroll-loops execution test
FAIL: gfortran.dg/assumed_rank_8.f90 -O3 -fomit-frame-pointer -funroll-all-loops -finline-functions execution test
FAIL: gfortran.dg/assumed_rank_8.f90 -O3 -g execution test
FAIL: gfortran.dg/assumed_rank_8.f90 -Os execution test
FAIL: gfortran.dg/assumed_rank_9.f90 -O2 execution test
FAIL: gfortran.dg/assumed_rank_9.f90 -O3 -fomit-frame-pointer execution test
FAIL: gfortran.dg/assumed_rank_9.f90 -O3 -fomit-frame-pointer -funroll-loops execution test
FAIL: gfortran.dg/assumed_rank_9.f90 -O3 -fomit-frame-pointer -funroll-all-loops -finline-functions execution test
FAIL: gfortran.dg/assumed_rank_9.f90 -O3 -g execution test
FAIL: gfortran.dg/assumed_rank_9.f90 -Os execution test
FAIL: gfortran.dg/coarray_lib_comm_1.f90 -O0 (test for excess errors)
FAIL: gfortran.dg/coarray_lib_comm_1.f90 -O0 execution test
FAIL: gfortran.dg/coarray_lib_comm_1.f90 -O1 (test for excess errors)
FAIL: gfortran.dg/coarray_lib_comm_1.f90 -O1 execution test
FAIL: gfortran.dg/coarray_lib_comm_1.f90 -O2 (test for excess errors)
FAIL: gfortran.dg/coarray_lib_comm_1.f90 -O2 execution test
FAIL: gfortran.dg/coarray_lib_comm_1.f90 -O3 -fomit-frame-pointer (test for excess errors)
FAIL: gfortran.dg/coarray_lib_comm_1.f90 -O3 -fomit-frame-pointer execution test
FAIL: gfortran.dg/coarray_lib_comm_1.f90 -O3 -fomit-frame-pointer -funroll-loops (test for excess errors)
FAIL: gfortran.dg/coarray_lib_comm_1.f90 -O3 -fomit-frame-pointer -funroll-loops execution test
FAIL: gfortran.dg/coarray_lib_comm_1.f90 -O3 -fomit-frame-pointer -funroll-all-loops -finline-functions (test for excess errors)
FAIL: gfortran.dg/coarray_lib_comm_1.f90 -O3 -fomit-frame-pointer -funroll-all-loops -finline-functions execution test
FAIL: gfortran.dg/coarray_lib_comm_1.f90 -O3 -g (test for excess errors)
FAIL: gfortran.dg/coarray_lib_comm_1.f90 -O3 -g execution test
FAIL: gfortran.dg/coarray_lib_comm_1.f90 -Os (test for excess errors)
FAIL: gfortran.dg/coarray_lib_comm_1.f90 -Os execution test
WARNING: program timed out.
FAIL: gfortran.dg/minlocval_3.f90 -O3 -fomit-frame-pointer (test for excess errors)
UNRESOLVED: gfortran.dg/minlocval_3.f90 -O3 -fomit-frame-pointer compilation failed to produce executable
WARNING: program timed out.
FAIL: gfortran.dg/minlocval_3.f90 -O3 -fomit-frame-pointer -funroll-loops (test for excess errors)
UNRESOLVED: gfortran.dg/minlocval_3.f90 -O3 -fomit-frame-pointer -funroll-loops compilation failed to produce executable
WARNING: program timed out.
FAIL: gfortran.dg/minlocval_3.f90 -O3 -fomit-frame-pointer -funroll-all-loops -finline-functions (test for excess errors)
UNRESOLVED: gfortran.dg/minlocval_3.f90 -O3 -fomit-frame-pointer -funroll-all-loops -finline-functions compilation failed to produce executable
WARNING: program timed out.
FAIL: gfortran.dg/minlocval_3.f90 -O3 -g (test for excess errors)
UNRESOLVED: gfortran.dg/minlocval_3.f90 -O3 -g compilation failed to produce executable
FAIL: gfortran.dg/quad_2.f90 -O0 execution test
FAIL: gfortran.dg/quad_2.f90 -O1 execution test
FAIL: gfortran.dg/quad_2.f90 -O2 execution test
FAIL: gfortran.dg/quad_2.f90 -O3 -fomit-frame-pointer execution test
FAIL: gfortran.dg/quad_2.f90 -O3 -fomit-frame-pointer -funroll-loops execution test
FAIL: gfortran.dg/quad_2.f90 -O3 -fomit-frame-pointer -funroll-all-loops -finline-functions execution test
FAIL: gfortran.dg/quad_2.f90 -O3 -g execution test
FAIL: gfortran.dg/quad_2.f90 -Os execution test
=== gfortran Summary ===
# of expected passes 44813
# of unexpected failures 106
# of expected failures 52
# of unresolved testcases 4
# of unsupported tests 432
/home/gnu/gcc/objdir/gcc/testsuite/gfortran/../../gfortran version 5.0.0 20141123 (experimental) [trunk revision 217985] (GCC)
=== gnat tests ===
Running target unix
=== gnat Summary ===
# of expected passes 1276
# of expected failures 20
# of unsupported tests 20
/home/gnu/gcc/objdir/gcc/gnatmake version 5.0.0 20141123 (experimental) [trunk revision 217985]
=== obj-c++ tests ===
Running target unix
=== obj-c++ Summary ===
# of expected passes 1405
# of expected failures 2
# of unsupported tests 69
/home/gnu/gcc/objdir/gcc/testsuite/obj-c++/../../xg++ version 5.0.0 20141123 (experimental) [trunk revision 217985] (GCC)
=== objc tests ===
Running target unix
=== objc Summary ===
# of expected passes 2928
# of unsupported tests 67
/home/gnu/gcc/objdir/gcc/xgcc version 5.0.0 20141123 (experimental) [trunk revision 217985] (GCC)
=== libatomic tests ===
Running target unix
=== libatomic Summary ===
# of expected passes 44
# of unsupported tests 5
=== libgomp tests ===
Running target unix
=== libgomp Summary ===
# of expected passes 3592
# of unsupported tests 118
=== libstdc++ tests ===
Running target unix
FAIL: 21_strings/basic_string/literals/types.cc (test for excess errors)
FAIL: 21_strings/basic_string/literals/values.cc (test for excess errors)
UNRESOLVED: 21_strings/basic_string/literals/values.cc compilation failed to produce executable
WARNING: program timed out.
FAIL: 23_containers/vector/bool/modifiers/insert/31370.cc execution test
FAIL: 23_containers/vector/ext_pointer/types/2.cc execution test
FAIL: experimental/string_view/literals/types.cc (test for excess errors)
FAIL: experimental/string_view/literals/values.cc (test for excess errors)
UNRESOLVED: experimental/string_view/literals/values.cc compilation failed to produce executable
=== libstdc++ Summary ===
# of expected passes 7472
# of unexpected failures 6
# of expected failures 67
# of unresolved testcases 2
# of unsupported tests 784
Compiler version: 5.0.0 20141123 (experimental) [trunk revision 217985] (GCC)
Platform: hppa2.0w-hp-hpux11.00
configure flags:Test Run By dave on Thu Nov 27 14:12:09 EST 2014